Oct 17 16:35:14 user devstack@c-api.service[75427]: DEBUG cinder.api.openstack.wsgi [None req-be5d8a26-fa76-4f44-bee1-b077a5029a15 tempest-GroupsV320Test-1353775583 tempest-GroupsV320Test-1353775583-project-admin] Action: 'create', calling method: version_select, body: {"group_type": {"name": "tempest-GroupsV320Test-group-type-1612584698"}} {{(pid=75427) _process_stack /opt/stack/cinder/cinder/api/openstack/wsgi.py:866}}
Oct 17 16:35:14 user devstack@c-api.service[75429]: DEBUG cinder.api.middleware.request_id [None req-e30d5c00-63e2-41e6-8d2a-016a7013392e None None] RequestId filter calling following filter/app {{(pid=75429) _context_setter /opt/stack/cinder/cinder/api/middleware/request_id.py:62}}
Oct 17 16:35:14 user devstack@c-api.service[75427]: /opt/stack/data/venv/lib/python3.10/site-packages/oslo_context/context.py:100: DeprecationWarning: Policy enforcement is depending on the value of is_admin. This key is deprecated. Please update your policy file to use the standard policy values.
Oct 17 16:35:14 user devstack@c-api.service[75427]: warnings.warn('Policy enforcement is depending on the value of '
Oct 17 16:35:14 user devstack@c-api.service[75429]: INFO cinder.api.openstack.wsgi [None req-e30d5c00-63e2-41e6-8d2a-016a7013392e tempest-GroupTypeSpecsTest-2057491592 tempest-GroupTypeSpecsTest-2057491592-project-admin] GET http://10.0.0.210/volume/v3/0c1c9e4094f64391bd2889a2d44670ec/group_types/d279c444-a34c-49f7-8082-0782f7268158/group_specs
Oct 17 16:35:14 user devstack@c-api.service[75429]: DEBUG cinder.api.openstack.wsgi [None req-e30d5c00-63e2-41e6-8d2a-016a7013392e tempest-GroupTypeSpecsTest-2057491592 tempest-GroupTypeSpecsTest-2057491592-project-admin] Empty body provided in request {{(pid=75429) get_body /opt/stack/cinder/cinder/api/openstack/wsgi.py:715}}
Oct 17 16:35:14 user devstack@c-api.service[75429]: DEBUG cinder.api.openstack.wsgi [None req-e30d5c00-63e2-41e6-8d2a-016a7013392e tempest-GroupTypeSpecsTest-2057491592 tempest-GroupTypeSpecsTest-2057491592-project-admin] Calling method 'version_select' {{(pid=75429) _process_stack /opt/stack/cinder/cinder/api/openstack/wsgi.py:868}}
Oct 17 16:35:14 user devstack@c-api.service[75429]: INFO cinder.api.openstack.wsgi [None req-e30d5c00-63e2-41e6-8d2a-016a7013392e tempest-GroupTypeSpecsTest-2057491592 tempest-GroupTypeSpecsTest-2057491592-project-admin] http://10.0.0.210/volume/v3/0c1c9e4094f64391bd2889a2d44670ec/group_types/d279c444-a34c-49f7-8082-0782f7268158/group_specs returned with HTTP 200
Oct 17 16:35:14 user devstack@c-api.service[75427]: DEBUG oslo_db.sqlalchemy.engines [None req-be5d8a26-fa76-4f44-bee1-b077a5029a15 tempest-GroupsV320Test-1353775583 tempest-GroupsV320Test-1353775583-project-admin] MySQL server mode set to STRICT_TRANS_TABLES,STRICT_ALL_TABLES,NO_ZERO_IN_DATE,NO_ZERO_DATE,ERROR_FOR_DIVISION_BY_ZERO,TRADITIONAL,NO_ENGINE_SUBSTITUTION {{(pid=75427) _check_effective_sql_mode /opt/stack/data/venv/lib/python3.10/site-packages/oslo_db/sqlalchemy/engines.py:342}}
Oct 17 16:35:14 user devstack@c-api.service[75429]: [pid: 75429|app: 0|req: 12/17] 10.0.0.210 () {64 vars in 1491 bytes} [Tue Oct 17 16:35:14 2023] GET /volume/v3/0c1c9e4094f64391bd2889a2d44670ec/group_types/d279c444-a34c-49f7-8082-0782f7268158/group_specs => generated 87 bytes in 16 msecs (HTTP/1.1 200) 7 headers in 285 bytes (2 switches on core 0)
Oct 17 16:35:14 user devstack@c-api.service[75429]: DEBUG cinder.api.middleware.request_id [None req-5d05b6c0-f807-4c83-b857-6d236c6b6b41 None None] RequestId filter calling following filter/app {{(pid=75429) _context_setter /opt/stack/cinder/cinder/api/middleware/request_id.py:62}}
Oct 17 16:35:14 user devstack@c-api.service[75429]: INFO cinder.api.openstack.wsgi [None req-5d05b6c0-f807-4c83-b857-6d236c6b6b41 tempest-GroupTypeSpecsTest-2057491592 tempest-GroupTypeSpecsTest-2057491592-project-admin] DELETE http://10.0.0.210/volume/v3/0c1c9e4094f64391bd2889a2d44670ec/group_types/d279c444-a34c-49f7-8082-0782f7268158/group_specs/key1
Oct 17 16:35:14 user devstack@c-api.service[75429]: DEBUG cinder.api.openstack.wsgi [None req-5d05b6c0-f807-4c83-b857-6d236c6b6b41 tempest-GroupTypeSpecsTest-2057491592 tempest-GroupTypeSpecsTest-2057491592-project-admin] Empty body provided in request {{(pid=75429) get_body /opt/stack/cinder/cinder/api/openstack/wsgi.py:715}}
Oct 17 16:35:14 user devstack@c-api.service[75429]: DEBUG cinder.api.openstack.wsgi [None req-5d05b6c0-f807-4c83-b857-6d236c6b6b41 tempest-GroupTypeSpecsTest-2057491592 tempest-GroupTypeSpecsTest-2057491592-project-admin] Calling method 'version_select' {{(pid=75429) _process_stack /opt/stack/cinder/cinder/api/openstack/wsgi.py:868}}
Oct 17 16:35:14 user devstack@c-api.service[75429]: INFO cinder.api.openstack.wsgi [None req-5d05b6c0-f807-4c83-b857-6d236c6b6b41 tempest-GroupTypeSpecsTest-2057491592 tempest-GroupTypeSpecsTest-2057491592-project-admin] http://10.0.0.210/volume/v3/0c1c9e4094f64391bd2889a2d44670ec/group_types/d279c444-a34c-49f7-8082-0782f7268158/group_specs/key1 returned with HTTP 202
Oct 17 16:35:14 user devstack@c-api.service[75429]: [pid: 75429|app: 0|req: 13/18] 10.0.0.210 () {64 vars in 1509 bytes} [Tue Oct 17 16:35:14 2023] DELETE /volume/v3/0c1c9e4094f64391bd2889a2d44670ec/group_types/d279c444-a34c-49f7-8082-0782f7268158/group_specs/key1 => generated 0 bytes in 22 msecs (HTTP/1.1 202) 6 headers in 234 bytes (2 switches on core 0)
Oct 17 16:35:14 user devstack@c-api.service[75429]: DEBUG cinder.api.middleware.request_id [None req-68065fd3-c12d-4e5d-8973-5ec5d5600e8d None None] RequestId filter calling following filter/app {{(pid=75429) _context_setter /opt/stack/cinder/cinder/api/middleware/request_id.py:62}}
Oct 17 16:35:14 user devstack@c-api.service[75429]: INFO cinder.api.openstack.wsgi [None req-68065fd3-c12d-4e5d-8973-5ec5d5600e8d tempest-GroupTypeSpecsTest-2057491592 tempest-GroupTypeSpecsTest-2057491592-project-admin] GET http://10.0.0.210/volume/v3/0c1c9e4094f64391bd2889a2d44670ec/group_types/d279c444-a34c-49f7-8082-0782f7268158/group_specs/key1
Oct 17 16:35:14 user devstack@c-api.service[75429]: DEBUG cinder.api.openstack.wsgi [None req-68065fd3-c12d-4e5d-8973-5ec5d5600e8d tempest-GroupTypeSpecsTest-2057491592 tempest-GroupTypeSpecsTest-2057491592-project-admin] Empty body provided in request {{(pid=75429) get_body /opt/stack/cinder/cinder/api/openstack/wsgi.py:715}}
Oct 17 16:35:14 user devstack@c-api.service[75427]: INFO cinder.api.openstack.wsgi [None req-be5d8a26-fa76-4f44-bee1-b077a5029a15 tempest-GroupsV320Test-1353775583 tempest-GroupsV320Test-1353775583-project-admin] http://10.0.0.210/volume/v3/f50b46ade49b4a41a88d67a5ffc43116/group_types returned with HTTP 202
Oct 17 16:35:14 user devstack@c-api.service[75429]: DEBUG cinder.api.openstack.wsgi [None req-68065fd3-c12d-4e5d-8973-5ec5d5600e8d tempest-GroupTypeSpecsTest-2057491592 tempest-GroupTypeSpecsTest-2057491592-project-admin] Calling method 'version_select' {{(pid=75429) _process_stack /opt/stack/cinder/cinder/api/openstack/wsgi.py:868}}
Oct 17 16:35:14 user devstack@c-api.service[75427]: [pid: 75427|app: 0|req: 2/19] 10.0.0.210 () {66 vars in 1365 bytes} [Tue Oct 17 16:35:13 2023] POST /volume/v3/f50b46ade49b4a41a88d67a5ffc43116/group_types => generated 177 bytes in 860 msecs (HTTP/1.1 202) 7 headers in 292 bytes (1 switches on core 0)
Oct 17 16:35:14 user devstack@c-api.service[75427]: DEBUG cinder.api.middleware.request_id [None req-c4403058-7564-4312-9836-0cbdf63fa058 None None] RequestId filter calling following filter/app {{(pid=75427) _context_setter /opt/stack/cinder/cinder/api/middleware/request_id.py:62}}
Oct 17 16:35:14 user devstack@c-api.service[75429]: INFO cinder.api.openstack.wsgi [None req-68065fd3-c12d-4e5d-8973-5ec5d5600e8d tempest-GroupTypeSpecsTest-2057491592 tempest-GroupTypeSpecsTest-2057491592-project-admin] HTTP exception thrown: Group Type d279c444-a34c-49f7-8082-0782f7268158 has no extra spec with key key1.
Oct 17 16:35:14 user devstack@c-api.service[75429]: INFO cinder.api.openstack.wsgi [None req-68065fd3-c12d-4e5d-8973-5ec5d5600e8d tempest-GroupTypeSpecsTest-2057491592 tempest-GroupTypeSpecsTest-2057491592-project-admin] http://10.0.0.210/volume/v3/0c1c9e4094f64391bd2889a2d44670ec/group_types/d279c444-a34c-49f7-8082-0782f7268158/group_specs/key1 returned with HTTP 404
Oct 17 16:35:14 user devstack@c-api.service[75428]: DEBUG cinder.volume.api [None req-9b2df2df-e671-4ad7-95c9-c14c8575821c tempest-VolumesServicesTestJSON-1375676944 tempest-VolumesServicesTestJSON-1375676944-project-member] Task 'cinder.volume.flows.api.create_volume.EntryCreateTask;volume:create' (09ec21f0-ac92-42ca-9f96-f159b872aee0) transitioned into state 'SUCCESS' from state 'RUNNING' with result '{'volume_id': 'f9de2f10-df47-4790-8220-57a1eb8e3c8e', 'volume_properties': VolumeProperties(attach_status='detached',availability_zone='nova',cgsnapshot_id=None,consistencygroup_id=None,display_description=None,display_name='tempest-VolumesServicesTestJSON-Volume-932877527',encryption_key_id=None,group_id=None,group_type_id=,metadata={},multiattach=False,project_id='2d5983a513644b5ca8870f1355db40a3',qos_specs=None,replication_status=,reservations=['2316c57e-54f6-4772-b30a-4a144cce336c','d1663085-8a96-46be-92eb-6260647f08d2','3e52e017-81c9-4f39-b0d2-e820a6676d32','c368aa5d-8104-4846-91ba-a68e81b55ac3'],size=1,snapshot_id=None,source_replicaid=,source_volid=None,status='creating',user_id='0d253218bcce41d2bb90ed9c29864cf4',volume_type_id=0a4533e9-bbd6-43a5-9d70-b50247f2ab7e), 'volume': Volume(_name_id=None,admin_metadata=,attach_status='detached',availability_zone='nova',bootable=False,cluster=,cluster_name=None,consistencygroup=,consistencygroup_id=None,created_at=2023-10-17T16:35:14Z,deleted=False,deleted_at=None,display_description=None,display_name='tempest-VolumesServicesTestJSON-Volume-932877527',ec2_id=None,encryption_key_id=None,glance_metadata=,group=,group_id=None,host=None,id=f9de2f10-df47-4790-8220-57a1eb8e3c8e,launched_at=None,metadata={},migration_status=None,multiattach=False,previous_status=None,project_id='2d5983a513644b5ca8870f1355db40a3',provider_auth=None,provider_geometry=None,provider_id=None,provider_location=None,replication_driver_data=None,replication_extended_status=None,replication_status=None,scheduled_at=None,service_uuid=None,shared_targets=True,size=1,snapshot_id=None,snapshots=,source_volid=None,status='creating',terminated_at=None,updated_at=None,use_quota=True,user_id='0d253218bcce41d2bb90ed9c29864cf4',volume_attachment=VolumeAttachmentList,volume_type=VolumeType(0a4533e9-bbd6-43a5-9d70-b50247f2ab7e),volume_type_id=0a4533e9-bbd6-43a5-9d70-b50247f2ab7e)}' {{(pid=75428) _task_receiver /opt/stack/data/venv/lib/python3.10/site-packages/taskflow/listeners/logging.py:178}}
Oct 17 16:35:14 user devstack@c-api.service[75429]: [pid: 75429|app: 0|req: 14/20] 10.0.0.210 () {64 vars in 1506 bytes} [Tue Oct 17 16:35:14 2023] GET /volume/v3/0c1c9e4094f64391bd2889a2d44670ec/group_types/d279c444-a34c-49f7-8082-0782f7268158/group_specs/key1 => generated 126 bytes in 23 msecs (HTTP/1.1 404) 7 headers in 293 bytes (1 switches on core 0)
Oct 17 16:35:14 user devstack@c-api.service[75428]: DEBUG cinder.volume.api [None req-9b2df2df-e671-4ad7-95c9-c14c8575821c tempest-VolumesServicesTestJSON-1375676944 tempest-VolumesServicesTestJSON-1375676944-project-member] Task 'cinder.volume.flows.api.create_volume.QuotaCommitTask;volume:create' (9983479c-7be3-49b9-bfc3-75e60e86b687) transitioned into state 'RUNNING' from state 'PENDING' {{(pid=75428) _task_receiver /opt/stack/data/venv/lib/python3.10/site-packages/taskflow/listeners/logging.py:190}}
Oct 17 16:35:14 user devstack@c-api.service[75429]: DEBUG cinder.api.middleware.request_id [None req-b11e0cfe-af9c-4cdf-8511-c19da268f4a0 None None] RequestId filter calling following filter/app {{(pid=75429) _context_setter /opt/stack/cinder/cinder/api/middleware/request_id.py:62}}
Oct 17 16:35:14 user devstack@c-api.service[75429]: INFO cinder.api.openstack.wsgi [None req-b11e0cfe-af9c-4cdf-8511-c19da268f4a0 tempest-GroupTypeSpecsTest-2057491592 tempest-GroupTypeSpecsTest-2057491592-project-admin] DELETE http://10.0.0.210/volume/v3/0c1c9e4094f64391bd2889a2d44670ec/group_types/d279c444-a34c-49f7-8082-0782f7268158/group_specs/key2
Oct 17 16:35:14 user devstack@c-api.service[75429]: DEBUG cinder.api.openstack.wsgi [None req-b11e0cfe-af9c-4cdf-8511-c19da268f4a0 tempest-GroupTypeSpecsTest-2057491592 tempest-GroupTypeSpecsTest-2057491592-project-admin] Empty body provided in request {{(pid=75429) get_body /opt/stack/cinder/cinder/api/openstack/wsgi.py:715}}
Oct 17 16:35:14 user devstack@c-api.service[75429]: DEBUG cinder.api.openstack.wsgi [None req-b11e0cfe-af9c-4cdf-8511-c19da268f4a0 tempest-GroupTypeSpecsTest-2057491592 tempest-GroupTypeSpecsTest-2057491592-project-admin] Calling method 'version_select' {{(pid=75429) _process_stack /opt/stack/cinder/cinder/api/openstack/wsgi.py:868}}
Oct 17 16:35:14 user devstack@c-api.service[75429]: INFO cinder.api.openstack.wsgi [None req-b11e0cfe-af9c-4cdf-8511-c19da268f4a0 tempest-GroupTypeSpecsTest-2057491592 tempest-GroupTypeSpecsTest-2057491592-project-admin] http://10.0.0.210/volume/v3/0c1c9e4094f64391bd2889a2d44670ec/group_types/d279c444-a34c-49f7-8082-0782f7268158/group_specs/key2 returned with HTTP 202
Oct 17 16:35:14 user devstack@c-api.service[75429]: [pid: 75429|app: 0|req: 15/21] 10.0.0.210 () {64 vars in 1509 bytes} [Tue Oct 17 16:35:14 2023] DELETE /volume/v3/0c1c9e4094f64391bd2889a2d44670ec/group_types/d279c444-a34c-49f7-8082-0782f7268158/group_specs/key2 => generated 0 bytes in 21 msecs (HTTP/1.1 202) 6 headers in 234 bytes (1 switches on core 0)
Oct 17 16:35:14 user devstack@c-api.service[75429]: DEBUG cinder.api.middleware.request_id [None req-dd576f1d-5c80-43c4-9b3f-a2be8217fb16 None None] RequestId filter calling following filter/app {{(pid=75429) _context_setter /opt/stack/cinder/cinder/api/middleware/request_id.py:62}}
Oct 17 16:35:14 user devstack@c-api.service[75428]: DEBUG cinder.volume.api [None req-9b2df2df-e671-4ad7-95c9-c14c8575821c tempest-VolumesServicesTestJSON-1375676944 tempest-VolumesServicesTestJSON-1375676944-project-member] Task 'cinder.volume.flows.api.create_volume.QuotaCommitTask;volume:create' (9983479c-7be3-49b9-bfc3-75e60e86b687) transitioned into state 'SUCCESS' from state 'RUNNING' with result '{'volume_properties': VolumeProperties(attach_status='detached',availability_zone='nova',cgsnapshot_id=None,consistencygroup_id=None,display_description=None,display_name='tempest-VolumesServicesTestJSON-Volume-932877527',encryption_key_id=None,group_id=None,group_type_id=,metadata={},multiattach=False,project_id='2d5983a513644b5ca8870f1355db40a3',qos_specs=None,replication_status=,reservations=['2316c57e-54f6-4772-b30a-4a144cce336c','d1663085-8a96-46be-92eb-6260647f08d2','3e52e017-81c9-4f39-b0d2-e820a6676d32','c368aa5d-8104-4846-91ba-a68e81b55ac3'],size=1,snapshot_id=None,source_replicaid=,source_volid=None,status='creating',user_id='0d253218bcce41d2bb90ed9c29864cf4',volume_type_id=0a4533e9-bbd6-43a5-9d70-b50247f2ab7e)}' {{(pid=75428) _task_receiver /opt/stack/data/venv/lib/python3.10/site-packages/taskflow/listeners/logging.py:178}}
Oct 17 16:35:14 user devstack@c-api.service[75429]: INFO cinder.api.openstack.wsgi [None req-dd576f1d-5c80-43c4-9b3f-a2be8217fb16 tempest-GroupTypeSpecsTest-2057491592 tempest-GroupTypeSpecsTest-2057491592-project-admin] GET http://10.0.0.210/volume/v3/0c1c9e4094f64391bd2889a2d44670ec/group_types/d279c444-a34c-49f7-8082-0782f7268158/group_specs/key2
Oct 17 16:35:14 user devstack@c-api.service[75429]: DEBUG cinder.api.openstack.wsgi [None req-dd576f1d-5c80-43c4-9b3f-a2be8217fb16 tempest-GroupTypeSpecsTest-2057491592 tempest-GroupTypeSpecsTest-2057491592-project-admin] Empty body provided in request {{(pid=75429) get_body /opt/stack/cinder/cinder/api/openstack/wsgi.py:715}}
Oct 17 16:35:14 user devstack@c-api.service[75428]: DEBUG cinder.volume.api [None req-9b2df2df-e671-4ad7-95c9-c14c8575821c tempest-VolumesServicesTestJSON-1375676944 tempest-VolumesServicesTestJSON-1375676944-project-member] Task 'cinder.volume.flows.api.create_volume.VolumeCastTask;volume:create' (443f8b19-32aa-4511-b7dc-21033cb42ef6) transitioned into state 'RUNNING' from state 'PENDING' {{(pid=75428) _task_receiver /opt/stack/data/venv/lib/python3.10/site-packages/taskflow/listeners/logging.py:190}}
Oct 17 16:35:14 user devstack@c-api.service[75429]: DEBUG cinder.api.openstack.wsgi [None req-dd576f1d-5c80-43c4-9b3f-a2be8217fb16 tempest-GroupTypeSpecsTest-2057491592 tempest-GroupTypeSpecsTest-2057491592-project-admin] Calling method 'version_select' {{(pid=75429) _process_stack /opt/stack/cinder/cinder/api/openstack/wsgi.py:868}}
Oct 17 16:35:14 user devstack@c-api.service[75429]: INFO cinder.api.openstack.wsgi [None req-dd576f1d-5c80-43c4-9b3f-a2be8217fb16 tempest-GroupTypeSpecsTest-2057491592 tempest-GroupTypeSpecsTest-2057491592-project-admin] HTTP exception thrown: Group Type d279c444-a34c-49f7-8082-0782f7268158 has no extra spec with key key2.
Oct 17 16:35:14 user devstack@c-api.service[75429]: INFO cinder.api.openstack.wsgi [None req-dd576f1d-5c80-43c4-9b3f-a2be8217fb16 tempest-GroupTypeSpecsTest-2057491592 tempest-GroupTypeSpecsTest-2057491592-project-admin] http://10.0.0.210/volume/v3/0c1c9e4094f64391bd2889a2d44670ec/group_types/d279c444-a34c-49f7-8082-0782f7268158/group_specs/key2 returned with HTTP 404
Oct 17 16:35:14 user devstack@c-api.service[75429]: [pid: 75429|app: 0|req: 16/22] 10.0.0.210 () {64 vars in 1506 bytes} [Tue Oct 17 16:35:14 2023] GET /volume/v3/0c1c9e4094f64391bd2889a2d44670ec/group_types/d279c444-a34c-49f7-8082-0782f7268158/group_specs/key2 => generated 126 bytes in 17 msecs (HTTP/1.1 404) 7 headers in 293 bytes (2 switches on core 0)
Oct 17 16:35:14 user devstack@c-api.service[75429]: DEBUG cinder.api.middleware.request_id [None req-9547cd69-b3e6-4768-b5fa-8a4c74bf663b None None] RequestId filter calling following filter/app {{(pid=75429) _context_setter /opt/stack/cinder/cinder/api/middleware/request_id.py:62}}
Oct 17 16:35:14 user devstack@c-api.service[75429]: INFO cinder.api.openstack.wsgi [None req-9547cd69-b3e6-4768-b5fa-8a4c74bf663b tempest-GroupTypeSpecsTest-2057491592 tempest-GroupTypeSpecsTest-2057491592-project-admin] DELETE http://10.0.0.210/volume/v3/0c1c9e4094f64391bd2889a2d44670ec/group_types/d279c444-a34c-49f7-8082-0782f7268158/group_specs/key3
Oct 17 16:35:14 user devstack@c-api.service[75429]: DEBUG cinder.api.openstack.wsgi [None req-9547cd69-b3e6-4768-b5fa-8a4c74bf663b tempest-GroupTypeSpecsTest-2057491592 tempest-GroupTypeSpecsTest-2057491592-project-admin] Empty body provided in request {{(pid=75429) get_body /opt/stack/cinder/cinder/api/openstack/wsgi.py:715}}
Oct 17 16:35:14 user devstack@c-api.service[75429]: DEBUG cinder.api.openstack.wsgi [None req-9547cd69-b3e6-4768-b5fa-8a4c74bf663b tempest-GroupTypeSpecsTest-2057491592 tempest-GroupTypeSpecsTest-2057491592-project-admin] Calling method 'version_select' {{(pid=75429) _process_stack /opt/stack/cinder/cinder/api/openstack/wsgi.py:868}}
Oct 17 16:35:14 user devstack@c-api.service[75428]: DEBUG cinder.volume.api [None req-9b2df2df-e671-4ad7-95c9-c14c8575821c tempest-VolumesServicesTestJSON-1375676944 tempest-VolumesServicesTestJSON-1375676944-project-member] Task 'cinder.volume.flows.api.create_volume.VolumeCastTask;volume:create' (443f8b19-32aa-4511-b7dc-21033cb42ef6) transitioned into state 'SUCCESS' from state 'RUNNING' with result 'None' {{(pid=75428) _task_receiver /opt/stack/data/venv/lib/python3.10/site-packages/taskflow/listeners/logging.py:178}}
Oct 17 16:35:14 user devstack@c-api.service[75428]: DEBUG cinder.volume.api [None req-9b2df2df-e671-4ad7-95c9-c14c8575821c tempest-VolumesServicesTestJSON-1375676944 tempest-VolumesServicesTestJSON-1375676944-project-member] Flow 'volume_create_api' (9658b7e3-f80c-4232-8192-2e6be6709913) transitioned into state 'SUCCESS' from state 'RUNNING' {{(pid=75428) _flow_receiver /opt/stack/data/venv/lib/python3.10/site-packages/taskflow/listeners/logging.py:141}}
Oct 17 16:35:14 user devstack@c-api.service[75429]: INFO cinder.api.openstack.wsgi [None req-9547cd69-b3e6-4768-b5fa-8a4c74bf663b tempest-GroupTypeSpecsTest-2057491592 tempest-GroupTypeSpecsTest-2057491592-project-admin] http://10.0.0.210/volume/v3/0c1c9e4094f64391bd2889a2d44670ec/group_types/d279c444-a34c-49f7-8082-0782f7268158/group_specs/key3 returned with HTTP 202
Oct 17 16:35:14 user devstack@c-api.service[75428]: INFO cinder.volume.api [None req-9b2df2df-e671-4ad7-95c9-c14c8575821c tempest-VolumesServicesTestJSON-1375676944 tempest-VolumesServicesTestJSON-1375676944-project-member] Create volume request issued successfully.
Oct 17 16:35:14 user devstack@c-api.service[75429]: [pid: 75429|app: 0|req: 17/23] 10.0.0.210 () {64 vars in 1509 bytes} [Tue Oct 17 16:35:14 2023] DELETE /volume/v3/0c1c9e4094f64391bd2889a2d44670ec/group_types/d279c444-a34c-49f7-8082-0782f7268158/group_specs/key3 => generated 0 bytes in 22 msecs (HTTP/1.1 202) 6 headers in 234 bytes (1 switches on core 0)
Oct 17 16:35:14 user devstack@c-api.service[75428]: INFO cinder.api.openstack.wsgi [None req-9b2df2df-e671-4ad7-95c9-c14c8575821c tempest-VolumesServicesTestJSON-1375676944 tempest-VolumesServicesTestJSON-1375676944-project-member] http://10.0.0.210/volume/v3/2d5983a513644b5ca8870f1355db40a3/volumes returned with HTTP 202
Oct 17 16:35:14 user devstack@c-api.service[75428]: [pid: 75428|app: 0|req: 5/24] 10.0.0.210 () {64 vars in 1312 bytes} [Tue Oct 17 16:35:13 2023] POST /volume/v3/2d5983a513644b5ca8870f1355db40a3/volumes => generated 820 bytes in 726 msecs (HTTP/1.1 202) 7 headers in 291 bytes (1 switches on core 0)
Oct 17 16:35:14 user devstack@c-api.service[75429]: DEBUG cinder.api.middleware.request_id [None req-a2b40e75-4439-47bf-9ed9-431e5a03a21b None None] RequestId filter calling following filter/app {{(pid=75429) _context_setter /opt/stack/cinder/cinder/api/middleware/request_id.py:62}}
Oct 17 16:35:14 user devstack@c-api.service[75429]: INFO cinder.api.openstack.wsgi [None req-a2b40e75-4439-47bf-9ed9-431e5a03a21b tempest-GroupTypeSpecsTest-2057491592 tempest-GroupTypeSpecsTest-2057491592-project-admin] GET http://10.0.0.210/volume/v3/0c1c9e4094f64391bd2889a2d44670ec/group_types/d279c444-a34c-49f7-8082-0782f7268158/group_specs/key3
Oct 17 16:35:14 user devstack@c-api.service[75429]: DEBUG cinder.api.openstack.wsgi [None req-a2b40e75-4439-47bf-9ed9-431e5a03a21b tempest-GroupTypeSpecsTest-2057491592 tempest-GroupTypeSpecsTest-2057491592-project-admin] Empty body provided in request {{(pid=75429) get_body /opt/stack/cinder/cinder/api/openstack/wsgi.py:715}}
Oct 17 16:35:14 user devstack@c-api.service[75429]: DEBUG cinder.api.openstack.wsgi [None req-a2b40e75-4439-47bf-9ed9-431e5a03a21b tempest-GroupTypeSpecsTest-2057491592 tempest-GroupTypeSpecsTest-2057491592-project-admin] Calling method 'version_select' {{(pid=75429) _process_stack /opt/stack/cinder/cinder/api/openstack/wsgi.py:868}}
Oct 17 16:35:14 user devstack@c-api.service[75429]: INFO cinder.api.openstack.wsgi [None req-a2b40e75-4439-47bf-9ed9-431e5a03a21b tempest-GroupTypeSpecsTest-2057491592 tempest-GroupTypeSpecsTest-2057491592-project-admin] HTTP exception thrown: Group Type d279c444-a34c-49f7-8082-0782f7268158 has no extra spec with key key3.
Oct 17 16:35:14 user devstack@c-api.service[75429]: INFO cinder.api.openstack.wsgi [None req-a2b40e75-4439-47bf-9ed9-431e5a03a21b tempest-GroupTypeSpecsTest-2057491592 tempest-GroupTypeSpecsTest-2057491592-project-admin] http://10.0.0.210/volume/v3/0c1c9e4094f64391bd2889a2d44670ec/group_types/d279c444-a34c-49f7-8082-0782f7268158/group_specs/key3 returned with HTTP 404
Oct 17 16:35:14 user devstack@c-api.service[75429]: [pid: 75429|app: 0|req: 18/25] 10.0.0.210 () {64 vars in 1506 bytes} [Tue Oct 17 16:35:14 2023] GET /volume/v3/0c1c9e4094f64391bd2889a2d44670ec/group_types/d279c444-a34c-49f7-8082-0782f7268158/group_specs/key3 => generated 126 bytes in 15 msecs (HTTP/1.1 404) 7 headers in 293 bytes (2 switches on core 0)
Oct 17 16:35:14 user devstack@c-api.service[75428]: DEBUG cinder.api.middleware.request_id [None req-ced1c597-8ab7-469c-bd5a-f45854b1a0b4 None None] RequestId filter calling following filter/app {{(pid=75428) _context_setter /opt/stack/cinder/cinder/api/middleware/request_id.py:62}}
Oct 17 16:35:14 user devstack@c-api.service[75429]: DEBUG cinder.api.middleware.request_id [None req-4378bc30-9f29-4fd6-bc42-d5996680a6c1 None None] RequestId filter calling following filter/app {{(pid=75429) _context_setter /opt/stack/cinder/cinder/api/middleware/request_id.py:62}}
Oct 17 16:35:14 user devstack@c-api.service[75428]: INFO cinder.api.openstack.wsgi [None req-ced1c597-8ab7-469c-bd5a-f45854b1a0b4 tempest-VolumesServicesTestJSON-1375676944 tempest-VolumesServicesTestJSON-1375676944-project-member] GET http://10.0.0.210/volume/v3/2d5983a513644b5ca8870f1355db40a3/volumes/f9de2f10-df47-4790-8220-57a1eb8e3c8e
Oct 17 16:35:14 user devstack@c-api.service[75428]: DEBUG cinder.api.openstack.wsgi [None req-ced1c597-8ab7-469c-bd5a-f45854b1a0b4 tempest-VolumesServicesTestJSON-1375676944 tempest-VolumesServicesTestJSON-1375676944-project-member] Empty body provided in request {{(pid=75428) get_body /opt/stack/cinder/cinder/api/openstack/wsgi.py:715}}
Oct 17 16:35:14 user devstack@c-api.service[75428]: DEBUG cinder.api.openstack.wsgi [None req-ced1c597-8ab7-469c-bd5a-f45854b1a0b4 tempest-VolumesServicesTestJSON-1375676944 tempest-VolumesServicesTestJSON-1375676944-project-member] Calling method 'show' {{(pid=75428) _process_stack /opt/stack/cinder/cinder/api/openstack/wsgi.py:868}}
Oct 17 16:35:14 user devstack@c-api.service[75429]: INFO cinder.api.openstack.wsgi [None req-4378bc30-9f29-4fd6-bc42-d5996680a6c1 tempest-GroupTypeSpecsTest-2057491592 tempest-GroupTypeSpecsTest-2057491592-project-admin] DELETE http://10.0.0.210/volume/v3/0c1c9e4094f64391bd2889a2d44670ec/group_types/d279c444-a34c-49f7-8082-0782f7268158
Oct 17 16:35:14 user devstack@c-api.service[75429]: DEBUG cinder.api.openstack.wsgi [None req-4378bc30-9f29-4fd6-bc42-d5996680a6c1 tempest-GroupTypeSpecsTest-2057491592 tempest-GroupTypeSpecsTest-2057491592-project-admin] Empty body provided in request {{(pid=75429) get_body /opt/stack/cinder/cinder/api/openstack/wsgi.py:715}}
Oct 17 16:35:14 user devstack@c-api.service[75429]: DEBUG cinder.api.openstack.wsgi [None req-4378bc30-9f29-4fd6-bc42-d5996680a6c1 tempest-GroupTypeSpecsTest-2057491592 tempest-GroupTypeSpecsTest-2057491592-project-admin] Calling method 'version_select' {{(pid=75429) _process_stack /opt/stack/cinder/cinder/api/openstack/wsgi.py:868}}
Oct 17 16:35:14 user devstack@c-api.service[75428]: /opt/stack/data/venv/lib/python3.10/site-packages/oslo_context/context.py:100: DeprecationWarning: Policy enforcement is depending on the value of is_admin. This key is deprecated. Please update your policy file to use the standard policy values.
Oct 17 16:35:14 user devstack@c-api.service[75428]: warnings.warn('Policy enforcement is depending on the value of '
Oct 17 16:35:14 user devstack@c-api.service[75428]: INFO cinder.volume.api [None req-ced1c597-8ab7-469c-bd5a-f45854b1a0b4 tempest-VolumesServicesTestJSON-1375676944 tempest-VolumesServicesTestJSON-1375676944-project-member] Volume info retrieved successfully.
Oct 17 16:35:14 user devstack@c-api.service[75429]: INFO cinder.api.openstack.wsgi [None req-4378bc30-9f29-4fd6-bc42-d5996680a6c1 tempest-GroupTypeSpecsTest-2057491592 tempest-GroupTypeSpecsTest-2057491592-project-admin] http://10.0.0.210/volume/v3/0c1c9e4094f64391bd2889a2d44670ec/group_types/d279c444-a34c-49f7-8082-0782f7268158 returned with HTTP 202
Oct 17 16:35:14 user devstack@c-api.service[75429]: [pid: 75429|app: 0|req: 19/26] 10.0.0.210 () {64 vars in 1458 bytes} [Tue Oct 17 16:35:14 2023] DELETE /volume/v3/0c1c9e4094f64391bd2889a2d44670ec/group_types/d279c444-a34c-49f7-8082-0782f7268158 => generated 0 bytes in 30 msecs (HTTP/1.1 202) 6 headers in 234 bytes (2 switches on core 0)
Oct 17 16:35:14 user devstack@c-api.service[75428]: INFO cinder.api.openstack.wsgi [None req-ced1c597-8ab7-469c-bd5a-f45854b1a0b4 tempest-VolumesServicesTestJSON-1375676944 tempest-VolumesServicesTestJSON-1375676944-project-member] http://10.0.0.210/volume/v3/2d5983a513644b5ca8870f1355db40a3/volumes/f9de2f10-df47-4790-8220-57a1eb8e3c8e returned with HTTP 200
Oct 17 16:35:14 user devstack@c-api.service[75428]: [pid: 75428|app: 0|req: 6/27] 10.0.0.210 () {62 vars in 1402 bytes} [Tue Oct 17 16:35:14 2023] GET /volume/v3/2d5983a513644b5ca8870f1355db40a3/volumes/f9de2f10-df47-4790-8220-57a1eb8e3c8e => generated 888 bytes in 58 msecs (HTTP/1.1 200) 7 headers in 285 bytes (2 switches on core 0)
Oct 17 16:35:14 user devstack@c-api.service[75427]: INFO cinder.api.openstack.wsgi [None req-c4403058-7564-4312-9836-0cbdf63fa058 tempest-GroupsV320Test-184238438 tempest-GroupsV320Test-184238438-project-member] POST http://10.0.0.210/volume/v3/9f9d20ae733b4ace97a4ea79e0c05bc6/groups
Oct 17 16:35:14 user devstack@c-api.service[75427]: DEBUG cinder.api.openstack.wsgi [None req-c4403058-7564-4312-9836-0cbdf63fa058 tempest-GroupsV320Test-184238438 tempest-GroupsV320Test-184238438-project-member] Action: 'create', calling method: version_select, body: {"group": {"group_type": "b6a70d8b-7f91-4d3f-8dee-06566d5dcfa5", "volume_types": ["ee668ea9-5df9-4543-8a61-853c1cbaef3e"], "name": "tempest-GroupsV320Test-Group-499471050"}} {{(pid=75427) _process_stack /opt/stack/cinder/cinder/api/openstack/wsgi.py:866}}
Oct 17 16:35:14 user devstack@c-api.service[75427]: DEBUG cinder.api.v3.groups [None req-c4403058-7564-4312-9836-0cbdf63fa058 tempest-GroupsV320Test-184238438 tempest-GroupsV320Test-184238438-project-member] Creating new group {'group': {'group_type': 'b6a70d8b-7f91-4d3f-8dee-06566d5dcfa5', 'volume_types': ['ee668ea9-5df9-4543-8a61-853c1cbaef3e'], 'name': 'tempest-GroupsV320Test-Group-499471050'}} {{(pid=75427) create /opt/stack/cinder/cinder/api/v3/groups.py:190}}
Oct 17 16:35:14 user devstack@c-api.service[75427]: INFO cinder.api.v3.groups [None req-c4403058-7564-4312-9836-0cbdf63fa058 tempest-GroupsV320Test-184238438 tempest-GroupsV320Test-184238438-project-member] Creating group tempest-GroupsV320Test-Group-499471050.
Oct 17 16:35:14 user devstack@c-api.service[75427]: DEBUG cinder.volume.api [None req-c4403058-7564-4312-9836-0cbdf63fa058 tempest-GroupsV320Test-184238438 tempest-GroupsV320Test-184238438-project-member] Availability zone cache updated, next update will occur around 2023-10-17 17:35:14.627686. {{(pid=75427) list_availability_zones /opt/stack/cinder/cinder/volume/api.py:155}}
Oct 17 16:35:14 user devstack@c-api.service[75427]: INFO cinder.volume.api [None req-c4403058-7564-4312-9836-0cbdf63fa058 tempest-GroupsV320Test-184238438 tempest-GroupsV320Test-184238438-project-member] Availability Zones retrieved successfully.
Oct 17 16:35:14 user devstack@c-api.service[75427]: DEBUG cinder.quota [None req-c4403058-7564-4312-9836-0cbdf63fa058 tempest-GroupsV320Test-184238438 tempest-GroupsV320Test-184238438-project-member] Created reservations ['3a39ad9f-a2c2-4140-ad82-5bac2b6d6620'] {{(pid=75427) reserve /opt/stack/cinder/cinder/quota.py:755}}
Oct 17 16:35:14 user devstack@c-api.service[75427]: INFO cinder.api.openstack.wsgi [None req-c4403058-7564-4312-9836-0cbdf63fa058 tempest-GroupsV320Test-184238438 tempest-GroupsV320Test-184238438-project-member] http://10.0.0.210/volume/v3/9f9d20ae733b4ace97a4ea79e0c05bc6/groups returned with HTTP 202
Oct 17 16:35:14 user devstack@c-api.service[75427]: [pid: 75427|app: 0|req: 3/28] 10.0.0.210 () {66 vars in 1351 bytes} [Tue Oct 17 16:35:14 2023] POST /volume/v3/9f9d20ae733b4ace97a4ea79e0c05bc6/groups => generated 107 bytes in 353 msecs (HTTP/1.1 202) 7 headers in 292 bytes (2 switches on core 0)
Oct 17 16:35:14 user devstack@c-api.service[75429]: DEBUG cinder.api.middleware.request_id [None req-2884453a-a8ad-4fe0-a5f1-073a684568c9 None None] RequestId filter calling following filter/app {{(pid=75429) _context_setter /opt/stack/cinder/cinder/api/middleware/request_id.py:62}}
Oct 17 16:35:14 user devstack@c-api.service[75429]: INFO cinder.api.openstack.wsgi [None req-2884453a-a8ad-4fe0-a5f1-073a684568c9 tempest-GroupsV320Test-184238438 tempest-GroupsV320Test-184238438-project-member] GET http://10.0.0.210/volume/v3/9f9d20ae733b4ace97a4ea79e0c05bc6/groups/fb300488-2c5b-4a47-b4ff-913fbd1436ea
Oct 17 16:35:14 user devstack@c-api.service[75429]: DEBUG cinder.api.openstack.wsgi [None req-2884453a-a8ad-4fe0-a5f1-073a684568c9 tempest-GroupsV320Test-184238438 tempest-GroupsV320Test-184238438-project-member] Empty body provided in request {{(pid=75429) get_body /opt/stack/cinder/cinder/api/openstack/wsgi.py:715}}
Oct 17 16:35:14 user devstack@c-api.service[75429]: DEBUG cinder.api.openstack.wsgi [None req-2884453a-a8ad-4fe0-a5f1-073a684568c9 tempest-GroupsV320Test-184238438 tempest-GroupsV320Test-184238438-project-member] Calling method 'version_select' {{(pid=75429) _process_stack /opt/stack/cinder/cinder/api/openstack/wsgi.py:868}}
Oct 17 16:35:14 user devstack@c-api.service[75429]: DEBUG cinder.api.v3.groups [None req-2884453a-a8ad-4fe0-a5f1-073a684568c9 tempest-GroupsV320Test-184238438 tempest-GroupsV320Test-184238438-project-member] show called for member fb300488-2c5b-4a47-b4ff-913fbd1436ea {{(pid=75429) show /opt/stack/cinder/cinder/api/v3/groups.py:58}}
Oct 17 16:35:14 user devstack@c-api.service[75429]: /opt/stack/data/venv/lib/python3.10/site-packages/oslo_context/context.py:100: DeprecationWarning: Policy enforcement is depending on the value of is_admin. This key is deprecated. Please update your policy file to use the standard policy values.
Oct 17 16:35:14 user devstack@c-api.service[75429]: warnings.warn('Policy enforcement is depending on the value of '
Oct 17 16:35:14 user devstack@c-api.service[75429]: INFO cinder.api.openstack.wsgi [None req-2884453a-a8ad-4fe0-a5f1-073a684568c9 tempest-GroupsV320Test-184238438 tempest-GroupsV320Test-184238438-project-member] http://10.0.0.210/volume/v3/9f9d20ae733b4ace97a4ea79e0c05bc6/groups/fb300488-2c5b-4a47-b4ff-913fbd1436ea returned with HTTP 200
Oct 17 16:35:14 user devstack@c-api.service[75429]: [pid: 75429|app: 0|req: 20/29] 10.0.0.210 () {64 vars in 1440 bytes} [Tue Oct 17 16:35:14 2023] GET /volume/v3/9f9d20ae733b4ace97a4ea79e0c05bc6/groups/fb300488-2c5b-4a47-b4ff-913fbd1436ea => generated 387 bytes in 73 msecs (HTTP/1.1 200) 7 headers in 286 bytes (1 switches on core 0)
Oct 17 16:35:15 user devstack@c-api.service[75428]: DEBUG cinder.api.middleware.request_id [None req-f5a4faa7-79c3-4871-b1d6-435c8cb16c8b None None] RequestId filter calling following filter/app {{(pid=75428) _context_setter /opt/stack/cinder/cinder/api/middleware/request_id.py:62}}
Oct 17 16:35:15 user devstack@c-api.service[75428]: INFO cinder.api.openstack.wsgi [None req-f5a4faa7-79c3-4871-b1d6-435c8cb16c8b tempest-VolumesServicesTestJSON-1375676944 tempest-VolumesServicesTestJSON-1375676944-project-member] GET http://10.0.0.210/volume/v3/2d5983a513644b5ca8870f1355db40a3/volumes/f9de2f10-df47-4790-8220-57a1eb8e3c8e
Oct 17 16:35:15 user devstack@c-api.service[75428]: DEBUG cinder.api.openstack.wsgi [None req-f5a4faa7-79c3-4871-b1d6-435c8cb16c8b tempest-VolumesServicesTestJSON-1375676944 tempest-VolumesServicesTestJSON-1375676944-project-member] Empty body provided in request {{(pid=75428) get_body /opt/stack/cinder/cinder/api/openstack/wsgi.py:715}}
Oct 17 16:35:15 user devstack@c-api.service[75428]: DEBUG cinder.api.openstack.wsgi [None req-f5a4faa7-79c3-4871-b1d6-435c8cb16c8b tempest-VolumesServicesTestJSON-1375676944 tempest-VolumesServicesTestJSON-1375676944-project-member] Calling method 'show' {{(pid=75428) _process_stack /opt/stack/cinder/cinder/api/openstack/wsgi.py:868}}
Oct 17 16:35:15 user devstack@c-api.service[75428]: /opt/stack/data/venv/lib/python3.10/site-packages/oslo_context/context.py:100: DeprecationWarning: Policy enforcement is depending on the value of is_admin. This key is deprecated. Please update your policy file to use the standard policy values.
Oct 17 16:35:15 user devstack@c-api.service[75428]: warnings.warn('Policy enforcement is depending on the value of '
Oct 17 16:35:15 user devstack@c-api.service[75428]: INFO cinder.volume.api [None req-f5a4faa7-79c3-4871-b1d6-435c8cb16c8b tempest-VolumesServicesTestJSON-1375676944 tempest-VolumesServicesTestJSON-1375676944-project-member] Volume info retrieved successfully.
Oct 17 16:35:15 user devstack@c-api.service[75428]: INFO cinder.api.openstack.wsgi [None req-f5a4faa7-79c3-4871-b1d6-435c8cb16c8b tempest-VolumesServicesTestJSON-1375676944 tempest-VolumesServicesTestJSON-1375676944-project-member] http://10.0.0.210/volume/v3/2d5983a513644b5ca8870f1355db40a3/volumes/f9de2f10-df47-4790-8220-57a1eb8e3c8e returned with HTTP 200
Oct 17 16:35:15 user devstack@c-api.service[75428]: [pid: 75428|app: 0|req: 7/30] 10.0.0.210 () {62 vars in 1402 bytes} [Tue Oct 17 16:35:15 2023] GET /volume/v3/2d5983a513644b5ca8870f1355db40a3/volumes/f9de2f10-df47-4790-8220-57a1eb8e3c8e => generated 912 bytes in 55 msecs (HTTP/1.1 200) 7 headers in 285 bytes (1 switches on core 0)
Oct 17 16:35:15 user devstack@c-api.service[75427]: DEBUG cinder.api.middleware.request_id [None req-ef401f10-14ff-416d-8016-7f04af5fd8a4 None None] RequestId filter calling following filter/app {{(pid=75427) _context_setter /opt/stack/cinder/cinder/api/middleware/request_id.py:62}}
Oct 17 16:35:15 user devstack@c-api.service[75427]: INFO cinder.api.openstack.wsgi [None req-ef401f10-14ff-416d-8016-7f04af5fd8a4 tempest-GroupsV320Test-184238438 tempest-GroupsV320Test-184238438-project-member] GET http://10.0.0.210/volume/v3/9f9d20ae733b4ace97a4ea79e0c05bc6/groups/fb300488-2c5b-4a47-b4ff-913fbd1436ea
Oct 17 16:35:15 user devstack@c-api.service[75427]: DEBUG cinder.api.openstack.wsgi [None req-ef401f10-14ff-416d-8016-7f04af5fd8a4 tempest-GroupsV320Test-184238438 tempest-GroupsV320Test-184238438-project-member] Empty body provided in request {{(pid=75427) get_body /opt/stack/cinder/cinder/api/openstack/wsgi.py:715}}
Oct 17 16:35:15 user devstack@c-api.service[75427]: DEBUG cinder.api.openstack.wsgi [None req-ef401f10-14ff-416d-8016-7f04af5fd8a4 tempest-GroupsV320Test-184238438 tempest-GroupsV320Test-184238438-project-member] Calling method 'version_select' {{(pid=75427) _process_stack /opt/stack/cinder/cinder/api/openstack/wsgi.py:868}}
Oct 17 16:35:15 user devstack@c-api.service[75427]: DEBUG cinder.api.v3.groups [None req-ef401f10-14ff-416d-8016-7f04af5fd8a4 tempest-GroupsV320Test-184238438 tempest-GroupsV320Test-184238438-project-member] show called for member fb300488-2c5b-4a47-b4ff-913fbd1436ea {{(pid=75427) show /opt/stack/cinder/cinder/api/v3/groups.py:58}}
Oct 17 16:35:15 user devstack@c-api.service[75427]: /opt/stack/data/venv/lib/python3.10/site-packages/oslo_context/context.py:100: DeprecationWarning: Policy enforcement is depending on the value of is_admin. This key is deprecated. Please update your policy file to use the standard policy values.
Oct 17 16:35:15 user devstack@c-api.service[75427]: warnings.warn('Policy enforcement is depending on the value of '
Oct 17 16:35:15 user devstack@c-api.service[75427]: INFO cinder.api.openstack.wsgi [None req-ef401f10-14ff-416d-8016-7f04af5fd8a4 tempest-GroupsV320Test-184238438 tempest-GroupsV320Test-184238438-project-member] http://10.0.0.210/volume/v3/9f9d20ae733b4ace97a4ea79e0c05bc6/groups/fb300488-2c5b-4a47-b4ff-913fbd1436ea returned with HTTP 200
Oct 17 16:35:15 user devstack@c-api.service[75427]: [pid: 75427|app: 0|req: 4/31] 10.0.0.210 () {64 vars in 1440 bytes} [Tue Oct 17 16:35:15 2023] GET /volume/v3/9f9d20ae733b4ace97a4ea79e0c05bc6/groups/fb300488-2c5b-4a47-b4ff-913fbd1436ea => generated 388 bytes in 40 msecs (HTTP/1.1 200) 7 headers in 286 bytes (1 switches on core 0)
Oct 17 16:35:15 user devstack@c-api.service[75429]: DEBUG cinder.api.middleware.request_id [None req-dc7ad17c-0cd3-417b-a3a3-f9489204b6fe None None] RequestId filter calling following filter/app {{(pid=75429) _context_setter /opt/stack/cinder/cinder/api/middleware/request_id.py:62}}
Oct 17 16:35:15 user devstack@c-api.service[75429]: INFO cinder.api.openstack.wsgi [None req-dc7ad17c-0cd3-417b-a3a3-f9489204b6fe tempest-GroupsV320Test-1353775583 tempest-GroupsV320Test-1353775583-project-admin] POST http://10.0.0.210/volume/v3/f50b46ade49b4a41a88d67a5ffc43116/groups/fb300488-2c5b-4a47-b4ff-913fbd1436ea/action
Oct 17 16:35:15 user devstack@c-api.service[75429]: DEBUG cinder.api.openstack.wsgi [None req-dc7ad17c-0cd3-417b-a3a3-f9489204b6fe tempest-GroupsV320Test-1353775583 tempest-GroupsV320Test-1353775583-project-admin] Action body: b'{"reset_status": {"status": "creating"}}' {{(pid=75429) get_method /opt/stack/cinder/cinder/api/openstack/wsgi.py:983}}
Oct 17 16:35:15 user devstack@c-api.service[75429]: DEBUG cinder.api.openstack.wsgi [None req-dc7ad17c-0cd3-417b-a3a3-f9489204b6fe tempest-GroupsV320Test-1353775583 tempest-GroupsV320Test-1353775583-project-admin] Action: 'action', calling method: version_select, body: {"reset_status": {"status": "creating"}} {{(pid=75429) _process_stack /opt/stack/cinder/cinder/api/openstack/wsgi.py:866}}
Oct 17 16:35:15 user devstack@c-api.service[75429]: DEBUG cinder.api.v3.groups [None req-dc7ad17c-0cd3-417b-a3a3-f9489204b6fe tempest-GroupsV320Test-1353775583 tempest-GroupsV320Test-1353775583-project-admin] Updating group 'fb300488-2c5b-4a47-b4ff-913fbd1436ea' with 'creating' {{(pid=75429) _reset_status /opt/stack/cinder/cinder/api/v3/groups.py:82}}
Oct 17 16:35:15 user devstack@c-api.service[75429]: /opt/stack/data/venv/lib/python3.10/site-packages/oslo_context/context.py:100: DeprecationWarning: Policy enforcement is depending on the value of is_admin. This key is deprecated. Please update your policy file to use the standard policy values.
Oct 17 16:35:15 user devstack@c-api.service[75429]: warnings.warn('Policy enforcement is depending on the value of '
Oct 17 16:35:15 user devstack@c-api.service[75429]: INFO cinder.api.openstack.wsgi [None req-dc7ad17c-0cd3-417b-a3a3-f9489204b6fe tempest-GroupsV320Test-1353775583 tempest-GroupsV320Test-1353775583-project-admin] http://10.0.0.210/volume/v3/f50b46ade49b4a41a88d67a5ffc43116/groups/fb300488-2c5b-4a47-b4ff-913fbd1436ea/action returned with HTTP 202
Oct 17 16:35:15 user devstack@c-api.service[75429]: [pid: 75429|app: 0|req: 21/32] 10.0.0.210 () {66 vars in 1482 bytes} [Tue Oct 17 16:35:15 2023] POST /volume/v3/f50b46ade49b4a41a88d67a5ffc43116/groups/fb300488-2c5b-4a47-b4ff-913fbd1436ea/action => generated 0 bytes in 53 msecs (HTTP/1.1 202) 6 headers in 234 bytes (1 switches on core 0)
Oct 17 16:35:15 user devstack@c-api.service[75428]: DEBUG cinder.api.middleware.request_id [None req-de931859-f9ea-4d31-8cc4-64dbbfd9c116 None None] RequestId filter calling following filter/app {{(pid=75428) _context_setter /opt/stack/cinder/cinder/api/middleware/request_id.py:62}}
Oct 17 16:35:15 user devstack@c-api.service[75428]: INFO cinder.api.openstack.wsgi [None req-de931859-f9ea-4d31-8cc4-64dbbfd9c116 tempest-GroupsV320Test-184238438 tempest-GroupsV320Test-184238438-project-member] GET http://10.0.0.210/volume/v3/9f9d20ae733b4ace97a4ea79e0c05bc6/groups/fb300488-2c5b-4a47-b4ff-913fbd1436ea
Oct 17 16:35:15 user devstack@c-api.service[75428]: DEBUG cinder.api.openstack.wsgi [None req-de931859-f9ea-4d31-8cc4-64dbbfd9c116 tempest-GroupsV320Test-184238438 tempest-GroupsV320Test-184238438-project-member] Empty body provided in request {{(pid=75428) get_body /opt/stack/cinder/cinder/api/openstack/wsgi.py:715}}
Oct 17 16:35:15 user devstack@c-api.service[75428]: DEBUG cinder.api.openstack.wsgi [None req-de931859-f9ea-4d31-8cc4-64dbbfd9c116 tempest-GroupsV320Test-184238438 tempest-GroupsV320Test-184238438-project-member] Calling method 'version_select' {{(pid=75428) _process_stack /opt/stack/cinder/cinder/api/openstack/wsgi.py:868}}
Oct 17 16:35:15 user devstack@c-api.service[75428]: DEBUG cinder.api.v3.groups [None req-de931859-f9ea-4d31-8cc4-64dbbfd9c116 tempest-GroupsV320Test-184238438 tempest-GroupsV320Test-184238438-project-member] show called for member fb300488-2c5b-4a47-b4ff-913fbd1436ea {{(pid=75428) show /opt/stack/cinder/cinder/api/v3/groups.py:58}}
Oct 17 16:35:15 user devstack@c-api.service[75428]: /opt/stack/data/venv/lib/python3.10/site-packages/oslo_context/context.py:100: DeprecationWarning: Policy enforcement is depending on the value of is_admin. This key is deprecated. Please update your policy file to use the standard policy values.
Oct 17 16:35:15 user devstack@c-api.service[75428]: warnings.warn('Policy enforcement is depending on the value of '
Oct 17 16:35:16 user devstack@c-api.service[75428]: INFO cinder.api.openstack.wsgi [None req-de931859-f9ea-4d31-8cc4-64dbbfd9c116 tempest-GroupsV320Test-184238438 tempest-GroupsV320Test-184238438-project-member] http://10.0.0.210/volume/v3/9f9d20ae733b4ace97a4ea79e0c05bc6/groups/fb300488-2c5b-4a47-b4ff-913fbd1436ea returned with HTTP 200
Oct 17 16:35:16 user devstack@c-api.service[75428]: [pid: 75428|app: 0|req: 8/33] 10.0.0.210 () {64 vars in 1440 bytes} [Tue Oct 17 16:35:15 2023] GET /volume/v3/9f9d20ae733b4ace97a4ea79e0c05bc6/groups/fb300488-2c5b-4a47-b4ff-913fbd1436ea => generated 387 bytes in 58 msecs (HTTP/1.1 200) 7 headers in 286 bytes (1 switches on core 0)
Oct 17 16:35:16 user devstack@c-api.service[75427]: DEBUG cinder.api.middleware.request_id [None req-31669891-f352-4479-bf78-0374f5412184 None None] RequestId filter calling following filter/app {{(pid=75427) _context_setter /opt/stack/cinder/cinder/api/middleware/request_id.py:62}}
Oct 17 16:35:16 user devstack@c-api.service[75427]: INFO cinder.api.openstack.wsgi [None req-31669891-f352-4479-bf78-0374f5412184 tempest-GroupsV320Test-1353775583 tempest-GroupsV320Test-1353775583-project-admin] POST http://10.0.0.210/volume/v3/f50b46ade49b4a41a88d67a5ffc43116/groups/fb300488-2c5b-4a47-b4ff-913fbd1436ea/action
Oct 17 16:35:16 user devstack@c-api.service[75427]: DEBUG cinder.api.openstack.wsgi [None req-31669891-f352-4479-bf78-0374f5412184 tempest-GroupsV320Test-1353775583 tempest-GroupsV320Test-1353775583-project-admin] Action body: b'{"reset_status": {"status": "available"}}' {{(pid=75427) get_method /opt/stack/cinder/cinder/api/openstack/wsgi.py:983}}
Oct 17 16:35:16 user devstack@c-api.service[75427]: DEBUG cinder.api.openstack.wsgi [None req-31669891-f352-4479-bf78-0374f5412184 tempest-GroupsV320Test-1353775583 tempest-GroupsV320Test-1353775583-project-admin] Action: 'action', calling method: version_select, body: {"reset_status": {"status": "available"}} {{(pid=75427) _process_stack /opt/stack/cinder/cinder/api/openstack/wsgi.py:866}}
Oct 17 16:35:16 user devstack@c-api.service[75427]: DEBUG cinder.api.v3.groups [None req-31669891-f352-4479-bf78-0374f5412184 tempest-GroupsV320Test-1353775583 tempest-GroupsV320Test-1353775583-project-admin] Updating group 'fb300488-2c5b-4a47-b4ff-913fbd1436ea' with 'available' {{(pid=75427) _reset_status /opt/stack/cinder/cinder/api/v3/groups.py:82}}
Oct 17 16:35:16 user devstack@c-api.service[75427]: /opt/stack/data/venv/lib/python3.10/site-packages/oslo_context/context.py:100: DeprecationWarning: Policy enforcement is depending on the value of is_admin. This key is deprecated. Please update your policy file to use the standard policy values.
Oct 17 16:35:16 user devstack@c-api.service[75427]: warnings.warn('Policy enforcement is depending on the value of '
Oct 17 16:35:16 user devstack@c-api.service[75427]: INFO cinder.api.openstack.wsgi [None req-31669891-f352-4479-bf78-0374f5412184 tempest-GroupsV320Test-1353775583 tempest-GroupsV320Test-1353775583-project-admin] http://10.0.0.210/volume/v3/f50b46ade49b4a41a88d67a5ffc43116/groups/fb300488-2c5b-4a47-b4ff-913fbd1436ea/action returned with HTTP 202
Oct 17 16:35:16 user devstack@c-api.service[75427]: [pid: 75427|app: 0|req: 5/34] 10.0.0.210 () {66 vars in 1482 bytes} [Tue Oct 17 16:35:16 2023] POST /volume/v3/f50b46ade49b4a41a88d67a5ffc43116/groups/fb300488-2c5b-4a47-b4ff-913fbd1436ea/action => generated 0 bytes in 41 msecs (HTTP/1.1 202) 6 headers in 234 bytes (1 switches on core 0)
Oct 17 16:35:16 user devstack@c-api.service[75429]: DEBUG cinder.api.middleware.request_id [None req-fe96a90d-0435-4ff7-ac4d-b43a5eeea8e6 None None] RequestId filter calling following filter/app {{(pid=75429) _context_setter /opt/stack/cinder/cinder/api/middleware/request_id.py:62}}
Oct 17 16:35:16 user devstack@c-api.service[75429]: INFO cinder.api.openstack.wsgi [None req-fe96a90d-0435-4ff7-ac4d-b43a5eeea8e6 tempest-GroupsV320Test-184238438 tempest-GroupsV320Test-184238438-project-member] GET http://10.0.0.210/volume/v3/9f9d20ae733b4ace97a4ea79e0c05bc6/groups/fb300488-2c5b-4a47-b4ff-913fbd1436ea
Oct 17 16:35:16 user devstack@c-api.service[75429]: DEBUG cinder.api.openstack.wsgi [None req-fe96a90d-0435-4ff7-ac4d-b43a5eeea8e6 tempest-GroupsV320Test-184238438 tempest-GroupsV320Test-184238438-project-member] Empty body provided in request {{(pid=75429) get_body /opt/stack/cinder/cinder/api/openstack/wsgi.py:715}}
Oct 17 16:35:16 user devstack@c-api.service[75429]: DEBUG cinder.api.openstack.wsgi [None req-fe96a90d-0435-4ff7-ac4d-b43a5eeea8e6 tempest-GroupsV320Test-184238438 tempest-GroupsV320Test-184238438-project-member] Calling method 'version_select' {{(pid=75429) _process_stack /opt/stack/cinder/cinder/api/openstack/wsgi.py:868}}
Oct 17 16:35:16 user devstack@c-api.service[75429]: DEBUG cinder.api.v3.groups [None req-fe96a90d-0435-4ff7-ac4d-b43a5eeea8e6 tempest-GroupsV320Test-184238438 tempest-GroupsV320Test-184238438-project-member] show called for member fb300488-2c5b-4a47-b4ff-913fbd1436ea {{(pid=75429) show /opt/stack/cinder/cinder/api/v3/groups.py:58}}
Oct 17 16:35:16 user devstack@c-api.service[75429]: /opt/stack/data/venv/lib/python3.10/site-packages/oslo_context/context.py:100: DeprecationWarning: Policy enforcement is depending on the value of is_admin. This key is deprecated. Please update your policy file to use the standard policy values.
