Oct 17 16:29:15 user devstack@n-api.service[64183]: DEBUG dbcounter [-] [64183] Writer thread running {{(pid=64183) stat_writer /opt/stack/data/venv/lib/python3.10/site-packages/dbcounter.py:102}}
Oct 17 16:29:15 user devstack@n-api.service[64185]: INFO dbcounter [None req-46f3173e-3458-40d7-a95c-1f7221e1d39a None None] Registered counter for database nova_api
Oct 17 16:29:15 user devstack@n-api.service[64185]: DEBUG oslo_db.sqlalchemy.engines [None req-46f3173e-3458-40d7-a95c-1f7221e1d39a None None] MySQL server mode set to STRICT_TRANS_TABLES,STRICT_ALL_TABLES,NO_ZERO_IN_DATE,NO_ZERO_DATE,ERROR_FOR_DIVISION_BY_ZERO,TRADITIONAL,NO_ENGINE_SUBSTITUTION {{(pid=64185) _check_effective_sql_mode /opt/stack/data/venv/lib/python3.10/site-packages/oslo_db/sqlalchemy/engines.py:342}}
Oct 17 16:29:15 user devstack@n-api.service[64185]: DEBUG dbcounter [-] [64185] Writer thread running {{(pid=64185) stat_writer /opt/stack/data/venv/lib/python3.10/site-packages/dbcounter.py:102}}
Oct 17 16:29:15 user devstack@n-api.service[64184]: DEBUG nova.context [None req-3bc7dd99-2b99-42fb-be89-094d81b0faee None None] Found 2 cells: 00000000-0000-0000-0000-000000000000(cell0),a38d5188-101b-4e9c-ad71-a4ab7e3a4123(cell1) {{(pid=64184) load_cells /opt/stack/nova/nova/context.py:464}}
Oct 17 16:29:15 user devstack@n-api.service[64184]: DEBUG oslo_concurrency.lockutils [None req-3bc7dd99-2b99-42fb-be89-094d81b0faee None None] Acquiring lock "00000000-0000-0000-0000-000000000000" by "nova.context.set_target_cell..get_or_set_cached_cell_and_set_connections" {{(pid=64184) inner /opt/stack/data/venv/lib/python3.10/site-packages/oslo_concurrency/lockutils.py:404}}
Oct 17 16:29:15 user devstack@n-api.service[64184]: DEBUG oslo_concurrency.lockutils [None req-3bc7dd99-2b99-42fb-be89-094d81b0faee None None] Lock "00000000-0000-0000-0000-000000000000" acquired by "nova.context.set_target_cell..get_or_set_cached_cell_and_set_connections" :: waited 0.000s {{(pid=64184) inner /opt/stack/data/venv/lib/python3.10/site-packages/oslo_concurrency/lockutils.py:409}}
Oct 17 16:29:15 user devstack@n-api.service[64184]: DEBUG oslo_concurrency.lockutils [None req-3bc7dd99-2b99-42fb-be89-094d81b0faee None None] Lock "00000000-0000-0000-0000-000000000000" "released" by "nova.context.set_target_cell..get_or_set_cached_cell_and_set_connections" :: held 0.001s {{(pid=64184) inner /opt/stack/data/venv/lib/python3.10/site-packages/oslo_concurrency/lockutils.py:423}}
Oct 17 16:29:15 user devstack@n-api.service[64184]: DEBUG oslo_concurrency.lockutils [None req-3bc7dd99-2b99-42fb-be89-094d81b0faee None None] Acquiring lock "a38d5188-101b-4e9c-ad71-a4ab7e3a4123" by "nova.context.set_target_cell..get_or_set_cached_cell_and_set_connections" {{(pid=64184) inner /opt/stack/data/venv/lib/python3.10/site-packages/oslo_concurrency/lockutils.py:404}}
Oct 17 16:29:15 user devstack@n-api.service[64184]: DEBUG oslo_concurrency.lockutils [None req-3bc7dd99-2b99-42fb-be89-094d81b0faee None None] Lock "a38d5188-101b-4e9c-ad71-a4ab7e3a4123" acquired by "nova.context.set_target_cell..get_or_set_cached_cell_and_set_connections" :: waited 0.000s {{(pid=64184) inner /opt/stack/data/venv/lib/python3.10/site-packages/oslo_concurrency/lockutils.py:409}}
Oct 17 16:29:15 user devstack@n-api.service[64184]: DEBUG oslo_concurrency.lockutils [None req-3bc7dd99-2b99-42fb-be89-094d81b0faee None None] Lock "a38d5188-101b-4e9c-ad71-a4ab7e3a4123" "released" by "nova.context.set_target_cell..get_or_set_cached_cell_and_set_connections" :: held 0.001s {{(pid=64184) inner /opt/stack/data/venv/lib/python3.10/site-packages/oslo_concurrency/lockutils.py:423}}
Oct 17 16:29:15 user devstack@n-api.service[64183]: DEBUG nova.context [None req-1297a6f9-55d2-4368-890d-7a1ef04703fd None None] Found 2 cells: 00000000-0000-0000-0000-000000000000(cell0),a38d5188-101b-4e9c-ad71-a4ab7e3a4123(cell1) {{(pid=64183) load_cells /opt/stack/nova/nova/context.py:464}}
Oct 17 16:29:15 user devstack@n-api.service[64184]: INFO dbcounter [None req-3bc7dd99-2b99-42fb-be89-094d81b0faee None None] Registered counter for database nova_cell0
Oct 17 16:29:15 user devstack@n-api.service[64183]: DEBUG oslo_concurrency.lockutils [None req-1297a6f9-55d2-4368-890d-7a1ef04703fd None None] Acquiring lock "00000000-0000-0000-0000-000000000000" by "nova.context.set_target_cell..get_or_set_cached_cell_and_set_connections" {{(pid=64183) inner /opt/stack/data/venv/lib/python3.10/site-packages/oslo_concurrency/lockutils.py:404}}
Oct 17 16:29:15 user devstack@n-api.service[64183]: DEBUG oslo_concurrency.lockutils [None req-1297a6f9-55d2-4368-890d-7a1ef04703fd None None] Lock "00000000-0000-0000-0000-000000000000" acquired by "nova.context.set_target_cell..get_or_set_cached_cell_and_set_connections" :: waited 0.000s {{(pid=64183) inner /opt/stack/data/venv/lib/python3.10/site-packages/oslo_concurrency/lockutils.py:409}}
Oct 17 16:29:15 user devstack@n-api.service[64183]: DEBUG oslo_concurrency.lockutils [None req-1297a6f9-55d2-4368-890d-7a1ef04703fd None None] Lock "00000000-0000-0000-0000-000000000000" "released" by "nova.context.set_target_cell..get_or_set_cached_cell_and_set_connections" :: held 0.001s {{(pid=64183) inner /opt/stack/data/venv/lib/python3.10/site-packages/oslo_concurrency/lockutils.py:423}}
Oct 17 16:29:15 user devstack@n-api.service[64184]: INFO dbcounter [None req-3bc7dd99-2b99-42fb-be89-094d81b0faee None None] Registered counter for database nova_cell1
Oct 17 16:29:15 user devstack@n-api.service[64183]: DEBUG oslo_concurrency.lockutils [None req-1297a6f9-55d2-4368-890d-7a1ef04703fd None None] Acquiring lock "a38d5188-101b-4e9c-ad71-a4ab7e3a4123" by "nova.context.set_target_cell..get_or_set_cached_cell_and_set_connections" {{(pid=64183) inner /opt/stack/data/venv/lib/python3.10/site-packages/oslo_concurrency/lockutils.py:404}}
Oct 17 16:29:15 user devstack@n-api.service[64183]: DEBUG oslo_concurrency.lockutils [None req-1297a6f9-55d2-4368-890d-7a1ef04703fd None None] Lock "a38d5188-101b-4e9c-ad71-a4ab7e3a4123" acquired by "nova.context.set_target_cell..get_or_set_cached_cell_and_set_connections" :: waited 0.000s {{(pid=64183) inner /opt/stack/data/venv/lib/python3.10/site-packages/oslo_concurrency/lockutils.py:409}}
Oct 17 16:29:15 user devstack@n-api.service[64183]: DEBUG oslo_concurrency.lockutils [None req-1297a6f9-55d2-4368-890d-7a1ef04703fd None None] Lock "a38d5188-101b-4e9c-ad71-a4ab7e3a4123" "released" by "nova.context.set_target_cell..get_or_set_cached_cell_and_set_connections" :: held 0.002s {{(pid=64183) inner /opt/stack/data/venv/lib/python3.10/site-packages/oslo_concurrency/lockutils.py:423}}
Oct 17 16:29:15 user devstack@n-api.service[64183]: INFO dbcounter [None req-1297a6f9-55d2-4368-890d-7a1ef04703fd None None] Registered counter for database nova_cell0
Oct 17 16:29:15 user devstack@n-api.service[64183]: INFO dbcounter [None req-1297a6f9-55d2-4368-890d-7a1ef04703fd None None] Registered counter for database nova_cell1
Oct 17 16:29:15 user devstack@n-api.service[64184]: DEBUG oslo_db.sqlalchemy.engines [None req-3bc7dd99-2b99-42fb-be89-094d81b0faee None None] MySQL server mode set to STRICT_TRANS_TABLES,STRICT_ALL_TABLES,NO_ZERO_IN_DATE,NO_ZERO_DATE,ERROR_FOR_DIVISION_BY_ZERO,TRADITIONAL,NO_ENGINE_SUBSTITUTION {{(pid=64184) _check_effective_sql_mode /opt/stack/data/venv/lib/python3.10/site-packages/oslo_db/sqlalchemy/engines.py:342}}
Oct 17 16:29:15 user devstack@n-api.service[64184]: DEBUG dbcounter [-] [64184] Writer thread running {{(pid=64184) stat_writer /opt/stack/data/venv/lib/python3.10/site-packages/dbcounter.py:102}}
Oct 17 16:29:15 user devstack@n-api.service[64184]: DEBUG oslo_db.sqlalchemy.engines [None req-3bc7dd99-2b99-42fb-be89-094d81b0faee None None] MySQL server mode set to STRICT_TRANS_TABLES,STRICT_ALL_TABLES,NO_ZERO_IN_DATE,NO_ZERO_DATE,ERROR_FOR_DIVISION_BY_ZERO,TRADITIONAL,NO_ENGINE_SUBSTITUTION {{(pid=64184) _check_effective_sql_mode /opt/stack/data/venv/lib/python3.10/site-packages/oslo_db/sqlalchemy/engines.py:342}}
Oct 17 16:29:15 user devstack@n-api.service[64183]: DEBUG oslo_db.sqlalchemy.engines [None req-1297a6f9-55d2-4368-890d-7a1ef04703fd None None] MySQL server mode set to STRICT_TRANS_TABLES,STRICT_ALL_TABLES,NO_ZERO_IN_DATE,NO_ZERO_DATE,ERROR_FOR_DIVISION_BY_ZERO,TRADITIONAL,NO_ENGINE_SUBSTITUTION {{(pid=64183) _check_effective_sql_mode /opt/stack/data/venv/lib/python3.10/site-packages/oslo_db/sqlalchemy/engines.py:342}}
Oct 17 16:29:15 user devstack@n-api.service[64185]: DEBUG nova.context [None req-46f3173e-3458-40d7-a95c-1f7221e1d39a None None] Found 2 cells: 00000000-0000-0000-0000-000000000000(cell0),a38d5188-101b-4e9c-ad71-a4ab7e3a4123(cell1) {{(pid=64185) load_cells /opt/stack/nova/nova/context.py:464}}
Oct 17 16:29:15 user devstack@n-api.service[64185]: DEBUG oslo_concurrency.lockutils [None req-46f3173e-3458-40d7-a95c-1f7221e1d39a None None] Acquiring lock "00000000-0000-0000-0000-000000000000" by "nova.context.set_target_cell..get_or_set_cached_cell_and_set_connections" {{(pid=64185) inner /opt/stack/data/venv/lib/python3.10/site-packages/oslo_concurrency/lockutils.py:404}}
Oct 17 16:29:15 user devstack@n-api.service[64185]: DEBUG oslo_concurrency.lockutils [None req-46f3173e-3458-40d7-a95c-1f7221e1d39a None None] Lock "00000000-0000-0000-0000-000000000000" acquired by "nova.context.set_target_cell..get_or_set_cached_cell_and_set_connections" :: waited 0.000s {{(pid=64185) inner /opt/stack/data/venv/lib/python3.10/site-packages/oslo_concurrency/lockutils.py:409}}
Oct 17 16:29:15 user devstack@n-api.service[64183]: DEBUG dbcounter [-] [64183] Writer thread running {{(pid=64183) stat_writer /opt/stack/data/venv/lib/python3.10/site-packages/dbcounter.py:102}}
Oct 17 16:29:15 user devstack@n-api.service[64183]: DEBUG oslo_db.sqlalchemy.engines [None req-1297a6f9-55d2-4368-890d-7a1ef04703fd None None] MySQL server mode set to STRICT_TRANS_TABLES,STRICT_ALL_TABLES,NO_ZERO_IN_DATE,NO_ZERO_DATE,ERROR_FOR_DIVISION_BY_ZERO,TRADITIONAL,NO_ENGINE_SUBSTITUTION {{(pid=64183) _check_effective_sql_mode /opt/stack/data/venv/lib/python3.10/site-packages/oslo_db/sqlalchemy/engines.py:342}}
Oct 17 16:29:15 user devstack@n-api.service[64185]: DEBUG oslo_concurrency.lockutils [None req-46f3173e-3458-40d7-a95c-1f7221e1d39a None None] Lock "00000000-0000-0000-0000-000000000000" "released" by "nova.context.set_target_cell..get_or_set_cached_cell_and_set_connections" :: held 0.001s {{(pid=64185) inner /opt/stack/data/venv/lib/python3.10/site-packages/oslo_concurrency/lockutils.py:423}}
Oct 17 16:29:15 user devstack@n-api.service[64185]: DEBUG oslo_concurrency.lockutils [None req-46f3173e-3458-40d7-a95c-1f7221e1d39a None None] Acquiring lock "a38d5188-101b-4e9c-ad71-a4ab7e3a4123" by "nova.context.set_target_cell..get_or_set_cached_cell_and_set_connections" {{(pid=64185) inner /opt/stack/data/venv/lib/python3.10/site-packages/oslo_concurrency/lockutils.py:404}}
Oct 17 16:29:15 user devstack@n-api.service[64185]: DEBUG oslo_concurrency.lockutils [None req-46f3173e-3458-40d7-a95c-1f7221e1d39a None None] Lock "a38d5188-101b-4e9c-ad71-a4ab7e3a4123" acquired by "nova.context.set_target_cell..get_or_set_cached_cell_and_set_connections" :: waited 0.000s {{(pid=64185) inner /opt/stack/data/venv/lib/python3.10/site-packages/oslo_concurrency/lockutils.py:409}}
Oct 17 16:29:15 user devstack@n-api.service[64185]: DEBUG oslo_concurrency.lockutils [None req-46f3173e-3458-40d7-a95c-1f7221e1d39a None None] Lock "a38d5188-101b-4e9c-ad71-a4ab7e3a4123" "released" by "nova.context.set_target_cell..get_or_set_cached_cell_and_set_connections" :: held 0.001s {{(pid=64185) inner /opt/stack/data/venv/lib/python3.10/site-packages/oslo_concurrency/lockutils.py:423}}
Oct 17 16:29:15 user devstack@n-api.service[64185]: INFO dbcounter [None req-46f3173e-3458-40d7-a95c-1f7221e1d39a None None] Registered counter for database nova_cell0
Oct 17 16:29:15 user devstack@n-api.service[64185]: INFO dbcounter [None req-46f3173e-3458-40d7-a95c-1f7221e1d39a None None] Registered counter for database nova_cell1
Oct 17 16:29:15 user devstack@n-api.service[64185]: DEBUG oslo_db.sqlalchemy.engines [None req-46f3173e-3458-40d7-a95c-1f7221e1d39a None None] MySQL server mode set to STRICT_TRANS_TABLES,STRICT_ALL_TABLES,NO_ZERO_IN_DATE,NO_ZERO_DATE,ERROR_FOR_DIVISION_BY_ZERO,TRADITIONAL,NO_ENGINE_SUBSTITUTION {{(pid=64185) _check_effective_sql_mode /opt/stack/data/venv/lib/python3.10/site-packages/oslo_db/sqlalchemy/engines.py:342}}
Oct 17 16:29:15 user devstack@n-api.service[64185]: DEBUG dbcounter [-] [64185] Writer thread running {{(pid=64185) stat_writer /opt/stack/data/venv/lib/python3.10/site-packages/dbcounter.py:102}}
Oct 17 16:29:15 user devstack@n-api.service[64185]: DEBUG oslo_db.sqlalchemy.engines [None req-46f3173e-3458-40d7-a95c-1f7221e1d39a None None] MySQL server mode set to STRICT_TRANS_TABLES,STRICT_ALL_TABLES,NO_ZERO_IN_DATE,NO_ZERO_DATE,ERROR_FOR_DIVISION_BY_ZERO,TRADITIONAL,NO_ENGINE_SUBSTITUTION {{(pid=64185) _check_effective_sql_mode /opt/stack/data/venv/lib/python3.10/site-packages/oslo_db/sqlalchemy/engines.py:342}}
Oct 17 16:29:15 user devstack@n-api.service[64184]: DEBUG dbcounter [-] [64184] Writer thread running {{(pid=64184) stat_writer /opt/stack/data/venv/lib/python3.10/site-packages/dbcounter.py:102}}
Oct 17 16:29:15 user devstack@n-api.service[64184]: INFO dbcounter [None req-3bc7dd99-2b99-42fb-be89-094d81b0faee None None] Registered counter for database nova_cell0
Oct 17 16:29:15 user devstack@n-api.service[64183]: DEBUG dbcounter [-] [64183] Writer thread running {{(pid=64183) stat_writer /opt/stack/data/venv/lib/python3.10/site-packages/dbcounter.py:102}}
Oct 17 16:29:15 user devstack@n-api.service[64184]: DEBUG oslo_db.sqlalchemy.engines [None req-3bc7dd99-2b99-42fb-be89-094d81b0faee None None] MySQL server mode set to STRICT_TRANS_TABLES,STRICT_ALL_TABLES,NO_ZERO_IN_DATE,NO_ZERO_DATE,ERROR_FOR_DIVISION_BY_ZERO,TRADITIONAL,NO_ENGINE_SUBSTITUTION {{(pid=64184) _check_effective_sql_mode /opt/stack/data/venv/lib/python3.10/site-packages/oslo_db/sqlalchemy/engines.py:342}}
Oct 17 16:29:15 user devstack@n-api.service[64183]: INFO dbcounter [None req-1297a6f9-55d2-4368-890d-7a1ef04703fd None None] Registered counter for database nova_cell0
Oct 17 16:29:15 user devstack@n-api.service[64184]: DEBUG dbcounter [-] [64184] Writer thread running {{(pid=64184) stat_writer /opt/stack/data/venv/lib/python3.10/site-packages/dbcounter.py:102}}
Oct 17 16:29:15 user devstack@n-api.service[64183]: DEBUG oslo_db.sqlalchemy.engines [None req-1297a6f9-55d2-4368-890d-7a1ef04703fd None None] MySQL server mode set to STRICT_TRANS_TABLES,STRICT_ALL_TABLES,NO_ZERO_IN_DATE,NO_ZERO_DATE,ERROR_FOR_DIVISION_BY_ZERO,TRADITIONAL,NO_ENGINE_SUBSTITUTION {{(pid=64183) _check_effective_sql_mode /opt/stack/data/venv/lib/python3.10/site-packages/oslo_db/sqlalchemy/engines.py:342}}
Oct 17 16:29:15 user devstack@n-api.service[64185]: DEBUG dbcounter [-] [64185] Writer thread running {{(pid=64185) stat_writer /opt/stack/data/venv/lib/python3.10/site-packages/dbcounter.py:102}}
Oct 17 16:29:15 user devstack@n-api.service[64183]: DEBUG dbcounter [-] [64183] Writer thread running {{(pid=64183) stat_writer /opt/stack/data/venv/lib/python3.10/site-packages/dbcounter.py:102}}
Oct 17 16:29:15 user devstack@n-api.service[64185]: INFO dbcounter [None req-46f3173e-3458-40d7-a95c-1f7221e1d39a None None] Registered counter for database nova_cell0
Oct 17 16:29:15 user devstack@n-api.service[64185]: DEBUG oslo_db.sqlalchemy.engines [None req-46f3173e-3458-40d7-a95c-1f7221e1d39a None None] MySQL server mode set to STRICT_TRANS_TABLES,STRICT_ALL_TABLES,NO_ZERO_IN_DATE,NO_ZERO_DATE,ERROR_FOR_DIVISION_BY_ZERO,TRADITIONAL,NO_ENGINE_SUBSTITUTION {{(pid=64185) _check_effective_sql_mode /opt/stack/data/venv/lib/python3.10/site-packages/oslo_db/sqlalchemy/engines.py:342}}
Oct 17 16:29:15 user devstack@n-api.service[64185]: DEBUG dbcounter [-] [64185] Writer thread running {{(pid=64185) stat_writer /opt/stack/data/venv/lib/python3.10/site-packages/dbcounter.py:102}}
Oct 17 16:29:15 user devstack@n-api.service[64184]: WARNING keystonemiddleware.auth_token [None req-3bc7dd99-2b99-42fb-be89-094d81b0faee None None] AuthToken middleware is set with keystone_authtoken.service_token_roles_required set to False. This is backwards compatible but deprecated behaviour. Please set this to True.
Oct 17 16:29:15 user devstack@n-api.service[64184]: WARNING keystonemiddleware.auth_token [None req-3bc7dd99-2b99-42fb-be89-094d81b0faee None None] Configuring www_authenticate_uri to point to the public identity endpoint is required; clients may not be able to authenticate against an admin endpoint
Oct 17 16:29:15 user devstack@n-api.service[64183]: WARNING keystonemiddleware.auth_token [None req-1297a6f9-55d2-4368-890d-7a1ef04703fd None None] AuthToken middleware is set with keystone_authtoken.service_token_roles_required set to False. This is backwards compatible but deprecated behaviour. Please set this to True.
Oct 17 16:29:15 user devstack@n-api.service[64183]: WARNING keystonemiddleware.auth_token [None req-1297a6f9-55d2-4368-890d-7a1ef04703fd None None] Configuring www_authenticate_uri to point to the public identity endpoint is required; clients may not be able to authenticate against an admin endpoint
Oct 17 16:29:15 user devstack@n-api.service[64185]: WARNING keystonemiddleware.auth_token [None req-46f3173e-3458-40d7-a95c-1f7221e1d39a None None] AuthToken middleware is set with keystone_authtoken.service_token_roles_required set to False. This is backwards compatible but deprecated behaviour. Please set this to True.
Oct 17 16:29:15 user devstack@n-api.service[64185]: WARNING keystonemiddleware.auth_token [None req-46f3173e-3458-40d7-a95c-1f7221e1d39a None None] Configuring www_authenticate_uri to point to the public identity endpoint is required; clients may not be able to authenticate against an admin endpoint
Oct 17 16:29:15 user devstack@n-api.service[64184]: WARNING keystonemiddleware.auth_token [None req-3bc7dd99-2b99-42fb-be89-094d81b0faee None None] AuthToken middleware is set with keystone_authtoken.service_token_roles_required set to False. This is backwards compatible but deprecated behaviour. Please set this to True.
Oct 17 16:29:15 user devstack@n-api.service[64184]: WARNING keystonemiddleware.auth_token [None req-3bc7dd99-2b99-42fb-be89-094d81b0faee None None] Configuring www_authenticate_uri to point to the public identity endpoint is required; clients may not be able to authenticate against an admin endpoint
Oct 17 16:29:15 user devstack@n-api.service[64184]: WSGI app 0 (mountpoint='') ready in 5 seconds on interpreter 0x56370346fb90 pid: 64184 (default app)
Oct 17 16:29:15 user devstack@n-api.service[64184]: DEBUG nova.api.openstack.wsgi [None req-3bc7dd99-2b99-42fb-be89-094d81b0faee None None] Calling method '>' {{(pid=64184) _process_stack /opt/stack/nova/nova/api/openstack/wsgi.py:513}}
Oct 17 16:29:15 user devstack@n-api.service[64184]: INFO nova.api.openstack.requestlog [None req-3bc7dd99-2b99-42fb-be89-094d81b0faee None None] 10.0.0.210 "GET /compute/v2.1/" status: 200 len: 387 microversion: 2.1 time: 0.001506
Oct 17 16:29:15 user devstack@n-api.service[64184]: [pid: 64184|app: 0|req: 1/1] 10.0.0.210 () {50 vars in 783 bytes} [Tue Oct 17 16:29:15 2023] GET /compute/v2.1/ => generated 387 bytes in 3 msecs (HTTP/1.1 200) 9 headers in 357 bytes (1 switches on core 0)
Oct 17 16:29:15 user devstack@n-api.service[64183]: WARNING keystonemiddleware.auth_token [None req-1297a6f9-55d2-4368-890d-7a1ef04703fd None None] AuthToken middleware is set with keystone_authtoken.service_token_roles_required set to False. This is backwards compatible but deprecated behaviour. Please set this to True.
Oct 17 16:29:15 user devstack@n-api.service[64183]: WARNING keystonemiddleware.auth_token [None req-1297a6f9-55d2-4368-890d-7a1ef04703fd None None] Configuring www_authenticate_uri to point to the public identity endpoint is required; clients may not be able to authenticate against an admin endpoint
Oct 17 16:29:15 user devstack@n-api.service[64183]: WSGI app 0 (mountpoint='') ready in 5 seconds on interpreter 0x56370346fb90 pid: 64183 (default app)
Oct 17 16:29:15 user devstack@n-api.service[64185]: WARNING keystonemiddleware.auth_token [None req-46f3173e-3458-40d7-a95c-1f7221e1d39a None None] AuthToken middleware is set with keystone_authtoken.service_token_roles_required set to False. This is backwards compatible but deprecated behaviour. Please set this to True.
Oct 17 16:29:15 user devstack@n-api.service[64185]: WARNING keystonemiddleware.auth_token [None req-46f3173e-3458-40d7-a95c-1f7221e1d39a None None] Configuring www_authenticate_uri to point to the public identity endpoint is required; clients may not be able to authenticate against an admin endpoint
Oct 17 16:29:15 user devstack@n-api.service[64185]: WSGI app 0 (mountpoint='') ready in 5 seconds on interpreter 0x56370346fb90 pid: 64185 (default app)
Oct 17 16:31:24 user devstack@n-api.service[64184]: DEBUG nova.api.openstack.wsgi [None req-3bc7dd99-2b99-42fb-be89-094d81b0faee None None] Calling method '>' {{(pid=64184) _process_stack /opt/stack/nova/nova/api/openstack/wsgi.py:513}}
Oct 17 16:31:24 user devstack@n-api.service[64184]: INFO nova.api.openstack.requestlog [None req-3bc7dd99-2b99-42fb-be89-094d81b0faee None None] 10.0.0.210 "GET /compute/v2.1" status: 200 len: 387 microversion: 2.1 time: 0.001825
Oct 17 16:31:24 user devstack@n-api.service[64184]: [pid: 64184|app: 0|req: 2/2] 10.0.0.210 () {54 vars in 925 bytes} [Tue Oct 17 16:31:24 2023] GET /compute/v2.1 => generated 387 bytes in 3 msecs (HTTP/1.1 200) 9 headers in 357 bytes (1 switches on core 0)
Oct 17 16:31:24 user devstack@n-api.service[64183]: DEBUG dbcounter [-] [64183] Writing DB stats nova_api:SELECT=3 {{(pid=64183) stat_writer /opt/stack/data/venv/lib/python3.10/site-packages/dbcounter.py:115}}
Oct 17 16:31:24 user devstack@n-api.service[64183]: DEBUG dbcounter [-] [64183] Writing DB stats nova_cell0:SELECT=3 {{(pid=64183) stat_writer /opt/stack/data/venv/lib/python3.10/site-packages/dbcounter.py:115}}
Oct 17 16:31:24 user devstack@n-api.service[64183]: DEBUG dbcounter [-] [64183] Writing DB stats nova_cell1:SELECT=3 {{(pid=64183) stat_writer /opt/stack/data/venv/lib/python3.10/site-packages/dbcounter.py:115}}
Oct 17 16:31:24 user devstack@n-api.service[64183]: DEBUG dbcounter [-] [64183] Writing DB stats nova_cell0:SELECT=3 {{(pid=64183) stat_writer /opt/stack/data/venv/lib/python3.10/site-packages/dbcounter.py:115}}
Oct 17 16:31:25 user devstack@n-api.service[64183]: DEBUG nova.api.openstack.wsgi [None req-5fe0db48-2204-46fd-86a2-b030cb1ec3f9 admin admin] Calling method '>' {{(pid=64183) _process_stack /opt/stack/nova/nova/api/openstack/wsgi.py:513}}
Oct 17 16:31:25 user devstack@n-api.service[64183]: INFO nova.api.openstack.requestlog [None req-5fe0db48-2204-46fd-86a2-b030cb1ec3f9 admin admin] 10.0.0.210 "GET /compute/v2.1/flavors/detail?is_public=True" status: 200 len: 15 microversion: 2.61 time: 0.410561
Oct 17 16:31:25 user devstack@n-api.service[64183]: [pid: 64183|app: 0|req: 1/3] 10.0.0.210 () {60 vars in 1286 bytes} [Tue Oct 17 16:31:24 2023] GET /compute/v2.1/flavors/detail?is_public=True => generated 15 bytes in 412 msecs (HTTP/1.1 200) 9 headers in 358 bytes (1 switches on core 0)
Oct 17 16:31:27 user devstack@n-api.service[64185]: DEBUG nova.api.openstack.wsgi [None req-46f3173e-3458-40d7-a95c-1f7221e1d39a None None] Calling method '>' {{(pid=64185) _process_stack /opt/stack/nova/nova/api/openstack/wsgi.py:513}}
Oct 17 16:31:27 user devstack@n-api.service[64185]: INFO nova.api.openstack.requestlog [None req-46f3173e-3458-40d7-a95c-1f7221e1d39a None None] 10.0.0.210 "GET /compute/v2.1" status: 200 len: 387 microversion: 2.1 time: 0.002281
Oct 17 16:31:27 user devstack@n-api.service[64185]: [pid: 64185|app: 0|req: 1/4] 10.0.0.210 () {54 vars in 925 bytes} [Tue Oct 17 16:31:27 2023] GET /compute/v2.1 => generated 387 bytes in 4 msecs (HTTP/1.1 200) 9 headers in 357 bytes (1 switches on core 0)
Oct 17 16:31:27 user devstack@n-api.service[64184]: DEBUG dbcounter [-] [64184] Writing DB stats nova_api:SELECT=3 {{(pid=64184) stat_writer /opt/stack/data/venv/lib/python3.10/site-packages/dbcounter.py:115}}
Oct 17 16:31:27 user devstack@n-api.service[64184]: DEBUG dbcounter [-] [64184] Writing DB stats nova_cell1:SELECT=3 {{(pid=64184) stat_writer /opt/stack/data/venv/lib/python3.10/site-packages/dbcounter.py:115}}
Oct 17 16:31:27 user devstack@n-api.service[64184]: DEBUG dbcounter [-] [64184] Writing DB stats nova_cell0:SELECT=3 {{(pid=64184) stat_writer /opt/stack/data/venv/lib/python3.10/site-packages/dbcounter.py:115}}
Oct 17 16:31:27 user devstack@n-api.service[64184]: DEBUG dbcounter [-] [64184] Writing DB stats nova_cell0:SELECT=6,nova_cell0:INSERT=1 {{(pid=64184) stat_writer /opt/stack/data/venv/lib/python3.10/site-packages/dbcounter.py:115}}
Oct 17 16:31:27 user devstack@n-api.service[64184]: DEBUG nova.api.openstack.wsgi [None req-4207be17-1d7e-4225-bf00-a25ec8472e5a admin admin] Action: 'create', calling method: >, body: {"flavor": {"name": "cirros256", "disk": 1, "id": "c1", "rxtx_factor": 1.0, "vcpus": 1, "os-flavor-access:is_public": true, "swap": 0, "ram": 256, "OS-FLV-EXT-DATA:ephemeral": 0}} {{(pid=64184) _process_stack /opt/stack/nova/nova/api/openstack/wsgi.py:511}}
Oct 17 16:31:27 user devstack@n-api.service[64184]: INFO nova.api.openstack.requestlog [None req-4207be17-1d7e-4225-bf00-a25ec8472e5a admin admin] 10.0.0.210 "POST /compute/v2.1/flavors" status: 200 len: 405 microversion: 2.61 time: 0.312771
Oct 17 16:31:27 user devstack@n-api.service[64184]: [pid: 64184|app: 0|req: 3/5] 10.0.0.210 () {64 vars in 1277 bytes} [Tue Oct 17 16:31:27 2023] POST /compute/v2.1/flavors => generated 405 bytes in 314 msecs (HTTP/1.1 200) 9 headers in 359 bytes (1 switches on core 0)
Oct 17 16:31:27 user devstack@n-api.service[64183]: DEBUG nova.api.openstack.wsgi [None req-edf0bcdd-0d78-4681-983f-b1f6ff43f0d5 admin admin] Action: 'create', calling method: >, body: {"extra_specs": {"hw_rng:allowed": "True"}} {{(pid=64183) _process_stack /opt/stack/nova/nova/api/openstack/wsgi.py:511}}
Oct 17 16:31:27 user devstack@n-api.service[64183]: INFO nova.api.openstack.requestlog [None req-edf0bcdd-0d78-4681-983f-b1f6ff43f0d5 admin admin] 10.0.0.210 "POST /compute/v2.1/flavors/c1/os-extra_specs" status: 200 len: 43 microversion: 2.61 time: 0.042943
Oct 17 16:31:27 user devstack@n-api.service[64183]: [pid: 64183|app: 0|req: 2/6] 10.0.0.210 () {64 vars in 1330 bytes} [Tue Oct 17 16:31:27 2023] POST /compute/v2.1/flavors/c1/os-extra_specs => generated 43 bytes in 44 msecs (HTTP/1.1 200) 9 headers in 358 bytes (1 switches on core 0)
Oct 17 16:31:29 user devstack@n-api.service[64185]: DEBUG nova.api.openstack.wsgi [None req-46f3173e-3458-40d7-a95c-1f7221e1d39a None None] Calling method '>' {{(pid=64185) _process_stack /opt/stack/nova/nova/api/openstack/wsgi.py:513}}
Oct 17 16:31:29 user devstack@n-api.service[64185]: INFO nova.api.openstack.requestlog [None req-46f3173e-3458-40d7-a95c-1f7221e1d39a None None] 10.0.0.210 "GET /compute/v2.1" status: 200 len: 387 microversion: 2.1 time: 0.001466
Oct 17 16:31:29 user devstack@n-api.service[64185]: [pid: 64185|app: 0|req: 2/7] 10.0.0.210 () {54 vars in 925 bytes} [Tue Oct 17 16:31:29 2023] GET /compute/v2.1 => generated 387 bytes in 2 msecs (HTTP/1.1 200) 9 headers in 357 bytes (1 switches on core 0)
Oct 17 16:31:29 user devstack@n-api.service[64184]: DEBUG nova.api.openstack.wsgi [None req-b04ff952-90ea-48ba-a0ec-492221b0fd18 admin admin] Action: 'create', calling method: >, body: {"flavor": {"ram": 512, "os-flavor-access:is_public": true, "name": "ds512M", "swap": 0, "vcpus": 1, "OS-FLV-EXT-DATA:ephemeral": 0, "rxtx_factor": 1.0, "disk": 5, "id": "d1"}} {{(pid=64184) _process_stack /opt/stack/nova/nova/api/openstack/wsgi.py:511}}
Oct 17 16:31:29 user devstack@n-api.service[64184]: INFO nova.api.openstack.requestlog [None req-b04ff952-90ea-48ba-a0ec-492221b0fd18 admin admin] 10.0.0.210 "POST /compute/v2.1/flavors" status: 200 len: 402 microversion: 2.61 time: 0.091204
Oct 17 16:31:29 user devstack@n-api.service[64184]: [pid: 64184|app: 0|req: 4/8] 10.0.0.210 () {64 vars in 1277 bytes} [Tue Oct 17 16:31:29 2023] POST /compute/v2.1/flavors => generated 402 bytes in 93 msecs (HTTP/1.1 200) 9 headers in 359 bytes (1 switches on core 0)
Oct 17 16:31:29 user devstack@n-api.service[64183]: DEBUG nova.api.openstack.wsgi [None req-ce61f722-311f-4b63-8ddd-8ae3d342b8e3 admin admin] Action: 'create', calling method: >, body: {"extra_specs": {"hw_rng:allowed": "True"}} {{(pid=64183) _process_stack /opt/stack/nova/nova/api/openstack/wsgi.py:511}}
Oct 17 16:31:29 user devstack@n-api.service[64183]: INFO nova.api.openstack.requestlog [None req-ce61f722-311f-4b63-8ddd-8ae3d342b8e3 admin admin] 10.0.0.210 "POST /compute/v2.1/flavors/d1/os-extra_specs" status: 200 len: 43 microversion: 2.61 time: 0.027266
Oct 17 16:31:29 user devstack@n-api.service[64183]: [pid: 64183|app: 0|req: 3/9] 10.0.0.210 () {64 vars in 1330 bytes} [Tue Oct 17 16:31:29 2023] POST /compute/v2.1/flavors/d1/os-extra_specs => generated 43 bytes in 29 msecs (HTTP/1.1 200) 9 headers in 358 bytes (1 switches on core 0)
Oct 17 16:31:31 user devstack@n-api.service[64185]: DEBUG nova.api.openstack.wsgi [None req-46f3173e-3458-40d7-a95c-1f7221e1d39a None None] Calling method '>' {{(pid=64185) _process_stack /opt/stack/nova/nova/api/openstack/wsgi.py:513}}
Oct 17 16:31:31 user devstack@n-api.service[64185]: INFO nova.api.openstack.requestlog [None req-46f3173e-3458-40d7-a95c-1f7221e1d39a None None] 10.0.0.210 "GET /compute/v2.1" status: 200 len: 387 microversion: 2.1 time: 0.001339
Oct 17 16:31:31 user devstack@n-api.service[64185]: [pid: 64185|app: 0|req: 3/10] 10.0.0.210 () {54 vars in 925 bytes} [Tue Oct 17 16:31:31 2023] GET /compute/v2.1 => generated 387 bytes in 2 msecs (HTTP/1.1 200) 9 headers in 357 bytes (1 switches on core 0)
Oct 17 16:31:31 user devstack@n-api.service[64184]: DEBUG nova.api.openstack.wsgi [None req-5143cc2b-8092-48e5-93c4-e4dbb74231c5 admin admin] Action: 'create', calling method: >, body: {"flavor": {"vcpus": 1, "OS-FLV-EXT-DATA:ephemeral": 0, "disk": 10, "ram": 1024, "id": "d2", "rxtx_factor": 1.0, "swap": 0, "os-flavor-access:is_public": true, "name": "ds1G"}} {{(pid=64184) _process_stack /opt/stack/nova/nova/api/openstack/wsgi.py:511}}
Oct 17 16:31:31 user devstack@n-api.service[64184]: INFO nova.api.openstack.requestlog [None req-5143cc2b-8092-48e5-93c4-e4dbb74231c5 admin admin] 10.0.0.210 "POST /compute/v2.1/flavors" status: 200 len: 402 microversion: 2.61 time: 0.062095
Oct 17 16:31:31 user devstack@n-api.service[64184]: [pid: 64184|app: 0|req: 5/11] 10.0.0.210 () {64 vars in 1277 bytes} [Tue Oct 17 16:31:31 2023] POST /compute/v2.1/flavors => generated 402 bytes in 63 msecs (HTTP/1.1 200) 9 headers in 359 bytes (1 switches on core 0)
Oct 17 16:31:31 user devstack@n-api.service[64183]: DEBUG nova.api.openstack.wsgi [None req-29c7ddb1-c610-4fb4-8511-9f6c0e3b18f0 admin admin] Action: 'create', calling method: >, body: {"extra_specs": {"hw_rng:allowed": "True"}} {{(pid=64183) _process_stack /opt/stack/nova/nova/api/openstack/wsgi.py:511}}
Oct 17 16:31:31 user devstack@n-api.service[64183]: INFO nova.api.openstack.requestlog [None req-29c7ddb1-c610-4fb4-8511-9f6c0e3b18f0 admin admin] 10.0.0.210 "POST /compute/v2.1/flavors/d2/os-extra_specs" status: 200 len: 43 microversion: 2.61 time: 0.023238
Oct 17 16:31:31 user devstack@n-api.service[64183]: [pid: 64183|app: 0|req: 4/12] 10.0.0.210 () {64 vars in 1330 bytes} [Tue Oct 17 16:31:31 2023] POST /compute/v2.1/flavors/d2/os-extra_specs => generated 43 bytes in 24 msecs (HTTP/1.1 200) 9 headers in 358 bytes (1 switches on core 0)
Oct 17 16:31:33 user devstack@n-api.service[64185]: DEBUG nova.api.openstack.wsgi [None req-46f3173e-3458-40d7-a95c-1f7221e1d39a None None] Calling method '>' {{(pid=64185) _process_stack /opt/stack/nova/nova/api/openstack/wsgi.py:513}}
Oct 17 16:31:33 user devstack@n-api.service[64185]: INFO nova.api.openstack.requestlog [None req-46f3173e-3458-40d7-a95c-1f7221e1d39a None None] 10.0.0.210 "GET /compute/v2.1" status: 200 len: 387 microversion: 2.1 time: 0.001374
Oct 17 16:31:33 user devstack@n-api.service[64185]: [pid: 64185|app: 0|req: 4/13] 10.0.0.210 () {54 vars in 925 bytes} [Tue Oct 17 16:31:33 2023] GET /compute/v2.1 => generated 387 bytes in 2 msecs (HTTP/1.1 200) 9 headers in 357 bytes (1 switches on core 0)
Oct 17 16:31:33 user devstack@n-api.service[64184]: DEBUG nova.api.openstack.wsgi [None req-a2ceb1dd-420d-4ef6-83e2-3329a8c14143 admin admin] Action: 'create', calling method: >, body: {"flavor": {"swap": 0, "vcpus": 2, "id": "d3", "rxtx_factor": 1.0, "name": "ds2G", "os-flavor-access:is_public": true, "OS-FLV-EXT-DATA:ephemeral": 0, "disk": 10, "ram": 2048}} {{(pid=64184) _process_stack /opt/stack/nova/nova/api/openstack/wsgi.py:511}}
Oct 17 16:31:33 user devstack@n-api.service[64184]: INFO nova.api.openstack.requestlog [None req-a2ceb1dd-420d-4ef6-83e2-3329a8c14143 admin admin] 10.0.0.210 "POST /compute/v2.1/flavors" status: 200 len: 402 microversion: 2.61 time: 0.072858
Oct 17 16:31:33 user devstack@n-api.service[64184]: [pid: 64184|app: 0|req: 6/14] 10.0.0.210 () {64 vars in 1277 bytes} [Tue Oct 17 16:31:33 2023] POST /compute/v2.1/flavors => generated 402 bytes in 74 msecs (HTTP/1.1 200) 9 headers in 359 bytes (1 switches on core 0)
Oct 17 16:31:33 user devstack@n-api.service[64183]: DEBUG nova.api.openstack.wsgi [None req-44965136-a2c4-489a-808e-d2a37b62b931 admin admin] Action: 'create', calling method: >, body: {"extra_specs": {"hw_rng:allowed": "True"}} {{(pid=64183) _process_stack /opt/stack/nova/nova/api/openstack/wsgi.py:511}}
Oct 17 16:31:33 user devstack@n-api.service[64183]: INFO nova.api.openstack.requestlog [None req-44965136-a2c4-489a-808e-d2a37b62b931 admin admin] 10.0.0.210 "POST /compute/v2.1/flavors/d3/os-extra_specs" status: 200 len: 43 microversion: 2.61 time: 0.192739
Oct 17 16:31:33 user devstack@n-api.service[64183]: [pid: 64183|app: 0|req: 5/15] 10.0.0.210 () {64 vars in 1330 bytes} [Tue Oct 17 16:31:33 2023] POST /compute/v2.1/flavors/d3/os-extra_specs => generated 43 bytes in 194 msecs (HTTP/1.1 200) 9 headers in 358 bytes (1 switches on core 0)
Oct 17 16:31:35 user devstack@n-api.service[64185]: DEBUG nova.api.openstack.wsgi [None req-46f3173e-3458-40d7-a95c-1f7221e1d39a None None] Calling method '>' {{(pid=64185) _process_stack /opt/stack/nova/nova/api/openstack/wsgi.py:513}}
Oct 17 16:31:35 user devstack@n-api.service[64185]: INFO nova.api.openstack.requestlog [None req-46f3173e-3458-40d7-a95c-1f7221e1d39a None None] 10.0.0.210 "GET /compute/v2.1" status: 200 len: 387 microversion: 2.1 time: 0.001228
Oct 17 16:31:35 user devstack@n-api.service[64185]: [pid: 64185|app: 0|req: 5/16] 10.0.0.210 () {54 vars in 925 bytes} [Tue Oct 17 16:31:35 2023] GET /compute/v2.1 => generated 387 bytes in 2 msecs (HTTP/1.1 200) 9 headers in 357 bytes (1 switches on core 0)
Oct 17 16:31:35 user devstack@n-api.service[64184]: DEBUG nova.api.openstack.wsgi [None req-2c624023-e2ad-4a06-9831-ccbe3ca91f6a admin admin] Action: 'create', calling method: >, body: {"flavor": {"rxtx_factor": 1.0, "swap": 0, "name": "ds4G", "os-flavor-access:is_public": true, "vcpus": 4, "disk": 20, "id": "d4", "OS-FLV-EXT-DATA:ephemeral": 0, "ram": 4096}} {{(pid=64184) _process_stack /opt/stack/nova/nova/api/openstack/wsgi.py:511}}
Oct 17 16:31:35 user devstack@n-api.service[64184]: INFO nova.api.openstack.requestlog [None req-2c624023-e2ad-4a06-9831-ccbe3ca91f6a admin admin] 10.0.0.210 "POST /compute/v2.1/flavors" status: 200 len: 402 microversion: 2.61 time: 0.066301
Oct 17 16:31:35 user devstack@n-api.service[64184]: [pid: 64184|app: 0|req: 7/17] 10.0.0.210 () {64 vars in 1277 bytes} [Tue Oct 17 16:31:35 2023] POST /compute/v2.1/flavors => generated 402 bytes in 67 msecs (HTTP/1.1 200) 9 headers in 359 bytes (1 switches on core 0)
Oct 17 16:31:35 user devstack@n-api.service[64183]: DEBUG nova.api.openstack.wsgi [None req-a38a0adb-e309-43cc-9acb-da2db95d48a2 admin admin] Action: 'create', calling method: >, body: {"extra_specs": {"hw_rng:allowed": "True"}} {{(pid=64183) _process_stack /opt/stack/nova/nova/api/openstack/wsgi.py:511}}
Oct 17 16:31:35 user devstack@n-api.service[64183]: INFO nova.api.openstack.requestlog [None req-a38a0adb-e309-43cc-9acb-da2db95d48a2 admin admin] 10.0.0.210 "POST /compute/v2.1/flavors/d4/os-extra_specs" status: 200 len: 43 microversion: 2.61 time: 0.023839
Oct 17 16:31:35 user devstack@n-api.service[64183]: [pid: 64183|app: 0|req: 6/18] 10.0.0.210 () {64 vars in 1330 bytes} [Tue Oct 17 16:31:35 2023] POST /compute/v2.1/flavors/d4/os-extra_specs => generated 43 bytes in 25 msecs (HTTP/1.1 200) 9 headers in 358 bytes (1 switches on core 0)
Oct 17 16:31:37 user devstack@n-api.service[64185]: DEBUG nova.api.openstack.wsgi [None req-46f3173e-3458-40d7-a95c-1f7221e1d39a None None] Calling method '>' {{(pid=64185) _process_stack /opt/stack/nova/nova/api/openstack/wsgi.py:513}}
Oct 17 16:31:37 user devstack@n-api.service[64185]: INFO nova.api.openstack.requestlog [None req-46f3173e-3458-40d7-a95c-1f7221e1d39a None None] 10.0.0.210 "GET /compute/v2.1" status: 200 len: 387 microversion: 2.1 time: 0.002379
Oct 17 16:31:37 user devstack@n-api.service[64185]: [pid: 64185|app: 0|req: 6/19] 10.0.0.210 () {54 vars in 925 bytes} [Tue Oct 17 16:31:37 2023] GET /compute/v2.1 => generated 387 bytes in 4 msecs (HTTP/1.1 200) 9 headers in 357 bytes (1 switches on core 0)
Oct 17 16:31:37 user devstack@n-api.service[64184]: DEBUG nova.api.openstack.wsgi [None req-124e065c-641d-4fb4-bbb7-44cea18580e0 admin admin] Calling method '>' {{(pid=64184) _process_stack /opt/stack/nova/nova/api/openstack/wsgi.py:513}}
Oct 17 16:31:37 user devstack@n-api.service[64184]: INFO nova.api.openstack.requestlog [None req-124e065c-641d-4fb4-bbb7-44cea18580e0 admin admin] 10.0.0.210 "GET /compute/v2.1/flavors/detail?is_public=True" status: 200 len: 2096 microversion: 2.61 time: 0.130280
Oct 17 16:31:37 user devstack@n-api.service[64184]: [pid: 64184|app: 0|req: 8/20] 10.0.0.210 () {60 vars in 1286 bytes} [Tue Oct 17 16:31:37 2023] GET /compute/v2.1/flavors/detail?is_public=True => generated 2096 bytes in 132 msecs (HTTP/1.1 200) 9 headers in 360 bytes (1 switches on core 0)
Oct 17 16:31:39 user devstack@n-api.service[64183]: DEBUG nova.api.openstack.wsgi [None req-a38a0adb-e309-43cc-9acb-da2db95d48a2 admin admin] Calling method '>' {{(pid=64183) _process_stack /opt/stack/nova/nova/api/openstack/wsgi.py:513}}
Oct 17 16:31:39 user devstack@n-api.service[64183]: INFO nova.api.openstack.requestlog [None req-a38a0adb-e309-43cc-9acb-da2db95d48a2 admin admin] 10.0.0.210 "GET /compute/v2.1" status: 200 len: 387 microversion: 2.1 time: 0.002339
Oct 17 16:31:39 user devstack@n-api.service[64183]: [pid: 64183|app: 0|req: 7/21] 10.0.0.210 () {54 vars in 925 bytes} [Tue Oct 17 16:31:39 2023] GET /compute/v2.1 => generated 387 bytes in 3 msecs (HTTP/1.1 200) 9 headers in 357 bytes (1 switches on core 0)
Oct 17 16:31:39 user devstack@n-api.service[64185]: DEBUG dbcounter [-] [64185] Writing DB stats nova_api:SELECT=3 {{(pid=64185) stat_writer /opt/stack/data/venv/lib/python3.10/site-packages/dbcounter.py:115}}
Oct 17 16:31:39 user devstack@n-api.service[64185]: DEBUG dbcounter [-] [64185] Writing DB stats nova_cell0:SELECT=3 {{(pid=64185) stat_writer /opt/stack/data/venv/lib/python3.10/site-packages/dbcounter.py:115}}
Oct 17 16:31:39 user devstack@n-api.service[64185]: DEBUG dbcounter [-] [64185] Writing DB stats nova_cell1:SELECT=3 {{(pid=64185) stat_writer /opt/stack/data/venv/lib/python3.10/site-packages/dbcounter.py:115}}
Oct 17 16:31:39 user devstack@n-api.service[64185]: DEBUG dbcounter [-] [64185] Writing DB stats nova_cell0:SELECT=3 {{(pid=64185) stat_writer /opt/stack/data/venv/lib/python3.10/site-packages/dbcounter.py:115}}
Oct 17 16:31:39 user devstack@n-api.service[64185]: DEBUG nova.api.openstack.wsgi [None req-36d674e1-663f-4692-ac92-4844f3973371 admin admin] Action: 'create', calling method: >, body: {"flavor": {"vcpus": 1, "OS-FLV-EXT-DATA:ephemeral": 0, "disk": 1, "ram": 512, "rxtx_factor": 1.0, "os-flavor-access:is_public": true, "swap": 0, "id": "1", "name": "m1.tiny"}} {{(pid=64185) _process_stack /opt/stack/nova/nova/api/openstack/wsgi.py:511}}
Oct 17 16:31:40 user devstack@n-api.service[64185]: INFO nova.api.openstack.requestlog [None req-36d674e1-663f-4692-ac92-4844f3973371 admin admin] 10.0.0.210 "POST /compute/v2.1/flavors" status: 200 len: 400 microversion: 2.61 time: 0.301398
Oct 17 16:31:40 user devstack@n-api.service[64185]: [pid: 64185|app: 0|req: 7/22] 10.0.0.210 () {64 vars in 1277 bytes} [Tue Oct 17 16:31:39 2023] POST /compute/v2.1/flavors => generated 400 bytes in 303 msecs (HTTP/1.1 200) 9 headers in 359 bytes (1 switches on core 0)
Oct 17 16:31:40 user devstack@n-api.service[64184]: DEBUG nova.api.openstack.wsgi [None req-4785e3e1-bee9-4d29-b38e-fae11ac226f8 admin admin] Action: 'create', calling method: >, body: {"extra_specs": {"hw_rng:allowed": "True"}} {{(pid=64184) _process_stack /opt/stack/nova/nova/api/openstack/wsgi.py:511}}
Oct 17 16:31:40 user devstack@n-api.service[64184]: INFO nova.api.openstack.requestlog [None req-4785e3e1-bee9-4d29-b38e-fae11ac226f8 admin admin] 10.0.0.210 "POST /compute/v2.1/flavors/1/os-extra_specs" status: 200 len: 43 microversion: 2.61 time: 0.053581
Oct 17 16:31:40 user devstack@n-api.service[64184]: [pid: 64184|app: 0|req: 9/23] 10.0.0.210 () {64 vars in 1327 bytes} [Tue Oct 17 16:31:40 2023] POST /compute/v2.1/flavors/1/os-extra_specs => generated 43 bytes in 56 msecs (HTTP/1.1 200) 9 headers in 358 bytes (1 switches on core 0)
Oct 17 16:31:41 user devstack@n-api.service[64183]: DEBUG nova.api.openstack.wsgi [None req-a38a0adb-e309-43cc-9acb-da2db95d48a2 admin admin] Calling method '>' {{(pid=64183) _process_stack /opt/stack/nova/nova/api/openstack/wsgi.py:513}}
Oct 17 16:31:41 user devstack@n-api.service[64183]: INFO nova.api.openstack.requestlog [None req-a38a0adb-e309-43cc-9acb-da2db95d48a2 admin admin] 10.0.0.210 "GET /compute/v2.1" status: 200 len: 387 microversion: 2.1 time: 0.001332
Oct 17 16:31:41 user devstack@n-api.service[64183]: [pid: 64183|app: 0|req: 8/24] 10.0.0.210 () {54 vars in 925 bytes} [Tue Oct 17 16:31:41 2023] GET /compute/v2.1 => generated 387 bytes in 2 msecs (HTTP/1.1 200) 9 headers in 357 bytes (1 switches on core 0)
Oct 17 16:31:42 user devstack@n-api.service[64185]: DEBUG nova.api.openstack.wsgi [None req-3e821aa6-698e-4c64-bb87-2c28676b092e admin admin] Action: 'create', calling method: >, body: {"flavor": {"id": "2", "swap": 0, "rxtx_factor": 1.0, "disk": 20, "ram": 2048, "vcpus": 1, "name": "m1.small", "OS-FLV-EXT-DATA:ephemeral": 0, "os-flavor-access:is_public": true}} {{(pid=64185) _process_stack /opt/stack/nova/nova/api/openstack/wsgi.py:511}}
Oct 17 16:31:42 user devstack@n-api.service[64185]: INFO nova.api.openstack.requestlog [None req-3e821aa6-698e-4c64-bb87-2c28676b092e admin admin] 10.0.0.210 "POST /compute/v2.1/flavors" status: 200 len: 403 microversion: 2.61 time: 0.065073
Oct 17 16:31:42 user devstack@n-api.service[64185]: [pid: 64185|app: 0|req: 8/25] 10.0.0.210 () {64 vars in 1277 bytes} [Tue Oct 17 16:31:41 2023] POST /compute/v2.1/flavors => generated 403 bytes in 66 msecs (HTTP/1.1 200) 9 headers in 359 bytes (1 switches on core 0)
Oct 17 16:31:42 user devstack@n-api.service[64184]: DEBUG nova.api.openstack.wsgi [None req-347b00e1-256a-4b5f-bc7e-0c51030ae132 admin admin] Action: 'create', calling method: >, body: {"extra_specs": {"hw_rng:allowed": "True"}} {{(pid=64184) _process_stack /opt/stack/nova/nova/api/openstack/wsgi.py:511}}
Oct 17 16:31:42 user devstack@n-api.service[64184]: INFO nova.api.openstack.requestlog [None req-347b00e1-256a-4b5f-bc7e-0c51030ae132 admin admin] 10.0.0.210 "POST /compute/v2.1/flavors/2/os-extra_specs" status: 200 len: 43 microversion: 2.61 time: 0.024867
Oct 17 16:31:42 user devstack@n-api.service[64184]: [pid: 64184|app: 0|req: 10/26] 10.0.0.210 () {64 vars in 1327 bytes} [Tue Oct 17 16:31:42 2023] POST /compute/v2.1/flavors/2/os-extra_specs => generated 43 bytes in 26 msecs (HTTP/1.1 200) 9 headers in 358 bytes (1 switches on core 0)
Oct 17 16:31:43 user devstack@n-api.service[64183]: DEBUG nova.api.openstack.wsgi [None req-a38a0adb-e309-43cc-9acb-da2db95d48a2 admin admin] Calling method '>' {{(pid=64183) _process_stack /opt/stack/nova/nova/api/openstack/wsgi.py:513}}
Oct 17 16:31:43 user devstack@n-api.service[64183]: INFO nova.api.openstack.requestlog [None req-a38a0adb-e309-43cc-9acb-da2db95d48a2 admin admin] 10.0.0.210 "GET /compute/v2.1" status: 200 len: 387 microversion: 2.1 time: 0.001284
Oct 17 16:31:43 user devstack@n-api.service[64183]: [pid: 64183|app: 0|req: 9/27] 10.0.0.210 () {54 vars in 925 bytes} [Tue Oct 17 16:31:43 2023] GET /compute/v2.1 => generated 387 bytes in 2 msecs (HTTP/1.1 200) 9 headers in 357 bytes (1 switches on core 0)
Oct 17 16:31:44 user devstack@n-api.service[64185]: DEBUG nova.api.openstack.wsgi [None req-150d43a9-8264-47a8-afed-8317030bf209 admin admin] Action: 'create', calling method: >, body: {"flavor": {"name": "m1.medium", "swap": 0, "os-flavor-access:is_public": true, "vcpus": 2, "ram": 4096, "disk": 40, "id": "3", "rxtx_factor": 1.0, "OS-FLV-EXT-DATA:ephemeral": 0}} {{(pid=64185) _process_stack /opt/stack/nova/nova/api/openstack/wsgi.py:511}}
Oct 17 16:31:44 user devstack@n-api.service[64185]: INFO nova.api.openstack.requestlog [None req-150d43a9-8264-47a8-afed-8317030bf209 admin admin] 10.0.0.210 "POST /compute/v2.1/flavors" status: 200 len: 404 microversion: 2.61 time: 0.063735
Oct 17 16:31:44 user devstack@n-api.service[64185]: [pid: 64185|app: 0|req: 9/28] 10.0.0.210 () {64 vars in 1277 bytes} [Tue Oct 17 16:31:43 2023] POST /compute/v2.1/flavors => generated 404 bytes in 65 msecs (HTTP/1.1 200) 9 headers in 359 bytes (1 switches on core 0)
Oct 17 16:31:44 user devstack@n-api.service[64184]: DEBUG nova.api.openstack.wsgi [None req-fbb1a546-06c4-4f92-a556-c47624af73e7 admin admin] Action: 'create', calling method: >, body: {"extra_specs": {"hw_rng:allowed": "True"}} {{(pid=64184) _process_stack /opt/stack/nova/nova/api/openstack/wsgi.py:511}}
Oct 17 16:31:44 user devstack@n-api.service[64184]: INFO nova.api.openstack.requestlog [None req-fbb1a546-06c4-4f92-a556-c47624af73e7 admin admin] 10.0.0.210 "POST /compute/v2.1/flavors/3/os-extra_specs" status: 200 len: 43 microversion: 2.61 time: 0.028929
Oct 17 16:31:44 user devstack@n-api.service[64184]: [pid: 64184|app: 0|req: 11/29] 10.0.0.210 () {64 vars in 1327 bytes} [Tue Oct 17 16:31:44 2023] POST /compute/v2.1/flavors/3/os-extra_specs => generated 43 bytes in 30 msecs (HTTP/1.1 200) 9 headers in 358 bytes (1 switches on core 0)
Oct 17 16:31:45 user devstack@n-api.service[64183]: DEBUG nova.api.openstack.wsgi [None req-a38a0adb-e309-43cc-9acb-da2db95d48a2 admin admin] Calling method '>' {{(pid=64183) _process_stack /opt/stack/nova/nova/api/openstack/wsgi.py:513}}
Oct 17 16:31:45 user devstack@n-api.service[64183]: INFO nova.api.openstack.requestlog [None req-a38a0adb-e309-43cc-9acb-da2db95d48a2 admin admin] 10.0.0.210 "GET /compute/v2.1" status: 200 len: 387 microversion: 2.1 time: 0.002260
Oct 17 16:31:45 user devstack@n-api.service[64183]: [pid: 64183|app: 0|req: 10/30] 10.0.0.210 () {54 vars in 925 bytes} [Tue Oct 17 16:31:45 2023] GET /compute/v2.1 => generated 387 bytes in 3 msecs (HTTP/1.1 200) 9 headers in 357 bytes (1 switches on core 0)
Oct 17 16:31:45 user devstack@n-api.service[64185]: DEBUG nova.api.openstack.wsgi [None req-6c9c1927-873e-4638-ab81-8d2921fba43d admin admin] Action: 'create', calling method: >, body: {"flavor": {"ram": 8192, "rxtx_factor": 1.0, "OS-FLV-EXT-DATA:ephemeral": 0, "name": "m1.large", "disk": 80, "swap": 0, "vcpus": 4, "id": "4", "os-flavor-access:is_public": true}} {{(pid=64185) _process_stack /opt/stack/nova/nova/api/openstack/wsgi.py:511}}
Oct 17 16:31:45 user devstack@n-api.service[64185]: INFO nova.api.openstack.requestlog [None req-6c9c1927-873e-4638-ab81-8d2921fba43d admin admin] 10.0.0.210 "POST /compute/v2.1/flavors" status: 200 len: 403 microversion: 2.61 time: 0.061045
Oct 17 16:31:46 user devstack@n-api.service[64185]: [pid: 64185|app: 0|req: 10/31] 10.0.0.210 () {64 vars in 1277 bytes} [Tue Oct 17 16:31:45 2023] POST /compute/v2.1/flavors => generated 403 bytes in 62 msecs (HTTP/1.1 200) 9 headers in 359 bytes (1 switches on core 0)
Oct 17 16:31:46 user devstack@n-api.service[64184]: DEBUG nova.api.openstack.wsgi [None req-242e1748-5c33-4ed7-8440-1fcf40afe189 admin admin] Action: 'create', calling method: >, body: {"extra_specs": {"hw_rng:allowed": "True"}} {{(pid=64184) _process_stack /opt/stack/nova/nova/api/openstack/wsgi.py:511}}
Oct 17 16:31:46 user devstack@n-api.service[64184]: INFO nova.api.openstack.requestlog [None req-242e1748-5c33-4ed7-8440-1fcf40afe189 admin admin] 10.0.0.210 "POST /compute/v2.1/flavors/4/os-extra_specs" status: 200 len: 43 microversion: 2.61 time: 0.026211
Oct 17 16:31:46 user devstack@n-api.service[64184]: [pid: 64184|app: 0|req: 12/32] 10.0.0.210 () {64 vars in 1327 bytes} [Tue Oct 17 16:31:46 2023] POST /compute/v2.1/flavors/4/os-extra_specs => generated 43 bytes in 27 msecs (HTTP/1.1 200) 9 headers in 358 bytes (1 switches on core 0)
Oct 17 16:31:47 user devstack@n-api.service[64183]: DEBUG nova.api.openstack.wsgi [None req-a38a0adb-e309-43cc-9acb-da2db95d48a2 admin admin] Calling method '>' {{(pid=64183) _process_stack /opt/stack/nova/nova/api/openstack/wsgi.py:513}}
Oct 17 16:31:47 user devstack@n-api.service[64183]: INFO nova.api.openstack.requestlog [None req-a38a0adb-e309-43cc-9acb-da2db95d48a2 admin admin] 10.0.0.210 "GET /compute/v2.1" status: 200 len: 387 microversion: 2.1 time: 0.001874
