Jul 28 00:04:51 user devstack@keystone.service[42416]: DEBUG keystone.server.flask.request_processing.middleware.auth_context [None req-000489fa-e279-4712-8e73-be0266b89919 None admin] Validating token access rules against request {{(pid=42416) validate_allowed_request /usr/local/lib/python3.10/dist-packages/keystonemiddleware/auth_token/__init__.py:544}}
Jul 28 00:04:51 user devstack@keystone.service[42414]: DEBUG keystone.server.flask.request_processing.middleware.auth_context [None req-3d4028bf-950c-4f2d-b3ba-739b035995bc None admin] Validating token access rules against request {{(pid=42414) validate_allowed_request /usr/local/lib/python3.10/dist-packages/keystonemiddleware/auth_token/__init__.py:544}}
Jul 28 00:04:51 user devstack@keystone.service[42415]: DEBUG keystone.server.flask.request_processing.middleware.auth_context [None req-9f5f6ae8-54d3-4690-a11d-41ab5d1b69ba None admin] Validating token access rules against request {{(pid=42415) validate_allowed_request /usr/local/lib/python3.10/dist-packages/keystonemiddleware/auth_token/__init__.py:544}}
Jul 28 00:04:51 user devstack@keystone.service[42416]: DEBUG keystone.server.flask.request_processing.middleware.auth_context [None req-e3f995ef-02e9-4dc4-85f8-3ead9c2e72f2 None admin] RBAC: auth_context: {'token': , 'domain_id': None, 'trust_id': None, 'trustor_id': None, 'trustee_id': None, 'domain_name': None, 'group_ids': [], 'user_id': '0d9cc73f3999479482167ec24a7e2dab', 'user_domain_id': 'default', 'system_scope': 'all', 'project_id': None, 'project_domain_id': None, 'roles': ['admin', 'member', 'reader'], 'is_admin_project': True, 'service_user_id': None, 'service_user_domain_id': None, 'service_project_id': None, 'service_project_domain_id': None, 'service_roles': []} {{(pid=42416) fill_context /opt/stack/keystone/keystone/server/flask/request_processing/middleware/auth_context.py:480}}
Jul 28 00:04:51 user devstack@keystone.service[42416]: DEBUG keystone.server.flask.request_processing.req_logging [None req-e3f995ef-02e9-4dc4-85f8-3ead9c2e72f2 None admin] REQUEST_METHOD: `GET` {{(pid=42416) log_request_info /opt/stack/keystone/keystone/server/flask/request_processing/req_logging.py:27}}
Jul 28 00:04:51 user devstack@keystone.service[42416]: DEBUG keystone.server.flask.request_processing.req_logging [None req-e3f995ef-02e9-4dc4-85f8-3ead9c2e72f2 None admin] SCRIPT_NAME: `/identity` {{(pid=42416) log_request_info /opt/stack/keystone/keystone/server/flask/request_processing/req_logging.py:28}}
Jul 28 00:04:51 user devstack@keystone.service[42416]: DEBUG keystone.server.flask.request_processing.req_logging [None req-e3f995ef-02e9-4dc4-85f8-3ead9c2e72f2 None admin] PATH_INFO: `/v3/roles/anotherrole` {{(pid=42416) log_request_info /opt/stack/keystone/keystone/server/flask/request_processing/req_logging.py:29}}
Jul 28 00:04:51 user devstack@keystone.service[42414]: DEBUG keystone.server.flask.request_processing.middleware.auth_context [None req-ed0a24b2-2d8a-4408-af1a-48ae4b27d009 None admin] RBAC: auth_context: {'token': , 'domain_id': None, 'trust_id': None, 'trustor_id': None, 'trustee_id': None, 'domain_name': None, 'group_ids': [], 'user_id': '0d9cc73f3999479482167ec24a7e2dab', 'user_domain_id': 'default', 'system_scope': 'all', 'project_id': None, 'project_domain_id': None, 'roles': ['admin', 'member', 'reader'], 'is_admin_project': True, 'service_user_id': None, 'service_user_domain_id': None, 'service_project_id': None, 'service_project_domain_id': None, 'service_roles': []} {{(pid=42414) fill_context /opt/stack/keystone/keystone/server/flask/request_processing/middleware/auth_context.py:480}}
Jul 28 00:04:51 user devstack@keystone.service[42414]: DEBUG keystone.server.flask.request_processing.req_logging [None req-ed0a24b2-2d8a-4408-af1a-48ae4b27d009 None admin] REQUEST_METHOD: `GET` {{(pid=42414) log_request_info /opt/stack/keystone/keystone/server/flask/request_processing/req_logging.py:27}}
Jul 28 00:04:51 user devstack@keystone.service[42414]: DEBUG keystone.server.flask.request_processing.req_logging [None req-ed0a24b2-2d8a-4408-af1a-48ae4b27d009 None admin] SCRIPT_NAME: `/identity` {{(pid=42414) log_request_info /opt/stack/keystone/keystone/server/flask/request_processing/req_logging.py:28}}
Jul 28 00:04:51 user devstack@keystone.service[42414]: DEBUG keystone.server.flask.request_processing.req_logging [None req-ed0a24b2-2d8a-4408-af1a-48ae4b27d009 None admin] PATH_INFO: `/v3/projects/6f2c8beaa30345febfaada673f58db0c` {{(pid=42414) log_request_info /opt/stack/keystone/keystone/server/flask/request_processing/req_logging.py:29}}
Jul 28 00:04:51 user devstack@keystone.service[42415]: DEBUG keystone.server.flask.request_processing.middleware.auth_context [None req-4b615ea2-c69b-4578-94b6-1ad1e76bd09f None admin] RBAC: auth_context: {'token': , 'domain_id': None, 'trust_id': None, 'trustor_id': None, 'trustee_id': None, 'domain_name': None, 'group_ids': [], 'user_id': '0d9cc73f3999479482167ec24a7e2dab', 'user_domain_id': 'default', 'system_scope': 'all', 'project_id': None, 'project_domain_id': None, 'roles': ['admin', 'member', 'reader'], 'is_admin_project': True, 'service_user_id': None, 'service_user_domain_id': None, 'service_project_id': None, 'service_project_domain_id': None, 'service_roles': []} {{(pid=42415) fill_context /opt/stack/keystone/keystone/server/flask/request_processing/middleware/auth_context.py:480}}
Jul 28 00:04:51 user devstack@keystone.service[42414]: DEBUG keystone.common.rbac_enforcer.enforcer [None req-ed0a24b2-2d8a-4408-af1a-48ae4b27d009 None admin] RBAC: Authorizing `identity:get_project(project_id=6f2c8beaa30345febfaada673f58db0c)` {{(pid=42414) enforce_call /opt/stack/keystone/keystone/common/rbac_enforcer/enforcer.py:449}}
Jul 28 00:04:51 user devstack@keystone.service[42415]: DEBUG keystone.server.flask.request_processing.req_logging [None req-4b615ea2-c69b-4578-94b6-1ad1e76bd09f None admin] REQUEST_METHOD: `GET` {{(pid=42415) log_request_info /opt/stack/keystone/keystone/server/flask/request_processing/req_logging.py:27}}
Jul 28 00:04:51 user devstack@keystone.service[42415]: DEBUG keystone.server.flask.request_processing.req_logging [None req-4b615ea2-c69b-4578-94b6-1ad1e76bd09f None admin] SCRIPT_NAME: `/identity` {{(pid=42415) log_request_info /opt/stack/keystone/keystone/server/flask/request_processing/req_logging.py:28}}
Jul 28 00:04:51 user devstack@keystone.service[42415]: DEBUG keystone.server.flask.request_processing.req_logging [None req-4b615ea2-c69b-4578-94b6-1ad1e76bd09f None admin] PATH_INFO: `/v3/role_assignments` {{(pid=42415) log_request_info /opt/stack/keystone/keystone/server/flask/request_processing/req_logging.py:29}}
Jul 28 00:04:51 user devstack@keystone.service[42414]: DEBUG keystone.common.rbac_enforcer.enforcer [None req-ed0a24b2-2d8a-4408-af1a-48ae4b27d009 None admin] RBAC: Authorization granted {{(pid=42414) enforce_call /opt/stack/keystone/keystone/common/rbac_enforcer/enforcer.py:457}}
Jul 28 00:04:51 user devstack@keystone.service[42415]: DEBUG keystone.common.rbac_enforcer.enforcer [None req-4b615ea2-c69b-4578-94b6-1ad1e76bd09f None admin] RBAC: Adding query filter params (group.id=1c2df2a8d6394ab99aa471dac78396d1, role.id=95d993dca2e94109872882debd6694c5, scope.project.id=6f2c8beaa30345febfaada673f58db0c) {{(pid=42415) _extract_filter_values /opt/stack/keystone/keystone/common/rbac_enforcer/enforcer.py:167}}
Jul 28 00:04:51 user devstack@keystone.service[42415]: DEBUG keystone.common.rbac_enforcer.enforcer [None req-4b615ea2-c69b-4578-94b6-1ad1e76bd09f None admin] RBAC: Authorizing `identity:list_role_assignments()` {{(pid=42415) enforce_call /opt/stack/keystone/keystone/common/rbac_enforcer/enforcer.py:449}}
Jul 28 00:04:51 user devstack@keystone.service[42416]: DEBUG keystone.common.rbac_enforcer.enforcer [None req-e3f995ef-02e9-4dc4-85f8-3ead9c2e72f2 None admin] Extracting inferred target data resulted in "NOT FOUND (404)". {{(pid=42416) enforce_call /opt/stack/keystone/keystone/common/rbac_enforcer/enforcer.py:409}}
Jul 28 00:04:51 user devstack@keystone.service[42414]: [pid: 42414|app: 0|req: 111/318] 10.0.0.210 () {56 vars in 1181 bytes} [Fri Jul 28 00:04:50 2023] GET /identity/v3/projects/6f2c8beaa30345febfaada673f58db0c => generated 297 bytes in 117 msecs (HTTP/1.1 200) 5 headers in 177 bytes (1 switches on core 0)
Jul 28 00:04:51 user devstack@keystone.service[42414]: DEBUG keystone.server.flask.request_processing.middleware.auth_context [None req-ed0a24b2-2d8a-4408-af1a-48ae4b27d009 None admin] Authenticating user token {{(pid=42414) process_request /usr/local/lib/python3.10/dist-packages/keystonemiddleware/auth_token/__init__.py:406}}
Jul 28 00:04:51 user devstack@keystone.service[42415]: DEBUG keystone.common.rbac_enforcer.enforcer [None req-4b615ea2-c69b-4578-94b6-1ad1e76bd09f None admin] RBAC: Authorization granted {{(pid=42415) enforce_call /opt/stack/keystone/keystone/common/rbac_enforcer/enforcer.py:457}}
Jul 28 00:04:51 user devstack@keystone.service[42416]: ERROR keystone.server.flask.application [None req-e3f995ef-02e9-4dc4-85f8-3ead9c2e72f2 None admin] Could not find role: anotherrole.: keystone.exception.RoleNotFound: Could not find role: anotherrole.
Jul 28 00:04:51 user devstack@keystone.service[42416]: ERROR keystone.server.flask.application
Traceback (most recent call last):
Jul 28 00:04:51 user devstack@keystone.service[42416]: ERROR keystone.server.flask.application
File "/usr/local/lib/python3.10/dist-packages/flask/app.py", line 1823, in full_dispatch_request
Jul 28 00:04:51 user devstack@keystone.service[42416]: ERROR keystone.server.flask.application rv = self.dispatch_request()
Jul 28 00:04:51 user devstack@keystone.service[42416]: ERROR keystone.server.flask.application
File "/usr/local/lib/python3.10/dist-packages/flask/app.py", line 1799, in dispatch_request
Jul 28 00:04:51 user devstack@keystone.service[42416]: ERROR keystone.server.flask.application return self.ensure_sync(self.view_functions[rule.endpoint])(**view_args)
Jul 28 00:04:51 user devstack@keystone.service[42416]: ERROR keystone.server.flask.application
File "/usr/local/lib/python3.10/dist-packages/flask_restful/__init__.py", line 467, in wrapper
Jul 28 00:04:51 user devstack@keystone.service[42416]: ERROR keystone.server.flask.application resp = resource(*args, **kwargs)
Jul 28 00:04:51 user devstack@keystone.service[42416]: ERROR keystone.server.flask.application
File "/usr/local/lib/python3.10/dist-packages/flask/views.py", line 107, in view
Jul 28 00:04:51 user devstack@keystone.service[42416]: ERROR keystone.server.flask.application return current_app.ensure_sync(self.dispatch_request)(**kwargs)
Jul 28 00:04:51 user devstack@keystone.service[42416]: ERROR keystone.server.flask.application
File "/usr/local/lib/python3.10/dist-packages/flask_restful/__init__.py", line 582, in dispatch_request
Jul 28 00:04:51 user devstack@keystone.service[42416]: ERROR keystone.server.flask.application resp = meth(*args, **kwargs)
Jul 28 00:04:51 user devstack@keystone.service[42416]: ERROR keystone.server.flask.application
File "/opt/stack/keystone/keystone/api/roles.py", line 50, in get
Jul 28 00:04:51 user devstack@keystone.service[42416]: ERROR keystone.server.flask.application return self._get_role(role_id)
Jul 28 00:04:51 user devstack@keystone.service[42416]: ERROR keystone.server.flask.application
File "/opt/stack/keystone/keystone/api/roles.py", line 70, in _get_role
Jul 28 00:04:51 user devstack@keystone.service[42416]: ERROR keystone.server.flask.application ENFORCER.enforce_call(action='identity:get_role')
Jul 28 00:04:51 user devstack@keystone.service[42416]: ERROR keystone.server.flask.application
File "/opt/stack/keystone/keystone/common/rbac_enforcer/enforcer.py", line 402, in enforce_call
Jul 28 00:04:51 user devstack@keystone.service[42416]: ERROR keystone.server.flask.application policy_dict.update(cls._extract_member_target_data(
Jul 28 00:04:51 user devstack@keystone.service[42416]: ERROR keystone.server.flask.application
File "/opt/stack/keystone/keystone/common/rbac_enforcer/enforcer.py", line 234, in _extract_member_target_data
Jul 28 00:04:51 user devstack@keystone.service[42416]: ERROR keystone.server.flask.application member_name: func(flask.request.view_args[key])
Jul 28 00:04:51 user devstack@keystone.service[42416]: ERROR keystone.server.flask.application
File "/opt/stack/keystone/keystone/common/manager.py", line 115, in wrapped
Jul 28 00:04:51 user devstack@keystone.service[42416]: ERROR keystone.server.flask.application __ret_val = __f(*args, **kwargs)
Jul 28 00:04:51 user devstack@keystone.service[42416]: ERROR keystone.server.flask.application
File "/usr/local/lib/python3.10/dist-packages/decorator.py", line 232, in fun
Jul 28 00:04:51 user devstack@keystone.service[42416]: ERROR keystone.server.flask.application return caller(func, *(extras + args), **kw)
Jul 28 00:04:51 user devstack@keystone.service[42416]: ERROR keystone.server.flask.application
File "/usr/local/lib/python3.10/dist-packages/dogpile/cache/region.py", line 1577, in get_or_create_for_user_func
Jul 28 00:04:51 user devstack@keystone.service[42416]: ERROR keystone.server.flask.application return self.get_or_create(
Jul 28 00:04:51 user devstack@keystone.service[42416]: ERROR keystone.server.flask.application
File "/usr/local/lib/python3.10/dist-packages/dogpile/cache/region.py", line 1042, in get_or_create
Jul 28 00:04:51 user devstack@keystone.service[42416]: ERROR keystone.server.flask.application with Lock(
Jul 28 00:04:51 user devstack@keystone.service[42416]: ERROR keystone.server.flask.application
File "/usr/local/lib/python3.10/dist-packages/dogpile/lock.py", line 185, in __enter__
Jul 28 00:04:51 user devstack@keystone.service[42416]: ERROR keystone.server.flask.application return self._enter()
Jul 28 00:04:51 user devstack@keystone.service[42416]: ERROR keystone.server.flask.application
File "/usr/local/lib/python3.10/dist-packages/dogpile/lock.py", line 94, in _enter
Jul 28 00:04:51 user devstack@keystone.service[42416]: ERROR keystone.server.flask.application generated = self._enter_create(value, createdtime)
Jul 28 00:04:51 user devstack@keystone.service[42416]: ERROR keystone.server.flask.application
File "/usr/local/lib/python3.10/dist-packages/dogpile/lock.py", line 178, in _enter_create
Jul 28 00:04:51 user devstack@keystone.service[42416]: ERROR keystone.server.flask.application return self.creator()
Jul 28 00:04:51 user devstack@keystone.service[42416]: ERROR keystone.server.flask.application
File "/usr/local/lib/python3.10/dist-packages/dogpile/cache/region.py", line 995, in gen_value
Jul 28 00:04:51 user devstack@keystone.service[42416]: ERROR keystone.server.flask.application created_value = creator(
Jul 28 00:04:51 user devstack@keystone.service[42416]: ERROR keystone.server.flask.application
File "/opt/stack/keystone/keystone/assignment/core.py", line 1276, in get_role
Jul 28 00:04:51 user devstack@keystone.service[42416]: ERROR keystone.server.flask.application return self.driver.get_role(role_id)
Jul 28 00:04:51 user devstack@keystone.service[42416]: ERROR keystone.server.flask.application
File "/opt/stack/keystone/keystone/assignment/role_backends/sql.py", line 70, in get_role
Jul 28 00:04:51 user devstack@keystone.service[42416]: ERROR keystone.server.flask.application return self._get_role(session, role_id).to_dict()
Jul 28 00:04:51 user devstack@keystone.service[42416]: ERROR keystone.server.flask.application
File "/opt/stack/keystone/keystone/assignment/role_backends/sql.py", line 65, in _get_role
Jul 28 00:04:51 user devstack@keystone.service[42416]: ERROR keystone.server.flask.application raise exception.RoleNotFound(role_id=role_id)
Jul 28 00:04:51 user devstack@keystone.service[42416]: ERROR keystone.server.flask.application keystone.exception.RoleNotFound: Could not find role: anotherrole.
Jul 28 00:04:51 user devstack@keystone.service[42416]: ERROR keystone.server.flask.application
Jul 28 00:04:51 user devstack@keystone.service[42416]: [pid: 42416|app: 0|req: 111/319] 10.0.0.210 () {56 vars in 1109 bytes} [Fri Jul 28 00:04:50 2023] GET /identity/v3/roles/anotherrole => generated 89 bytes in 144 msecs (HTTP/1.1 404) 5 headers in 183 bytes (2 switches on core 0)
Jul 28 00:04:51 user devstack@keystone.service[42415]: [pid: 42415|app: 0|req: 98/320] 10.0.0.210 () {56 vars in 1371 bytes} [Fri Jul 28 00:04:50 2023] GET /identity/v3/role_assignments?group.id=1c2df2a8d6394ab99aa471dac78396d1&scope.project.id=6f2c8beaa30345febfaada673f58db0c&role.id=95d993dca2e94109872882debd6694c5 => generated 609 bytes in 131 msecs (HTTP/1.1 200) 5 headers in 177 bytes (1 switches on core 0)
Jul 28 00:04:51 user devstack@keystone.service[42416]: DEBUG keystone.server.flask.request_processing.middleware.auth_context [None req-e3f995ef-02e9-4dc4-85f8-3ead9c2e72f2 None admin] Authenticating user token {{(pid=42416) process_request /usr/local/lib/python3.10/dist-packages/keystonemiddleware/auth_token/__init__.py:406}}
Jul 28 00:04:51 user devstack@keystone.service[42415]: DEBUG keystone.server.flask.request_processing.middleware.auth_context [None req-4b615ea2-c69b-4578-94b6-1ad1e76bd09f None admin] Authenticating user token {{(pid=42415) process_request /usr/local/lib/python3.10/dist-packages/keystonemiddleware/auth_token/__init__.py:406}}
Jul 28 00:04:51 user devstack@keystone.service[42415]: DEBUG dbcounter [-] [42415] Writing DB stats keystone:SELECT=100 {{(pid=42415) stat_writer /usr/local/lib/python3.10/dist-packages/dbcounter.py:117}}
Jul 28 00:04:51 user devstack@keystone.service[42416]: DEBUG keystone.server.flask.request_processing.middleware.auth_context [None req-e3f995ef-02e9-4dc4-85f8-3ead9c2e72f2 None admin] Validating token access rules against request {{(pid=42416) validate_allowed_request /usr/local/lib/python3.10/dist-packages/keystonemiddleware/auth_token/__init__.py:544}}
Jul 28 00:04:51 user devstack@keystone.service[42414]: DEBUG dbcounter [-] [42414] Writing DB stats keystone:SELECT=100 {{(pid=42414) stat_writer /usr/local/lib/python3.10/dist-packages/dbcounter.py:117}}
Jul 28 00:04:51 user devstack@keystone.service[42414]: DEBUG keystone.server.flask.request_processing.middleware.auth_context [None req-ed0a24b2-2d8a-4408-af1a-48ae4b27d009 None admin] Validating token access rules against request {{(pid=42414) validate_allowed_request /usr/local/lib/python3.10/dist-packages/keystonemiddleware/auth_token/__init__.py:544}}
Jul 28 00:04:51 user devstack@keystone.service[42415]: DEBUG keystone.server.flask.request_processing.middleware.auth_context [None req-4b615ea2-c69b-4578-94b6-1ad1e76bd09f None admin] Validating token access rules against request {{(pid=42415) validate_allowed_request /usr/local/lib/python3.10/dist-packages/keystonemiddleware/auth_token/__init__.py:544}}
Jul 28 00:04:51 user devstack@keystone.service[42416]: DEBUG keystone.server.flask.request_processing.middleware.auth_context [None req-e7abe1e6-c372-4842-8ce5-9f666964983b None admin] RBAC: auth_context: {'token': , 'domain_id': None, 'trust_id': None, 'trustor_id': None, 'trustee_id': None, 'domain_name': None, 'group_ids': [], 'user_id': '0d9cc73f3999479482167ec24a7e2dab', 'user_domain_id': 'default', 'system_scope': 'all', 'project_id': None, 'project_domain_id': None, 'roles': ['admin', 'member', 'reader'], 'is_admin_project': True, 'service_user_id': None, 'service_user_domain_id': None, 'service_project_id': None, 'service_project_domain_id': None, 'service_roles': []} {{(pid=42416) fill_context /opt/stack/keystone/keystone/server/flask/request_processing/middleware/auth_context.py:480}}
Jul 28 00:04:51 user devstack@keystone.service[42416]: DEBUG keystone.server.flask.request_processing.req_logging [None req-e7abe1e6-c372-4842-8ce5-9f666964983b None admin] REQUEST_METHOD: `GET` {{(pid=42416) log_request_info /opt/stack/keystone/keystone/server/flask/request_processing/req_logging.py:27}}
Jul 28 00:04:51 user devstack@keystone.service[42416]: DEBUG keystone.server.flask.request_processing.req_logging [None req-e7abe1e6-c372-4842-8ce5-9f666964983b None admin] SCRIPT_NAME: `/identity` {{(pid=42416) log_request_info /opt/stack/keystone/keystone/server/flask/request_processing/req_logging.py:28}}
Jul 28 00:04:51 user devstack@keystone.service[42416]: DEBUG keystone.server.flask.request_processing.req_logging [None req-e7abe1e6-c372-4842-8ce5-9f666964983b None admin] PATH_INFO: `/v3/roles/admin` {{(pid=42416) log_request_info /opt/stack/keystone/keystone/server/flask/request_processing/req_logging.py:29}}
Jul 28 00:04:51 user devstack@keystone.service[42414]: DEBUG keystone.server.flask.request_processing.middleware.auth_context [None req-53d2ada0-4e9a-4c86-b612-f2a3d737b2dc None admin] RBAC: auth_context: {'token': , 'domain_id': None, 'trust_id': None, 'trustor_id': None, 'trustee_id': None, 'domain_name': None, 'group_ids': [], 'user_id': '0d9cc73f3999479482167ec24a7e2dab', 'user_domain_id': 'default', 'system_scope': 'all', 'project_id': None, 'project_domain_id': None, 'roles': ['admin', 'member', 'reader'], 'is_admin_project': True, 'service_user_id': None, 'service_user_domain_id': None, 'service_project_id': None, 'service_project_domain_id': None, 'service_roles': []} {{(pid=42414) fill_context /opt/stack/keystone/keystone/server/flask/request_processing/middleware/auth_context.py:480}}
Jul 28 00:04:51 user devstack@keystone.service[42414]: DEBUG keystone.server.flask.request_processing.req_logging [None req-53d2ada0-4e9a-4c86-b612-f2a3d737b2dc None admin] REQUEST_METHOD: `GET` {{(pid=42414) log_request_info /opt/stack/keystone/keystone/server/flask/request_processing/req_logging.py:27}}
Jul 28 00:04:51 user devstack@keystone.service[42414]: DEBUG keystone.server.flask.request_processing.req_logging [None req-53d2ada0-4e9a-4c86-b612-f2a3d737b2dc None admin] SCRIPT_NAME: `/identity` {{(pid=42414) log_request_info /opt/stack/keystone/keystone/server/flask/request_processing/req_logging.py:28}}
Jul 28 00:04:51 user devstack@keystone.service[42414]: DEBUG keystone.server.flask.request_processing.req_logging [None req-53d2ada0-4e9a-4c86-b612-f2a3d737b2dc None admin] PATH_INFO: `/v3/projects/1aa9104156ac49e08c3e8d87d131138b` {{(pid=42414) log_request_info /opt/stack/keystone/keystone/server/flask/request_processing/req_logging.py:29}}
Jul 28 00:04:51 user devstack@keystone.service[42414]: DEBUG keystone.common.rbac_enforcer.enforcer [None req-53d2ada0-4e9a-4c86-b612-f2a3d737b2dc None admin] RBAC: Authorizing `identity:get_project(project_id=1aa9104156ac49e08c3e8d87d131138b)` {{(pid=42414) enforce_call /opt/stack/keystone/keystone/common/rbac_enforcer/enforcer.py:449}}
Jul 28 00:04:51 user devstack@keystone.service[42416]: DEBUG keystone.common.rbac_enforcer.enforcer [None req-e7abe1e6-c372-4842-8ce5-9f666964983b None admin] Extracting inferred target data resulted in "NOT FOUND (404)". {{(pid=42416) enforce_call /opt/stack/keystone/keystone/common/rbac_enforcer/enforcer.py:409}}
Jul 28 00:04:51 user devstack@keystone.service[42415]: DEBUG keystone.server.flask.request_processing.middleware.auth_context [None req-e119a489-5153-42bf-9b1a-03093fa7dfc5 None admin] RBAC: auth_context: {'token': , 'domain_id': None, 'trust_id': None, 'trustor_id': None, 'trustee_id': None, 'domain_name': None, 'group_ids': [], 'user_id': '0d9cc73f3999479482167ec24a7e2dab', 'user_domain_id': 'default', 'system_scope': 'all', 'project_id': None, 'project_domain_id': None, 'roles': ['admin', 'member', 'reader'], 'is_admin_project': True, 'service_user_id': None, 'service_user_domain_id': None, 'service_project_id': None, 'service_project_domain_id': None, 'service_roles': []} {{(pid=42415) fill_context /opt/stack/keystone/keystone/server/flask/request_processing/middleware/auth_context.py:480}}
Jul 28 00:04:51 user devstack@keystone.service[42414]: DEBUG keystone.common.rbac_enforcer.enforcer [None req-53d2ada0-4e9a-4c86-b612-f2a3d737b2dc None admin] RBAC: Authorization granted {{(pid=42414) enforce_call /opt/stack/keystone/keystone/common/rbac_enforcer/enforcer.py:457}}
Jul 28 00:04:51 user devstack@keystone.service[42415]: DEBUG keystone.server.flask.request_processing.req_logging [None req-e119a489-5153-42bf-9b1a-03093fa7dfc5 None admin] REQUEST_METHOD: `GET` {{(pid=42415) log_request_info /opt/stack/keystone/keystone/server/flask/request_processing/req_logging.py:27}}
Jul 28 00:04:51 user devstack@keystone.service[42415]: DEBUG keystone.server.flask.request_processing.req_logging [None req-e119a489-5153-42bf-9b1a-03093fa7dfc5 None admin] SCRIPT_NAME: `/identity` {{(pid=42415) log_request_info /opt/stack/keystone/keystone/server/flask/request_processing/req_logging.py:28}}
Jul 28 00:04:51 user devstack@keystone.service[42415]: DEBUG keystone.server.flask.request_processing.req_logging [None req-e119a489-5153-42bf-9b1a-03093fa7dfc5 None admin] PATH_INFO: `/v3/groups/1c2df2a8d6394ab99aa471dac78396d1` {{(pid=42415) log_request_info /opt/stack/keystone/keystone/server/flask/request_processing/req_logging.py:29}}
Jul 28 00:04:51 user devstack@keystone.service[42414]: [pid: 42414|app: 0|req: 112/321] 10.0.0.210 () {56 vars in 1181 bytes} [Fri Jul 28 00:04:51 2023] GET /identity/v3/projects/1aa9104156ac49e08c3e8d87d131138b => generated 301 bytes in 148 msecs (HTTP/1.1 200) 5 headers in 177 bytes (1 switches on core 0)
Jul 28 00:04:51 user devstack@keystone.service[42415]: DEBUG keystone.common.rbac_enforcer.enforcer [None req-e119a489-5153-42bf-9b1a-03093fa7dfc5 None admin] RBAC: Authorizing `identity:get_group(group_id=1c2df2a8d6394ab99aa471dac78396d1)` {{(pid=42415) enforce_call /opt/stack/keystone/keystone/common/rbac_enforcer/enforcer.py:449}}
Jul 28 00:04:51 user devstack@keystone.service[42414]: DEBUG keystone.server.flask.request_processing.middleware.auth_context [None req-53d2ada0-4e9a-4c86-b612-f2a3d737b2dc None admin] Authenticating user token {{(pid=42414) process_request /usr/local/lib/python3.10/dist-packages/keystonemiddleware/auth_token/__init__.py:406}}
Jul 28 00:04:51 user devstack@keystone.service[42415]: DEBUG keystone.common.rbac_enforcer.enforcer [None req-e119a489-5153-42bf-9b1a-03093fa7dfc5 None admin] RBAC: Authorization granted {{(pid=42415) enforce_call /opt/stack/keystone/keystone/common/rbac_enforcer/enforcer.py:457}}
Jul 28 00:04:51 user devstack@keystone.service[42415]: [pid: 42415|app: 0|req: 99/322] 10.0.0.210 () {56 vars in 1175 bytes} [Fri Jul 28 00:04:51 2023] GET /identity/v3/groups/1c2df2a8d6394ab99aa471dac78396d1 => generated 225 bytes in 145 msecs (HTTP/1.1 200) 5 headers in 177 bytes (1 switches on core 0)
Jul 28 00:04:51 user devstack@keystone.service[42415]: DEBUG keystone.server.flask.request_processing.middleware.auth_context [None req-e119a489-5153-42bf-9b1a-03093fa7dfc5 None admin] Authenticating user token {{(pid=42415) process_request /usr/local/lib/python3.10/dist-packages/keystonemiddleware/auth_token/__init__.py:406}}
Jul 28 00:04:51 user devstack@keystone.service[42416]: ERROR keystone.server.flask.application [None req-e7abe1e6-c372-4842-8ce5-9f666964983b None admin] Could not find role: admin.: keystone.exception.RoleNotFound: Could not find role: admin.
Jul 28 00:04:51 user devstack@keystone.service[42416]: ERROR keystone.server.flask.application
Traceback (most recent call last):
Jul 28 00:04:51 user devstack@keystone.service[42416]: ERROR keystone.server.flask.application
File "/usr/local/lib/python3.10/dist-packages/flask/app.py", line 1823, in full_dispatch_request
Jul 28 00:04:51 user devstack@keystone.service[42416]: ERROR keystone.server.flask.application rv = self.dispatch_request()
Jul 28 00:04:51 user devstack@keystone.service[42416]: ERROR keystone.server.flask.application
File "/usr/local/lib/python3.10/dist-packages/flask/app.py", line 1799, in dispatch_request
Jul 28 00:04:51 user devstack@keystone.service[42416]: ERROR keystone.server.flask.application return self.ensure_sync(self.view_functions[rule.endpoint])(**view_args)
Jul 28 00:04:51 user devstack@keystone.service[42416]: ERROR keystone.server.flask.application
File "/usr/local/lib/python3.10/dist-packages/flask_restful/__init__.py", line 467, in wrapper
Jul 28 00:04:51 user devstack@keystone.service[42416]: ERROR keystone.server.flask.application resp = resource(*args, **kwargs)
Jul 28 00:04:51 user devstack@keystone.service[42416]: ERROR keystone.server.flask.application
File "/usr/local/lib/python3.10/dist-packages/flask/views.py", line 107, in view
Jul 28 00:04:51 user devstack@keystone.service[42416]: ERROR keystone.server.flask.application return current_app.ensure_sync(self.dispatch_request)(**kwargs)
Jul 28 00:04:51 user devstack@keystone.service[42416]: ERROR keystone.server.flask.application
File "/usr/local/lib/python3.10/dist-packages/flask_restful/__init__.py", line 582, in dispatch_request
Jul 28 00:04:51 user devstack@keystone.service[42416]: ERROR keystone.server.flask.application resp = meth(*args, **kwargs)
Jul 28 00:04:51 user devstack@keystone.service[42416]: ERROR keystone.server.flask.application
File "/opt/stack/keystone/keystone/api/roles.py", line 50, in get
Jul 28 00:04:51 user devstack@keystone.service[42416]: ERROR keystone.server.flask.application return self._get_role(role_id)
Jul 28 00:04:51 user devstack@keystone.service[42416]: ERROR keystone.server.flask.application
File "/opt/stack/keystone/keystone/api/roles.py", line 70, in _get_role
Jul 28 00:04:51 user devstack@keystone.service[42416]: ERROR keystone.server.flask.application ENFORCER.enforce_call(action='identity:get_role')
Jul 28 00:04:51 user devstack@keystone.service[42416]: ERROR keystone.server.flask.application
File "/opt/stack/keystone/keystone/common/rbac_enforcer/enforcer.py", line 402, in enforce_call
Jul 28 00:04:51 user devstack@keystone.service[42416]: ERROR keystone.server.flask.application policy_dict.update(cls._extract_member_target_data(
Jul 28 00:04:51 user devstack@keystone.service[42416]: ERROR keystone.server.flask.application
File "/opt/stack/keystone/keystone/common/rbac_enforcer/enforcer.py", line 234, in _extract_member_target_data
Jul 28 00:04:51 user devstack@keystone.service[42416]: ERROR keystone.server.flask.application member_name: func(flask.request.view_args[key])
Jul 28 00:04:51 user devstack@keystone.service[42416]: ERROR keystone.server.flask.application
File "/opt/stack/keystone/keystone/common/manager.py", line 115, in wrapped
Jul 28 00:04:51 user devstack@keystone.service[42416]: ERROR keystone.server.flask.application __ret_val = __f(*args, **kwargs)
Jul 28 00:04:51 user devstack@keystone.service[42416]: ERROR keystone.server.flask.application
File "/usr/local/lib/python3.10/dist-packages/decorator.py", line 232, in fun
Jul 28 00:04:51 user devstack@keystone.service[42416]: ERROR keystone.server.flask.application return caller(func, *(extras + args), **kw)
Jul 28 00:04:51 user devstack@keystone.service[42416]: ERROR keystone.server.flask.application
File "/usr/local/lib/python3.10/dist-packages/dogpile/cache/region.py", line 1577, in get_or_create_for_user_func
Jul 28 00:04:51 user devstack@keystone.service[42416]: ERROR keystone.server.flask.application return self.get_or_create(
Jul 28 00:04:51 user devstack@keystone.service[42416]: ERROR keystone.server.flask.application
File "/usr/local/lib/python3.10/dist-packages/dogpile/cache/region.py", line 1042, in get_or_create
Jul 28 00:04:51 user devstack@keystone.service[42416]: ERROR keystone.server.flask.application with Lock(
Jul 28 00:04:51 user devstack@keystone.service[42416]: ERROR keystone.server.flask.application
File "/usr/local/lib/python3.10/dist-packages/dogpile/lock.py", line 185, in __enter__
Jul 28 00:04:51 user devstack@keystone.service[42416]: ERROR keystone.server.flask.application return self._enter()
Jul 28 00:04:51 user devstack@keystone.service[42416]: ERROR keystone.server.flask.application
File "/usr/local/lib/python3.10/dist-packages/dogpile/lock.py", line 94, in _enter
Jul 28 00:04:51 user devstack@keystone.service[42416]: ERROR keystone.server.flask.application generated = self._enter_create(value, createdtime)
Jul 28 00:04:51 user devstack@keystone.service[42416]: ERROR keystone.server.flask.application
File "/usr/local/lib/python3.10/dist-packages/dogpile/lock.py", line 178, in _enter_create
Jul 28 00:04:51 user devstack@keystone.service[42416]: ERROR keystone.server.flask.application return self.creator()
Jul 28 00:04:51 user devstack@keystone.service[42416]: ERROR keystone.server.flask.application
File "/usr/local/lib/python3.10/dist-packages/dogpile/cache/region.py", line 995, in gen_value
Jul 28 00:04:51 user devstack@keystone.service[42416]: ERROR keystone.server.flask.application created_value = creator(
Jul 28 00:04:51 user devstack@keystone.service[42416]: ERROR keystone.server.flask.application
File "/opt/stack/keystone/keystone/assignment/core.py", line 1276, in get_role
Jul 28 00:04:51 user devstack@keystone.service[42416]: ERROR keystone.server.flask.application return self.driver.get_role(role_id)
Jul 28 00:04:51 user devstack@keystone.service[42416]: ERROR keystone.server.flask.application
File "/opt/stack/keystone/keystone/assignment/role_backends/sql.py", line 70, in get_role
Jul 28 00:04:51 user devstack@keystone.service[42416]: ERROR keystone.server.flask.application return self._get_role(session, role_id).to_dict()
Jul 28 00:04:51 user devstack@keystone.service[42416]: ERROR keystone.server.flask.application
File "/opt/stack/keystone/keystone/assignment/role_backends/sql.py", line 65, in _get_role
Jul 28 00:04:51 user devstack@keystone.service[42416]: ERROR keystone.server.flask.application raise exception.RoleNotFound(role_id=role_id)
Jul 28 00:04:51 user devstack@keystone.service[42416]: ERROR keystone.server.flask.application keystone.exception.RoleNotFound: Could not find role: admin.
Jul 28 00:04:51 user devstack@keystone.service[42416]: ERROR keystone.server.flask.application
Jul 28 00:04:51 user devstack@keystone.service[42416]: [pid: 42416|app: 0|req: 112/323] 10.0.0.210 () {56 vars in 1091 bytes} [Fri Jul 28 00:04:51 2023] GET /identity/v3/roles/admin => generated 83 bytes in 152 msecs (HTTP/1.1 404) 5 headers in 183 bytes (1 switches on core 0)
Jul 28 00:04:51 user devstack@keystone.service[42416]: DEBUG keystone.server.flask.request_processing.middleware.auth_context [None req-e7abe1e6-c372-4842-8ce5-9f666964983b None admin] Authenticating user token {{(pid=42416) process_request /usr/local/lib/python3.10/dist-packages/keystonemiddleware/auth_token/__init__.py:406}}
Jul 28 00:04:51 user devstack@keystone.service[42416]: DEBUG dbcounter [-] [42416] Writing DB stats keystone:SELECT=100 {{(pid=42416) stat_writer /usr/local/lib/python3.10/dist-packages/dbcounter.py:117}}
Jul 28 00:04:51 user devstack@keystone.service[42414]: DEBUG keystone.server.flask.request_processing.middleware.auth_context [None req-53d2ada0-4e9a-4c86-b612-f2a3d737b2dc None admin] Validating token access rules against request {{(pid=42414) validate_allowed_request /usr/local/lib/python3.10/dist-packages/keystonemiddleware/auth_token/__init__.py:544}}
Jul 28 00:04:51 user devstack@keystone.service[42415]: DEBUG keystone.server.flask.request_processing.middleware.auth_context [None req-e119a489-5153-42bf-9b1a-03093fa7dfc5 None admin] Validating token access rules against request {{(pid=42415) validate_allowed_request /usr/local/lib/python3.10/dist-packages/keystonemiddleware/auth_token/__init__.py:544}}
Jul 28 00:04:51 user devstack@keystone.service[42415]: DEBUG dbcounter [-] [42415] Writing DB stats keystone:SELECT=100 {{(pid=42415) stat_writer /usr/local/lib/python3.10/dist-packages/dbcounter.py:117}}
Jul 28 00:04:51 user devstack@keystone.service[42416]: DEBUG keystone.server.flask.request_processing.middleware.auth_context [None req-e7abe1e6-c372-4842-8ce5-9f666964983b None admin] Validating token access rules against request {{(pid=42416) validate_allowed_request /usr/local/lib/python3.10/dist-packages/keystonemiddleware/auth_token/__init__.py:544}}
Jul 28 00:04:51 user devstack@keystone.service[42415]: DEBUG keystone.server.flask.request_processing.middleware.auth_context [None req-bc4e746d-e2fa-4567-8d8d-4ce65dd03d8e None admin] RBAC: auth_context: {'token': , 'domain_id': None, 'trust_id': None, 'trustor_id': None, 'trustee_id': None, 'domain_name': None, 'group_ids': [], 'user_id': '0d9cc73f3999479482167ec24a7e2dab', 'user_domain_id': 'default', 'system_scope': 'all', 'project_id': None, 'project_domain_id': None, 'roles': ['admin', 'member', 'reader'], 'is_admin_project': True, 'service_user_id': None, 'service_user_domain_id': None, 'service_project_id': None, 'service_project_domain_id': None, 'service_roles': []} {{(pid=42415) fill_context /opt/stack/keystone/keystone/server/flask/request_processing/middleware/auth_context.py:480}}
Jul 28 00:04:51 user devstack@keystone.service[42415]: DEBUG keystone.server.flask.request_processing.req_logging [None req-bc4e746d-e2fa-4567-8d8d-4ce65dd03d8e None admin] REQUEST_METHOD: `GET` {{(pid=42415) log_request_info /opt/stack/keystone/keystone/server/flask/request_processing/req_logging.py:27}}
Jul 28 00:04:51 user devstack@keystone.service[42415]: DEBUG keystone.server.flask.request_processing.req_logging [None req-bc4e746d-e2fa-4567-8d8d-4ce65dd03d8e None admin] SCRIPT_NAME: `/identity` {{(pid=42415) log_request_info /opt/stack/keystone/keystone/server/flask/request_processing/req_logging.py:28}}
Jul 28 00:04:51 user devstack@keystone.service[42415]: DEBUG keystone.server.flask.request_processing.req_logging [None req-bc4e746d-e2fa-4567-8d8d-4ce65dd03d8e None admin] PATH_INFO: `/v3/groups/1c2df2a8d6394ab99aa471dac78396d1` {{(pid=42415) log_request_info /opt/stack/keystone/keystone/server/flask/request_processing/req_logging.py:29}}
Jul 28 00:04:51 user devstack@keystone.service[42415]: DEBUG keystone.common.rbac_enforcer.enforcer [None req-bc4e746d-e2fa-4567-8d8d-4ce65dd03d8e None admin] RBAC: Authorizing `identity:get_group(group_id=1c2df2a8d6394ab99aa471dac78396d1)` {{(pid=42415) enforce_call /opt/stack/keystone/keystone/common/rbac_enforcer/enforcer.py:449}}
Jul 28 00:04:51 user devstack@keystone.service[42415]: DEBUG keystone.common.rbac_enforcer.enforcer [None req-bc4e746d-e2fa-4567-8d8d-4ce65dd03d8e None admin] RBAC: Authorization granted {{(pid=42415) enforce_call /opt/stack/keystone/keystone/common/rbac_enforcer/enforcer.py:457}}
Jul 28 00:04:51 user devstack@keystone.service[42415]: [pid: 42415|app: 0|req: 100/324] 10.0.0.210 () {56 vars in 1175 bytes} [Fri Jul 28 00:04:51 2023] GET /identity/v3/groups/1c2df2a8d6394ab99aa471dac78396d1 => generated 225 bytes in 137 msecs (HTTP/1.1 200) 5 headers in 177 bytes (2 switches on core 0)
Jul 28 00:04:51 user devstack@keystone.service[42415]: DEBUG keystone.server.flask.request_processing.middleware.auth_context [None req-bc4e746d-e2fa-4567-8d8d-4ce65dd03d8e None admin] Authenticating user token {{(pid=42415) process_request /usr/local/lib/python3.10/dist-packages/keystonemiddleware/auth_token/__init__.py:406}}
Jul 28 00:04:51 user devstack@keystone.service[42414]: DEBUG keystone.server.flask.request_processing.middleware.auth_context [None req-76977465-fbec-4eb7-b664-74265685521f None admin] RBAC: auth_context: {'token': , 'domain_id': None, 'trust_id': None, 'trustor_id': None, 'trustee_id': None, 'domain_name': None, 'group_ids': [], 'user_id': '0d9cc73f3999479482167ec24a7e2dab', 'user_domain_id': 'default', 'system_scope': 'all', 'project_id': None, 'project_domain_id': None, 'roles': ['admin', 'member', 'reader'], 'is_admin_project': True, 'service_user_id': None, 'service_user_domain_id': None, 'service_project_id': None, 'service_project_domain_id': None, 'service_roles': []} {{(pid=42414) fill_context /opt/stack/keystone/keystone/server/flask/request_processing/middleware/auth_context.py:480}}
Jul 28 00:04:51 user devstack@keystone.service[42414]: DEBUG keystone.server.flask.request_processing.req_logging [None req-76977465-fbec-4eb7-b664-74265685521f None admin] REQUEST_METHOD: `GET` {{(pid=42414) log_request_info /opt/stack/keystone/keystone/server/flask/request_processing/req_logging.py:27}}
Jul 28 00:04:51 user devstack@keystone.service[42414]: DEBUG keystone.server.flask.request_processing.req_logging [None req-76977465-fbec-4eb7-b664-74265685521f None admin] SCRIPT_NAME: `/identity` {{(pid=42414) log_request_info /opt/stack/keystone/keystone/server/flask/request_processing/req_logging.py:28}}
Jul 28 00:04:51 user devstack@keystone.service[42414]: DEBUG keystone.server.flask.request_processing.req_logging [None req-76977465-fbec-4eb7-b664-74265685521f None admin] PATH_INFO: `/v3/roles` {{(pid=42414) log_request_info /opt/stack/keystone/keystone/server/flask/request_processing/req_logging.py:29}}
Jul 28 00:04:51 user devstack@keystone.service[42414]: DEBUG keystone.common.rbac_enforcer.enforcer [None req-76977465-fbec-4eb7-b664-74265685521f None admin] RBAC: Adding query filter params (name=anotherrole) {{(pid=42414) _extract_filter_values /opt/stack/keystone/keystone/common/rbac_enforcer/enforcer.py:167}}
Jul 28 00:04:51 user devstack@keystone.service[42414]: DEBUG keystone.common.rbac_enforcer.enforcer [None req-76977465-fbec-4eb7-b664-74265685521f None admin] RBAC: Authorizing `identity:list_roles()` {{(pid=42414) enforce_call /opt/stack/keystone/keystone/common/rbac_enforcer/enforcer.py:449}}
Jul 28 00:04:51 user devstack@keystone.service[42414]: DEBUG keystone.common.rbac_enforcer.enforcer [None req-76977465-fbec-4eb7-b664-74265685521f None admin] RBAC: Authorization granted {{(pid=42414) enforce_call /opt/stack/keystone/keystone/common/rbac_enforcer/enforcer.py:457}}
Jul 28 00:04:51 user devstack@keystone.service[42414]: [pid: 42414|app: 0|req: 113/325] 10.0.0.210 () {56 vars in 1106 bytes} [Fri Jul 28 00:04:51 2023] GET /identity/v3/roles?name=anotherrole => generated 332 bytes in 158 msecs (HTTP/1.1 200) 5 headers in 177 bytes (1 switches on core 0)
Jul 28 00:04:51 user devstack@keystone.service[42414]: DEBUG keystone.server.flask.request_processing.middleware.auth_context [None req-76977465-fbec-4eb7-b664-74265685521f None admin] Authenticating user token {{(pid=42414) process_request /usr/local/lib/python3.10/dist-packages/keystonemiddleware/auth_token/__init__.py:406}}
Jul 28 00:04:51 user devstack@keystone.service[42416]: DEBUG keystone.server.flask.request_processing.middleware.auth_context [None req-9a3fb91d-f36b-48e5-90b4-5e5114d9fa4d None admin] RBAC: auth_context: {'token': , 'domain_id': None, 'trust_id': None, 'trustor_id': None, 'trustee_id': None, 'domain_name': None, 'group_ids': [], 'user_id': '0d9cc73f3999479482167ec24a7e2dab', 'user_domain_id': 'default', 'system_scope': 'all', 'project_id': None, 'project_domain_id': None, 'roles': ['admin', 'member', 'reader'], 'is_admin_project': True, 'service_user_id': None, 'service_user_domain_id': None, 'service_project_id': None, 'service_project_domain_id': None, 'service_roles': []} {{(pid=42416) fill_context /opt/stack/keystone/keystone/server/flask/request_processing/middleware/auth_context.py:480}}
Jul 28 00:04:51 user devstack@keystone.service[42416]: DEBUG keystone.server.flask.request_processing.req_logging [None req-9a3fb91d-f36b-48e5-90b4-5e5114d9fa4d None admin] REQUEST_METHOD: `GET` {{(pid=42416) log_request_info /opt/stack/keystone/keystone/server/flask/request_processing/req_logging.py:27}}
Jul 28 00:04:51 user devstack@keystone.service[42416]: DEBUG keystone.server.flask.request_processing.req_logging [None req-9a3fb91d-f36b-48e5-90b4-5e5114d9fa4d None admin] SCRIPT_NAME: `/identity` {{(pid=42416) log_request_info /opt/stack/keystone/keystone/server/flask/request_processing/req_logging.py:28}}
Jul 28 00:04:51 user devstack@keystone.service[42416]: DEBUG keystone.server.flask.request_processing.req_logging [None req-9a3fb91d-f36b-48e5-90b4-5e5114d9fa4d None admin] PATH_INFO: `/v3/role_assignments` {{(pid=42416) log_request_info /opt/stack/keystone/keystone/server/flask/request_processing/req_logging.py:29}}
Jul 28 00:04:51 user devstack@keystone.service[42416]: DEBUG keystone.common.rbac_enforcer.enforcer [None req-9a3fb91d-f36b-48e5-90b4-5e5114d9fa4d None admin] RBAC: Adding query filter params (group.id=1c2df2a8d6394ab99aa471dac78396d1, role.id=9382b882e8074e34b24db60652ff3099, scope.project.id=6f2c8beaa30345febfaada673f58db0c) {{(pid=42416) _extract_filter_values /opt/stack/keystone/keystone/common/rbac_enforcer/enforcer.py:167}}
Jul 28 00:04:51 user devstack@keystone.service[42416]: DEBUG keystone.common.rbac_enforcer.enforcer [None req-9a3fb91d-f36b-48e5-90b4-5e5114d9fa4d None admin] RBAC: Authorizing `identity:list_role_assignments()` {{(pid=42416) enforce_call /opt/stack/keystone/keystone/common/rbac_enforcer/enforcer.py:449}}
Jul 28 00:04:51 user devstack@keystone.service[42416]: DEBUG keystone.common.rbac_enforcer.enforcer [None req-9a3fb91d-f36b-48e5-90b4-5e5114d9fa4d None admin] RBAC: Authorization granted {{(pid=42416) enforce_call /opt/stack/keystone/keystone/common/rbac_enforcer/enforcer.py:457}}
Jul 28 00:04:51 user devstack@keystone.service[42414]: DEBUG dbcounter [-] [42414] Writing DB stats keystone:SELECT=100 {{(pid=42414) stat_writer /usr/local/lib/python3.10/dist-packages/dbcounter.py:117}}
Jul 28 00:04:51 user devstack@keystone.service[42416]: [pid: 42416|app: 0|req: 113/326] 10.0.0.210 () {56 vars in 1371 bytes} [Fri Jul 28 00:04:51 2023] GET /identity/v3/role_assignments?group.id=1c2df2a8d6394ab99aa471dac78396d1&scope.project.id=6f2c8beaa30345febfaada673f58db0c&role.id=9382b882e8074e34b24db60652ff3099 => generated 609 bytes in 177 msecs (HTTP/1.1 200) 5 headers in 177 bytes (2 switches on core 0)
Jul 28 00:04:51 user devstack@keystone.service[42416]: DEBUG keystone.server.flask.request_processing.middleware.auth_context [None req-9a3fb91d-f36b-48e5-90b4-5e5114d9fa4d None admin] Authenticating user token {{(pid=42416) process_request /usr/local/lib/python3.10/dist-packages/keystonemiddleware/auth_token/__init__.py:406}}
Jul 28 00:04:51 user devstack@keystone.service[42414]: DEBUG keystone.server.flask.request_processing.middleware.auth_context [None req-76977465-fbec-4eb7-b664-74265685521f None admin] Validating token access rules against request {{(pid=42414) validate_allowed_request /usr/local/lib/python3.10/dist-packages/keystonemiddleware/auth_token/__init__.py:544}}
Jul 28 00:04:51 user devstack@keystone.service[42416]: DEBUG dbcounter [-] [42416] Writing DB stats keystone:SELECT=100 {{(pid=42416) stat_writer /usr/local/lib/python3.10/dist-packages/dbcounter.py:117}}
Jul 28 00:04:51 user devstack@keystone.service[42414]: DEBUG keystone.server.flask.request_processing.middleware.auth_context [None req-740b725f-a3e0-44b2-b82a-79a0622d6a58 None admin] RBAC: auth_context: {'token': , 'domain_id': None, 'trust_id': None, 'trustor_id': None, 'trustee_id': None, 'domain_name': None, 'group_ids': [], 'user_id': '0d9cc73f3999479482167ec24a7e2dab', 'user_domain_id': 'default', 'system_scope': 'all', 'project_id': None, 'project_domain_id': None, 'roles': ['admin', 'member', 'reader'], 'is_admin_project': True, 'service_user_id': None, 'service_user_domain_id': None, 'service_project_id': None, 'service_project_domain_id': None, 'service_roles': []} {{(pid=42414) fill_context /opt/stack/keystone/keystone/server/flask/request_processing/middleware/auth_context.py:480}}
Jul 28 00:04:51 user devstack@keystone.service[42414]: DEBUG keystone.server.flask.request_processing.req_logging [None req-740b725f-a3e0-44b2-b82a-79a0622d6a58 None admin] REQUEST_METHOD: `GET` {{(pid=42414) log_request_info /opt/stack/keystone/keystone/server/flask/request_processing/req_logging.py:27}}
Jul 28 00:04:51 user devstack@keystone.service[42414]: DEBUG keystone.server.flask.request_processing.req_logging [None req-740b725f-a3e0-44b2-b82a-79a0622d6a58 None admin] SCRIPT_NAME: `/identity` {{(pid=42414) log_request_info /opt/stack/keystone/keystone/server/flask/request_processing/req_logging.py:28}}
Jul 28 00:04:51 user devstack@keystone.service[42414]: DEBUG keystone.server.flask.request_processing.req_logging [None req-740b725f-a3e0-44b2-b82a-79a0622d6a58 None admin] PATH_INFO: `/v3/role_assignments` {{(pid=42414) log_request_info /opt/stack/keystone/keystone/server/flask/request_processing/req_logging.py:29}}
Jul 28 00:04:51 user devstack@keystone.service[42414]: DEBUG keystone.common.rbac_enforcer.enforcer [None req-740b725f-a3e0-44b2-b82a-79a0622d6a58 None admin] RBAC: Adding query filter params (group.id=1c2df2a8d6394ab99aa471dac78396d1, role.id=95d993dca2e94109872882debd6694c5, scope.project.id=1aa9104156ac49e08c3e8d87d131138b) {{(pid=42414) _extract_filter_values /opt/stack/keystone/keystone/common/rbac_enforcer/enforcer.py:167}}
Jul 28 00:04:51 user devstack@keystone.service[42414]: DEBUG keystone.common.rbac_enforcer.enforcer [None req-740b725f-a3e0-44b2-b82a-79a0622d6a58 None admin] RBAC: Authorizing `identity:list_role_assignments()` {{(pid=42414) enforce_call /opt/stack/keystone/keystone/common/rbac_enforcer/enforcer.py:449}}
Jul 28 00:04:51 user devstack@keystone.service[42415]: DEBUG keystone.server.flask.request_processing.middleware.auth_context [None req-bc4e746d-e2fa-4567-8d8d-4ce65dd03d8e None admin] Validating token access rules against request {{(pid=42415) validate_allowed_request /usr/local/lib/python3.10/dist-packages/keystonemiddleware/auth_token/__init__.py:544}}
Jul 28 00:04:51 user devstack@keystone.service[42414]: DEBUG keystone.common.rbac_enforcer.enforcer [None req-740b725f-a3e0-44b2-b82a-79a0622d6a58 None admin] RBAC: Authorization granted {{(pid=42414) enforce_call /opt/stack/keystone/keystone/common/rbac_enforcer/enforcer.py:457}}
Jul 28 00:04:51 user devstack@keystone.service[42416]: DEBUG keystone.server.flask.request_processing.middleware.auth_context [None req-9a3fb91d-f36b-48e5-90b4-5e5114d9fa4d None admin] Validating token access rules against request {{(pid=42416) validate_allowed_request /usr/local/lib/python3.10/dist-packages/keystonemiddleware/auth_token/__init__.py:544}}
