Jul 28 00:04:48 user devstack@keystone.service[42416]: DEBUG keystone.server.flask.request_processing.middleware.auth_context [None req-a40cab93-178d-4d0b-a34f-0ddc26e99ff3 admin admin] Authenticating user token {{(pid=42416) process_request /usr/local/lib/python3.10/dist-packages/keystonemiddleware/auth_token/__init__.py:406}}
Jul 28 00:04:48 user devstack@keystone.service[42414]: DEBUG keystone.server.flask.request_processing.middleware.auth_context [None req-f1690cbb-f922-457d-a3be-28dce7d8be13 admin admin] RBAC: auth_context: {'token': , 'domain_id': None, 'trust_id': None, 'trustor_id': None, 'trustee_id': None, 'domain_name': None, 'group_ids': [], 'user_id': '0d9cc73f3999479482167ec24a7e2dab', 'user_domain_id': 'default', 'system_scope': None, 'project_id': 'dfaa8247d31a480f99168e883a0b1888', 'project_domain_id': 'default', 'roles': ['admin', 'member', 'reader'], 'is_admin_project': True, 'service_user_id': None, 'service_user_domain_id': None, 'service_project_id': None, 'service_project_domain_id': None, 'service_roles': []} {{(pid=42414) fill_context /opt/stack/keystone/keystone/server/flask/request_processing/middleware/auth_context.py:480}}
Jul 28 00:04:48 user devstack@keystone.service[42414]: DEBUG keystone.server.flask.request_processing.req_logging [None req-f1690cbb-f922-457d-a3be-28dce7d8be13 admin admin] REQUEST_METHOD: `GET` {{(pid=42414) log_request_info /opt/stack/keystone/keystone/server/flask/request_processing/req_logging.py:27}}
Jul 28 00:04:48 user devstack@keystone.service[42414]: DEBUG keystone.server.flask.request_processing.req_logging [None req-f1690cbb-f922-457d-a3be-28dce7d8be13 admin admin] SCRIPT_NAME: `/identity` {{(pid=42414) log_request_info /opt/stack/keystone/keystone/server/flask/request_processing/req_logging.py:28}}
Jul 28 00:04:48 user devstack@keystone.service[42414]: DEBUG keystone.server.flask.request_processing.req_logging [None req-f1690cbb-f922-457d-a3be-28dce7d8be13 admin admin] PATH_INFO: `/v3/roles` {{(pid=42414) log_request_info /opt/stack/keystone/keystone/server/flask/request_processing/req_logging.py:29}}
Jul 28 00:04:48 user devstack@keystone.service[42414]: DEBUG keystone.common.rbac_enforcer.enforcer [None req-f1690cbb-f922-457d-a3be-28dce7d8be13 admin admin] RBAC: Adding query filter params (name=admin) {{(pid=42414) _extract_filter_values /opt/stack/keystone/keystone/common/rbac_enforcer/enforcer.py:167}}
Jul 28 00:04:48 user devstack@keystone.service[42414]: DEBUG keystone.common.rbac_enforcer.enforcer [None req-f1690cbb-f922-457d-a3be-28dce7d8be13 admin admin] RBAC: Authorizing `identity:list_roles()` {{(pid=42414) enforce_call /opt/stack/keystone/keystone/common/rbac_enforcer/enforcer.py:449}}
Jul 28 00:04:48 user devstack@keystone.service[42414]: DEBUG keystone.common.rbac_enforcer.enforcer [None req-f1690cbb-f922-457d-a3be-28dce7d8be13 admin admin] RBAC: Authorization granted {{(pid=42414) enforce_call /opt/stack/keystone/keystone/common/rbac_enforcer/enforcer.py:457}}
Jul 28 00:04:48 user devstack@keystone.service[42414]: [pid: 42414|app: 0|req: 101/291] 10.0.0.210 () {56 vars in 1115 bytes} [Fri Jul 28 00:04:48 2023] GET /identity/v3/roles?name=admin => generated 337 bytes in 26 msecs (HTTP/1.1 200) 5 headers in 177 bytes (1 switches on core 0)
Jul 28 00:04:48 user devstack@keystone.service[42416]: DEBUG keystone.server.flask.request_processing.middleware.auth_context [None req-a40cab93-178d-4d0b-a34f-0ddc26e99ff3 admin admin] Validating token access rules against request {{(pid=42416) validate_allowed_request /usr/local/lib/python3.10/dist-packages/keystonemiddleware/auth_token/__init__.py:544}}
Jul 28 00:04:48 user devstack@keystone.service[42415]: DEBUG keystone.server.flask.request_processing.middleware.auth_context [None req-761e9db1-1718-4759-bd8e-ae5b047f76a6 admin admin] Authenticating user token {{(pid=42415) process_request /usr/local/lib/python3.10/dist-packages/keystonemiddleware/auth_token/__init__.py:406}}
Jul 28 00:04:48 user devstack@keystone.service[42416]: DEBUG keystone.server.flask.request_processing.middleware.auth_context [None req-7c4ef9a3-8b48-4102-9f13-ec6e11a50009 admin admin] RBAC: auth_context: {'token': , 'domain_id': None, 'trust_id': None, 'trustor_id': None, 'trustee_id': None, 'domain_name': None, 'group_ids': [], 'user_id': '0d9cc73f3999479482167ec24a7e2dab', 'user_domain_id': 'default', 'system_scope': None, 'project_id': 'dfaa8247d31a480f99168e883a0b1888', 'project_domain_id': 'default', 'roles': ['admin', 'member', 'reader'], 'is_admin_project': True, 'service_user_id': None, 'service_user_domain_id': None, 'service_project_id': None, 'service_project_domain_id': None, 'service_roles': []} {{(pid=42416) fill_context /opt/stack/keystone/keystone/server/flask/request_processing/middleware/auth_context.py:480}}
Jul 28 00:04:48 user devstack@keystone.service[42416]: DEBUG keystone.server.flask.request_processing.req_logging [None req-7c4ef9a3-8b48-4102-9f13-ec6e11a50009 admin admin] REQUEST_METHOD: `GET` {{(pid=42416) log_request_info /opt/stack/keystone/keystone/server/flask/request_processing/req_logging.py:27}}
Jul 28 00:04:48 user devstack@keystone.service[42416]: DEBUG keystone.server.flask.request_processing.req_logging [None req-7c4ef9a3-8b48-4102-9f13-ec6e11a50009 admin admin] SCRIPT_NAME: `/identity` {{(pid=42416) log_request_info /opt/stack/keystone/keystone/server/flask/request_processing/req_logging.py:28}}
Jul 28 00:04:48 user devstack@keystone.service[42416]: DEBUG keystone.server.flask.request_processing.req_logging [None req-7c4ef9a3-8b48-4102-9f13-ec6e11a50009 admin admin] PATH_INFO: `/v3/projects/1aa9104156ac49e08c3e8d87d131138b` {{(pid=42416) log_request_info /opt/stack/keystone/keystone/server/flask/request_processing/req_logging.py:29}}
Jul 28 00:04:48 user devstack@keystone.service[42416]: DEBUG keystone.common.rbac_enforcer.enforcer [None req-7c4ef9a3-8b48-4102-9f13-ec6e11a50009 admin admin] RBAC: Authorizing `identity:get_project(project_id=1aa9104156ac49e08c3e8d87d131138b)` {{(pid=42416) enforce_call /opt/stack/keystone/keystone/common/rbac_enforcer/enforcer.py:449}}
Jul 28 00:04:48 user devstack@keystone.service[42416]: DEBUG keystone.common.rbac_enforcer.enforcer [None req-7c4ef9a3-8b48-4102-9f13-ec6e11a50009 admin admin] RBAC: Authorization granted {{(pid=42416) enforce_call /opt/stack/keystone/keystone/common/rbac_enforcer/enforcer.py:457}}
Jul 28 00:04:48 user devstack@keystone.service[42415]: DEBUG keystone.server.flask.request_processing.middleware.auth_context [None req-761e9db1-1718-4759-bd8e-ae5b047f76a6 admin admin] Validating token access rules against request {{(pid=42415) validate_allowed_request /usr/local/lib/python3.10/dist-packages/keystonemiddleware/auth_token/__init__.py:544}}
Jul 28 00:04:48 user devstack@keystone.service[42416]: [pid: 42416|app: 0|req: 101/292] 10.0.0.210 () {56 vars in 1202 bytes} [Fri Jul 28 00:04:48 2023] GET /identity/v3/projects/1aa9104156ac49e08c3e8d87d131138b => generated 301 bytes in 31 msecs (HTTP/1.1 200) 5 headers in 177 bytes (1 switches on core 0)
Jul 28 00:04:48 user devstack@keystone.service[42415]: DEBUG keystone.server.flask.request_processing.middleware.auth_context [None req-e3c2b32e-24b1-40a0-8440-e7563b09e203 admin admin] RBAC: auth_context: {'token': , 'domain_id': None, 'trust_id': None, 'trustor_id': None, 'trustee_id': None, 'domain_name': None, 'group_ids': [], 'user_id': '0d9cc73f3999479482167ec24a7e2dab', 'user_domain_id': 'default', 'system_scope': None, 'project_id': 'dfaa8247d31a480f99168e883a0b1888', 'project_domain_id': 'default', 'roles': ['admin', 'member', 'reader'], 'is_admin_project': True, 'service_user_id': None, 'service_user_domain_id': None, 'service_project_id': None, 'service_project_domain_id': None, 'service_roles': []} {{(pid=42415) fill_context /opt/stack/keystone/keystone/server/flask/request_processing/middleware/auth_context.py:480}}
Jul 28 00:04:48 user devstack@keystone.service[42415]: DEBUG keystone.server.flask.request_processing.req_logging [None req-e3c2b32e-24b1-40a0-8440-e7563b09e203 admin admin] REQUEST_METHOD: `GET` {{(pid=42415) log_request_info /opt/stack/keystone/keystone/server/flask/request_processing/req_logging.py:27}}
Jul 28 00:04:48 user devstack@keystone.service[42415]: DEBUG keystone.server.flask.request_processing.req_logging [None req-e3c2b32e-24b1-40a0-8440-e7563b09e203 admin admin] SCRIPT_NAME: `/identity` {{(pid=42415) log_request_info /opt/stack/keystone/keystone/server/flask/request_processing/req_logging.py:28}}
Jul 28 00:04:48 user devstack@keystone.service[42415]: DEBUG keystone.server.flask.request_processing.req_logging [None req-e3c2b32e-24b1-40a0-8440-e7563b09e203 admin admin] PATH_INFO: `/v3/groups/33cdfe490dc6465fac04758f2a76a924` {{(pid=42415) log_request_info /opt/stack/keystone/keystone/server/flask/request_processing/req_logging.py:29}}
Jul 28 00:04:48 user devstack@keystone.service[42414]: DEBUG keystone.server.flask.request_processing.middleware.auth_context [None req-f1690cbb-f922-457d-a3be-28dce7d8be13 admin admin] Authenticating user token {{(pid=42414) process_request /usr/local/lib/python3.10/dist-packages/keystonemiddleware/auth_token/__init__.py:406}}
Jul 28 00:04:48 user devstack@keystone.service[42415]: DEBUG keystone.common.rbac_enforcer.enforcer [None req-e3c2b32e-24b1-40a0-8440-e7563b09e203 admin admin] RBAC: Authorizing `identity:get_group(group_id=33cdfe490dc6465fac04758f2a76a924)` {{(pid=42415) enforce_call /opt/stack/keystone/keystone/common/rbac_enforcer/enforcer.py:449}}
Jul 28 00:04:48 user devstack@keystone.service[42415]: DEBUG keystone.common.rbac_enforcer.enforcer [None req-e3c2b32e-24b1-40a0-8440-e7563b09e203 admin admin] RBAC: Authorization granted {{(pid=42415) enforce_call /opt/stack/keystone/keystone/common/rbac_enforcer/enforcer.py:457}}
Jul 28 00:04:48 user devstack@keystone.service[42414]: DEBUG keystone.server.flask.request_processing.middleware.auth_context [None req-f1690cbb-f922-457d-a3be-28dce7d8be13 admin admin] Validating token access rules against request {{(pid=42414) validate_allowed_request /usr/local/lib/python3.10/dist-packages/keystonemiddleware/auth_token/__init__.py:544}}
Jul 28 00:04:48 user devstack@keystone.service[42415]: [pid: 42415|app: 0|req: 91/293] 10.0.0.210 () {56 vars in 1196 bytes} [Fri Jul 28 00:04:48 2023] GET /identity/v3/groups/33cdfe490dc6465fac04758f2a76a924 => generated 228 bytes in 28 msecs (HTTP/1.1 200) 5 headers in 177 bytes (1 switches on core 0)
Jul 28 00:04:48 user devstack@keystone.service[42414]: DEBUG keystone.server.flask.request_processing.middleware.auth_context [None req-069e91d9-ef7a-4ac3-884b-a8a795a4ed43 admin admin] RBAC: auth_context: {'token': , 'domain_id': None, 'trust_id': None, 'trustor_id': None, 'trustee_id': None, 'domain_name': None, 'group_ids': [], 'user_id': '0d9cc73f3999479482167ec24a7e2dab', 'user_domain_id': 'default', 'system_scope': None, 'project_id': 'dfaa8247d31a480f99168e883a0b1888', 'project_domain_id': 'default', 'roles': ['admin', 'member', 'reader'], 'is_admin_project': True, 'service_user_id': None, 'service_user_domain_id': None, 'service_project_id': None, 'service_project_domain_id': None, 'service_roles': []} {{(pid=42414) fill_context /opt/stack/keystone/keystone/server/flask/request_processing/middleware/auth_context.py:480}}
Jul 28 00:04:48 user devstack@keystone.service[42414]: DEBUG keystone.server.flask.request_processing.req_logging [None req-069e91d9-ef7a-4ac3-884b-a8a795a4ed43 admin admin] REQUEST_METHOD: `PUT` {{(pid=42414) log_request_info /opt/stack/keystone/keystone/server/flask/request_processing/req_logging.py:27}}
Jul 28 00:04:48 user devstack@keystone.service[42414]: DEBUG keystone.server.flask.request_processing.req_logging [None req-069e91d9-ef7a-4ac3-884b-a8a795a4ed43 admin admin] SCRIPT_NAME: `/identity` {{(pid=42414) log_request_info /opt/stack/keystone/keystone/server/flask/request_processing/req_logging.py:28}}
Jul 28 00:04:48 user devstack@keystone.service[42416]: DEBUG keystone.server.flask.request_processing.middleware.auth_context [None req-7c4ef9a3-8b48-4102-9f13-ec6e11a50009 admin admin] Authenticating user token {{(pid=42416) process_request /usr/local/lib/python3.10/dist-packages/keystonemiddleware/auth_token/__init__.py:406}}
Jul 28 00:04:48 user devstack@keystone.service[42414]: DEBUG keystone.server.flask.request_processing.req_logging [None req-069e91d9-ef7a-4ac3-884b-a8a795a4ed43 admin admin] PATH_INFO: `/v3/projects/1aa9104156ac49e08c3e8d87d131138b/groups/1c2df2a8d6394ab99aa471dac78396d1/roles/9382b882e8074e34b24db60652ff3099` {{(pid=42414) log_request_info /opt/stack/keystone/keystone/server/flask/request_processing/req_logging.py:29}}
Jul 28 00:04:48 user devstack@keystone.service[42414]: DEBUG keystone.common.rbac_enforcer.enforcer [None req-069e91d9-ef7a-4ac3-884b-a8a795a4ed43 admin admin] RBAC: Authorizing `identity:create_grant(project_id=1aa9104156ac49e08c3e8d87d131138b, group_id=1c2df2a8d6394ab99aa471dac78396d1, role_id=9382b882e8074e34b24db60652ff3099)` {{(pid=42414) enforce_call /opt/stack/keystone/keystone/common/rbac_enforcer/enforcer.py:449}}
Jul 28 00:04:48 user devstack@keystone.service[42414]: DEBUG keystone.common.rbac_enforcer.enforcer [None req-069e91d9-ef7a-4ac3-884b-a8a795a4ed43 admin admin] RBAC: Authorization granted {{(pid=42414) enforce_call /opt/stack/keystone/keystone/common/rbac_enforcer/enforcer.py:457}}
Jul 28 00:04:48 user devstack@keystone.service[42416]: DEBUG keystone.server.flask.request_processing.middleware.auth_context [None req-7c4ef9a3-8b48-4102-9f13-ec6e11a50009 admin admin] Validating token access rules against request {{(pid=42416) validate_allowed_request /usr/local/lib/python3.10/dist-packages/keystonemiddleware/auth_token/__init__.py:544}}
Jul 28 00:04:48 user devstack@keystone.service[42416]: DEBUG keystone.server.flask.request_processing.middleware.auth_context [None req-1d211ea6-9fc1-485f-9920-39706d1a0279 admin admin] RBAC: auth_context: {'token': , 'domain_id': None, 'trust_id': None, 'trustor_id': None, 'trustee_id': None, 'domain_name': None, 'group_ids': [], 'user_id': '0d9cc73f3999479482167ec24a7e2dab', 'user_domain_id': 'default', 'system_scope': None, 'project_id': 'dfaa8247d31a480f99168e883a0b1888', 'project_domain_id': 'default', 'roles': ['admin', 'member', 'reader'], 'is_admin_project': True, 'service_user_id': None, 'service_user_domain_id': None, 'service_project_id': None, 'service_project_domain_id': None, 'service_roles': []} {{(pid=42416) fill_context /opt/stack/keystone/keystone/server/flask/request_processing/middleware/auth_context.py:480}}
Jul 28 00:04:48 user devstack@keystone.service[42416]: DEBUG keystone.server.flask.request_processing.req_logging [None req-1d211ea6-9fc1-485f-9920-39706d1a0279 admin admin] REQUEST_METHOD: `GET` {{(pid=42416) log_request_info /opt/stack/keystone/keystone/server/flask/request_processing/req_logging.py:27}}
Jul 28 00:04:48 user devstack@keystone.service[42416]: DEBUG keystone.server.flask.request_processing.req_logging [None req-1d211ea6-9fc1-485f-9920-39706d1a0279 admin admin] SCRIPT_NAME: `/identity` {{(pid=42416) log_request_info /opt/stack/keystone/keystone/server/flask/request_processing/req_logging.py:28}}
Jul 28 00:04:48 user devstack@keystone.service[42416]: DEBUG keystone.server.flask.request_processing.req_logging [None req-1d211ea6-9fc1-485f-9920-39706d1a0279 admin admin] PATH_INFO: `/v3/projects/dfaa8247d31a480f99168e883a0b1888` {{(pid=42416) log_request_info /opt/stack/keystone/keystone/server/flask/request_processing/req_logging.py:29}}
Jul 28 00:04:48 user devstack@keystone.service[42416]: DEBUG keystone.common.rbac_enforcer.enforcer [None req-1d211ea6-9fc1-485f-9920-39706d1a0279 admin admin] RBAC: Authorizing `identity:get_project(project_id=dfaa8247d31a480f99168e883a0b1888)` {{(pid=42416) enforce_call /opt/stack/keystone/keystone/common/rbac_enforcer/enforcer.py:449}}
Jul 28 00:04:48 user devstack@keystone.service[42414]: [pid: 42414|app: 0|req: 102/294] 10.0.0.210 () {58 vars in 1458 bytes} [Fri Jul 28 00:04:48 2023] PUT /identity/v3/projects/1aa9104156ac49e08c3e8d87d131138b/groups/1c2df2a8d6394ab99aa471dac78396d1/roles/9382b882e8074e34b24db60652ff3099 => generated 0 bytes in 33 msecs (HTTP/1.1 204) 3 headers in 132 bytes (0 switches on core 0)
Jul 28 00:04:48 user devstack@keystone.service[42416]: DEBUG keystone.common.rbac_enforcer.enforcer [None req-1d211ea6-9fc1-485f-9920-39706d1a0279 admin admin] RBAC: Authorization granted {{(pid=42416) enforce_call /opt/stack/keystone/keystone/common/rbac_enforcer/enforcer.py:457}}
Jul 28 00:04:48 user devstack@keystone.service[42416]: [pid: 42416|app: 0|req: 102/295] 10.0.0.210 () {56 vars in 1202 bytes} [Fri Jul 28 00:04:48 2023] GET /identity/v3/projects/dfaa8247d31a480f99168e883a0b1888 => generated 343 bytes in 20 msecs (HTTP/1.1 200) 5 headers in 177 bytes (1 switches on core 0)
Jul 28 00:04:48 user devstack@keystone.service[42415]: DEBUG keystone.server.flask.request_processing.middleware.auth_context [None req-e3c2b32e-24b1-40a0-8440-e7563b09e203 admin admin] Authenticating user token {{(pid=42415) process_request /usr/local/lib/python3.10/dist-packages/keystonemiddleware/auth_token/__init__.py:406}}
Jul 28 00:04:48 user devstack@keystone.service[42415]: DEBUG keystone.server.flask.request_processing.middleware.auth_context [None req-e3c2b32e-24b1-40a0-8440-e7563b09e203 admin admin] Validating token access rules against request {{(pid=42415) validate_allowed_request /usr/local/lib/python3.10/dist-packages/keystonemiddleware/auth_token/__init__.py:544}}
Jul 28 00:04:48 user devstack@keystone.service[42415]: DEBUG keystone.server.flask.request_processing.middleware.auth_context [None req-e0a23ec6-d039-490c-82d7-28319e36abc2 admin admin] RBAC: auth_context: {'token': , 'domain_id': None, 'trust_id': None, 'trustor_id': None, 'trustee_id': None, 'domain_name': None, 'group_ids': [], 'user_id': '0d9cc73f3999479482167ec24a7e2dab', 'user_domain_id': 'default', 'system_scope': None, 'project_id': 'dfaa8247d31a480f99168e883a0b1888', 'project_domain_id': 'default', 'roles': ['admin', 'member', 'reader'], 'is_admin_project': True, 'service_user_id': None, 'service_user_domain_id': None, 'service_project_id': None, 'service_project_domain_id': None, 'service_roles': []} {{(pid=42415) fill_context /opt/stack/keystone/keystone/server/flask/request_processing/middleware/auth_context.py:480}}
Jul 28 00:04:48 user devstack@keystone.service[42415]: DEBUG keystone.server.flask.request_processing.req_logging [None req-e0a23ec6-d039-490c-82d7-28319e36abc2 admin admin] REQUEST_METHOD: `PUT` {{(pid=42415) log_request_info /opt/stack/keystone/keystone/server/flask/request_processing/req_logging.py:27}}
Jul 28 00:04:48 user devstack@keystone.service[42415]: DEBUG keystone.server.flask.request_processing.req_logging [None req-e0a23ec6-d039-490c-82d7-28319e36abc2 admin admin] SCRIPT_NAME: `/identity` {{(pid=42415) log_request_info /opt/stack/keystone/keystone/server/flask/request_processing/req_logging.py:28}}
Jul 28 00:04:48 user devstack@keystone.service[42415]: DEBUG keystone.server.flask.request_processing.req_logging [None req-e0a23ec6-d039-490c-82d7-28319e36abc2 admin admin] PATH_INFO: `/v3/projects/dfaa8247d31a480f99168e883a0b1888/groups/33cdfe490dc6465fac04758f2a76a924/roles/2d85b7a38a5543a8af4103003508c402` {{(pid=42415) log_request_info /opt/stack/keystone/keystone/server/flask/request_processing/req_logging.py:29}}
Jul 28 00:04:48 user devstack@keystone.service[42415]: DEBUG keystone.common.rbac_enforcer.enforcer [None req-e0a23ec6-d039-490c-82d7-28319e36abc2 admin admin] RBAC: Authorizing `identity:create_grant(project_id=dfaa8247d31a480f99168e883a0b1888, group_id=33cdfe490dc6465fac04758f2a76a924, role_id=2d85b7a38a5543a8af4103003508c402)` {{(pid=42415) enforce_call /opt/stack/keystone/keystone/common/rbac_enforcer/enforcer.py:449}}
Jul 28 00:04:48 user devstack@keystone.service[42415]: WARNING py.warnings [None req-e0a23ec6-d039-490c-82d7-28319e36abc2 admin admin] /usr/local/lib/python3.10/dist-packages/oslo_policy/policy.py:1130: UserWarning: Policy "identity:create_grant": "(role:admin and system_scope:all) or ((role:admin and domain_id:%(target.user.domain_id)s and domain_id:%(target.project.domain_id)s) or (role:admin and domain_id:%(target.user.domain_id)s and domain_id:%(target.domain.id)s) or (role:admin and domain_id:%(target.group.domain_id)s and domain_id:%(target.project.domain_id)s) or (role:admin and domain_id:%(target.group.domain_id)s and domain_id:%(target.domain.id)s)) and (domain_id:%(target.role.domain_id)s or None:%(target.role.domain_id)s)" failed scope check. The token used to make the request was project scoped but the policy requires ['system', 'domain'] scope. This behavior may change in the future where using the intended scope is required
Jul 28 00:04:48 user devstack@keystone.service[42415]: warnings.warn(msg)
Jul 28 00:04:48 user devstack@keystone.service[42415]:
Jul 28 00:04:48 user devstack@keystone.service[42415]: DEBUG keystone.common.rbac_enforcer.enforcer [None req-e0a23ec6-d039-490c-82d7-28319e36abc2 admin admin] RBAC: Authorization granted {{(pid=42415) enforce_call /opt/stack/keystone/keystone/common/rbac_enforcer/enforcer.py:457}}
Jul 28 00:04:48 user devstack@keystone.service[42415]: [pid: 42415|app: 0|req: 92/296] 10.0.0.210 () {58 vars in 1458 bytes} [Fri Jul 28 00:04:48 2023] PUT /identity/v3/projects/dfaa8247d31a480f99168e883a0b1888/groups/33cdfe490dc6465fac04758f2a76a924/roles/2d85b7a38a5543a8af4103003508c402 => generated 0 bytes in 86 msecs (HTTP/1.1 204) 3 headers in 132 bytes (0 switches on core 0)
Jul 28 00:04:49 user devstack@keystone.service[42414]: DEBUG keystone.server.flask.request_processing.req_logging [None req-b22186eb-d3d9-4b69-ae81-32640f20df8a None None] REQUEST_METHOD: `GET` {{(pid=42414) log_request_info /opt/stack/keystone/keystone/server/flask/request_processing/req_logging.py:27}}
Jul 28 00:04:49 user devstack@keystone.service[42414]: DEBUG keystone.server.flask.request_processing.req_logging [None req-b22186eb-d3d9-4b69-ae81-32640f20df8a None None] SCRIPT_NAME: `/identity` {{(pid=42414) log_request_info /opt/stack/keystone/keystone/server/flask/request_processing/req_logging.py:28}}
Jul 28 00:04:49 user devstack@keystone.service[42414]: DEBUG keystone.server.flask.request_processing.req_logging [None req-b22186eb-d3d9-4b69-ae81-32640f20df8a None None] PATH_INFO: `/` {{(pid=42414) log_request_info /opt/stack/keystone/keystone/server/flask/request_processing/req_logging.py:29}}
Jul 28 00:04:49 user devstack@keystone.service[42414]: [pid: 42414|app: 0|req: 103/297] 10.0.0.210 () {54 vars in 920 bytes} [Fri Jul 28 00:04:49 2023] GET /identity => generated 269 bytes in 3 msecs (HTTP/1.1 300) 6 headers in 233 bytes (1 switches on core 0)
Jul 28 00:04:49 user devstack@keystone.service[42416]: DEBUG keystone.server.flask.request_processing.req_logging [None req-c3aa7fc0-3ca5-4167-9a9e-d2e0c1bab6fe None None] REQUEST_METHOD: `POST` {{(pid=42416) log_request_info /opt/stack/keystone/keystone/server/flask/request_processing/req_logging.py:27}}
Jul 28 00:04:49 user devstack@keystone.service[42416]: DEBUG keystone.server.flask.request_processing.req_logging [None req-c3aa7fc0-3ca5-4167-9a9e-d2e0c1bab6fe None None] SCRIPT_NAME: `/identity` {{(pid=42416) log_request_info /opt/stack/keystone/keystone/server/flask/request_processing/req_logging.py:28}}
Jul 28 00:04:49 user devstack@keystone.service[42416]: DEBUG keystone.server.flask.request_processing.req_logging [None req-c3aa7fc0-3ca5-4167-9a9e-d2e0c1bab6fe None None] PATH_INFO: `/v3/auth/tokens` {{(pid=42416) log_request_info /opt/stack/keystone/keystone/server/flask/request_processing/req_logging.py:29}}
Jul 28 00:04:49 user devstack@keystone.service[42416]: WARNING keystone.common.password_hashing [None req-c3aa7fc0-3ca5-4167-9a9e-d2e0c1bab6fe None None] Truncating password to algorithm specific maximum length 54 characters.
Jul 28 00:04:49 user devstack@keystone.service[42416]: DEBUG keystone.auth.core [None req-c3aa7fc0-3ca5-4167-9a9e-d2e0c1bab6fe None None] MFA Rules not processed for user `0d9cc73f3999479482167ec24a7e2dab`. Rule list: `[]` (Enabled: `True`). {{(pid=42416) check_auth_methods_against_rules /opt/stack/keystone/keystone/auth/core.py:438}}
Jul 28 00:04:49 user devstack@keystone.service[42416]: DEBUG keystone.common.fernet_utils [None req-c3aa7fc0-3ca5-4167-9a9e-d2e0c1bab6fe None None] Loaded 2 Fernet keys from /etc/keystone/fernet-keys/, but `[fernet_tokens] max_active_keys = 3`; perhaps there have not been enough key rotations to reach `max_active_keys` yet? {{(pid=42416) load_keys /opt/stack/keystone/keystone/common/fernet_utils.py:286}}
Jul 28 00:04:49 user devstack@keystone.service[42416]: [pid: 42416|app: 0|req: 103/298] 10.0.0.210 () {58 vars in 1017 bytes} [Fri Jul 28 00:04:49 2023] POST /identity/v3/auth/tokens => generated 798 bytes in 83 msecs (HTTP/1.1 201) 6 headers in 363 bytes (1 switches on core 0)
Jul 28 00:04:50 user devstack@keystone.service[42415]: DEBUG keystone.server.flask.request_processing.middleware.auth_context [None req-e0a23ec6-d039-490c-82d7-28319e36abc2 admin admin] Authenticating user token {{(pid=42415) process_request /usr/local/lib/python3.10/dist-packages/keystonemiddleware/auth_token/__init__.py:406}}
Jul 28 00:04:50 user devstack@keystone.service[42414]: DEBUG keystone.server.flask.request_processing.req_logging [None req-ece4a940-16a7-4b1a-ab0a-52e53288317f None None] REQUEST_METHOD: `GET` {{(pid=42414) log_request_info /opt/stack/keystone/keystone/server/flask/request_processing/req_logging.py:27}}
Jul 28 00:04:50 user devstack@keystone.service[42414]: DEBUG keystone.server.flask.request_processing.req_logging [None req-ece4a940-16a7-4b1a-ab0a-52e53288317f None None] SCRIPT_NAME: `/identity` {{(pid=42414) log_request_info /opt/stack/keystone/keystone/server/flask/request_processing/req_logging.py:28}}
Jul 28 00:04:50 user devstack@keystone.service[42414]: DEBUG keystone.server.flask.request_processing.req_logging [None req-ece4a940-16a7-4b1a-ab0a-52e53288317f None None] PATH_INFO: `/` {{(pid=42414) log_request_info /opt/stack/keystone/keystone/server/flask/request_processing/req_logging.py:29}}
Jul 28 00:04:50 user devstack@keystone.service[42414]: [pid: 42414|app: 0|req: 104/299] 10.0.0.210 () {54 vars in 920 bytes} [Fri Jul 28 00:04:50 2023] GET /identity => generated 269 bytes in 2 msecs (HTTP/1.1 300) 6 headers in 233 bytes (1 switches on core 0)
Jul 28 00:04:50 user devstack@keystone.service[42416]: DEBUG keystone.server.flask.request_processing.req_logging [None req-17091199-9e5e-46d5-97db-b6b68f37144d None None] REQUEST_METHOD: `POST` {{(pid=42416) log_request_info /opt/stack/keystone/keystone/server/flask/request_processing/req_logging.py:27}}
Jul 28 00:04:50 user devstack@keystone.service[42416]: DEBUG keystone.server.flask.request_processing.req_logging [None req-17091199-9e5e-46d5-97db-b6b68f37144d None None] SCRIPT_NAME: `/identity` {{(pid=42416) log_request_info /opt/stack/keystone/keystone/server/flask/request_processing/req_logging.py:28}}
Jul 28 00:04:50 user devstack@keystone.service[42416]: DEBUG keystone.server.flask.request_processing.req_logging [None req-17091199-9e5e-46d5-97db-b6b68f37144d None None] PATH_INFO: `/v3/auth/tokens` {{(pid=42416) log_request_info /opt/stack/keystone/keystone/server/flask/request_processing/req_logging.py:29}}
Jul 28 00:04:50 user devstack@keystone.service[42414]: DEBUG keystone.server.flask.request_processing.req_logging [None req-35ee0187-cd24-4f4d-b188-c45538db0c20 None None] REQUEST_METHOD: `GET` {{(pid=42414) log_request_info /opt/stack/keystone/keystone/server/flask/request_processing/req_logging.py:27}}
Jul 28 00:04:50 user devstack@keystone.service[42414]: DEBUG keystone.server.flask.request_processing.req_logging [None req-35ee0187-cd24-4f4d-b188-c45538db0c20 None None] SCRIPT_NAME: `/identity` {{(pid=42414) log_request_info /opt/stack/keystone/keystone/server/flask/request_processing/req_logging.py:28}}
Jul 28 00:04:50 user devstack@keystone.service[42414]: DEBUG keystone.server.flask.request_processing.req_logging [None req-35ee0187-cd24-4f4d-b188-c45538db0c20 None None] PATH_INFO: `/` {{(pid=42414) log_request_info /opt/stack/keystone/keystone/server/flask/request_processing/req_logging.py:29}}
Jul 28 00:04:50 user devstack@keystone.service[42414]: [pid: 42414|app: 0|req: 105/300] 10.0.0.210 () {54 vars in 920 bytes} [Fri Jul 28 00:04:50 2023] GET /identity => generated 269 bytes in 2 msecs (HTTP/1.1 300) 6 headers in 233 bytes (2 switches on core 0)
Jul 28 00:04:50 user devstack@keystone.service[42414]: DEBUG keystone.server.flask.request_processing.req_logging [None req-9260e1b2-4d27-4265-bfee-c1db90c82f04 None None] REQUEST_METHOD: `POST` {{(pid=42414) log_request_info /opt/stack/keystone/keystone/server/flask/request_processing/req_logging.py:27}}
Jul 28 00:04:50 user devstack@keystone.service[42414]: DEBUG keystone.server.flask.request_processing.req_logging [None req-9260e1b2-4d27-4265-bfee-c1db90c82f04 None None] SCRIPT_NAME: `/identity` {{(pid=42414) log_request_info /opt/stack/keystone/keystone/server/flask/request_processing/req_logging.py:28}}
Jul 28 00:04:50 user devstack@keystone.service[42414]: DEBUG keystone.server.flask.request_processing.req_logging [None req-9260e1b2-4d27-4265-bfee-c1db90c82f04 None None] PATH_INFO: `/v3/auth/tokens` {{(pid=42414) log_request_info /opt/stack/keystone/keystone/server/flask/request_processing/req_logging.py:29}}
Jul 28 00:04:50 user devstack@keystone.service[42416]: WARNING keystone.common.password_hashing [None req-17091199-9e5e-46d5-97db-b6b68f37144d None None] Truncating password to algorithm specific maximum length 54 characters.
Jul 28 00:04:50 user devstack@keystone.service[42416]: DEBUG keystone.auth.core [None req-17091199-9e5e-46d5-97db-b6b68f37144d None None] MFA Rules not processed for user `0d9cc73f3999479482167ec24a7e2dab`. Rule list: `[]` (Enabled: `True`). {{(pid=42416) check_auth_methods_against_rules /opt/stack/keystone/keystone/auth/core.py:438}}
Jul 28 00:04:50 user devstack@keystone.service[42416]: DEBUG keystone.common.fernet_utils [None req-17091199-9e5e-46d5-97db-b6b68f37144d None None] Loaded 2 Fernet keys from /etc/keystone/fernet-keys/, but `[fernet_tokens] max_active_keys = 3`; perhaps there have not been enough key rotations to reach `max_active_keys` yet? {{(pid=42416) load_keys /opt/stack/keystone/keystone/common/fernet_utils.py:286}}
Jul 28 00:04:50 user devstack@keystone.service[42414]: WARNING keystone.common.password_hashing [None req-9260e1b2-4d27-4265-bfee-c1db90c82f04 None None] Truncating password to algorithm specific maximum length 54 characters.
Jul 28 00:04:50 user devstack@keystone.service[42414]: DEBUG keystone.auth.core [None req-9260e1b2-4d27-4265-bfee-c1db90c82f04 None None] MFA Rules not processed for user `0d9cc73f3999479482167ec24a7e2dab`. Rule list: `[]` (Enabled: `True`). {{(pid=42414) check_auth_methods_against_rules /opt/stack/keystone/keystone/auth/core.py:438}}
Jul 28 00:04:50 user devstack@keystone.service[42414]: DEBUG keystone.common.fernet_utils [None req-9260e1b2-4d27-4265-bfee-c1db90c82f04 None None] Loaded 2 Fernet keys from /etc/keystone/fernet-keys/, but `[fernet_tokens] max_active_keys = 3`; perhaps there have not been enough key rotations to reach `max_active_keys` yet? {{(pid=42414) load_keys /opt/stack/keystone/keystone/common/fernet_utils.py:286}}
Jul 28 00:04:50 user devstack@keystone.service[42415]: DEBUG keystone.server.flask.request_processing.middleware.auth_context [None req-e0a23ec6-d039-490c-82d7-28319e36abc2 admin admin] Validating token access rules against request {{(pid=42415) validate_allowed_request /usr/local/lib/python3.10/dist-packages/keystonemiddleware/auth_token/__init__.py:544}}
Jul 28 00:04:50 user devstack@keystone.service[42414]: DEBUG dbcounter [-] [42414] Writing DB stats keystone:SELECT=97,keystone:INSERT=3 {{(pid=42414) stat_writer /usr/local/lib/python3.10/dist-packages/dbcounter.py:117}}
Jul 28 00:04:50 user devstack@keystone.service[42415]: DEBUG dbcounter [-] [42415] Writing DB stats keystone:SELECT=99,keystone:INSERT=1 {{(pid=42415) stat_writer /usr/local/lib/python3.10/dist-packages/dbcounter.py:117}}
Jul 28 00:04:50 user devstack@keystone.service[42416]: DEBUG dbcounter [-] [42416] Writing DB stats keystone:SELECT=100 {{(pid=42416) stat_writer /usr/local/lib/python3.10/dist-packages/dbcounter.py:117}}
Jul 28 00:04:50 user devstack@keystone.service[42416]: [pid: 42416|app: 0|req: 104/301] 10.0.0.210 () {58 vars in 1017 bytes} [Fri Jul 28 00:04:50 2023] POST /identity/v3/auth/tokens => generated 798 bytes in 78 msecs (HTTP/1.1 201) 6 headers in 363 bytes (1 switches on core 0)
Jul 28 00:04:50 user devstack@keystone.service[42414]: [pid: 42414|app: 0|req: 106/302] 10.0.0.210 () {58 vars in 1017 bytes} [Fri Jul 28 00:04:50 2023] POST /identity/v3/auth/tokens => generated 798 bytes in 76 msecs (HTTP/1.1 201) 6 headers in 363 bytes (1 switches on core 0)
Jul 28 00:04:50 user devstack@keystone.service[42415]: DEBUG keystone.server.flask.request_processing.middleware.auth_context [None req-f4a83ace-d3fc-41c6-a141-5691a5fc2b47 None admin] RBAC: auth_context: {'token': , 'domain_id': None, 'trust_id': None, 'trustor_id': None, 'trustee_id': None, 'domain_name': None, 'group_ids': [], 'user_id': '0d9cc73f3999479482167ec24a7e2dab', 'user_domain_id': 'default', 'system_scope': 'all', 'project_id': None, 'project_domain_id': None, 'roles': ['admin', 'member', 'reader'], 'is_admin_project': True, 'service_user_id': None, 'service_user_domain_id': None, 'service_project_id': None, 'service_project_domain_id': None, 'service_roles': []} {{(pid=42415) fill_context /opt/stack/keystone/keystone/server/flask/request_processing/middleware/auth_context.py:480}}
Jul 28 00:04:50 user devstack@keystone.service[42415]: DEBUG keystone.server.flask.request_processing.req_logging [None req-f4a83ace-d3fc-41c6-a141-5691a5fc2b47 None admin] REQUEST_METHOD: `GET` {{(pid=42415) log_request_info /opt/stack/keystone/keystone/server/flask/request_processing/req_logging.py:27}}
Jul 28 00:04:50 user devstack@keystone.service[42415]: DEBUG keystone.server.flask.request_processing.req_logging [None req-f4a83ace-d3fc-41c6-a141-5691a5fc2b47 None admin] SCRIPT_NAME: `/identity` {{(pid=42415) log_request_info /opt/stack/keystone/keystone/server/flask/request_processing/req_logging.py:28}}
Jul 28 00:04:50 user devstack@keystone.service[42415]: DEBUG keystone.server.flask.request_processing.req_logging [None req-f4a83ace-d3fc-41c6-a141-5691a5fc2b47 None admin] PATH_INFO: `/v3/roles/member` {{(pid=42415) log_request_info /opt/stack/keystone/keystone/server/flask/request_processing/req_logging.py:29}}
Jul 28 00:04:50 user devstack@keystone.service[42415]: DEBUG keystone.common.rbac_enforcer.enforcer [None req-f4a83ace-d3fc-41c6-a141-5691a5fc2b47 None admin] Extracting inferred target data resulted in "NOT FOUND (404)". {{(pid=42415) enforce_call /opt/stack/keystone/keystone/common/rbac_enforcer/enforcer.py:409}}
Jul 28 00:04:50 user devstack@keystone.service[42415]: ERROR keystone.server.flask.application [None req-f4a83ace-d3fc-41c6-a141-5691a5fc2b47 None admin] Could not find role: member.: keystone.exception.RoleNotFound: Could not find role: member.
Jul 28 00:04:50 user devstack@keystone.service[42415]: ERROR keystone.server.flask.application
Traceback (most recent call last):
Jul 28 00:04:50 user devstack@keystone.service[42415]: ERROR keystone.server.flask.application
File "/usr/local/lib/python3.10/dist-packages/flask/app.py", line 1823, in full_dispatch_request
Jul 28 00:04:50 user devstack@keystone.service[42415]: ERROR keystone.server.flask.application rv = self.dispatch_request()
Jul 28 00:04:50 user devstack@keystone.service[42415]: ERROR keystone.server.flask.application
File "/usr/local/lib/python3.10/dist-packages/flask/app.py", line 1799, in dispatch_request
Jul 28 00:04:50 user devstack@keystone.service[42415]: ERROR keystone.server.flask.application return self.ensure_sync(self.view_functions[rule.endpoint])(**view_args)
Jul 28 00:04:50 user devstack@keystone.service[42415]: ERROR keystone.server.flask.application
File "/usr/local/lib/python3.10/dist-packages/flask_restful/__init__.py", line 467, in wrapper
Jul 28 00:04:50 user devstack@keystone.service[42415]: ERROR keystone.server.flask.application resp = resource(*args, **kwargs)
Jul 28 00:04:50 user devstack@keystone.service[42415]: ERROR keystone.server.flask.application
File "/usr/local/lib/python3.10/dist-packages/flask/views.py", line 107, in view
Jul 28 00:04:50 user devstack@keystone.service[42415]: ERROR keystone.server.flask.application return current_app.ensure_sync(self.dispatch_request)(**kwargs)
Jul 28 00:04:50 user devstack@keystone.service[42415]: ERROR keystone.server.flask.application
File "/usr/local/lib/python3.10/dist-packages/flask_restful/__init__.py", line 582, in dispatch_request
Jul 28 00:04:50 user devstack@keystone.service[42415]: ERROR keystone.server.flask.application resp = meth(*args, **kwargs)
Jul 28 00:04:50 user devstack@keystone.service[42415]: ERROR keystone.server.flask.application
File "/opt/stack/keystone/keystone/api/roles.py", line 50, in get
Jul 28 00:04:50 user devstack@keystone.service[42415]: ERROR keystone.server.flask.application return self._get_role(role_id)
Jul 28 00:04:50 user devstack@keystone.service[42415]: ERROR keystone.server.flask.application
File "/opt/stack/keystone/keystone/api/roles.py", line 70, in _get_role
Jul 28 00:04:50 user devstack@keystone.service[42415]: ERROR keystone.server.flask.application ENFORCER.enforce_call(action='identity:get_role')
Jul 28 00:04:50 user devstack@keystone.service[42415]: ERROR keystone.server.flask.application
File "/opt/stack/keystone/keystone/common/rbac_enforcer/enforcer.py", line 402, in enforce_call
Jul 28 00:04:50 user devstack@keystone.service[42415]: ERROR keystone.server.flask.application policy_dict.update(cls._extract_member_target_data(
Jul 28 00:04:50 user devstack@keystone.service[42415]: ERROR keystone.server.flask.application
File "/opt/stack/keystone/keystone/common/rbac_enforcer/enforcer.py", line 234, in _extract_member_target_data
Jul 28 00:04:50 user devstack@keystone.service[42415]: ERROR keystone.server.flask.application member_name: func(flask.request.view_args[key])
Jul 28 00:04:50 user devstack@keystone.service[42415]: ERROR keystone.server.flask.application
File "/opt/stack/keystone/keystone/common/manager.py", line 115, in wrapped
Jul 28 00:04:50 user devstack@keystone.service[42415]: ERROR keystone.server.flask.application __ret_val = __f(*args, **kwargs)
Jul 28 00:04:50 user devstack@keystone.service[42415]: ERROR keystone.server.flask.application
File "/usr/local/lib/python3.10/dist-packages/decorator.py", line 232, in fun
Jul 28 00:04:50 user devstack@keystone.service[42415]: ERROR keystone.server.flask.application return caller(func, *(extras + args), **kw)
Jul 28 00:04:50 user devstack@keystone.service[42415]: ERROR keystone.server.flask.application
File "/usr/local/lib/python3.10/dist-packages/dogpile/cache/region.py", line 1577, in get_or_create_for_user_func
Jul 28 00:04:50 user devstack@keystone.service[42415]: ERROR keystone.server.flask.application return self.get_or_create(
Jul 28 00:04:50 user devstack@keystone.service[42415]: ERROR keystone.server.flask.application
File "/usr/local/lib/python3.10/dist-packages/dogpile/cache/region.py", line 1042, in get_or_create
Jul 28 00:04:50 user devstack@keystone.service[42415]: ERROR keystone.server.flask.application with Lock(
Jul 28 00:04:50 user devstack@keystone.service[42415]: ERROR keystone.server.flask.application
File "/usr/local/lib/python3.10/dist-packages/dogpile/lock.py", line 185, in __enter__
Jul 28 00:04:50 user devstack@keystone.service[42415]: ERROR keystone.server.flask.application return self._enter()
Jul 28 00:04:50 user devstack@keystone.service[42415]: ERROR keystone.server.flask.application
File "/usr/local/lib/python3.10/dist-packages/dogpile/lock.py", line 94, in _enter
Jul 28 00:04:50 user devstack@keystone.service[42415]: ERROR keystone.server.flask.application generated = self._enter_create(value, createdtime)
Jul 28 00:04:50 user devstack@keystone.service[42415]: ERROR keystone.server.flask.application
File "/usr/local/lib/python3.10/dist-packages/dogpile/lock.py", line 178, in _enter_create
Jul 28 00:04:50 user devstack@keystone.service[42415]: ERROR keystone.server.flask.application return self.creator()
Jul 28 00:04:50 user devstack@keystone.service[42415]: ERROR keystone.server.flask.application
File "/usr/local/lib/python3.10/dist-packages/dogpile/cache/region.py", line 995, in gen_value
Jul 28 00:04:50 user devstack@keystone.service[42415]: ERROR keystone.server.flask.application created_value = creator(
Jul 28 00:04:50 user devstack@keystone.service[42415]: ERROR keystone.server.flask.application
File "/opt/stack/keystone/keystone/assignment/core.py", line 1276, in get_role
Jul 28 00:04:50 user devstack@keystone.service[42415]: ERROR keystone.server.flask.application return self.driver.get_role(role_id)
Jul 28 00:04:50 user devstack@keystone.service[42415]: ERROR keystone.server.flask.application
File "/opt/stack/keystone/keystone/assignment/role_backends/sql.py", line 70, in get_role
Jul 28 00:04:50 user devstack@keystone.service[42415]: ERROR keystone.server.flask.application return self._get_role(session, role_id).to_dict()
Jul 28 00:04:50 user devstack@keystone.service[42415]: ERROR keystone.server.flask.application
File "/opt/stack/keystone/keystone/assignment/role_backends/sql.py", line 65, in _get_role
Jul 28 00:04:50 user devstack@keystone.service[42415]: ERROR keystone.server.flask.application raise exception.RoleNotFound(role_id=role_id)
Jul 28 00:04:50 user devstack@keystone.service[42415]: ERROR keystone.server.flask.application keystone.exception.RoleNotFound: Could not find role: member.
Jul 28 00:04:50 user devstack@keystone.service[42415]: ERROR keystone.server.flask.application
Jul 28 00:04:50 user devstack@keystone.service[42415]: [pid: 42415|app: 0|req: 93/303] 10.0.0.210 () {56 vars in 1094 bytes} [Fri Jul 28 00:04:50 2023] GET /identity/v3/roles/member => generated 84 bytes in 153 msecs (HTTP/1.1 404) 5 headers in 183 bytes (1 switches on core 0)
Jul 28 00:04:50 user devstack@keystone.service[42416]: DEBUG keystone.server.flask.request_processing.middleware.auth_context [None req-17091199-9e5e-46d5-97db-b6b68f37144d None None] Authenticating user token {{(pid=42416) process_request /usr/local/lib/python3.10/dist-packages/keystonemiddleware/auth_token/__init__.py:406}}
Jul 28 00:04:50 user devstack@keystone.service[42416]: DEBUG keystone.server.flask.request_processing.middleware.auth_context [None req-17091199-9e5e-46d5-97db-b6b68f37144d None None] Validating token access rules against request {{(pid=42416) validate_allowed_request /usr/local/lib/python3.10/dist-packages/keystonemiddleware/auth_token/__init__.py:544}}
Jul 28 00:04:50 user devstack@keystone.service[42416]: DEBUG keystone.server.flask.request_processing.middleware.auth_context [None req-ceaabf95-7e07-4492-a609-d2c6003c453d None admin] RBAC: auth_context: {'token': , 'domain_id': None, 'trust_id': None, 'trustor_id': None, 'trustee_id': None, 'domain_name': None, 'group_ids': [], 'user_id': '0d9cc73f3999479482167ec24a7e2dab', 'user_domain_id': 'default', 'system_scope': 'all', 'project_id': None, 'project_domain_id': None, 'roles': ['admin', 'member', 'reader'], 'is_admin_project': True, 'service_user_id': None, 'service_user_domain_id': None, 'service_project_id': None, 'service_project_domain_id': None, 'service_roles': []} {{(pid=42416) fill_context /opt/stack/keystone/keystone/server/flask/request_processing/middleware/auth_context.py:480}}
Jul 28 00:04:50 user devstack@keystone.service[42416]: DEBUG keystone.server.flask.request_processing.req_logging [None req-ceaabf95-7e07-4492-a609-d2c6003c453d None admin] REQUEST_METHOD: `GET` {{(pid=42416) log_request_info /opt/stack/keystone/keystone/server/flask/request_processing/req_logging.py:27}}
Jul 28 00:04:50 user devstack@keystone.service[42416]: DEBUG keystone.server.flask.request_processing.req_logging [None req-ceaabf95-7e07-4492-a609-d2c6003c453d None admin] SCRIPT_NAME: `/identity` {{(pid=42416) log_request_info /opt/stack/keystone/keystone/server/flask/request_processing/req_logging.py:28}}
Jul 28 00:04:50 user devstack@keystone.service[42416]: DEBUG keystone.server.flask.request_processing.req_logging [None req-ceaabf95-7e07-4492-a609-d2c6003c453d None admin] PATH_INFO: `/v3/roles` {{(pid=42416) log_request_info /opt/stack/keystone/keystone/server/flask/request_processing/req_logging.py:29}}
Jul 28 00:04:50 user devstack@keystone.service[42416]: DEBUG keystone.common.rbac_enforcer.enforcer [None req-ceaabf95-7e07-4492-a609-d2c6003c453d None admin] RBAC: Adding query filter params (name=member) {{(pid=42416) _extract_filter_values /opt/stack/keystone/keystone/common/rbac_enforcer/enforcer.py:167}}
Jul 28 00:04:50 user devstack@keystone.service[42416]: DEBUG keystone.common.rbac_enforcer.enforcer [None req-ceaabf95-7e07-4492-a609-d2c6003c453d None admin] RBAC: Authorizing `identity:list_roles()` {{(pid=42416) enforce_call /opt/stack/keystone/keystone/common/rbac_enforcer/enforcer.py:449}}
Jul 28 00:04:50 user devstack@keystone.service[42416]: DEBUG keystone.common.rbac_enforcer.enforcer [None req-ceaabf95-7e07-4492-a609-d2c6003c453d None admin] RBAC: Authorization granted {{(pid=42416) enforce_call /opt/stack/keystone/keystone/common/rbac_enforcer/enforcer.py:457}}
Jul 28 00:04:50 user devstack@keystone.service[42416]: [pid: 42416|app: 0|req: 105/304] 10.0.0.210 () {56 vars in 1096 bytes} [Fri Jul 28 00:04:50 2023] GET /identity/v3/roles?name=member => generated 339 bytes in 135 msecs (HTTP/1.1 200) 5 headers in 177 bytes (1 switches on core 0)
Jul 28 00:04:50 user devstack@keystone.service[42414]: DEBUG keystone.server.flask.request_processing.middleware.auth_context [None req-9260e1b2-4d27-4265-bfee-c1db90c82f04 None None] Authenticating user token {{(pid=42414) process_request /usr/local/lib/python3.10/dist-packages/keystonemiddleware/auth_token/__init__.py:406}}
Jul 28 00:04:50 user devstack@keystone.service[42415]: DEBUG keystone.server.flask.request_processing.middleware.auth_context [None req-f4a83ace-d3fc-41c6-a141-5691a5fc2b47 None admin] Authenticating user token {{(pid=42415) process_request /usr/local/lib/python3.10/dist-packages/keystonemiddleware/auth_token/__init__.py:406}}
Jul 28 00:04:50 user devstack@keystone.service[42416]: DEBUG keystone.server.flask.request_processing.middleware.auth_context [None req-ceaabf95-7e07-4492-a609-d2c6003c453d None admin] Authenticating user token {{(pid=42416) process_request /usr/local/lib/python3.10/dist-packages/keystonemiddleware/auth_token/__init__.py:406}}
Jul 28 00:04:50 user devstack@keystone.service[42416]: DEBUG dbcounter [-] [42416] Writing DB stats keystone:SELECT=100 {{(pid=42416) stat_writer /usr/local/lib/python3.10/dist-packages/dbcounter.py:117}}
Jul 28 00:04:50 user devstack@keystone.service[42414]: DEBUG keystone.server.flask.request_processing.middleware.auth_context [None req-9260e1b2-4d27-4265-bfee-c1db90c82f04 None None] Validating token access rules against request {{(pid=42414) validate_allowed_request /usr/local/lib/python3.10/dist-packages/keystonemiddleware/auth_token/__init__.py:544}}
Jul 28 00:04:50 user devstack@keystone.service[42414]: DEBUG keystone.server.flask.request_processing.middleware.auth_context [None req-a3934ba8-d50e-42b2-8142-22fcde3897ad None admin] RBAC: auth_context: {'token': , 'domain_id': None, 'trust_id': None, 'trustor_id': None, 'trustee_id': None, 'domain_name': None, 'group_ids': [], 'user_id': '0d9cc73f3999479482167ec24a7e2dab', 'user_domain_id': 'default', 'system_scope': 'all', 'project_id': None, 'project_domain_id': None, 'roles': ['admin', 'member', 'reader'], 'is_admin_project': True, 'service_user_id': None, 'service_user_domain_id': None, 'service_project_id': None, 'service_project_domain_id': None, 'service_roles': []} {{(pid=42414) fill_context /opt/stack/keystone/keystone/server/flask/request_processing/middleware/auth_context.py:480}}
Jul 28 00:04:50 user devstack@keystone.service[42414]: DEBUG keystone.server.flask.request_processing.req_logging [None req-a3934ba8-d50e-42b2-8142-22fcde3897ad None admin] REQUEST_METHOD: `GET` {{(pid=42414) log_request_info /opt/stack/keystone/keystone/server/flask/request_processing/req_logging.py:27}}
Jul 28 00:04:50 user devstack@keystone.service[42414]: DEBUG keystone.server.flask.request_processing.req_logging [None req-a3934ba8-d50e-42b2-8142-22fcde3897ad None admin] SCRIPT_NAME: `/identity` {{(pid=42414) log_request_info /opt/stack/keystone/keystone/server/flask/request_processing/req_logging.py:28}}
Jul 28 00:04:50 user devstack@keystone.service[42414]: DEBUG keystone.server.flask.request_processing.req_logging [None req-a3934ba8-d50e-42b2-8142-22fcde3897ad None admin] PATH_INFO: `/v3/auth/tokens` {{(pid=42414) log_request_info /opt/stack/keystone/keystone/server/flask/request_processing/req_logging.py:29}}
Jul 28 00:04:50 user devstack@keystone.service[42416]: DEBUG keystone.server.flask.request_processing.middleware.auth_context [None req-ceaabf95-7e07-4492-a609-d2c6003c453d None admin] Validating token access rules against request {{(pid=42416) validate_allowed_request /usr/local/lib/python3.10/dist-packages/keystonemiddleware/auth_token/__init__.py:544}}
Jul 28 00:04:50 user devstack@keystone.service[42415]: DEBUG keystone.server.flask.request_processing.middleware.auth_context [None req-f4a83ace-d3fc-41c6-a141-5691a5fc2b47 None admin] Validating token access rules against request {{(pid=42415) validate_allowed_request /usr/local/lib/python3.10/dist-packages/keystonemiddleware/auth_token/__init__.py:544}}
