Aug 14 16:26:11 user devstack@keystone.service[44437]: DEBUG keystone.server.flask.request_processing.req_logging [None req-3a67ee3e-644e-467d-a80f-842048c8f825 None admin] PATH_INFO: `/v3/roles/member` {{(pid=44437) log_request_info /opt/stack/keystone/keystone/server/flask/request_processing/req_logging.py:29}}
Aug 14 16:26:11 user devstack@keystone.service[44438]: DEBUG keystone.server.flask.request_processing.middleware.auth_context [None req-0f5371d4-0aef-44f3-9898-c15b944da45a None None] Validating token access rules against request {{(pid=44438) validate_allowed_request /opt/stack/data/venv/lib/python3.10/site-packages/keystonemiddleware/auth_token/__init__.py:544}}
Aug 14 16:26:11 user devstack@keystone.service[44437]: DEBUG keystone.common.rbac_enforcer.enforcer [None req-3a67ee3e-644e-467d-a80f-842048c8f825 None admin] Extracting inferred target data resulted in "NOT FOUND (404)". {{(pid=44437) enforce_call /opt/stack/keystone/keystone/common/rbac_enforcer/enforcer.py:409}}
Aug 14 16:26:11 user devstack@keystone.service[44437]: ERROR keystone.server.flask.application [None req-3a67ee3e-644e-467d-a80f-842048c8f825 None admin] Could not find role: member.: keystone.exception.RoleNotFound: Could not find role: member.
Aug 14 16:26:11 user devstack@keystone.service[44437]: ERROR keystone.server.flask.application
Traceback (most recent call last):
Aug 14 16:26:11 user devstack@keystone.service[44437]: ERROR keystone.server.flask.application
File "/opt/stack/data/venv/lib/python3.10/site-packages/flask/app.py", line 1823, in full_dispatch_request
Aug 14 16:26:11 user devstack@keystone.service[44437]: ERROR keystone.server.flask.application rv = self.dispatch_request()
Aug 14 16:26:11 user devstack@keystone.service[44437]: ERROR keystone.server.flask.application
File "/opt/stack/data/venv/lib/python3.10/site-packages/flask/app.py", line 1799, in dispatch_request
Aug 14 16:26:11 user devstack@keystone.service[44437]: ERROR keystone.server.flask.application return self.ensure_sync(self.view_functions[rule.endpoint])(**view_args)
Aug 14 16:26:11 user devstack@keystone.service[44437]: ERROR keystone.server.flask.application
File "/opt/stack/data/venv/lib/python3.10/site-packages/flask_restful/__init__.py", line 467, in wrapper
Aug 14 16:26:11 user devstack@keystone.service[44437]: ERROR keystone.server.flask.application resp = resource(*args, **kwargs)
Aug 14 16:26:11 user devstack@keystone.service[44437]: ERROR keystone.server.flask.application
File "/opt/stack/data/venv/lib/python3.10/site-packages/flask/views.py", line 107, in view
Aug 14 16:26:11 user devstack@keystone.service[44437]: ERROR keystone.server.flask.application return current_app.ensure_sync(self.dispatch_request)(**kwargs)
Aug 14 16:26:11 user devstack@keystone.service[44437]: ERROR keystone.server.flask.application
File "/opt/stack/data/venv/lib/python3.10/site-packages/flask_restful/__init__.py", line 582, in dispatch_request
Aug 14 16:26:11 user devstack@keystone.service[44437]: ERROR keystone.server.flask.application resp = meth(*args, **kwargs)
Aug 14 16:26:11 user devstack@keystone.service[44437]: ERROR keystone.server.flask.application
File "/opt/stack/keystone/keystone/api/roles.py", line 50, in get
Aug 14 16:26:11 user devstack@keystone.service[44437]: ERROR keystone.server.flask.application return self._get_role(role_id)
Aug 14 16:26:11 user devstack@keystone.service[44437]: ERROR keystone.server.flask.application
File "/opt/stack/keystone/keystone/api/roles.py", line 70, in _get_role
Aug 14 16:26:11 user devstack@keystone.service[44437]: ERROR keystone.server.flask.application ENFORCER.enforce_call(action='identity:get_role')
Aug 14 16:26:11 user devstack@keystone.service[44437]: ERROR keystone.server.flask.application
File "/opt/stack/keystone/keystone/common/rbac_enforcer/enforcer.py", line 402, in enforce_call
Aug 14 16:26:11 user devstack@keystone.service[44437]: ERROR keystone.server.flask.application policy_dict.update(cls._extract_member_target_data(
Aug 14 16:26:11 user devstack@keystone.service[44437]: ERROR keystone.server.flask.application
File "/opt/stack/keystone/keystone/common/rbac_enforcer/enforcer.py", line 234, in _extract_member_target_data
Aug 14 16:26:11 user devstack@keystone.service[44437]: ERROR keystone.server.flask.application member_name: func(flask.request.view_args[key])
Aug 14 16:26:11 user devstack@keystone.service[44437]: ERROR keystone.server.flask.application
File "/opt/stack/keystone/keystone/common/manager.py", line 115, in wrapped
Aug 14 16:26:11 user devstack@keystone.service[44437]: ERROR keystone.server.flask.application __ret_val = __f(*args, **kwargs)
Aug 14 16:26:11 user devstack@keystone.service[44437]: ERROR keystone.server.flask.application
File "/opt/stack/data/venv/lib/python3.10/site-packages/decorator.py", line 232, in fun
Aug 14 16:26:11 user devstack@keystone.service[44437]: ERROR keystone.server.flask.application return caller(func, *(extras + args), **kw)
Aug 14 16:26:11 user devstack@keystone.service[44437]: ERROR keystone.server.flask.application
File "/opt/stack/data/venv/lib/python3.10/site-packages/dogpile/cache/region.py", line 1577, in get_or_create_for_user_func
Aug 14 16:26:11 user devstack@keystone.service[44437]: ERROR keystone.server.flask.application return self.get_or_create(
Aug 14 16:26:11 user devstack@keystone.service[44437]: ERROR keystone.server.flask.application
File "/opt/stack/data/venv/lib/python3.10/site-packages/dogpile/cache/region.py", line 1042, in get_or_create
Aug 14 16:26:11 user devstack@keystone.service[44437]: ERROR keystone.server.flask.application with Lock(
Aug 14 16:26:11 user devstack@keystone.service[44437]: ERROR keystone.server.flask.application
File "/opt/stack/data/venv/lib/python3.10/site-packages/dogpile/lock.py", line 185, in __enter__
Aug 14 16:26:11 user devstack@keystone.service[44437]: ERROR keystone.server.flask.application return self._enter()
Aug 14 16:26:11 user devstack@keystone.service[44437]: ERROR keystone.server.flask.application
File "/opt/stack/data/venv/lib/python3.10/site-packages/dogpile/lock.py", line 94, in _enter
Aug 14 16:26:11 user devstack@keystone.service[44437]: ERROR keystone.server.flask.application generated = self._enter_create(value, createdtime)
Aug 14 16:26:11 user devstack@keystone.service[44437]: ERROR keystone.server.flask.application
File "/opt/stack/data/venv/lib/python3.10/site-packages/dogpile/lock.py", line 178, in _enter_create
Aug 14 16:26:11 user devstack@keystone.service[44437]: ERROR keystone.server.flask.application return self.creator()
Aug 14 16:26:11 user devstack@keystone.service[44437]: ERROR keystone.server.flask.application
File "/opt/stack/data/venv/lib/python3.10/site-packages/dogpile/cache/region.py", line 995, in gen_value
Aug 14 16:26:11 user devstack@keystone.service[44437]: ERROR keystone.server.flask.application created_value = creator(
Aug 14 16:26:11 user devstack@keystone.service[44437]: ERROR keystone.server.flask.application
File "/opt/stack/keystone/keystone/assignment/core.py", line 1276, in get_role
Aug 14 16:26:11 user devstack@keystone.service[44437]: ERROR keystone.server.flask.application return self.driver.get_role(role_id)
Aug 14 16:26:11 user devstack@keystone.service[44437]: ERROR keystone.server.flask.application
File "/opt/stack/keystone/keystone/assignment/role_backends/sql.py", line 70, in get_role
Aug 14 16:26:11 user devstack@keystone.service[44437]: ERROR keystone.server.flask.application return self._get_role(session, role_id).to_dict()
Aug 14 16:26:11 user devstack@keystone.service[44437]: ERROR keystone.server.flask.application
File "/opt/stack/keystone/keystone/assignment/role_backends/sql.py", line 65, in _get_role
Aug 14 16:26:11 user devstack@keystone.service[44437]: ERROR keystone.server.flask.application raise exception.RoleNotFound(role_id=role_id)
Aug 14 16:26:11 user devstack@keystone.service[44437]: ERROR keystone.server.flask.application keystone.exception.RoleNotFound: Could not find role: member.
Aug 14 16:26:11 user devstack@keystone.service[44437]: ERROR keystone.server.flask.application
Aug 14 16:26:11 user devstack@keystone.service[44437]: [pid: 44437|app: 0|req: 67/196] 10.0.0.210 () {56 vars in 1094 bytes} [Mon Aug 14 16:26:11 2023] GET /identity/v3/roles/member => generated 84 bytes in 149 msecs (HTTP/1.1 404) 5 headers in 183 bytes (1 switches on core 0)
Aug 14 16:26:11 user devstack@keystone.service[44437]: DEBUG keystone.server.flask.request_processing.middleware.auth_context [None req-3a67ee3e-644e-467d-a80f-842048c8f825 None admin] Authenticating user token {{(pid=44437) process_request /opt/stack/data/venv/lib/python3.10/site-packages/keystonemiddleware/auth_token/__init__.py:406}}
Aug 14 16:26:11 user devstack@keystone.service[44438]: DEBUG keystone.server.flask.request_processing.middleware.auth_context [None req-41879297-f76c-490a-b752-1d671e6709cc None admin] RBAC: auth_context: {'token': , 'domain_id': None, 'trust_id': None, 'trustor_id': None, 'trustee_id': None, 'domain_name': None, 'group_ids': [], 'user_id': '005d0ef9a0d24cbda9d5d7d8d760ed2f', 'user_domain_id': 'default', 'system_scope': 'all', 'project_id': None, 'project_domain_id': None, 'roles': ['admin', 'member', 'reader'], 'is_admin_project': True, 'service_user_id': None, 'service_user_domain_id': None, 'service_project_id': None, 'service_project_domain_id': None, 'service_roles': []} {{(pid=44438) fill_context /opt/stack/keystone/keystone/server/flask/request_processing/middleware/auth_context.py:480}}
Aug 14 16:26:11 user devstack@keystone.service[44438]: DEBUG keystone.server.flask.request_processing.req_logging [None req-41879297-f76c-490a-b752-1d671e6709cc None admin] REQUEST_METHOD: `GET` {{(pid=44438) log_request_info /opt/stack/keystone/keystone/server/flask/request_processing/req_logging.py:27}}
Aug 14 16:26:11 user devstack@keystone.service[44438]: DEBUG keystone.server.flask.request_processing.req_logging [None req-41879297-f76c-490a-b752-1d671e6709cc None admin] SCRIPT_NAME: `/identity` {{(pid=44438) log_request_info /opt/stack/keystone/keystone/server/flask/request_processing/req_logging.py:28}}
Aug 14 16:26:11 user devstack@keystone.service[44438]: DEBUG keystone.server.flask.request_processing.req_logging [None req-41879297-f76c-490a-b752-1d671e6709cc None admin] PATH_INFO: `/v3/domains/default` {{(pid=44438) log_request_info /opt/stack/keystone/keystone/server/flask/request_processing/req_logging.py:29}}
Aug 14 16:26:11 user devstack@keystone.service[44438]: DEBUG keystone.common.rbac_enforcer.enforcer [None req-41879297-f76c-490a-b752-1d671e6709cc None admin] RBAC: Authorizing `identity:get_domain(domain_id=default)` {{(pid=44438) enforce_call /opt/stack/keystone/keystone/common/rbac_enforcer/enforcer.py:449}}
Aug 14 16:26:11 user devstack@keystone.service[44438]: DEBUG keystone.common.rbac_enforcer.enforcer [None req-41879297-f76c-490a-b752-1d671e6709cc None admin] RBAC: Authorization granted {{(pid=44438) enforce_call /opt/stack/keystone/keystone/common/rbac_enforcer/enforcer.py:457}}
Aug 14 16:26:11 user devstack@keystone.service[44438]: [pid: 44438|app: 0|req: 66/197] 10.0.0.210 () {56 vars in 1103 bytes} [Mon Aug 14 16:26:11 2023] GET /identity/v3/domains/default => generated 198 bytes in 123 msecs (HTTP/1.1 200) 5 headers in 177 bytes (1 switches on core 0)
Aug 14 16:26:12 user devstack@keystone.service[44438]: DEBUG keystone.server.flask.request_processing.middleware.auth_context [None req-41879297-f76c-490a-b752-1d671e6709cc None admin] Authenticating user token {{(pid=44438) process_request /opt/stack/data/venv/lib/python3.10/site-packages/keystonemiddleware/auth_token/__init__.py:406}}
Aug 14 16:26:12 user devstack@keystone.service[44436]: DEBUG keystone.server.flask.request_processing.middleware.auth_context [None req-03500841-fe92-4015-8683-5d04c79e4dbc None admin] Validating token access rules against request {{(pid=44436) validate_allowed_request /opt/stack/data/venv/lib/python3.10/site-packages/keystonemiddleware/auth_token/__init__.py:544}}
Aug 14 16:26:12 user devstack@keystone.service[44437]: DEBUG keystone.server.flask.request_processing.middleware.auth_context [None req-3a67ee3e-644e-467d-a80f-842048c8f825 None admin] Validating token access rules against request {{(pid=44437) validate_allowed_request /opt/stack/data/venv/lib/python3.10/site-packages/keystonemiddleware/auth_token/__init__.py:544}}
Aug 14 16:26:12 user devstack@keystone.service[44436]: DEBUG keystone.server.flask.request_processing.middleware.auth_context [None req-dd575d47-d0fa-4bcc-a114-5fa22cca59fe None admin] RBAC: auth_context: {'token': , 'domain_id': None, 'trust_id': None, 'trustor_id': None, 'trustee_id': None, 'domain_name': None, 'group_ids': [], 'user_id': '005d0ef9a0d24cbda9d5d7d8d760ed2f', 'user_domain_id': 'default', 'system_scope': 'all', 'project_id': None, 'project_domain_id': None, 'roles': ['admin', 'member', 'reader'], 'is_admin_project': True, 'service_user_id': None, 'service_user_domain_id': None, 'service_project_id': None, 'service_project_domain_id': None, 'service_roles': []} {{(pid=44436) fill_context /opt/stack/keystone/keystone/server/flask/request_processing/middleware/auth_context.py:480}}
Aug 14 16:26:12 user devstack@keystone.service[44436]: DEBUG keystone.server.flask.request_processing.req_logging [None req-dd575d47-d0fa-4bcc-a114-5fa22cca59fe None admin] REQUEST_METHOD: `GET` {{(pid=44436) log_request_info /opt/stack/keystone/keystone/server/flask/request_processing/req_logging.py:27}}
Aug 14 16:26:12 user devstack@keystone.service[44436]: DEBUG keystone.server.flask.request_processing.req_logging [None req-dd575d47-d0fa-4bcc-a114-5fa22cca59fe None admin] SCRIPT_NAME: `/identity` {{(pid=44436) log_request_info /opt/stack/keystone/keystone/server/flask/request_processing/req_logging.py:28}}
Aug 14 16:26:12 user devstack@keystone.service[44436]: DEBUG keystone.server.flask.request_processing.req_logging [None req-dd575d47-d0fa-4bcc-a114-5fa22cca59fe None admin] PATH_INFO: `/v3/roles` {{(pid=44436) log_request_info /opt/stack/keystone/keystone/server/flask/request_processing/req_logging.py:29}}
Aug 14 16:26:12 user devstack@keystone.service[44436]: DEBUG keystone.common.rbac_enforcer.enforcer [None req-dd575d47-d0fa-4bcc-a114-5fa22cca59fe None admin] RBAC: Adding query filter params (name=reader) {{(pid=44436) _extract_filter_values /opt/stack/keystone/keystone/common/rbac_enforcer/enforcer.py:167}}
Aug 14 16:26:12 user devstack@keystone.service[44436]: DEBUG keystone.common.rbac_enforcer.enforcer [None req-dd575d47-d0fa-4bcc-a114-5fa22cca59fe None admin] RBAC: Authorizing `identity:list_roles()` {{(pid=44436) enforce_call /opt/stack/keystone/keystone/common/rbac_enforcer/enforcer.py:449}}
Aug 14 16:26:12 user devstack@keystone.service[44436]: DEBUG keystone.common.rbac_enforcer.enforcer [None req-dd575d47-d0fa-4bcc-a114-5fa22cca59fe None admin] RBAC: Authorization granted {{(pid=44436) enforce_call /opt/stack/keystone/keystone/common/rbac_enforcer/enforcer.py:457}}
Aug 14 16:26:12 user devstack@keystone.service[44436]: [pid: 44436|app: 0|req: 65/198] 10.0.0.210 () {56 vars in 1096 bytes} [Mon Aug 14 16:26:11 2023] GET /identity/v3/roles?name=reader => generated 339 bytes in 145 msecs (HTTP/1.1 200) 5 headers in 177 bytes (2 switches on core 0)
Aug 14 16:26:12 user devstack@keystone.service[44436]: DEBUG keystone.server.flask.request_processing.middleware.auth_context [None req-dd575d47-d0fa-4bcc-a114-5fa22cca59fe None admin] Authenticating user token {{(pid=44436) process_request /opt/stack/data/venv/lib/python3.10/site-packages/keystonemiddleware/auth_token/__init__.py:406}}
Aug 14 16:26:12 user devstack@keystone.service[44438]: DEBUG keystone.server.flask.request_processing.middleware.auth_context [None req-41879297-f76c-490a-b752-1d671e6709cc None admin] Validating token access rules against request {{(pid=44438) validate_allowed_request /opt/stack/data/venv/lib/python3.10/site-packages/keystonemiddleware/auth_token/__init__.py:544}}
Aug 14 16:26:12 user devstack@keystone.service[44437]: DEBUG keystone.server.flask.request_processing.middleware.auth_context [None req-7bab06f2-dcf6-4a98-a632-82fa2560f554 None admin] RBAC: auth_context: {'token': , 'domain_id': None, 'trust_id': None, 'trustor_id': None, 'trustee_id': None, 'domain_name': None, 'group_ids': [], 'user_id': '005d0ef9a0d24cbda9d5d7d8d760ed2f', 'user_domain_id': 'default', 'system_scope': 'all', 'project_id': None, 'project_domain_id': None, 'roles': ['admin', 'member', 'reader'], 'is_admin_project': True, 'service_user_id': None, 'service_user_domain_id': None, 'service_project_id': None, 'service_project_domain_id': None, 'service_roles': []} {{(pid=44437) fill_context /opt/stack/keystone/keystone/server/flask/request_processing/middleware/auth_context.py:480}}
Aug 14 16:26:12 user devstack@keystone.service[44437]: DEBUG keystone.server.flask.request_processing.req_logging [None req-7bab06f2-dcf6-4a98-a632-82fa2560f554 None admin] REQUEST_METHOD: `GET` {{(pid=44437) log_request_info /opt/stack/keystone/keystone/server/flask/request_processing/req_logging.py:27}}
Aug 14 16:26:12 user devstack@keystone.service[44437]: DEBUG keystone.server.flask.request_processing.req_logging [None req-7bab06f2-dcf6-4a98-a632-82fa2560f554 None admin] SCRIPT_NAME: `/identity` {{(pid=44437) log_request_info /opt/stack/keystone/keystone/server/flask/request_processing/req_logging.py:28}}
Aug 14 16:26:12 user devstack@keystone.service[44437]: DEBUG keystone.server.flask.request_processing.req_logging [None req-7bab06f2-dcf6-4a98-a632-82fa2560f554 None admin] PATH_INFO: `/v3/roles` {{(pid=44437) log_request_info /opt/stack/keystone/keystone/server/flask/request_processing/req_logging.py:29}}
Aug 14 16:26:12 user devstack@keystone.service[44437]: DEBUG keystone.common.rbac_enforcer.enforcer [None req-7bab06f2-dcf6-4a98-a632-82fa2560f554 None admin] RBAC: Adding query filter params (name=member) {{(pid=44437) _extract_filter_values /opt/stack/keystone/keystone/common/rbac_enforcer/enforcer.py:167}}
Aug 14 16:26:12 user devstack@keystone.service[44437]: DEBUG keystone.common.rbac_enforcer.enforcer [None req-7bab06f2-dcf6-4a98-a632-82fa2560f554 None admin] RBAC: Authorizing `identity:list_roles()` {{(pid=44437) enforce_call /opt/stack/keystone/keystone/common/rbac_enforcer/enforcer.py:449}}
Aug 14 16:26:12 user devstack@keystone.service[44437]: DEBUG keystone.common.rbac_enforcer.enforcer [None req-7bab06f2-dcf6-4a98-a632-82fa2560f554 None admin] RBAC: Authorization granted {{(pid=44437) enforce_call /opt/stack/keystone/keystone/common/rbac_enforcer/enforcer.py:457}}
Aug 14 16:26:12 user devstack@keystone.service[44437]: [pid: 44437|app: 0|req: 68/199] 10.0.0.210 () {56 vars in 1096 bytes} [Mon Aug 14 16:26:11 2023] GET /identity/v3/roles?name=member => generated 339 bytes in 128 msecs (HTTP/1.1 200) 5 headers in 177 bytes (1 switches on core 0)
Aug 14 16:26:12 user devstack@keystone.service[44437]: DEBUG keystone.server.flask.request_processing.middleware.auth_context [None req-7bab06f2-dcf6-4a98-a632-82fa2560f554 None admin] Authenticating user token {{(pid=44437) process_request /opt/stack/data/venv/lib/python3.10/site-packages/keystonemiddleware/auth_token/__init__.py:406}}
Aug 14 16:26:12 user devstack@keystone.service[44438]: DEBUG keystone.server.flask.request_processing.middleware.auth_context [None req-0f5e5a53-3654-4ff9-a44f-44e25be83aa4 None admin] RBAC: auth_context: {'token': , 'domain_id': None, 'trust_id': None, 'trustor_id': None, 'trustee_id': None, 'domain_name': None, 'group_ids': [], 'user_id': '005d0ef9a0d24cbda9d5d7d8d760ed2f', 'user_domain_id': 'default', 'system_scope': 'all', 'project_id': None, 'project_domain_id': None, 'roles': ['admin', 'member', 'reader'], 'is_admin_project': True, 'service_user_id': None, 'service_user_domain_id': None, 'service_project_id': None, 'service_project_domain_id': None, 'service_roles': []} {{(pid=44438) fill_context /opt/stack/keystone/keystone/server/flask/request_processing/middleware/auth_context.py:480}}
Aug 14 16:26:12 user devstack@keystone.service[44438]: DEBUG keystone.server.flask.request_processing.req_logging [None req-0f5e5a53-3654-4ff9-a44f-44e25be83aa4 None admin] REQUEST_METHOD: `POST` {{(pid=44438) log_request_info /opt/stack/keystone/keystone/server/flask/request_processing/req_logging.py:27}}
Aug 14 16:26:12 user devstack@keystone.service[44438]: DEBUG keystone.server.flask.request_processing.req_logging [None req-0f5e5a53-3654-4ff9-a44f-44e25be83aa4 None admin] SCRIPT_NAME: `/identity` {{(pid=44438) log_request_info /opt/stack/keystone/keystone/server/flask/request_processing/req_logging.py:28}}
Aug 14 16:26:12 user devstack@keystone.service[44438]: DEBUG keystone.server.flask.request_processing.req_logging [None req-0f5e5a53-3654-4ff9-a44f-44e25be83aa4 None admin] PATH_INFO: `/v3/users` {{(pid=44438) log_request_info /opt/stack/keystone/keystone/server/flask/request_processing/req_logging.py:29}}
Aug 14 16:26:12 user devstack@keystone.service[44438]: DEBUG keystone.common.rbac_enforcer.enforcer [None req-0f5e5a53-3654-4ff9-a44f-44e25be83aa4 None admin] RBAC: Authorizing `identity:create_user()` {{(pid=44438) enforce_call /opt/stack/keystone/keystone/common/rbac_enforcer/enforcer.py:449}}
Aug 14 16:26:12 user devstack@keystone.service[44438]: DEBUG keystone.common.rbac_enforcer.enforcer [None req-0f5e5a53-3654-4ff9-a44f-44e25be83aa4 None admin] RBAC: Authorization granted {{(pid=44438) enforce_call /opt/stack/keystone/keystone/common/rbac_enforcer/enforcer.py:457}}
Aug 14 16:26:12 user devstack@keystone.service[44438]: WARNING keystone.common.password_hashing [None req-0f5e5a53-3654-4ff9-a44f-44e25be83aa4 None admin] Truncating password to algorithm specific maximum length 72 characters.
Aug 14 16:26:12 user devstack@keystone.service[44438]: [pid: 44438|app: 0|req: 67/200] 10.0.0.210 () {60 vars in 1127 bytes} [Mon Aug 14 16:26:12 2023] POST /identity/v3/users => generated 292 bytes in 136 msecs (HTTP/1.1 201) 5 headers in 182 bytes (2 switches on core 0)
Aug 14 16:26:12 user devstack@keystone.service[44436]: DEBUG keystone.server.flask.request_processing.middleware.auth_context [None req-dd575d47-d0fa-4bcc-a114-5fa22cca59fe None admin] Validating token access rules against request {{(pid=44436) validate_allowed_request /opt/stack/data/venv/lib/python3.10/site-packages/keystonemiddleware/auth_token/__init__.py:544}}
Aug 14 16:26:12 user devstack@keystone.service[44437]: DEBUG keystone.server.flask.request_processing.middleware.auth_context [None req-7bab06f2-dcf6-4a98-a632-82fa2560f554 None admin] Validating token access rules against request {{(pid=44437) validate_allowed_request /opt/stack/data/venv/lib/python3.10/site-packages/keystonemiddleware/auth_token/__init__.py:544}}
Aug 14 16:26:12 user devstack@keystone.service[44436]: DEBUG keystone.server.flask.request_processing.middleware.auth_context [None req-9cc3bdc0-592c-4fa4-a1e9-eca966222649 None admin] RBAC: auth_context: {'token': , 'domain_id': None, 'trust_id': None, 'trustor_id': None, 'trustee_id': None, 'domain_name': None, 'group_ids': [], 'user_id': '005d0ef9a0d24cbda9d5d7d8d760ed2f', 'user_domain_id': 'default', 'system_scope': 'all', 'project_id': None, 'project_domain_id': None, 'roles': ['admin', 'member', 'reader'], 'is_admin_project': True, 'service_user_id': None, 'service_user_domain_id': None, 'service_project_id': None, 'service_project_domain_id': None, 'service_roles': []} {{(pid=44436) fill_context /opt/stack/keystone/keystone/server/flask/request_processing/middleware/auth_context.py:480}}
Aug 14 16:26:12 user devstack@keystone.service[44436]: DEBUG keystone.server.flask.request_processing.req_logging [None req-9cc3bdc0-592c-4fa4-a1e9-eca966222649 None admin] REQUEST_METHOD: `GET` {{(pid=44436) log_request_info /opt/stack/keystone/keystone/server/flask/request_processing/req_logging.py:27}}
Aug 14 16:26:12 user devstack@keystone.service[44436]: DEBUG keystone.server.flask.request_processing.req_logging [None req-9cc3bdc0-592c-4fa4-a1e9-eca966222649 None admin] SCRIPT_NAME: `/identity` {{(pid=44436) log_request_info /opt/stack/keystone/keystone/server/flask/request_processing/req_logging.py:28}}
Aug 14 16:26:12 user devstack@keystone.service[44436]: DEBUG keystone.server.flask.request_processing.req_logging [None req-9cc3bdc0-592c-4fa4-a1e9-eca966222649 None admin] PATH_INFO: `/v3/users/e85bf0e174194b4588825cc11d28577b` {{(pid=44436) log_request_info /opt/stack/keystone/keystone/server/flask/request_processing/req_logging.py:29}}
Aug 14 16:26:12 user devstack@keystone.service[44436]: DEBUG keystone.common.rbac_enforcer.enforcer [None req-9cc3bdc0-592c-4fa4-a1e9-eca966222649 None admin] RBAC: Authorizing `identity:get_user(user_id=e85bf0e174194b4588825cc11d28577b)` {{(pid=44436) enforce_call /opt/stack/keystone/keystone/common/rbac_enforcer/enforcer.py:449}}
Aug 14 16:26:12 user devstack@keystone.service[44436]: DEBUG keystone.common.rbac_enforcer.enforcer [None req-9cc3bdc0-592c-4fa4-a1e9-eca966222649 None admin] RBAC: Authorization granted {{(pid=44436) enforce_call /opt/stack/keystone/keystone/common/rbac_enforcer/enforcer.py:457}}
Aug 14 16:26:12 user devstack@keystone.service[44436]: [pid: 44436|app: 0|req: 66/201] 10.0.0.210 () {56 vars in 1172 bytes} [Mon Aug 14 16:26:12 2023] GET /identity/v3/users/e85bf0e174194b4588825cc11d28577b => generated 296 bytes in 131 msecs (HTTP/1.1 200) 5 headers in 177 bytes (2 switches on core 0)
Aug 14 16:26:12 user devstack@keystone.service[44438]: DEBUG keystone.server.flask.request_processing.middleware.auth_context [None req-0f5e5a53-3654-4ff9-a44f-44e25be83aa4 None admin] Authenticating user token {{(pid=44438) process_request /opt/stack/data/venv/lib/python3.10/site-packages/keystonemiddleware/auth_token/__init__.py:406}}
Aug 14 16:26:12 user devstack@keystone.service[44437]: DEBUG keystone.server.flask.request_processing.middleware.auth_context [None req-e3a53817-3b8c-4815-834c-037fe9337a1e None admin] RBAC: auth_context: {'token': , 'domain_id': None, 'trust_id': None, 'trustor_id': None, 'trustee_id': None, 'domain_name': None, 'group_ids': [], 'user_id': '005d0ef9a0d24cbda9d5d7d8d760ed2f', 'user_domain_id': 'default', 'system_scope': 'all', 'project_id': None, 'project_domain_id': None, 'roles': ['admin', 'member', 'reader'], 'is_admin_project': True, 'service_user_id': None, 'service_user_domain_id': None, 'service_project_id': None, 'service_project_domain_id': None, 'service_roles': []} {{(pid=44437) fill_context /opt/stack/keystone/keystone/server/flask/request_processing/middleware/auth_context.py:480}}
Aug 14 16:26:12 user devstack@keystone.service[44437]: DEBUG keystone.server.flask.request_processing.req_logging [None req-e3a53817-3b8c-4815-834c-037fe9337a1e None admin] REQUEST_METHOD: `GET` {{(pid=44437) log_request_info /opt/stack/keystone/keystone/server/flask/request_processing/req_logging.py:27}}
Aug 14 16:26:12 user devstack@keystone.service[44437]: DEBUG keystone.server.flask.request_processing.req_logging [None req-e3a53817-3b8c-4815-834c-037fe9337a1e None admin] SCRIPT_NAME: `/identity` {{(pid=44437) log_request_info /opt/stack/keystone/keystone/server/flask/request_processing/req_logging.py:28}}
Aug 14 16:26:12 user devstack@keystone.service[44437]: DEBUG keystone.server.flask.request_processing.req_logging [None req-e3a53817-3b8c-4815-834c-037fe9337a1e None admin] PATH_INFO: `/v3/users/0b63a053d8a04498a11c8fac7365c4ca` {{(pid=44437) log_request_info /opt/stack/keystone/keystone/server/flask/request_processing/req_logging.py:29}}
Aug 14 16:26:12 user devstack@keystone.service[44437]: DEBUG keystone.common.rbac_enforcer.enforcer [None req-e3a53817-3b8c-4815-834c-037fe9337a1e None admin] RBAC: Authorizing `identity:get_user(user_id=0b63a053d8a04498a11c8fac7365c4ca)` {{(pid=44437) enforce_call /opt/stack/keystone/keystone/common/rbac_enforcer/enforcer.py:449}}
Aug 14 16:26:12 user devstack@keystone.service[44437]: DEBUG keystone.common.rbac_enforcer.enforcer [None req-e3a53817-3b8c-4815-834c-037fe9337a1e None admin] RBAC: Authorization granted {{(pid=44437) enforce_call /opt/stack/keystone/keystone/common/rbac_enforcer/enforcer.py:457}}
Aug 14 16:26:12 user devstack@keystone.service[44437]: [pid: 44437|app: 0|req: 69/202] 10.0.0.210 () {56 vars in 1172 bytes} [Mon Aug 14 16:26:12 2023] GET /identity/v3/users/0b63a053d8a04498a11c8fac7365c4ca => generated 296 bytes in 115 msecs (HTTP/1.1 200) 5 headers in 177 bytes (2 switches on core 0)
Aug 14 16:26:12 user devstack@keystone.service[44436]: DEBUG keystone.server.flask.request_processing.middleware.auth_context [None req-9cc3bdc0-592c-4fa4-a1e9-eca966222649 None admin] Authenticating user token {{(pid=44436) process_request /opt/stack/data/venv/lib/python3.10/site-packages/keystonemiddleware/auth_token/__init__.py:406}}
Aug 14 16:26:12 user devstack@keystone.service[44438]: DEBUG keystone.server.flask.request_processing.middleware.auth_context [None req-0f5e5a53-3654-4ff9-a44f-44e25be83aa4 None admin] Validating token access rules against request {{(pid=44438) validate_allowed_request /opt/stack/data/venv/lib/python3.10/site-packages/keystonemiddleware/auth_token/__init__.py:544}}
Aug 14 16:26:12 user devstack@keystone.service[44436]: DEBUG keystone.server.flask.request_processing.middleware.auth_context [None req-9cc3bdc0-592c-4fa4-a1e9-eca966222649 None admin] Validating token access rules against request {{(pid=44436) validate_allowed_request /opt/stack/data/venv/lib/python3.10/site-packages/keystonemiddleware/auth_token/__init__.py:544}}
Aug 14 16:26:12 user devstack@keystone.service[44438]: DEBUG keystone.server.flask.request_processing.middleware.auth_context [None req-da34a2af-9455-4b04-b70f-56ed5e68acc1 None admin] RBAC: auth_context: {'token': , 'domain_id': None, 'trust_id': None, 'trustor_id': None, 'trustee_id': None, 'domain_name': None, 'group_ids': [], 'user_id': '005d0ef9a0d24cbda9d5d7d8d760ed2f', 'user_domain_id': 'default', 'system_scope': 'all', 'project_id': None, 'project_domain_id': None, 'roles': ['admin', 'member', 'reader'], 'is_admin_project': True, 'service_user_id': None, 'service_user_domain_id': None, 'service_project_id': None, 'service_project_domain_id': None, 'service_roles': []} {{(pid=44438) fill_context /opt/stack/keystone/keystone/server/flask/request_processing/middleware/auth_context.py:480}}
Aug 14 16:26:12 user devstack@keystone.service[44438]: DEBUG keystone.server.flask.request_processing.req_logging [None req-da34a2af-9455-4b04-b70f-56ed5e68acc1 None admin] REQUEST_METHOD: `GET` {{(pid=44438) log_request_info /opt/stack/keystone/keystone/server/flask/request_processing/req_logging.py:27}}
Aug 14 16:26:12 user devstack@keystone.service[44438]: DEBUG keystone.server.flask.request_processing.req_logging [None req-da34a2af-9455-4b04-b70f-56ed5e68acc1 None admin] SCRIPT_NAME: `/identity` {{(pid=44438) log_request_info /opt/stack/keystone/keystone/server/flask/request_processing/req_logging.py:28}}
Aug 14 16:26:12 user devstack@keystone.service[44438]: DEBUG keystone.server.flask.request_processing.req_logging [None req-da34a2af-9455-4b04-b70f-56ed5e68acc1 None admin] PATH_INFO: `/v3/projects/aef83d0d813e443f9d1fca144c4e24ba` {{(pid=44438) log_request_info /opt/stack/keystone/keystone/server/flask/request_processing/req_logging.py:29}}
Aug 14 16:26:12 user devstack@keystone.service[44438]: DEBUG keystone.common.rbac_enforcer.enforcer [None req-da34a2af-9455-4b04-b70f-56ed5e68acc1 None admin] RBAC: Authorizing `identity:get_project(project_id=aef83d0d813e443f9d1fca144c4e24ba)` {{(pid=44438) enforce_call /opt/stack/keystone/keystone/common/rbac_enforcer/enforcer.py:449}}
Aug 14 16:26:12 user devstack@keystone.service[44438]: DEBUG keystone.common.rbac_enforcer.enforcer [None req-da34a2af-9455-4b04-b70f-56ed5e68acc1 None admin] RBAC: Authorization granted {{(pid=44438) enforce_call /opt/stack/keystone/keystone/common/rbac_enforcer/enforcer.py:457}}
Aug 14 16:26:12 user devstack@keystone.service[44438]: [pid: 44438|app: 0|req: 68/203] 10.0.0.210 () {56 vars in 1181 bytes} [Mon Aug 14 16:26:12 2023] GET /identity/v3/projects/aef83d0d813e443f9d1fca144c4e24ba => generated 301 bytes in 122 msecs (HTTP/1.1 200) 5 headers in 177 bytes (1 switches on core 0)
Aug 14 16:26:12 user devstack@keystone.service[44436]: DEBUG keystone.server.flask.request_processing.middleware.auth_context [None req-724f8246-5eb0-4177-920e-154722ec6e2d None admin] RBAC: auth_context: {'token': , 'domain_id': None, 'trust_id': None, 'trustor_id': None, 'trustee_id': None, 'domain_name': None, 'group_ids': [], 'user_id': '005d0ef9a0d24cbda9d5d7d8d760ed2f', 'user_domain_id': 'default', 'system_scope': 'all', 'project_id': None, 'project_domain_id': None, 'roles': ['admin', 'member', 'reader'], 'is_admin_project': True, 'service_user_id': None, 'service_user_domain_id': None, 'service_project_id': None, 'service_project_domain_id': None, 'service_roles': []} {{(pid=44436) fill_context /opt/stack/keystone/keystone/server/flask/request_processing/middleware/auth_context.py:480}}
Aug 14 16:26:12 user devstack@keystone.service[44437]: DEBUG keystone.server.flask.request_processing.middleware.auth_context [None req-e3a53817-3b8c-4815-834c-037fe9337a1e None admin] Authenticating user token {{(pid=44437) process_request /opt/stack/data/venv/lib/python3.10/site-packages/keystonemiddleware/auth_token/__init__.py:406}}
Aug 14 16:26:12 user devstack@keystone.service[44436]: DEBUG keystone.server.flask.request_processing.req_logging [None req-724f8246-5eb0-4177-920e-154722ec6e2d None admin] REQUEST_METHOD: `GET` {{(pid=44436) log_request_info /opt/stack/keystone/keystone/server/flask/request_processing/req_logging.py:27}}
Aug 14 16:26:12 user devstack@keystone.service[44436]: DEBUG keystone.server.flask.request_processing.req_logging [None req-724f8246-5eb0-4177-920e-154722ec6e2d None admin] SCRIPT_NAME: `/identity` {{(pid=44436) log_request_info /opt/stack/keystone/keystone/server/flask/request_processing/req_logging.py:28}}
Aug 14 16:26:12 user devstack@keystone.service[44436]: DEBUG keystone.server.flask.request_processing.req_logging [None req-724f8246-5eb0-4177-920e-154722ec6e2d None admin] PATH_INFO: `/v3/auth/tokens` {{(pid=44436) log_request_info /opt/stack/keystone/keystone/server/flask/request_processing/req_logging.py:29}}
Aug 14 16:26:12 user devstack@keystone.service[44436]: DEBUG keystone.common.rbac_enforcer.enforcer [None req-724f8246-5eb0-4177-920e-154722ec6e2d None admin] RBAC: Authorizing `identity:validate_token()` {{(pid=44436) enforce_call /opt/stack/keystone/keystone/common/rbac_enforcer/enforcer.py:449}}
Aug 14 16:26:12 user devstack@keystone.service[44436]: DEBUG keystone.common.rbac_enforcer.enforcer [None req-724f8246-5eb0-4177-920e-154722ec6e2d None admin] RBAC: Authorization granted {{(pid=44436) enforce_call /opt/stack/keystone/keystone/common/rbac_enforcer/enforcer.py:457}}
Aug 14 16:26:12 user devstack@keystone.service[44437]: DEBUG keystone.server.flask.request_processing.middleware.auth_context [None req-e3a53817-3b8c-4815-834c-037fe9337a1e None admin] Validating token access rules against request {{(pid=44437) validate_allowed_request /opt/stack/data/venv/lib/python3.10/site-packages/keystonemiddleware/auth_token/__init__.py:544}}
Aug 14 16:26:12 user devstack@keystone.service[44437]: DEBUG keystone.server.flask.request_processing.middleware.auth_context [None req-c989f2fb-7b3d-4894-8e7e-89efb948a864 None admin] RBAC: auth_context: {'token': , 'domain_id': None, 'trust_id': None, 'trustor_id': None, 'trustee_id': None, 'domain_name': None, 'group_ids': [], 'user_id': '005d0ef9a0d24cbda9d5d7d8d760ed2f', 'user_domain_id': 'default', 'system_scope': 'all', 'project_id': None, 'project_domain_id': None, 'roles': ['admin', 'member', 'reader'], 'is_admin_project': True, 'service_user_id': None, 'service_user_domain_id': None, 'service_project_id': None, 'service_project_domain_id': None, 'service_roles': []} {{(pid=44437) fill_context /opt/stack/keystone/keystone/server/flask/request_processing/middleware/auth_context.py:480}}
Aug 14 16:26:12 user devstack@keystone.service[44437]: DEBUG keystone.server.flask.request_processing.req_logging [None req-c989f2fb-7b3d-4894-8e7e-89efb948a864 None admin] REQUEST_METHOD: `PUT` {{(pid=44437) log_request_info /opt/stack/keystone/keystone/server/flask/request_processing/req_logging.py:27}}
Aug 14 16:26:12 user devstack@keystone.service[44437]: DEBUG keystone.server.flask.request_processing.req_logging [None req-c989f2fb-7b3d-4894-8e7e-89efb948a864 None admin] SCRIPT_NAME: `/identity` {{(pid=44437) log_request_info /opt/stack/keystone/keystone/server/flask/request_processing/req_logging.py:28}}
Aug 14 16:26:12 user devstack@keystone.service[44437]: DEBUG keystone.server.flask.request_processing.req_logging [None req-c989f2fb-7b3d-4894-8e7e-89efb948a864 None admin] PATH_INFO: `/v3/projects/aef83d0d813e443f9d1fca144c4e24ba/users/e85bf0e174194b4588825cc11d28577b/roles/0d59018d6fda4a47b0bbb4568d26628d` {{(pid=44437) log_request_info /opt/stack/keystone/keystone/server/flask/request_processing/req_logging.py:29}}
Aug 14 16:26:12 user devstack@keystone.service[44437]: DEBUG keystone.common.rbac_enforcer.enforcer [None req-c989f2fb-7b3d-4894-8e7e-89efb948a864 None admin] RBAC: Authorizing `identity:create_grant(project_id=aef83d0d813e443f9d1fca144c4e24ba, user_id=e85bf0e174194b4588825cc11d28577b, role_id=0d59018d6fda4a47b0bbb4568d26628d)` {{(pid=44437) enforce_call /opt/stack/keystone/keystone/common/rbac_enforcer/enforcer.py:449}}
Aug 14 16:26:12 user devstack@keystone.service[44437]: DEBUG keystone.common.rbac_enforcer.enforcer [None req-c989f2fb-7b3d-4894-8e7e-89efb948a864 None admin] RBAC: Authorization granted {{(pid=44437) enforce_call /opt/stack/keystone/keystone/common/rbac_enforcer/enforcer.py:457}}
Aug 14 16:26:12 user devstack@keystone.service[44437]: [pid: 44437|app: 0|req: 70/204] 10.0.0.210 () {58 vars in 1434 bytes} [Mon Aug 14 16:26:12 2023] PUT /identity/v3/projects/aef83d0d813e443f9d1fca144c4e24ba/users/e85bf0e174194b4588825cc11d28577b/roles/0d59018d6fda4a47b0bbb4568d26628d => generated 0 bytes in 150 msecs (HTTP/1.1 204) 3 headers in 132 bytes (1 switches on core 0)
Aug 14 16:26:12 user devstack@keystone.service[44436]: [pid: 44436|app: 0|req: 67/205] 10.0.0.210 () {58 vars in 1277 bytes} [Mon Aug 14 16:26:12 2023] GET /identity/v3/auth/tokens => generated 798 bytes in 276 msecs (HTTP/1.1 200) 6 headers in 358 bytes (1 switches on core 0)
Aug 14 16:26:12 user devstack@keystone.service[44438]: DEBUG keystone.server.flask.request_processing.middleware.auth_context [None req-da34a2af-9455-4b04-b70f-56ed5e68acc1 None admin] Authenticating user token {{(pid=44438) process_request /opt/stack/data/venv/lib/python3.10/site-packages/keystonemiddleware/auth_token/__init__.py:406}}
Aug 14 16:26:12 user devstack@keystone.service[44438]: DEBUG keystone.server.flask.request_processing.middleware.auth_context [None req-da34a2af-9455-4b04-b70f-56ed5e68acc1 None admin] Validating token access rules against request {{(pid=44438) validate_allowed_request /opt/stack/data/venv/lib/python3.10/site-packages/keystonemiddleware/auth_token/__init__.py:544}}
Aug 14 16:26:12 user devstack@keystone.service[44438]: DEBUG keystone.server.flask.request_processing.middleware.auth_context [None req-5adeabf0-1f3a-4162-8ceb-f6e4651777f1 None admin] RBAC: auth_context: {'token': , 'domain_id': None, 'trust_id': None, 'trustor_id': None, 'trustee_id': None, 'domain_name': None, 'group_ids': [], 'user_id': '005d0ef9a0d24cbda9d5d7d8d760ed2f', 'user_domain_id': 'default', 'system_scope': 'all', 'project_id': None, 'project_domain_id': None, 'roles': ['admin', 'member', 'reader'], 'is_admin_project': True, 'service_user_id': None, 'service_user_domain_id': None, 'service_project_id': None, 'service_project_domain_id': None, 'service_roles': []} {{(pid=44438) fill_context /opt/stack/keystone/keystone/server/flask/request_processing/middleware/auth_context.py:480}}
Aug 14 16:26:12 user devstack@keystone.service[44438]: DEBUG keystone.server.flask.request_processing.req_logging [None req-5adeabf0-1f3a-4162-8ceb-f6e4651777f1 None admin] REQUEST_METHOD: `GET` {{(pid=44438) log_request_info /opt/stack/keystone/keystone/server/flask/request_processing/req_logging.py:27}}
Aug 14 16:26:12 user devstack@keystone.service[44438]: DEBUG keystone.server.flask.request_processing.req_logging [None req-5adeabf0-1f3a-4162-8ceb-f6e4651777f1 None admin] SCRIPT_NAME: `/identity` {{(pid=44438) log_request_info /opt/stack/keystone/keystone/server/flask/request_processing/req_logging.py:28}}
Aug 14 16:26:12 user devstack@keystone.service[44438]: DEBUG keystone.server.flask.request_processing.req_logging [None req-5adeabf0-1f3a-4162-8ceb-f6e4651777f1 None admin] PATH_INFO: `/v3/projects/aef83d0d813e443f9d1fca144c4e24ba` {{(pid=44438) log_request_info /opt/stack/keystone/keystone/server/flask/request_processing/req_logging.py:29}}
Aug 14 16:26:12 user devstack@keystone.service[44438]: DEBUG keystone.common.rbac_enforcer.enforcer [None req-5adeabf0-1f3a-4162-8ceb-f6e4651777f1 None admin] RBAC: Authorizing `identity:get_project(project_id=aef83d0d813e443f9d1fca144c4e24ba)` {{(pid=44438) enforce_call /opt/stack/keystone/keystone/common/rbac_enforcer/enforcer.py:449}}
Aug 14 16:26:12 user devstack@keystone.service[44438]: DEBUG keystone.common.rbac_enforcer.enforcer [None req-5adeabf0-1f3a-4162-8ceb-f6e4651777f1 None admin] RBAC: Authorization granted {{(pid=44438) enforce_call /opt/stack/keystone/keystone/common/rbac_enforcer/enforcer.py:457}}
Aug 14 16:26:12 user devstack@keystone.service[44438]: [pid: 44438|app: 0|req: 69/206] 10.0.0.210 () {56 vars in 1181 bytes} [Mon Aug 14 16:26:12 2023] GET /identity/v3/projects/aef83d0d813e443f9d1fca144c4e24ba => generated 301 bytes in 141 msecs (HTTP/1.1 200) 5 headers in 177 bytes (1 switches on core 0)
Aug 14 16:26:12 user devstack@keystone.service[44437]: DEBUG keystone.server.flask.request_processing.middleware.auth_context [None req-c989f2fb-7b3d-4894-8e7e-89efb948a864 None admin] Authenticating user token {{(pid=44437) process_request /opt/stack/data/venv/lib/python3.10/site-packages/keystonemiddleware/auth_token/__init__.py:406}}
Aug 14 16:26:12 user devstack@keystone.service[44437]: DEBUG keystone.server.flask.request_processing.middleware.auth_context [None req-c989f2fb-7b3d-4894-8e7e-89efb948a864 None admin] Validating token access rules against request {{(pid=44437) validate_allowed_request /opt/stack/data/venv/lib/python3.10/site-packages/keystonemiddleware/auth_token/__init__.py:544}}
Aug 14 16:26:12 user devstack@keystone.service[44437]: DEBUG keystone.server.flask.request_processing.middleware.auth_context [None req-b56ed3bf-3117-499d-8bc6-2293b1a36319 None admin] RBAC: auth_context: {'token': , 'domain_id': None, 'trust_id': None, 'trustor_id': None, 'trustee_id': None, 'domain_name': None, 'group_ids': [], 'user_id': '005d0ef9a0d24cbda9d5d7d8d760ed2f', 'user_domain_id': 'default', 'system_scope': 'all', 'project_id': None, 'project_domain_id': None, 'roles': ['admin', 'member', 'reader'], 'is_admin_project': True, 'service_user_id': None, 'service_user_domain_id': None, 'service_project_id': None, 'service_project_domain_id': None, 'service_roles': []} {{(pid=44437) fill_context /opt/stack/keystone/keystone/server/flask/request_processing/middleware/auth_context.py:480}}
Aug 14 16:26:12 user devstack@keystone.service[44437]: DEBUG keystone.server.flask.request_processing.req_logging [None req-b56ed3bf-3117-499d-8bc6-2293b1a36319 None admin] REQUEST_METHOD: `GET` {{(pid=44437) log_request_info /opt/stack/keystone/keystone/server/flask/request_processing/req_logging.py:27}}
Aug 14 16:26:12 user devstack@keystone.service[44437]: DEBUG keystone.server.flask.request_processing.req_logging [None req-b56ed3bf-3117-499d-8bc6-2293b1a36319 None admin] SCRIPT_NAME: `/identity` {{(pid=44437) log_request_info /opt/stack/keystone/keystone/server/flask/request_processing/req_logging.py:28}}
Aug 14 16:26:12 user devstack@keystone.service[44437]: DEBUG keystone.server.flask.request_processing.req_logging [None req-b56ed3bf-3117-499d-8bc6-2293b1a36319 None admin] PATH_INFO: `/v3/role_assignments` {{(pid=44437) log_request_info /opt/stack/keystone/keystone/server/flask/request_processing/req_logging.py:29}}
Aug 14 16:26:12 user devstack@keystone.service[44437]: DEBUG keystone.common.rbac_enforcer.enforcer [None req-b56ed3bf-3117-499d-8bc6-2293b1a36319 None admin] RBAC: Adding query filter params (role.id=7f3b0ecdf11342b4858193534aa83574, scope.project.id=aef83d0d813e443f9d1fca144c4e24ba, user.id=0b63a053d8a04498a11c8fac7365c4ca) {{(pid=44437) _extract_filter_values /opt/stack/keystone/keystone/common/rbac_enforcer/enforcer.py:167}}
Aug 14 16:26:12 user devstack@keystone.service[44437]: DEBUG keystone.common.rbac_enforcer.enforcer [None req-b56ed3bf-3117-499d-8bc6-2293b1a36319 None admin] RBAC: Authorizing `identity:list_role_assignments()` {{(pid=44437) enforce_call /opt/stack/keystone/keystone/common/rbac_enforcer/enforcer.py:449}}
Aug 14 16:26:12 user devstack@keystone.service[44437]: DEBUG keystone.common.rbac_enforcer.enforcer [None req-b56ed3bf-3117-499d-8bc6-2293b1a36319 None admin] RBAC: Authorization granted {{(pid=44437) enforce_call /opt/stack/keystone/keystone/common/rbac_enforcer/enforcer.py:457}}
Aug 14 16:26:12 user devstack@keystone.service[44437]: [pid: 44437|app: 0|req: 71/207] 10.0.0.210 () {56 vars in 1369 bytes} [Mon Aug 14 16:26:12 2023] GET /identity/v3/role_assignments?user.id=0b63a053d8a04498a11c8fac7365c4ca&scope.project.id=aef83d0d813e443f9d1fca144c4e24ba&role.id=7f3b0ecdf11342b4858193534aa83574 => generated 606 bytes in 136 msecs (HTTP/1.1 200) 5 headers in 177 bytes (1 switches on core 0)
Aug 14 16:26:13 user devstack@keystone.service[44436]: DEBUG keystone.server.flask.request_processing.req_logging [None req-f30c1237-7f12-4f11-853d-f55f448ecde9 None None] REQUEST_METHOD: `GET` {{(pid=44436) log_request_info /opt/stack/keystone/keystone/server/flask/request_processing/req_logging.py:27}}
Aug 14 16:26:13 user devstack@keystone.service[44436]: DEBUG keystone.server.flask.request_processing.req_logging [None req-f30c1237-7f12-4f11-853d-f55f448ecde9 None None] SCRIPT_NAME: `/identity` {{(pid=44436) log_request_info /opt/stack/keystone/keystone/server/flask/request_processing/req_logging.py:28}}
Aug 14 16:26:13 user devstack@keystone.service[44436]: DEBUG keystone.server.flask.request_processing.req_logging [None req-f30c1237-7f12-4f11-853d-f55f448ecde9 None None] PATH_INFO: `/` {{(pid=44436) log_request_info /opt/stack/keystone/keystone/server/flask/request_processing/req_logging.py:29}}
Aug 14 16:26:13 user devstack@keystone.service[44436]: [pid: 44436|app: 0|req: 68/208] 10.0.0.210 () {54 vars in 921 bytes} [Mon Aug 14 16:26:13 2023] GET /identity => generated 269 bytes in 3 msecs (HTTP/1.1 300) 6 headers in 233 bytes (1 switches on core 0)
Aug 14 16:26:13 user devstack@keystone.service[44438]: DEBUG keystone.server.flask.request_processing.req_logging [None req-03d5e312-60f2-4821-8c96-b19652a38e50 None None] REQUEST_METHOD: `POST` {{(pid=44438) log_request_info /opt/stack/keystone/keystone/server/flask/request_processing/req_logging.py:27}}
Aug 14 16:26:13 user devstack@keystone.service[44438]: DEBUG keystone.server.flask.request_processing.req_logging [None req-03d5e312-60f2-4821-8c96-b19652a38e50 None None] SCRIPT_NAME: `/identity` {{(pid=44438) log_request_info /opt/stack/keystone/keystone/server/flask/request_processing/req_logging.py:28}}
Aug 14 16:26:13 user devstack@keystone.service[44438]: DEBUG keystone.server.flask.request_processing.req_logging [None req-03d5e312-60f2-4821-8c96-b19652a38e50 None None] PATH_INFO: `/v3/auth/tokens` {{(pid=44438) log_request_info /opt/stack/keystone/keystone/server/flask/request_processing/req_logging.py:29}}
Aug 14 16:26:14 user devstack@keystone.service[44438]: WARNING keystone.common.password_hashing [None req-03d5e312-60f2-4821-8c96-b19652a38e50 None None] Truncating password to algorithm specific maximum length 72 characters.
Aug 14 16:26:14 user devstack@keystone.service[44438]: DEBUG keystone.auth.core [None req-03d5e312-60f2-4821-8c96-b19652a38e50 None None] MFA Rules not processed for user `005d0ef9a0d24cbda9d5d7d8d760ed2f`. Rule list: `[]` (Enabled: `True`). {{(pid=44438) check_auth_methods_against_rules /opt/stack/keystone/keystone/auth/core.py:438}}
Aug 14 16:26:14 user devstack@keystone.service[44438]: DEBUG keystone.common.fernet_utils [None req-03d5e312-60f2-4821-8c96-b19652a38e50 None None] Loaded 2 Fernet keys from /etc/keystone/fernet-keys/, but `[fernet_tokens] max_active_keys = 3`; perhaps there have not been enough key rotations to reach `max_active_keys` yet? {{(pid=44438) load_keys /opt/stack/keystone/keystone/common/fernet_utils.py:286}}
Aug 14 16:26:14 user devstack@keystone.service[44437]: DEBUG keystone.server.flask.request_processing.req_logging [None req-b2104ce2-0aa6-4389-b9f2-467bee10afd3 None None] REQUEST_METHOD: `GET` {{(pid=44437) log_request_info /opt/stack/keystone/keystone/server/flask/request_processing/req_logging.py:27}}
Aug 14 16:26:14 user devstack@keystone.service[44437]: DEBUG keystone.server.flask.request_processing.req_logging [None req-b2104ce2-0aa6-4389-b9f2-467bee10afd3 None None] SCRIPT_NAME: `/identity` {{(pid=44437) log_request_info /opt/stack/keystone/keystone/server/flask/request_processing/req_logging.py:28}}
Aug 14 16:26:14 user devstack@keystone.service[44437]: DEBUG keystone.server.flask.request_processing.req_logging [None req-b2104ce2-0aa6-4389-b9f2-467bee10afd3 None None] PATH_INFO: `/` {{(pid=44437) log_request_info /opt/stack/keystone/keystone/server/flask/request_processing/req_logging.py:29}}
