Apr 19 14:41:08 user devstack@keystone.service[42610]: [pid: 42610|app: 0|req: 79/230] 10.0.0.210 () {56 vars in 1094 bytes} [Wed Apr 19 14:41:08 2023] GET /identity/v3/roles/member => generated 84 bytes in 133 msecs (HTTP/1.1 404) 5 headers in 183 bytes (1 switches on core 0)
Apr 19 14:41:08 user devstack@keystone.service[42612]: DEBUG keystone.server.flask.request_processing.middleware.auth_context [None req-9a3ef584-ef40-49fa-930f-117f090e8c2a None None] Authenticating user token {{(pid=42612) process_request /usr/local/lib/python3.10/dist-packages/keystonemiddleware/auth_token/__init__.py:406}}
Apr 19 14:41:08 user devstack@keystone.service[42610]: DEBUG keystone.server.flask.request_processing.middleware.auth_context [None req-a433c4c1-d4b4-4d1d-93ab-fd15526c64b4 None admin] Authenticating user token {{(pid=42610) process_request /usr/local/lib/python3.10/dist-packages/keystonemiddleware/auth_token/__init__.py:406}}
Apr 19 14:41:08 user devstack@keystone.service[42612]: DEBUG dbcounter [-] [42612] Writing DB stats keystone:SELECT=100 {{(pid=42612) stat_writer /usr/local/lib/python3.10/dist-packages/dbcounter.py:117}}
Apr 19 14:41:08 user devstack@keystone.service[42610]: DEBUG dbcounter [-] [42610] Writing DB stats keystone:SELECT=100 {{(pid=42610) stat_writer /usr/local/lib/python3.10/dist-packages/dbcounter.py:117}}
Apr 19 14:41:08 user devstack@keystone.service[42611]: DEBUG keystone.server.flask.request_processing.middleware.auth_context [None req-2714b21f-44b1-4f07-be25-dcd16e8c611c None None] Validating token access rules against request {{(pid=42611) validate_allowed_request /usr/local/lib/python3.10/dist-packages/keystonemiddleware/auth_token/__init__.py:544}}
Apr 19 14:41:08 user devstack@keystone.service[42611]: DEBUG keystone.server.flask.request_processing.middleware.auth_context [None req-325b8c4e-dd3e-4a7d-b722-e087dadd1440 None admin] RBAC: auth_context: {'token': , 'domain_id': None, 'trust_id': None, 'trustor_id': None, 'trustee_id': None, 'domain_name': None, 'group_ids': [], 'user_id': 'dba1ac6b14564a71ae11be9850e6a502', 'user_domain_id': 'default', 'system_scope': 'all', 'project_id': None, 'project_domain_id': None, 'roles': ['admin', 'member', 'reader'], 'is_admin_project': True, 'service_user_id': None, 'service_user_domain_id': None, 'service_project_id': None, 'service_project_domain_id': None, 'service_roles': []} {{(pid=42611) fill_context /opt/stack/keystone/keystone/server/flask/request_processing/middleware/auth_context.py:478}}
Apr 19 14:41:08 user devstack@keystone.service[42611]: DEBUG keystone.server.flask.request_processing.req_logging [None req-325b8c4e-dd3e-4a7d-b722-e087dadd1440 None admin] REQUEST_METHOD: `GET` {{(pid=42611) log_request_info /opt/stack/keystone/keystone/server/flask/request_processing/req_logging.py:27}}
Apr 19 14:41:08 user devstack@keystone.service[42611]: DEBUG keystone.server.flask.request_processing.req_logging [None req-325b8c4e-dd3e-4a7d-b722-e087dadd1440 None admin] SCRIPT_NAME: `/identity` {{(pid=42611) log_request_info /opt/stack/keystone/keystone/server/flask/request_processing/req_logging.py:28}}
Apr 19 14:41:08 user devstack@keystone.service[42611]: DEBUG keystone.server.flask.request_processing.req_logging [None req-325b8c4e-dd3e-4a7d-b722-e087dadd1440 None admin] PATH_INFO: `/v3/roles/reader` {{(pid=42611) log_request_info /opt/stack/keystone/keystone/server/flask/request_processing/req_logging.py:29}}
Apr 19 14:41:08 user devstack@keystone.service[42612]: DEBUG keystone.server.flask.request_processing.middleware.auth_context [None req-9a3ef584-ef40-49fa-930f-117f090e8c2a None None] Validating token access rules against request {{(pid=42612) validate_allowed_request /usr/local/lib/python3.10/dist-packages/keystonemiddleware/auth_token/__init__.py:544}}
Apr 19 14:41:08 user devstack@keystone.service[42610]: DEBUG keystone.server.flask.request_processing.middleware.auth_context [None req-a433c4c1-d4b4-4d1d-93ab-fd15526c64b4 None admin] Validating token access rules against request {{(pid=42610) validate_allowed_request /usr/local/lib/python3.10/dist-packages/keystonemiddleware/auth_token/__init__.py:544}}
Apr 19 14:41:08 user devstack@keystone.service[42611]: DEBUG keystone.common.rbac_enforcer.enforcer [None req-325b8c4e-dd3e-4a7d-b722-e087dadd1440 None admin] Extracting inferred target data resulted in "NOT FOUND (404)". {{(pid=42611) enforce_call /opt/stack/keystone/keystone/common/rbac_enforcer/enforcer.py:409}}
Apr 19 14:41:08 user devstack@keystone.service[42611]: ERROR keystone.server.flask.application [None req-325b8c4e-dd3e-4a7d-b722-e087dadd1440 None admin] Could not find role: reader.: keystone.exception.RoleNotFound: Could not find role: reader.
Apr 19 14:41:08 user devstack@keystone.service[42611]: ERROR keystone.server.flask.application
Traceback (most recent call last):
Apr 19 14:41:08 user devstack@keystone.service[42611]: ERROR keystone.server.flask.application
File "/usr/local/lib/python3.10/dist-packages/flask/app.py", line 1823, in full_dispatch_request
Apr 19 14:41:08 user devstack@keystone.service[42611]: ERROR keystone.server.flask.application rv = self.dispatch_request()
Apr 19 14:41:08 user devstack@keystone.service[42611]: ERROR keystone.server.flask.application
File "/usr/local/lib/python3.10/dist-packages/flask/app.py", line 1799, in dispatch_request
Apr 19 14:41:08 user devstack@keystone.service[42611]: ERROR keystone.server.flask.application return self.ensure_sync(self.view_functions[rule.endpoint])(**view_args)
Apr 19 14:41:08 user devstack@keystone.service[42611]: ERROR keystone.server.flask.application
File "/usr/local/lib/python3.10/dist-packages/flask_restful/__init__.py", line 467, in wrapper
Apr 19 14:41:08 user devstack@keystone.service[42611]: ERROR keystone.server.flask.application resp = resource(*args, **kwargs)
Apr 19 14:41:08 user devstack@keystone.service[42611]: ERROR keystone.server.flask.application
File "/usr/local/lib/python3.10/dist-packages/flask/views.py", line 107, in view
Apr 19 14:41:08 user devstack@keystone.service[42611]: ERROR keystone.server.flask.application return current_app.ensure_sync(self.dispatch_request)(**kwargs)
Apr 19 14:41:08 user devstack@keystone.service[42611]: ERROR keystone.server.flask.application
File "/usr/local/lib/python3.10/dist-packages/flask_restful/__init__.py", line 582, in dispatch_request
Apr 19 14:41:08 user devstack@keystone.service[42611]: ERROR keystone.server.flask.application resp = meth(*args, **kwargs)
Apr 19 14:41:08 user devstack@keystone.service[42611]: ERROR keystone.server.flask.application
File "/opt/stack/keystone/keystone/api/roles.py", line 50, in get
Apr 19 14:41:08 user devstack@keystone.service[42611]: ERROR keystone.server.flask.application return self._get_role(role_id)
Apr 19 14:41:08 user devstack@keystone.service[42611]: ERROR keystone.server.flask.application
File "/opt/stack/keystone/keystone/api/roles.py", line 70, in _get_role
Apr 19 14:41:08 user devstack@keystone.service[42611]: ERROR keystone.server.flask.application ENFORCER.enforce_call(action='identity:get_role')
Apr 19 14:41:08 user devstack@keystone.service[42611]: ERROR keystone.server.flask.application
File "/opt/stack/keystone/keystone/common/rbac_enforcer/enforcer.py", line 402, in enforce_call
Apr 19 14:41:08 user devstack@keystone.service[42611]: ERROR keystone.server.flask.application policy_dict.update(cls._extract_member_target_data(
Apr 19 14:41:08 user devstack@keystone.service[42611]: ERROR keystone.server.flask.application
File "/opt/stack/keystone/keystone/common/rbac_enforcer/enforcer.py", line 234, in _extract_member_target_data
Apr 19 14:41:08 user devstack@keystone.service[42611]: ERROR keystone.server.flask.application member_name: func(flask.request.view_args[key])
Apr 19 14:41:08 user devstack@keystone.service[42611]: ERROR keystone.server.flask.application
File "/opt/stack/keystone/keystone/common/manager.py", line 115, in wrapped
Apr 19 14:41:08 user devstack@keystone.service[42611]: ERROR keystone.server.flask.application __ret_val = __f(*args, **kwargs)
Apr 19 14:41:08 user devstack@keystone.service[42611]: ERROR keystone.server.flask.application
File "/usr/local/lib/python3.10/dist-packages/decorator.py", line 232, in fun
Apr 19 14:41:08 user devstack@keystone.service[42611]: ERROR keystone.server.flask.application return caller(func, *(extras + args), **kw)
Apr 19 14:41:08 user devstack@keystone.service[42611]: ERROR keystone.server.flask.application
File "/usr/local/lib/python3.10/dist-packages/dogpile/cache/region.py", line 1577, in get_or_create_for_user_func
Apr 19 14:41:08 user devstack@keystone.service[42611]: ERROR keystone.server.flask.application return self.get_or_create(
Apr 19 14:41:08 user devstack@keystone.service[42611]: ERROR keystone.server.flask.application
File "/usr/local/lib/python3.10/dist-packages/dogpile/cache/region.py", line 1042, in get_or_create
Apr 19 14:41:08 user devstack@keystone.service[42611]: ERROR keystone.server.flask.application with Lock(
Apr 19 14:41:08 user devstack@keystone.service[42611]: ERROR keystone.server.flask.application
File "/usr/local/lib/python3.10/dist-packages/dogpile/lock.py", line 185, in __enter__
Apr 19 14:41:08 user devstack@keystone.service[42611]: ERROR keystone.server.flask.application return self._enter()
Apr 19 14:41:08 user devstack@keystone.service[42611]: ERROR keystone.server.flask.application
File "/usr/local/lib/python3.10/dist-packages/dogpile/lock.py", line 94, in _enter
Apr 19 14:41:08 user devstack@keystone.service[42611]: ERROR keystone.server.flask.application generated = self._enter_create(value, createdtime)
Apr 19 14:41:08 user devstack@keystone.service[42611]: ERROR keystone.server.flask.application
File "/usr/local/lib/python3.10/dist-packages/dogpile/lock.py", line 178, in _enter_create
Apr 19 14:41:08 user devstack@keystone.service[42611]: ERROR keystone.server.flask.application return self.creator()
Apr 19 14:41:08 user devstack@keystone.service[42611]: ERROR keystone.server.flask.application
File "/usr/local/lib/python3.10/dist-packages/dogpile/cache/region.py", line 995, in gen_value
Apr 19 14:41:08 user devstack@keystone.service[42611]: ERROR keystone.server.flask.application created_value = creator(
Apr 19 14:41:08 user devstack@keystone.service[42611]: ERROR keystone.server.flask.application
File "/opt/stack/keystone/keystone/assignment/core.py", line 1276, in get_role
Apr 19 14:41:08 user devstack@keystone.service[42611]: ERROR keystone.server.flask.application return self.driver.get_role(role_id)
Apr 19 14:41:08 user devstack@keystone.service[42611]: ERROR keystone.server.flask.application
File "/opt/stack/keystone/keystone/assignment/role_backends/sql.py", line 70, in get_role
Apr 19 14:41:08 user devstack@keystone.service[42611]: ERROR keystone.server.flask.application return self._get_role(session, role_id).to_dict()
Apr 19 14:41:08 user devstack@keystone.service[42611]: ERROR keystone.server.flask.application
File "/opt/stack/keystone/keystone/assignment/role_backends/sql.py", line 65, in _get_role
Apr 19 14:41:08 user devstack@keystone.service[42611]: ERROR keystone.server.flask.application raise exception.RoleNotFound(role_id=role_id)
Apr 19 14:41:08 user devstack@keystone.service[42611]: ERROR keystone.server.flask.application keystone.exception.RoleNotFound: Could not find role: reader.
Apr 19 14:41:08 user devstack@keystone.service[42611]: ERROR keystone.server.flask.application
Apr 19 14:41:08 user devstack@keystone.service[42611]: [pid: 42611|app: 0|req: 79/231] 10.0.0.210 () {56 vars in 1094 bytes} [Wed Apr 19 14:41:08 2023] GET /identity/v3/roles/reader => generated 84 bytes in 146 msecs (HTTP/1.1 404) 5 headers in 183 bytes (1 switches on core 0)
Apr 19 14:41:08 user devstack@keystone.service[42611]: DEBUG keystone.server.flask.request_processing.middleware.auth_context [None req-325b8c4e-dd3e-4a7d-b722-e087dadd1440 None admin] Authenticating user token {{(pid=42611) process_request /usr/local/lib/python3.10/dist-packages/keystonemiddleware/auth_token/__init__.py:406}}
Apr 19 14:41:08 user devstack@keystone.service[42612]: DEBUG keystone.server.flask.request_processing.middleware.auth_context [None req-347ad3c9-d5e1-486e-b1c5-0676637ecdc6 None admin] RBAC: auth_context: {'token': , 'domain_id': None, 'trust_id': None, 'trustor_id': None, 'trustee_id': None, 'domain_name': None, 'group_ids': [], 'user_id': 'dba1ac6b14564a71ae11be9850e6a502', 'user_domain_id': 'default', 'system_scope': 'all', 'project_id': None, 'project_domain_id': None, 'roles': ['admin', 'member', 'reader'], 'is_admin_project': True, 'service_user_id': None, 'service_user_domain_id': None, 'service_project_id': None, 'service_project_domain_id': None, 'service_roles': []} {{(pid=42612) fill_context /opt/stack/keystone/keystone/server/flask/request_processing/middleware/auth_context.py:478}}
Apr 19 14:41:08 user devstack@keystone.service[42612]: DEBUG keystone.server.flask.request_processing.req_logging [None req-347ad3c9-d5e1-486e-b1c5-0676637ecdc6 None admin] REQUEST_METHOD: `GET` {{(pid=42612) log_request_info /opt/stack/keystone/keystone/server/flask/request_processing/req_logging.py:27}}
Apr 19 14:41:08 user devstack@keystone.service[42612]: DEBUG keystone.server.flask.request_processing.req_logging [None req-347ad3c9-d5e1-486e-b1c5-0676637ecdc6 None admin] SCRIPT_NAME: `/identity` {{(pid=42612) log_request_info /opt/stack/keystone/keystone/server/flask/request_processing/req_logging.py:28}}
Apr 19 14:41:08 user devstack@keystone.service[42612]: DEBUG keystone.server.flask.request_processing.req_logging [None req-347ad3c9-d5e1-486e-b1c5-0676637ecdc6 None admin] PATH_INFO: `/v3/domains/default` {{(pid=42612) log_request_info /opt/stack/keystone/keystone/server/flask/request_processing/req_logging.py:29}}
Apr 19 14:41:08 user devstack@keystone.service[42612]: DEBUG keystone.common.rbac_enforcer.enforcer [None req-347ad3c9-d5e1-486e-b1c5-0676637ecdc6 None admin] RBAC: Authorizing `identity:get_domain(domain_id=default)` {{(pid=42612) enforce_call /opt/stack/keystone/keystone/common/rbac_enforcer/enforcer.py:449}}
Apr 19 14:41:08 user devstack@keystone.service[42612]: DEBUG keystone.common.rbac_enforcer.enforcer [None req-347ad3c9-d5e1-486e-b1c5-0676637ecdc6 None admin] RBAC: Authorization granted {{(pid=42612) enforce_call /opt/stack/keystone/keystone/common/rbac_enforcer/enforcer.py:457}}
Apr 19 14:41:08 user devstack@keystone.service[42611]: DEBUG dbcounter [-] [42611] Writing DB stats keystone:SELECT=100 {{(pid=42611) stat_writer /usr/local/lib/python3.10/dist-packages/dbcounter.py:117}}
Apr 19 14:41:08 user devstack@keystone.service[42612]: [pid: 42612|app: 0|req: 74/232] 10.0.0.210 () {56 vars in 1103 bytes} [Wed Apr 19 14:41:08 2023] GET /identity/v3/domains/default => generated 198 bytes in 123 msecs (HTTP/1.1 200) 5 headers in 177 bytes (1 switches on core 0)
Apr 19 14:41:08 user devstack@keystone.service[42610]: DEBUG keystone.server.flask.request_processing.middleware.auth_context [None req-8cab1413-f68d-4ae1-84e4-dad730440ea2 None admin] RBAC: auth_context: {'token': , 'domain_id': None, 'trust_id': None, 'trustor_id': None, 'trustee_id': None, 'domain_name': None, 'group_ids': [], 'user_id': 'dba1ac6b14564a71ae11be9850e6a502', 'user_domain_id': 'default', 'system_scope': 'all', 'project_id': None, 'project_domain_id': None, 'roles': ['admin', 'member', 'reader'], 'is_admin_project': True, 'service_user_id': None, 'service_user_domain_id': None, 'service_project_id': None, 'service_project_domain_id': None, 'service_roles': []} {{(pid=42610) fill_context /opt/stack/keystone/keystone/server/flask/request_processing/middleware/auth_context.py:478}}
Apr 19 14:41:08 user devstack@keystone.service[42610]: DEBUG keystone.server.flask.request_processing.req_logging [None req-8cab1413-f68d-4ae1-84e4-dad730440ea2 None admin] REQUEST_METHOD: `GET` {{(pid=42610) log_request_info /opt/stack/keystone/keystone/server/flask/request_processing/req_logging.py:27}}
Apr 19 14:41:08 user devstack@keystone.service[42610]: DEBUG keystone.server.flask.request_processing.req_logging [None req-8cab1413-f68d-4ae1-84e4-dad730440ea2 None admin] SCRIPT_NAME: `/identity` {{(pid=42610) log_request_info /opt/stack/keystone/keystone/server/flask/request_processing/req_logging.py:28}}
Apr 19 14:41:08 user devstack@keystone.service[42610]: DEBUG keystone.server.flask.request_processing.req_logging [None req-8cab1413-f68d-4ae1-84e4-dad730440ea2 None admin] PATH_INFO: `/v3/roles` {{(pid=42610) log_request_info /opt/stack/keystone/keystone/server/flask/request_processing/req_logging.py:29}}
Apr 19 14:41:08 user devstack@keystone.service[42610]: DEBUG keystone.common.rbac_enforcer.enforcer [None req-8cab1413-f68d-4ae1-84e4-dad730440ea2 None admin] RBAC: Adding query filter params (name=member) {{(pid=42610) _extract_filter_values /opt/stack/keystone/keystone/common/rbac_enforcer/enforcer.py:167}}
Apr 19 14:41:08 user devstack@keystone.service[42610]: DEBUG keystone.common.rbac_enforcer.enforcer [None req-8cab1413-f68d-4ae1-84e4-dad730440ea2 None admin] RBAC: Authorizing `identity:list_roles()` {{(pid=42610) enforce_call /opt/stack/keystone/keystone/common/rbac_enforcer/enforcer.py:449}}
Apr 19 14:41:08 user devstack@keystone.service[42610]: DEBUG keystone.common.rbac_enforcer.enforcer [None req-8cab1413-f68d-4ae1-84e4-dad730440ea2 None admin] RBAC: Authorization granted {{(pid=42610) enforce_call /opt/stack/keystone/keystone/common/rbac_enforcer/enforcer.py:457}}
Apr 19 14:41:08 user devstack@keystone.service[42612]: DEBUG keystone.server.flask.request_processing.middleware.auth_context [None req-347ad3c9-d5e1-486e-b1c5-0676637ecdc6 None admin] Authenticating user token {{(pid=42612) process_request /usr/local/lib/python3.10/dist-packages/keystonemiddleware/auth_token/__init__.py:406}}
Apr 19 14:41:08 user devstack@keystone.service[42610]: [pid: 42610|app: 0|req: 80/233] 10.0.0.210 () {56 vars in 1096 bytes} [Wed Apr 19 14:41:08 2023] GET /identity/v3/roles?name=member => generated 339 bytes in 131 msecs (HTTP/1.1 200) 5 headers in 177 bytes (1 switches on core 0)
Apr 19 14:41:08 user devstack@keystone.service[42610]: DEBUG keystone.server.flask.request_processing.middleware.auth_context [None req-8cab1413-f68d-4ae1-84e4-dad730440ea2 None admin] Authenticating user token {{(pid=42610) process_request /usr/local/lib/python3.10/dist-packages/keystonemiddleware/auth_token/__init__.py:406}}
Apr 19 14:41:08 user devstack@keystone.service[42611]: DEBUG keystone.server.flask.request_processing.middleware.auth_context [None req-325b8c4e-dd3e-4a7d-b722-e087dadd1440 None admin] Validating token access rules against request {{(pid=42611) validate_allowed_request /usr/local/lib/python3.10/dist-packages/keystonemiddleware/auth_token/__init__.py:544}}
Apr 19 14:41:08 user devstack@keystone.service[42612]: DEBUG keystone.server.flask.request_processing.middleware.auth_context [None req-347ad3c9-d5e1-486e-b1c5-0676637ecdc6 None admin] Validating token access rules against request {{(pid=42612) validate_allowed_request /usr/local/lib/python3.10/dist-packages/keystonemiddleware/auth_token/__init__.py:544}}
Apr 19 14:41:08 user devstack@keystone.service[42612]: DEBUG dbcounter [-] [42612] Writing DB stats keystone:SELECT=100 {{(pid=42612) stat_writer /usr/local/lib/python3.10/dist-packages/dbcounter.py:117}}
Apr 19 14:41:08 user devstack@keystone.service[42611]: DEBUG keystone.server.flask.request_processing.middleware.auth_context [None req-b9118f25-404e-4dba-b131-453374671219 None admin] RBAC: auth_context: {'token': , 'domain_id': None, 'trust_id': None, 'trustor_id': None, 'trustee_id': None, 'domain_name': None, 'group_ids': [], 'user_id': 'dba1ac6b14564a71ae11be9850e6a502', 'user_domain_id': 'default', 'system_scope': 'all', 'project_id': None, 'project_domain_id': None, 'roles': ['admin', 'member', 'reader'], 'is_admin_project': True, 'service_user_id': None, 'service_user_domain_id': None, 'service_project_id': None, 'service_project_domain_id': None, 'service_roles': []} {{(pid=42611) fill_context /opt/stack/keystone/keystone/server/flask/request_processing/middleware/auth_context.py:478}}
Apr 19 14:41:08 user devstack@keystone.service[42611]: DEBUG keystone.server.flask.request_processing.req_logging [None req-b9118f25-404e-4dba-b131-453374671219 None admin] REQUEST_METHOD: `GET` {{(pid=42611) log_request_info /opt/stack/keystone/keystone/server/flask/request_processing/req_logging.py:27}}
Apr 19 14:41:08 user devstack@keystone.service[42611]: DEBUG keystone.server.flask.request_processing.req_logging [None req-b9118f25-404e-4dba-b131-453374671219 None admin] SCRIPT_NAME: `/identity` {{(pid=42611) log_request_info /opt/stack/keystone/keystone/server/flask/request_processing/req_logging.py:28}}
Apr 19 14:41:08 user devstack@keystone.service[42611]: DEBUG keystone.server.flask.request_processing.req_logging [None req-b9118f25-404e-4dba-b131-453374671219 None admin] PATH_INFO: `/v3/roles` {{(pid=42611) log_request_info /opt/stack/keystone/keystone/server/flask/request_processing/req_logging.py:29}}
Apr 19 14:41:08 user devstack@keystone.service[42611]: DEBUG keystone.common.rbac_enforcer.enforcer [None req-b9118f25-404e-4dba-b131-453374671219 None admin] RBAC: Adding query filter params (name=reader) {{(pid=42611) _extract_filter_values /opt/stack/keystone/keystone/common/rbac_enforcer/enforcer.py:167}}
Apr 19 14:41:08 user devstack@keystone.service[42611]: DEBUG keystone.common.rbac_enforcer.enforcer [None req-b9118f25-404e-4dba-b131-453374671219 None admin] RBAC: Authorizing `identity:list_roles()` {{(pid=42611) enforce_call /opt/stack/keystone/keystone/common/rbac_enforcer/enforcer.py:449}}
Apr 19 14:41:08 user devstack@keystone.service[42611]: DEBUG keystone.common.rbac_enforcer.enforcer [None req-b9118f25-404e-4dba-b131-453374671219 None admin] RBAC: Authorization granted {{(pid=42611) enforce_call /opt/stack/keystone/keystone/common/rbac_enforcer/enforcer.py:457}}
Apr 19 14:41:08 user devstack@keystone.service[42610]: DEBUG keystone.server.flask.request_processing.middleware.auth_context [None req-8cab1413-f68d-4ae1-84e4-dad730440ea2 None admin] Validating token access rules against request {{(pid=42610) validate_allowed_request /usr/local/lib/python3.10/dist-packages/keystonemiddleware/auth_token/__init__.py:544}}
Apr 19 14:41:08 user devstack@keystone.service[42611]: [pid: 42611|app: 0|req: 80/234] 10.0.0.210 () {56 vars in 1096 bytes} [Wed Apr 19 14:41:08 2023] GET /identity/v3/roles?name=reader => generated 339 bytes in 123 msecs (HTTP/1.1 200) 5 headers in 177 bytes (2 switches on core 0)
Apr 19 14:41:08 user devstack@keystone.service[42611]: DEBUG keystone.server.flask.request_processing.middleware.auth_context [None req-b9118f25-404e-4dba-b131-453374671219 None admin] Authenticating user token {{(pid=42611) process_request /usr/local/lib/python3.10/dist-packages/keystonemiddleware/auth_token/__init__.py:406}}
Apr 19 14:41:08 user devstack@keystone.service[42610]: DEBUG dbcounter [-] [42610] Writing DB stats keystone:SELECT=100 {{(pid=42610) stat_writer /usr/local/lib/python3.10/dist-packages/dbcounter.py:117}}
Apr 19 14:41:08 user devstack@keystone.service[42612]: DEBUG keystone.server.flask.request_processing.middleware.auth_context [None req-40e72b02-93c4-4e88-bc5d-72c4be7be04c None admin] RBAC: auth_context: {'token': , 'domain_id': None, 'trust_id': None, 'trustor_id': None, 'trustee_id': None, 'domain_name': None, 'group_ids': [], 'user_id': 'dba1ac6b14564a71ae11be9850e6a502', 'user_domain_id': 'default', 'system_scope': 'all', 'project_id': None, 'project_domain_id': None, 'roles': ['admin', 'member', 'reader'], 'is_admin_project': True, 'service_user_id': None, 'service_user_domain_id': None, 'service_project_id': None, 'service_project_domain_id': None, 'service_roles': []} {{(pid=42612) fill_context /opt/stack/keystone/keystone/server/flask/request_processing/middleware/auth_context.py:478}}
Apr 19 14:41:08 user devstack@keystone.service[42612]: DEBUG keystone.server.flask.request_processing.req_logging [None req-40e72b02-93c4-4e88-bc5d-72c4be7be04c None admin] REQUEST_METHOD: `POST` {{(pid=42612) log_request_info /opt/stack/keystone/keystone/server/flask/request_processing/req_logging.py:27}}
Apr 19 14:41:08 user devstack@keystone.service[42612]: DEBUG keystone.server.flask.request_processing.req_logging [None req-40e72b02-93c4-4e88-bc5d-72c4be7be04c None admin] SCRIPT_NAME: `/identity` {{(pid=42612) log_request_info /opt/stack/keystone/keystone/server/flask/request_processing/req_logging.py:28}}
Apr 19 14:41:08 user devstack@keystone.service[42612]: DEBUG keystone.server.flask.request_processing.req_logging [None req-40e72b02-93c4-4e88-bc5d-72c4be7be04c None admin] PATH_INFO: `/v3/groups` {{(pid=42612) log_request_info /opt/stack/keystone/keystone/server/flask/request_processing/req_logging.py:29}}
Apr 19 14:41:08 user devstack@keystone.service[42612]: DEBUG keystone.common.rbac_enforcer.enforcer [None req-40e72b02-93c4-4e88-bc5d-72c4be7be04c None admin] RBAC: Authorizing `identity:create_group()` {{(pid=42612) enforce_call /opt/stack/keystone/keystone/common/rbac_enforcer/enforcer.py:449}}
Apr 19 14:41:08 user devstack@keystone.service[42612]: DEBUG keystone.common.rbac_enforcer.enforcer [None req-40e72b02-93c4-4e88-bc5d-72c4be7be04c None admin] RBAC: Authorization granted {{(pid=42612) enforce_call /opt/stack/keystone/keystone/common/rbac_enforcer/enforcer.py:457}}
Apr 19 14:41:08 user devstack@keystone.service[42610]: DEBUG keystone.server.flask.request_processing.middleware.auth_context [None req-af0d1cdf-8d9f-4223-b97b-f24b55a92211 None admin] RBAC: auth_context: {'token': , 'domain_id': None, 'trust_id': None, 'trustor_id': None, 'trustee_id': None, 'domain_name': None, 'group_ids': [], 'user_id': 'dba1ac6b14564a71ae11be9850e6a502', 'user_domain_id': 'default', 'system_scope': 'all', 'project_id': None, 'project_domain_id': None, 'roles': ['admin', 'member', 'reader'], 'is_admin_project': True, 'service_user_id': None, 'service_user_domain_id': None, 'service_project_id': None, 'service_project_domain_id': None, 'service_roles': []} {{(pid=42610) fill_context /opt/stack/keystone/keystone/server/flask/request_processing/middleware/auth_context.py:478}}
Apr 19 14:41:08 user devstack@keystone.service[42610]: DEBUG keystone.server.flask.request_processing.req_logging [None req-af0d1cdf-8d9f-4223-b97b-f24b55a92211 None admin] REQUEST_METHOD: `GET` {{(pid=42610) log_request_info /opt/stack/keystone/keystone/server/flask/request_processing/req_logging.py:27}}
Apr 19 14:41:08 user devstack@keystone.service[42610]: DEBUG keystone.server.flask.request_processing.req_logging [None req-af0d1cdf-8d9f-4223-b97b-f24b55a92211 None admin] SCRIPT_NAME: `/identity` {{(pid=42610) log_request_info /opt/stack/keystone/keystone/server/flask/request_processing/req_logging.py:28}}
Apr 19 14:41:08 user devstack@keystone.service[42610]: DEBUG keystone.server.flask.request_processing.req_logging [None req-af0d1cdf-8d9f-4223-b97b-f24b55a92211 None admin] PATH_INFO: `/v3/users/c60bda13a4cf469c9bc6b10702adfc74` {{(pid=42610) log_request_info /opt/stack/keystone/keystone/server/flask/request_processing/req_logging.py:29}}
Apr 19 14:41:08 user devstack@keystone.service[42610]: DEBUG keystone.common.rbac_enforcer.enforcer [None req-af0d1cdf-8d9f-4223-b97b-f24b55a92211 None admin] RBAC: Authorizing `identity:get_user(user_id=c60bda13a4cf469c9bc6b10702adfc74)` {{(pid=42610) enforce_call /opt/stack/keystone/keystone/common/rbac_enforcer/enforcer.py:449}}
Apr 19 14:41:08 user devstack@keystone.service[42610]: DEBUG keystone.common.rbac_enforcer.enforcer [None req-af0d1cdf-8d9f-4223-b97b-f24b55a92211 None admin] RBAC: Authorization granted {{(pid=42610) enforce_call /opt/stack/keystone/keystone/common/rbac_enforcer/enforcer.py:457}}
Apr 19 14:41:08 user devstack@keystone.service[42610]: [pid: 42610|app: 0|req: 81/235] 10.0.0.210 () {56 vars in 1172 bytes} [Wed Apr 19 14:41:08 2023] GET /identity/v3/users/c60bda13a4cf469c9bc6b10702adfc74 => generated 292 bytes in 126 msecs (HTTP/1.1 200) 5 headers in 177 bytes (2 switches on core 0)
Apr 19 14:41:08 user devstack@keystone.service[42610]: DEBUG keystone.server.flask.request_processing.middleware.auth_context [None req-af0d1cdf-8d9f-4223-b97b-f24b55a92211 None admin] Authenticating user token {{(pid=42610) process_request /usr/local/lib/python3.10/dist-packages/keystonemiddleware/auth_token/__init__.py:406}}
Apr 19 14:41:08 user devstack@keystone.service[42612]: [pid: 42612|app: 0|req: 75/236] 10.0.0.210 () {60 vars in 1129 bytes} [Wed Apr 19 14:41:08 2023] POST /identity/v3/groups => generated 228 bytes in 155 msecs (HTTP/1.1 201) 5 headers in 182 bytes (1 switches on core 0)
Apr 19 14:41:08 user devstack@keystone.service[42611]: DEBUG dbcounter [-] [42611] Writing DB stats keystone:SELECT=100 {{(pid=42611) stat_writer /usr/local/lib/python3.10/dist-packages/dbcounter.py:117}}
Apr 19 14:41:08 user devstack@keystone.service[42611]: DEBUG keystone.server.flask.request_processing.middleware.auth_context [None req-b9118f25-404e-4dba-b131-453374671219 None admin] Validating token access rules against request {{(pid=42611) validate_allowed_request /usr/local/lib/python3.10/dist-packages/keystonemiddleware/auth_token/__init__.py:544}}
Apr 19 14:41:08 user devstack@keystone.service[42611]: DEBUG keystone.server.flask.request_processing.middleware.auth_context [None req-84b4be01-b9b1-4dfc-bd9f-79a7b5b024c5 None admin] RBAC: auth_context: {'token': , 'domain_id': None, 'trust_id': None, 'trustor_id': None, 'trustee_id': None, 'domain_name': None, 'group_ids': [], 'user_id': 'dba1ac6b14564a71ae11be9850e6a502', 'user_domain_id': 'default', 'system_scope': 'all', 'project_id': None, 'project_domain_id': None, 'roles': ['admin', 'member', 'reader'], 'is_admin_project': True, 'service_user_id': None, 'service_user_domain_id': None, 'service_project_id': None, 'service_project_domain_id': None, 'service_roles': []} {{(pid=42611) fill_context /opt/stack/keystone/keystone/server/flask/request_processing/middleware/auth_context.py:478}}
Apr 19 14:41:08 user devstack@keystone.service[42611]: DEBUG keystone.server.flask.request_processing.req_logging [None req-84b4be01-b9b1-4dfc-bd9f-79a7b5b024c5 None admin] REQUEST_METHOD: `GET` {{(pid=42611) log_request_info /opt/stack/keystone/keystone/server/flask/request_processing/req_logging.py:27}}
Apr 19 14:41:08 user devstack@keystone.service[42611]: DEBUG keystone.server.flask.request_processing.req_logging [None req-84b4be01-b9b1-4dfc-bd9f-79a7b5b024c5 None admin] SCRIPT_NAME: `/identity` {{(pid=42611) log_request_info /opt/stack/keystone/keystone/server/flask/request_processing/req_logging.py:28}}
Apr 19 14:41:08 user devstack@keystone.service[42611]: DEBUG keystone.server.flask.request_processing.req_logging [None req-84b4be01-b9b1-4dfc-bd9f-79a7b5b024c5 None admin] PATH_INFO: `/v3/users/e98b514c134c43fdaf266a6bb90b6304` {{(pid=42611) log_request_info /opt/stack/keystone/keystone/server/flask/request_processing/req_logging.py:29}}
Apr 19 14:41:08 user devstack@keystone.service[42611]: DEBUG keystone.common.rbac_enforcer.enforcer [None req-84b4be01-b9b1-4dfc-bd9f-79a7b5b024c5 None admin] RBAC: Authorizing `identity:get_user(user_id=e98b514c134c43fdaf266a6bb90b6304)` {{(pid=42611) enforce_call /opt/stack/keystone/keystone/common/rbac_enforcer/enforcer.py:449}}
Apr 19 14:41:08 user devstack@keystone.service[42611]: DEBUG keystone.common.rbac_enforcer.enforcer [None req-84b4be01-b9b1-4dfc-bd9f-79a7b5b024c5 None admin] RBAC: Authorization granted {{(pid=42611) enforce_call /opt/stack/keystone/keystone/common/rbac_enforcer/enforcer.py:457}}
Apr 19 14:41:08 user devstack@keystone.service[42611]: [pid: 42611|app: 0|req: 81/237] 10.0.0.210 () {56 vars in 1172 bytes} [Wed Apr 19 14:41:08 2023] GET /identity/v3/users/e98b514c134c43fdaf266a6bb90b6304 => generated 292 bytes in 136 msecs (HTTP/1.1 200) 5 headers in 177 bytes (1 switches on core 0)
Apr 19 14:41:08 user devstack@keystone.service[42612]: DEBUG keystone.server.flask.request_processing.middleware.auth_context [None req-40e72b02-93c4-4e88-bc5d-72c4be7be04c None admin] Authenticating user token {{(pid=42612) process_request /usr/local/lib/python3.10/dist-packages/keystonemiddleware/auth_token/__init__.py:406}}
Apr 19 14:41:08 user devstack@keystone.service[42610]: DEBUG keystone.server.flask.request_processing.middleware.auth_context [None req-af0d1cdf-8d9f-4223-b97b-f24b55a92211 None admin] Validating token access rules against request {{(pid=42610) validate_allowed_request /usr/local/lib/python3.10/dist-packages/keystonemiddleware/auth_token/__init__.py:544}}
Apr 19 14:41:08 user devstack@keystone.service[42610]: DEBUG keystone.server.flask.request_processing.middleware.auth_context [None req-78c0c999-421e-4490-a44a-f44908b6f65e None admin] RBAC: auth_context: {'token': , 'domain_id': None, 'trust_id': None, 'trustor_id': None, 'trustee_id': None, 'domain_name': None, 'group_ids': [], 'user_id': 'dba1ac6b14564a71ae11be9850e6a502', 'user_domain_id': 'default', 'system_scope': 'all', 'project_id': None, 'project_domain_id': None, 'roles': ['admin', 'member', 'reader'], 'is_admin_project': True, 'service_user_id': None, 'service_user_domain_id': None, 'service_project_id': None, 'service_project_domain_id': None, 'service_roles': []} {{(pid=42610) fill_context /opt/stack/keystone/keystone/server/flask/request_processing/middleware/auth_context.py:478}}
Apr 19 14:41:08 user devstack@keystone.service[42610]: DEBUG keystone.server.flask.request_processing.req_logging [None req-78c0c999-421e-4490-a44a-f44908b6f65e None admin] REQUEST_METHOD: `PUT` {{(pid=42610) log_request_info /opt/stack/keystone/keystone/server/flask/request_processing/req_logging.py:27}}
Apr 19 14:41:08 user devstack@keystone.service[42610]: DEBUG keystone.server.flask.request_processing.req_logging [None req-78c0c999-421e-4490-a44a-f44908b6f65e None admin] SCRIPT_NAME: `/identity` {{(pid=42610) log_request_info /opt/stack/keystone/keystone/server/flask/request_processing/req_logging.py:28}}
Apr 19 14:41:08 user devstack@keystone.service[42610]: DEBUG keystone.server.flask.request_processing.req_logging [None req-78c0c999-421e-4490-a44a-f44908b6f65e None admin] PATH_INFO: `/v3/system/users/c60bda13a4cf469c9bc6b10702adfc74/roles/b1196e590b5d4d1d9eb696e5c6831b9c` {{(pid=42610) log_request_info /opt/stack/keystone/keystone/server/flask/request_processing/req_logging.py:29}}
Apr 19 14:41:08 user devstack@keystone.service[42610]: DEBUG keystone.common.rbac_enforcer.enforcer [None req-78c0c999-421e-4490-a44a-f44908b6f65e None admin] RBAC: Authorizing `identity:create_system_grant_for_user(user_id=c60bda13a4cf469c9bc6b10702adfc74, role_id=b1196e590b5d4d1d9eb696e5c6831b9c)` {{(pid=42610) enforce_call /opt/stack/keystone/keystone/common/rbac_enforcer/enforcer.py:449}}
Apr 19 14:41:08 user devstack@keystone.service[42610]: DEBUG keystone.common.rbac_enforcer.enforcer [None req-78c0c999-421e-4490-a44a-f44908b6f65e None admin] RBAC: Authorization granted {{(pid=42610) enforce_call /opt/stack/keystone/keystone/common/rbac_enforcer/enforcer.py:457}}
Apr 19 14:41:08 user devstack@keystone.service[42610]: [pid: 42610|app: 0|req: 82/238] 10.0.0.210 () {58 vars in 1329 bytes} [Wed Apr 19 14:41:08 2023] PUT /identity/v3/system/users/c60bda13a4cf469c9bc6b10702adfc74/roles/b1196e590b5d4d1d9eb696e5c6831b9c => generated 0 bytes in 174 msecs (HTTP/1.1 204) 3 headers in 132 bytes (1 switches on core 0)
Apr 19 14:41:08 user devstack@keystone.service[42612]: DEBUG keystone.server.flask.request_processing.middleware.auth_context [None req-40e72b02-93c4-4e88-bc5d-72c4be7be04c None admin] Validating token access rules against request {{(pid=42612) validate_allowed_request /usr/local/lib/python3.10/dist-packages/keystonemiddleware/auth_token/__init__.py:544}}
Apr 19 14:41:08 user devstack@keystone.service[42612]: DEBUG keystone.server.flask.request_processing.middleware.auth_context [None req-4be233e5-57f2-4be7-8280-f0d00425231c None admin] RBAC: auth_context: {'token': , 'domain_id': None, 'trust_id': None, 'trustor_id': None, 'trustee_id': None, 'domain_name': None, 'group_ids': [], 'user_id': 'dba1ac6b14564a71ae11be9850e6a502', 'user_domain_id': 'default', 'system_scope': 'all', 'project_id': None, 'project_domain_id': None, 'roles': ['admin', 'member', 'reader'], 'is_admin_project': True, 'service_user_id': None, 'service_user_domain_id': None, 'service_project_id': None, 'service_project_domain_id': None, 'service_roles': []} {{(pid=42612) fill_context /opt/stack/keystone/keystone/server/flask/request_processing/middleware/auth_context.py:478}}
Apr 19 14:41:08 user devstack@keystone.service[42612]: DEBUG keystone.server.flask.request_processing.req_logging [None req-4be233e5-57f2-4be7-8280-f0d00425231c None admin] REQUEST_METHOD: `GET` {{(pid=42612) log_request_info /opt/stack/keystone/keystone/server/flask/request_processing/req_logging.py:27}}
Apr 19 14:41:08 user devstack@keystone.service[42612]: DEBUG keystone.server.flask.request_processing.req_logging [None req-4be233e5-57f2-4be7-8280-f0d00425231c None admin] SCRIPT_NAME: `/identity` {{(pid=42612) log_request_info /opt/stack/keystone/keystone/server/flask/request_processing/req_logging.py:28}}
Apr 19 14:41:08 user devstack@keystone.service[42612]: DEBUG keystone.server.flask.request_processing.req_logging [None req-4be233e5-57f2-4be7-8280-f0d00425231c None admin] PATH_INFO: `/v3/role_assignments` {{(pid=42612) log_request_info /opt/stack/keystone/keystone/server/flask/request_processing/req_logging.py:29}}
Apr 19 14:41:08 user devstack@keystone.service[42612]: DEBUG keystone.common.rbac_enforcer.enforcer [None req-4be233e5-57f2-4be7-8280-f0d00425231c None admin] RBAC: Adding query filter params (role.id=8ac5032ea93d481597dc6df75f59519e, user.id=e98b514c134c43fdaf266a6bb90b6304, scope.system=all) {{(pid=42612) _extract_filter_values /opt/stack/keystone/keystone/common/rbac_enforcer/enforcer.py:167}}
Apr 19 14:41:08 user devstack@keystone.service[42612]: DEBUG keystone.common.rbac_enforcer.enforcer [None req-4be233e5-57f2-4be7-8280-f0d00425231c None admin] RBAC: Authorizing `identity:list_role_assignments()` {{(pid=42612) enforce_call /opt/stack/keystone/keystone/common/rbac_enforcer/enforcer.py:449}}
Apr 19 14:41:08 user devstack@keystone.service[42612]: DEBUG keystone.common.rbac_enforcer.enforcer [None req-4be233e5-57f2-4be7-8280-f0d00425231c None admin] RBAC: Authorization granted {{(pid=42612) enforce_call /opt/stack/keystone/keystone/common/rbac_enforcer/enforcer.py:457}}
Apr 19 14:41:08 user devstack@keystone.service[42612]: [pid: 42612|app: 0|req: 76/239] 10.0.0.210 () {56 vars in 1303 bytes} [Wed Apr 19 14:41:08 2023] GET /identity/v3/role_assignments?user.id=e98b514c134c43fdaf266a6bb90b6304&scope.system=all&role.id=8ac5032ea93d481597dc6df75f59519e => generated 225 bytes in 170 msecs (HTTP/1.1 200) 5 headers in 177 bytes (1 switches on core 0)
Apr 19 14:41:10 user devstack@keystone.service[42611]: DEBUG keystone.server.flask.request_processing.req_logging [None req-fd289006-cfc7-410e-a0a8-5a16beca1852 None None] REQUEST_METHOD: `GET` {{(pid=42611) log_request_info /opt/stack/keystone/keystone/server/flask/request_processing/req_logging.py:27}}
Apr 19 14:41:10 user devstack@keystone.service[42611]: DEBUG keystone.server.flask.request_processing.req_logging [None req-fd289006-cfc7-410e-a0a8-5a16beca1852 None None] SCRIPT_NAME: `/identity` {{(pid=42611) log_request_info /opt/stack/keystone/keystone/server/flask/request_processing/req_logging.py:28}}
Apr 19 14:41:10 user devstack@keystone.service[42611]: DEBUG keystone.server.flask.request_processing.req_logging [None req-fd289006-cfc7-410e-a0a8-5a16beca1852 None None] PATH_INFO: `/` {{(pid=42611) log_request_info /opt/stack/keystone/keystone/server/flask/request_processing/req_logging.py:29}}
Apr 19 14:41:10 user devstack@keystone.service[42611]: [pid: 42611|app: 0|req: 82/240] 10.0.0.210 () {54 vars in 920 bytes} [Wed Apr 19 14:41:10 2023] GET /identity => generated 269 bytes in 3 msecs (HTTP/1.1 300) 6 headers in 233 bytes (1 switches on core 0)
Apr 19 14:41:10 user devstack@keystone.service[42610]: DEBUG keystone.server.flask.request_processing.req_logging [None req-e65b7972-3386-466a-9fba-47a394f303e8 None None] REQUEST_METHOD: `POST` {{(pid=42610) log_request_info /opt/stack/keystone/keystone/server/flask/request_processing/req_logging.py:27}}
Apr 19 14:41:10 user devstack@keystone.service[42610]: DEBUG keystone.server.flask.request_processing.req_logging [None req-e65b7972-3386-466a-9fba-47a394f303e8 None None] SCRIPT_NAME: `/identity` {{(pid=42610) log_request_info /opt/stack/keystone/keystone/server/flask/request_processing/req_logging.py:28}}
Apr 19 14:41:10 user devstack@keystone.service[42610]: DEBUG keystone.server.flask.request_processing.req_logging [None req-e65b7972-3386-466a-9fba-47a394f303e8 None None] PATH_INFO: `/v3/auth/tokens` {{(pid=42610) log_request_info /opt/stack/keystone/keystone/server/flask/request_processing/req_logging.py:29}}
Apr 19 14:41:10 user devstack@keystone.service[42610]: WARNING keystone.common.password_hashing [None req-e65b7972-3386-466a-9fba-47a394f303e8 None None] Truncating password to algorithm specific maximum length 54 characters.
Apr 19 14:41:10 user devstack@keystone.service[42610]: DEBUG keystone.auth.core [None req-e65b7972-3386-466a-9fba-47a394f303e8 None None] MFA Rules not processed for user `dba1ac6b14564a71ae11be9850e6a502`. Rule list: `[]` (Enabled: `True`). {{(pid=42610) check_auth_methods_against_rules /opt/stack/keystone/keystone/auth/core.py:438}}
Apr 19 14:41:10 user devstack@keystone.service[42610]: DEBUG keystone.common.fernet_utils [None req-e65b7972-3386-466a-9fba-47a394f303e8 None None] Loaded 2 Fernet keys from /etc/keystone/fernet-keys/, but `[fernet_tokens] max_active_keys = 3`; perhaps there have not been enough key rotations to reach `max_active_keys` yet? {{(pid=42610) load_keys /opt/stack/keystone/keystone/common/fernet_utils.py:286}}
Apr 19 14:41:10 user devstack@keystone.service[42610]: DEBUG dbcounter [-] [42610] Writing DB stats keystone:SELECT=99,keystone:INSERT=1 {{(pid=42610) stat_writer /usr/local/lib/python3.10/dist-packages/dbcounter.py:117}}
Apr 19 14:41:10 user devstack@keystone.service[42612]: DEBUG keystone.server.flask.request_processing.req_logging [None req-26e9a874-3780-44f3-a475-a17f0567c3cb None None] REQUEST_METHOD: `GET` {{(pid=42612) log_request_info /opt/stack/keystone/keystone/server/flask/request_processing/req_logging.py:27}}
Apr 19 14:41:10 user devstack@keystone.service[42612]: DEBUG keystone.server.flask.request_processing.req_logging [None req-26e9a874-3780-44f3-a475-a17f0567c3cb None None] SCRIPT_NAME: `/identity` {{(pid=42612) log_request_info /opt/stack/keystone/keystone/server/flask/request_processing/req_logging.py:28}}
Apr 19 14:41:10 user devstack@keystone.service[42612]: DEBUG keystone.server.flask.request_processing.req_logging [None req-26e9a874-3780-44f3-a475-a17f0567c3cb None None] PATH_INFO: `/` {{(pid=42612) log_request_info /opt/stack/keystone/keystone/server/flask/request_processing/req_logging.py:29}}
Apr 19 14:41:10 user devstack@keystone.service[42612]: [pid: 42612|app: 0|req: 77/241] 10.0.0.210 () {54 vars in 920 bytes} [Wed Apr 19 14:41:10 2023] GET /identity => generated 269 bytes in 6 msecs (HTTP/1.1 300) 6 headers in 233 bytes (1 switches on core 0)
Apr 19 14:41:10 user devstack@keystone.service[42611]: DEBUG keystone.server.flask.request_processing.req_logging [None req-26634e23-fbdc-4533-9635-96fed6ff325b None None] REQUEST_METHOD: `POST` {{(pid=42611) log_request_info /opt/stack/keystone/keystone/server/flask/request_processing/req_logging.py:27}}
Apr 19 14:41:10 user devstack@keystone.service[42611]: DEBUG keystone.server.flask.request_processing.req_logging [None req-26634e23-fbdc-4533-9635-96fed6ff325b None None] SCRIPT_NAME: `/identity` {{(pid=42611) log_request_info /opt/stack/keystone/keystone/server/flask/request_processing/req_logging.py:28}}
Apr 19 14:41:10 user devstack@keystone.service[42611]: DEBUG keystone.server.flask.request_processing.req_logging [None req-26634e23-fbdc-4533-9635-96fed6ff325b None None] PATH_INFO: `/v3/auth/tokens` {{(pid=42611) log_request_info /opt/stack/keystone/keystone/server/flask/request_processing/req_logging.py:29}}
Apr 19 14:41:10 user devstack@keystone.service[42611]: WARNING keystone.common.password_hashing [None req-26634e23-fbdc-4533-9635-96fed6ff325b None None] Truncating password to algorithm specific maximum length 54 characters.
Apr 19 14:41:10 user devstack@keystone.service[42610]: [pid: 42610|app: 0|req: 83/242] 10.0.0.210 () {58 vars in 1017 bytes} [Wed Apr 19 14:41:10 2023] POST /identity/v3/auth/tokens => generated 798 bytes in 94 msecs (HTTP/1.1 201) 6 headers in 363 bytes (1 switches on core 0)
Apr 19 14:41:10 user devstack@keystone.service[42611]: DEBUG keystone.auth.core [None req-26634e23-fbdc-4533-9635-96fed6ff325b None None] MFA Rules not processed for user `dba1ac6b14564a71ae11be9850e6a502`. Rule list: `[]` (Enabled: `True`). {{(pid=42611) check_auth_methods_against_rules /opt/stack/keystone/keystone/auth/core.py:438}}
Apr 19 14:41:10 user devstack@keystone.service[42611]: DEBUG keystone.common.fernet_utils [None req-26634e23-fbdc-4533-9635-96fed6ff325b None None] Loaded 2 Fernet keys from /etc/keystone/fernet-keys/, but `[fernet_tokens] max_active_keys = 3`; perhaps there have not been enough key rotations to reach `max_active_keys` yet? {{(pid=42611) load_keys /opt/stack/keystone/keystone/common/fernet_utils.py:286}}
Apr 19 14:41:10 user devstack@keystone.service[42611]: [pid: 42611|app: 0|req: 83/243] 10.0.0.210 () {58 vars in 1017 bytes} [Wed Apr 19 14:41:10 2023] POST /identity/v3/auth/tokens => generated 798 bytes in 76 msecs (HTTP/1.1 201) 6 headers in 363 bytes (1 switches on core 0)
Apr 19 14:41:10 user devstack@keystone.service[42612]: DEBUG keystone.server.flask.request_processing.req_logging [None req-085917fa-432a-4d03-af98-deaf1e38b830 None None] REQUEST_METHOD: `GET` {{(pid=42612) log_request_info /opt/stack/keystone/keystone/server/flask/request_processing/req_logging.py:27}}
Apr 19 14:41:10 user devstack@keystone.service[42612]: DEBUG keystone.server.flask.request_processing.req_logging [None req-085917fa-432a-4d03-af98-deaf1e38b830 None None] SCRIPT_NAME: `/identity` {{(pid=42612) log_request_info /opt/stack/keystone/keystone/server/flask/request_processing/req_logging.py:28}}
Apr 19 14:41:10 user devstack@keystone.service[42612]: DEBUG keystone.server.flask.request_processing.req_logging [None req-085917fa-432a-4d03-af98-deaf1e38b830 None None] PATH_INFO: `/` {{(pid=42612) log_request_info /opt/stack/keystone/keystone/server/flask/request_processing/req_logging.py:29}}
Apr 19 14:41:10 user devstack@keystone.service[42612]: [pid: 42612|app: 0|req: 78/244] 10.0.0.210 () {54 vars in 920 bytes} [Wed Apr 19 14:41:10 2023] GET /identity => generated 269 bytes in 4 msecs (HTTP/1.1 300) 6 headers in 233 bytes (1 switches on core 0)
Apr 19 14:41:10 user devstack@keystone.service[42610]: DEBUG keystone.server.flask.request_processing.req_logging [None req-0d75d03d-d628-48cd-a218-39887510333b None None] REQUEST_METHOD: `POST` {{(pid=42610) log_request_info /opt/stack/keystone/keystone/server/flask/request_processing/req_logging.py:27}}
Apr 19 14:41:10 user devstack@keystone.service[42610]: DEBUG keystone.server.flask.request_processing.req_logging [None req-0d75d03d-d628-48cd-a218-39887510333b None None] SCRIPT_NAME: `/identity` {{(pid=42610) log_request_info /opt/stack/keystone/keystone/server/flask/request_processing/req_logging.py:28}}
Apr 19 14:41:10 user devstack@keystone.service[42610]: DEBUG keystone.server.flask.request_processing.req_logging [None req-0d75d03d-d628-48cd-a218-39887510333b None None] PATH_INFO: `/v3/auth/tokens` {{(pid=42610) log_request_info /opt/stack/keystone/keystone/server/flask/request_processing/req_logging.py:29}}
Apr 19 14:41:10 user devstack@keystone.service[42610]: WARNING keystone.common.password_hashing [None req-0d75d03d-d628-48cd-a218-39887510333b None None] Truncating password to algorithm specific maximum length 54 characters.
Apr 19 14:41:10 user devstack@keystone.service[42610]: DEBUG keystone.auth.core [None req-0d75d03d-d628-48cd-a218-39887510333b None None] MFA Rules not processed for user `dba1ac6b14564a71ae11be9850e6a502`. Rule list: `[]` (Enabled: `True`). {{(pid=42610) check_auth_methods_against_rules /opt/stack/keystone/keystone/auth/core.py:438}}
Apr 19 14:41:10 user devstack@keystone.service[42610]: DEBUG keystone.common.fernet_utils [None req-0d75d03d-d628-48cd-a218-39887510333b None None] Loaded 2 Fernet keys from /etc/keystone/fernet-keys/, but `[fernet_tokens] max_active_keys = 3`; perhaps there have not been enough key rotations to reach `max_active_keys` yet? {{(pid=42610) load_keys /opt/stack/keystone/keystone/common/fernet_utils.py:286}}
Apr 19 14:41:10 user devstack@keystone.service[42610]: [pid: 42610|app: 0|req: 84/245] 10.0.0.210 () {58 vars in 1017 bytes} [Wed Apr 19 14:41:10 2023] POST /identity/v3/auth/tokens => generated 798 bytes in 77 msecs (HTTP/1.1 201) 6 headers in 363 bytes (1 switches on core 0)
Apr 19 14:41:10 user devstack@keystone.service[42611]: DEBUG keystone.server.flask.request_processing.middleware.auth_context [None req-26634e23-fbdc-4533-9635-96fed6ff325b None None] Authenticating user token {{(pid=42611) process_request /usr/local/lib/python3.10/dist-packages/keystonemiddleware/auth_token/__init__.py:406}}
Apr 19 14:41:10 user devstack@keystone.service[42611]: DEBUG dbcounter [-] [42611] Writing DB stats keystone:SELECT=100 {{(pid=42611) stat_writer /usr/local/lib/python3.10/dist-packages/dbcounter.py:117}}
