Aug 26 23:03:12 user devstack@keystone.service[44895]: DEBUG keystone.server.flask.request_processing.req_logging [None req-5e6b4c70-d857-4107-a2a6-dc9bb3f76db2 None admin] REQUEST_METHOD: `GET` {{(pid=44895) log_request_info /opt/stack/keystone/keystone/server/flask/request_processing/req_logging.py:27}}
Aug 26 23:03:12 user devstack@keystone.service[44895]: DEBUG keystone.server.flask.request_processing.req_logging [None req-5e6b4c70-d857-4107-a2a6-dc9bb3f76db2 None admin] SCRIPT_NAME: `/identity` {{(pid=44895) log_request_info /opt/stack/keystone/keystone/server/flask/request_processing/req_logging.py:28}}
Aug 26 23:03:12 user devstack@keystone.service[44895]: DEBUG keystone.server.flask.request_processing.req_logging [None req-5e6b4c70-d857-4107-a2a6-dc9bb3f76db2 None admin] PATH_INFO: `/v3/domains/default` {{(pid=44895) log_request_info /opt/stack/keystone/keystone/server/flask/request_processing/req_logging.py:29}}
Aug 26 23:03:12 user devstack@keystone.service[44895]: DEBUG keystone.common.rbac_enforcer.enforcer [None req-5e6b4c70-d857-4107-a2a6-dc9bb3f76db2 None admin] RBAC: Authorizing `identity:get_domain(domain_id=default)` {{(pid=44895) enforce_call /opt/stack/keystone/keystone/common/rbac_enforcer/enforcer.py:449}}
Aug 26 23:03:12 user devstack@keystone.service[44895]: DEBUG keystone.common.rbac_enforcer.enforcer [None req-5e6b4c70-d857-4107-a2a6-dc9bb3f76db2 None admin] RBAC: Authorization granted {{(pid=44895) enforce_call /opt/stack/keystone/keystone/common/rbac_enforcer/enforcer.py:457}}
Aug 26 23:03:12 user devstack@keystone.service[44895]: [pid: 44895|app: 0|req: 68/196] 10.0.0.210 () {56 vars in 1103 bytes} [Sat Aug 26 23:03:12 2023] GET /identity/v3/domains/default => generated 198 bytes in 120 msecs (HTTP/1.1 200) 5 headers in 177 bytes (1 switches on core 0)
Aug 26 23:03:12 user devstack@keystone.service[44897]: DEBUG keystone.server.flask.request_processing.middleware.auth_context [None req-a660950d-a51f-4ad9-9539-a361c821628e None admin] Authenticating user token {{(pid=44897) process_request /opt/stack/data/venv/lib/python3.10/site-packages/keystonemiddleware/auth_token/__init__.py:406}}
Aug 26 23:03:12 user devstack@keystone.service[44896]: DEBUG keystone.server.flask.request_processing.middleware.auth_context [None req-7a7a4f97-bbab-4183-a7ec-742434b08f36 None admin] RBAC: auth_context: {'token': , 'domain_id': None, 'trust_id': None, 'trustor_id': None, 'trustee_id': None, 'domain_name': None, 'group_ids': [], 'user_id': '53b665d83f754d16a096106a962548fc', 'user_domain_id': 'default', 'system_scope': 'all', 'project_id': None, 'project_domain_id': None, 'roles': ['admin', 'member', 'reader'], 'is_admin_project': True, 'service_user_id': None, 'service_user_domain_id': None, 'service_project_id': None, 'service_project_domain_id': None, 'service_roles': []} {{(pid=44896) fill_context /opt/stack/keystone/keystone/server/flask/request_processing/middleware/auth_context.py:480}}
Aug 26 23:03:12 user devstack@keystone.service[44896]: DEBUG keystone.server.flask.request_processing.req_logging [None req-7a7a4f97-bbab-4183-a7ec-742434b08f36 None admin] REQUEST_METHOD: `GET` {{(pid=44896) log_request_info /opt/stack/keystone/keystone/server/flask/request_processing/req_logging.py:27}}
Aug 26 23:03:12 user devstack@keystone.service[44896]: DEBUG keystone.server.flask.request_processing.req_logging [None req-7a7a4f97-bbab-4183-a7ec-742434b08f36 None admin] SCRIPT_NAME: `/identity` {{(pid=44896) log_request_info /opt/stack/keystone/keystone/server/flask/request_processing/req_logging.py:28}}
Aug 26 23:03:12 user devstack@keystone.service[44896]: DEBUG keystone.server.flask.request_processing.req_logging [None req-7a7a4f97-bbab-4183-a7ec-742434b08f36 None admin] PATH_INFO: `/v3/roles` {{(pid=44896) log_request_info /opt/stack/keystone/keystone/server/flask/request_processing/req_logging.py:29}}
Aug 26 23:03:12 user devstack@keystone.service[44896]: DEBUG keystone.common.rbac_enforcer.enforcer [None req-7a7a4f97-bbab-4183-a7ec-742434b08f36 None admin] RBAC: Adding query filter params (name=reader) {{(pid=44896) _extract_filter_values /opt/stack/keystone/keystone/common/rbac_enforcer/enforcer.py:167}}
Aug 26 23:03:12 user devstack@keystone.service[44896]: DEBUG keystone.common.rbac_enforcer.enforcer [None req-7a7a4f97-bbab-4183-a7ec-742434b08f36 None admin] RBAC: Authorizing `identity:list_roles()` {{(pid=44896) enforce_call /opt/stack/keystone/keystone/common/rbac_enforcer/enforcer.py:449}}
Aug 26 23:03:12 user devstack@keystone.service[44896]: DEBUG keystone.common.rbac_enforcer.enforcer [None req-7a7a4f97-bbab-4183-a7ec-742434b08f36 None admin] RBAC: Authorization granted {{(pid=44896) enforce_call /opt/stack/keystone/keystone/common/rbac_enforcer/enforcer.py:457}}
Aug 26 23:03:12 user devstack@keystone.service[44896]: [pid: 44896|app: 0|req: 65/197] 10.0.0.210 () {56 vars in 1096 bytes} [Sat Aug 26 23:03:12 2023] GET /identity/v3/roles?name=reader => generated 339 bytes in 119 msecs (HTTP/1.1 200) 5 headers in 177 bytes (1 switches on core 0)
Aug 26 23:03:12 user devstack@keystone.service[44895]: DEBUG keystone.server.flask.request_processing.middleware.auth_context [None req-5e6b4c70-d857-4107-a2a6-dc9bb3f76db2 None admin] Authenticating user token {{(pid=44895) process_request /opt/stack/data/venv/lib/python3.10/site-packages/keystonemiddleware/auth_token/__init__.py:406}}
Aug 26 23:03:12 user devstack@keystone.service[44896]: DEBUG keystone.server.flask.request_processing.middleware.auth_context [None req-7a7a4f97-bbab-4183-a7ec-742434b08f36 None admin] Authenticating user token {{(pid=44896) process_request /opt/stack/data/venv/lib/python3.10/site-packages/keystonemiddleware/auth_token/__init__.py:406}}
Aug 26 23:03:12 user devstack@keystone.service[44897]: DEBUG keystone.server.flask.request_processing.middleware.auth_context [None req-a660950d-a51f-4ad9-9539-a361c821628e None admin] Validating token access rules against request {{(pid=44897) validate_allowed_request /opt/stack/data/venv/lib/python3.10/site-packages/keystonemiddleware/auth_token/__init__.py:544}}
Aug 26 23:03:12 user devstack@keystone.service[44896]: DEBUG keystone.server.flask.request_processing.middleware.auth_context [None req-7a7a4f97-bbab-4183-a7ec-742434b08f36 None admin] Validating token access rules against request {{(pid=44896) validate_allowed_request /opt/stack/data/venv/lib/python3.10/site-packages/keystonemiddleware/auth_token/__init__.py:544}}
Aug 26 23:03:12 user devstack@keystone.service[44895]: DEBUG keystone.server.flask.request_processing.middleware.auth_context [None req-5e6b4c70-d857-4107-a2a6-dc9bb3f76db2 None admin] Validating token access rules against request {{(pid=44895) validate_allowed_request /opt/stack/data/venv/lib/python3.10/site-packages/keystonemiddleware/auth_token/__init__.py:544}}
Aug 26 23:03:12 user devstack@keystone.service[44897]: DEBUG keystone.server.flask.request_processing.middleware.auth_context [None req-e50b1ea6-1771-4eeb-81eb-5b167e33a12b None admin] RBAC: auth_context: {'token': , 'domain_id': None, 'trust_id': None, 'trustor_id': None, 'trustee_id': None, 'domain_name': None, 'group_ids': [], 'user_id': '53b665d83f754d16a096106a962548fc', 'user_domain_id': 'default', 'system_scope': 'all', 'project_id': None, 'project_domain_id': None, 'roles': ['admin', 'member', 'reader'], 'is_admin_project': True, 'service_user_id': None, 'service_user_domain_id': None, 'service_project_id': None, 'service_project_domain_id': None, 'service_roles': []} {{(pid=44897) fill_context /opt/stack/keystone/keystone/server/flask/request_processing/middleware/auth_context.py:480}}
Aug 26 23:03:12 user devstack@keystone.service[44897]: DEBUG keystone.server.flask.request_processing.req_logging [None req-e50b1ea6-1771-4eeb-81eb-5b167e33a12b None admin] REQUEST_METHOD: `POST` {{(pid=44897) log_request_info /opt/stack/keystone/keystone/server/flask/request_processing/req_logging.py:27}}
Aug 26 23:03:12 user devstack@keystone.service[44897]: DEBUG keystone.server.flask.request_processing.req_logging [None req-e50b1ea6-1771-4eeb-81eb-5b167e33a12b None admin] SCRIPT_NAME: `/identity` {{(pid=44897) log_request_info /opt/stack/keystone/keystone/server/flask/request_processing/req_logging.py:28}}
Aug 26 23:03:12 user devstack@keystone.service[44897]: DEBUG keystone.server.flask.request_processing.req_logging [None req-e50b1ea6-1771-4eeb-81eb-5b167e33a12b None admin] PATH_INFO: `/v3/users` {{(pid=44897) log_request_info /opt/stack/keystone/keystone/server/flask/request_processing/req_logging.py:29}}
Aug 26 23:03:12 user devstack@keystone.service[44897]: DEBUG keystone.common.rbac_enforcer.enforcer [None req-e50b1ea6-1771-4eeb-81eb-5b167e33a12b None admin] RBAC: Authorizing `identity:create_user()` {{(pid=44897) enforce_call /opt/stack/keystone/keystone/common/rbac_enforcer/enforcer.py:449}}
Aug 26 23:03:12 user devstack@keystone.service[44897]: DEBUG keystone.common.rbac_enforcer.enforcer [None req-e50b1ea6-1771-4eeb-81eb-5b167e33a12b None admin] RBAC: Authorization granted {{(pid=44897) enforce_call /opt/stack/keystone/keystone/common/rbac_enforcer/enforcer.py:457}}
Aug 26 23:03:12 user devstack@keystone.service[44897]: WARNING keystone.common.password_hashing [None req-e50b1ea6-1771-4eeb-81eb-5b167e33a12b None admin] Truncating password to algorithm specific maximum length 72 characters.
Aug 26 23:03:12 user devstack@keystone.service[44896]: DEBUG keystone.server.flask.request_processing.middleware.auth_context [None req-7a396440-8a34-45d5-96a9-78243f4fa427 None admin] RBAC: auth_context: {'token': , 'domain_id': None, 'trust_id': None, 'trustor_id': None, 'trustee_id': None, 'domain_name': None, 'group_ids': [], 'user_id': '53b665d83f754d16a096106a962548fc', 'user_domain_id': 'default', 'system_scope': 'all', 'project_id': None, 'project_domain_id': None, 'roles': ['admin', 'member', 'reader'], 'is_admin_project': True, 'service_user_id': None, 'service_user_domain_id': None, 'service_project_id': None, 'service_project_domain_id': None, 'service_roles': []} {{(pid=44896) fill_context /opt/stack/keystone/keystone/server/flask/request_processing/middleware/auth_context.py:480}}
Aug 26 23:03:12 user devstack@keystone.service[44896]: DEBUG keystone.server.flask.request_processing.req_logging [None req-7a396440-8a34-45d5-96a9-78243f4fa427 None admin] REQUEST_METHOD: `GET` {{(pid=44896) log_request_info /opt/stack/keystone/keystone/server/flask/request_processing/req_logging.py:27}}
Aug 26 23:03:12 user devstack@keystone.service[44896]: DEBUG keystone.server.flask.request_processing.req_logging [None req-7a396440-8a34-45d5-96a9-78243f4fa427 None admin] SCRIPT_NAME: `/identity` {{(pid=44896) log_request_info /opt/stack/keystone/keystone/server/flask/request_processing/req_logging.py:28}}
Aug 26 23:03:12 user devstack@keystone.service[44896]: DEBUG keystone.server.flask.request_processing.req_logging [None req-7a396440-8a34-45d5-96a9-78243f4fa427 None admin] PATH_INFO: `/v3/roles/member` {{(pid=44896) log_request_info /opt/stack/keystone/keystone/server/flask/request_processing/req_logging.py:29}}
Aug 26 23:03:12 user devstack@keystone.service[44895]: DEBUG keystone.server.flask.request_processing.middleware.auth_context [None req-9c3ded50-fee9-4980-91fb-cba256dec1f4 None admin] RBAC: auth_context: {'token': , 'domain_id': None, 'trust_id': None, 'trustor_id': None, 'trustee_id': None, 'domain_name': None, 'group_ids': [], 'user_id': '53b665d83f754d16a096106a962548fc', 'user_domain_id': 'default', 'system_scope': 'all', 'project_id': None, 'project_domain_id': None, 'roles': ['admin', 'member', 'reader'], 'is_admin_project': True, 'service_user_id': None, 'service_user_domain_id': None, 'service_project_id': None, 'service_project_domain_id': None, 'service_roles': []} {{(pid=44895) fill_context /opt/stack/keystone/keystone/server/flask/request_processing/middleware/auth_context.py:480}}
Aug 26 23:03:12 user devstack@keystone.service[44895]: DEBUG keystone.server.flask.request_processing.req_logging [None req-9c3ded50-fee9-4980-91fb-cba256dec1f4 None admin] REQUEST_METHOD: `GET` {{(pid=44895) log_request_info /opt/stack/keystone/keystone/server/flask/request_processing/req_logging.py:27}}
Aug 26 23:03:12 user devstack@keystone.service[44895]: DEBUG keystone.server.flask.request_processing.req_logging [None req-9c3ded50-fee9-4980-91fb-cba256dec1f4 None admin] SCRIPT_NAME: `/identity` {{(pid=44895) log_request_info /opt/stack/keystone/keystone/server/flask/request_processing/req_logging.py:28}}
Aug 26 23:03:12 user devstack@keystone.service[44895]: DEBUG keystone.server.flask.request_processing.req_logging [None req-9c3ded50-fee9-4980-91fb-cba256dec1f4 None admin] PATH_INFO: `/v3/users/18788d5f308b4e5ca86fa7ed82cc8c93` {{(pid=44895) log_request_info /opt/stack/keystone/keystone/server/flask/request_processing/req_logging.py:29}}
Aug 26 23:03:12 user devstack@keystone.service[44897]: [pid: 44897|app: 0|req: 65/198] 10.0.0.210 () {60 vars in 1127 bytes} [Sat Aug 26 23:03:12 2023] POST /identity/v3/users => generated 292 bytes in 141 msecs (HTTP/1.1 201) 5 headers in 182 bytes (1 switches on core 0)
Aug 26 23:03:12 user devstack@keystone.service[44896]: DEBUG keystone.common.rbac_enforcer.enforcer [None req-7a396440-8a34-45d5-96a9-78243f4fa427 None admin] Extracting inferred target data resulted in "NOT FOUND (404)". {{(pid=44896) enforce_call /opt/stack/keystone/keystone/common/rbac_enforcer/enforcer.py:409}}
Aug 26 23:03:12 user devstack@keystone.service[44895]: DEBUG keystone.common.rbac_enforcer.enforcer [None req-9c3ded50-fee9-4980-91fb-cba256dec1f4 None admin] RBAC: Authorizing `identity:get_user(user_id=18788d5f308b4e5ca86fa7ed82cc8c93)` {{(pid=44895) enforce_call /opt/stack/keystone/keystone/common/rbac_enforcer/enforcer.py:449}}
Aug 26 23:03:12 user devstack@keystone.service[44896]: ERROR keystone.server.flask.application [None req-7a396440-8a34-45d5-96a9-78243f4fa427 None admin] Could not find role: member.: keystone.exception.RoleNotFound: Could not find role: member.
Aug 26 23:03:12 user devstack@keystone.service[44896]: ERROR keystone.server.flask.application
Traceback (most recent call last):
Aug 26 23:03:12 user devstack@keystone.service[44896]: ERROR keystone.server.flask.application
File "/opt/stack/data/venv/lib/python3.10/site-packages/flask/app.py", line 1823, in full_dispatch_request
Aug 26 23:03:12 user devstack@keystone.service[44896]: ERROR keystone.server.flask.application rv = self.dispatch_request()
Aug 26 23:03:12 user devstack@keystone.service[44896]: ERROR keystone.server.flask.application
File "/opt/stack/data/venv/lib/python3.10/site-packages/flask/app.py", line 1799, in dispatch_request
Aug 26 23:03:12 user devstack@keystone.service[44896]: ERROR keystone.server.flask.application return self.ensure_sync(self.view_functions[rule.endpoint])(**view_args)
Aug 26 23:03:12 user devstack@keystone.service[44896]: ERROR keystone.server.flask.application
File "/opt/stack/data/venv/lib/python3.10/site-packages/flask_restful/__init__.py", line 467, in wrapper
Aug 26 23:03:12 user devstack@keystone.service[44896]: ERROR keystone.server.flask.application resp = resource(*args, **kwargs)
Aug 26 23:03:12 user devstack@keystone.service[44896]: ERROR keystone.server.flask.application
File "/opt/stack/data/venv/lib/python3.10/site-packages/flask/views.py", line 107, in view
Aug 26 23:03:12 user devstack@keystone.service[44896]: ERROR keystone.server.flask.application return current_app.ensure_sync(self.dispatch_request)(**kwargs)
Aug 26 23:03:12 user devstack@keystone.service[44896]: ERROR keystone.server.flask.application
File "/opt/stack/data/venv/lib/python3.10/site-packages/flask_restful/__init__.py", line 582, in dispatch_request
Aug 26 23:03:12 user devstack@keystone.service[44896]: ERROR keystone.server.flask.application resp = meth(*args, **kwargs)
Aug 26 23:03:12 user devstack@keystone.service[44896]: ERROR keystone.server.flask.application
File "/opt/stack/keystone/keystone/api/roles.py", line 50, in get
Aug 26 23:03:12 user devstack@keystone.service[44896]: ERROR keystone.server.flask.application return self._get_role(role_id)
Aug 26 23:03:12 user devstack@keystone.service[44896]: ERROR keystone.server.flask.application
File "/opt/stack/keystone/keystone/api/roles.py", line 70, in _get_role
Aug 26 23:03:12 user devstack@keystone.service[44896]: ERROR keystone.server.flask.application ENFORCER.enforce_call(action='identity:get_role')
Aug 26 23:03:12 user devstack@keystone.service[44896]: ERROR keystone.server.flask.application
File "/opt/stack/keystone/keystone/common/rbac_enforcer/enforcer.py", line 402, in enforce_call
Aug 26 23:03:12 user devstack@keystone.service[44896]: ERROR keystone.server.flask.application policy_dict.update(cls._extract_member_target_data(
Aug 26 23:03:12 user devstack@keystone.service[44896]: ERROR keystone.server.flask.application
File "/opt/stack/keystone/keystone/common/rbac_enforcer/enforcer.py", line 234, in _extract_member_target_data
Aug 26 23:03:12 user devstack@keystone.service[44896]: ERROR keystone.server.flask.application member_name: func(flask.request.view_args[key])
Aug 26 23:03:12 user devstack@keystone.service[44896]: ERROR keystone.server.flask.application
File "/opt/stack/keystone/keystone/common/manager.py", line 115, in wrapped
Aug 26 23:03:12 user devstack@keystone.service[44896]: ERROR keystone.server.flask.application __ret_val = __f(*args, **kwargs)
Aug 26 23:03:12 user devstack@keystone.service[44896]: ERROR keystone.server.flask.application
File "/opt/stack/data/venv/lib/python3.10/site-packages/decorator.py", line 232, in fun
Aug 26 23:03:12 user devstack@keystone.service[44896]: ERROR keystone.server.flask.application return caller(func, *(extras + args), **kw)
Aug 26 23:03:12 user devstack@keystone.service[44896]: ERROR keystone.server.flask.application
File "/opt/stack/data/venv/lib/python3.10/site-packages/dogpile/cache/region.py", line 1577, in get_or_create_for_user_func
Aug 26 23:03:12 user devstack@keystone.service[44896]: ERROR keystone.server.flask.application return self.get_or_create(
Aug 26 23:03:12 user devstack@keystone.service[44896]: ERROR keystone.server.flask.application
File "/opt/stack/data/venv/lib/python3.10/site-packages/dogpile/cache/region.py", line 1042, in get_or_create
Aug 26 23:03:12 user devstack@keystone.service[44896]: ERROR keystone.server.flask.application with Lock(
Aug 26 23:03:12 user devstack@keystone.service[44896]: ERROR keystone.server.flask.application
File "/opt/stack/data/venv/lib/python3.10/site-packages/dogpile/lock.py", line 185, in __enter__
Aug 26 23:03:12 user devstack@keystone.service[44896]: ERROR keystone.server.flask.application return self._enter()
Aug 26 23:03:12 user devstack@keystone.service[44896]: ERROR keystone.server.flask.application
File "/opt/stack/data/venv/lib/python3.10/site-packages/dogpile/lock.py", line 94, in _enter
Aug 26 23:03:12 user devstack@keystone.service[44896]: ERROR keystone.server.flask.application generated = self._enter_create(value, createdtime)
Aug 26 23:03:12 user devstack@keystone.service[44896]: ERROR keystone.server.flask.application
File "/opt/stack/data/venv/lib/python3.10/site-packages/dogpile/lock.py", line 178, in _enter_create
Aug 26 23:03:12 user devstack@keystone.service[44896]: ERROR keystone.server.flask.application return self.creator()
Aug 26 23:03:12 user devstack@keystone.service[44896]: ERROR keystone.server.flask.application
File "/opt/stack/data/venv/lib/python3.10/site-packages/dogpile/cache/region.py", line 995, in gen_value
Aug 26 23:03:12 user devstack@keystone.service[44896]: ERROR keystone.server.flask.application created_value = creator(
Aug 26 23:03:12 user devstack@keystone.service[44896]: ERROR keystone.server.flask.application
File "/opt/stack/keystone/keystone/assignment/core.py", line 1276, in get_role
Aug 26 23:03:12 user devstack@keystone.service[44896]: ERROR keystone.server.flask.application return self.driver.get_role(role_id)
Aug 26 23:03:12 user devstack@keystone.service[44896]: ERROR keystone.server.flask.application
File "/opt/stack/keystone/keystone/assignment/role_backends/sql.py", line 70, in get_role
Aug 26 23:03:12 user devstack@keystone.service[44896]: ERROR keystone.server.flask.application return self._get_role(session, role_id).to_dict()
Aug 26 23:03:12 user devstack@keystone.service[44896]: ERROR keystone.server.flask.application
File "/opt/stack/keystone/keystone/assignment/role_backends/sql.py", line 65, in _get_role
Aug 26 23:03:12 user devstack@keystone.service[44896]: ERROR keystone.server.flask.application raise exception.RoleNotFound(role_id=role_id)
Aug 26 23:03:12 user devstack@keystone.service[44896]: ERROR keystone.server.flask.application keystone.exception.RoleNotFound: Could not find role: member.
Aug 26 23:03:12 user devstack@keystone.service[44896]: ERROR keystone.server.flask.application
Aug 26 23:03:12 user devstack@keystone.service[44895]: DEBUG keystone.common.rbac_enforcer.enforcer [None req-9c3ded50-fee9-4980-91fb-cba256dec1f4 None admin] RBAC: Authorization granted {{(pid=44895) enforce_call /opt/stack/keystone/keystone/common/rbac_enforcer/enforcer.py:457}}
Aug 26 23:03:12 user devstack@keystone.service[44896]: [pid: 44896|app: 0|req: 66/199] 10.0.0.210 () {56 vars in 1094 bytes} [Sat Aug 26 23:03:12 2023] GET /identity/v3/roles/member => generated 84 bytes in 127 msecs (HTTP/1.1 404) 5 headers in 183 bytes (2 switches on core 0)
Aug 26 23:03:12 user devstack@keystone.service[44895]: [pid: 44895|app: 0|req: 69/200] 10.0.0.210 () {56 vars in 1172 bytes} [Sat Aug 26 23:03:12 2023] GET /identity/v3/users/18788d5f308b4e5ca86fa7ed82cc8c93 => generated 296 bytes in 129 msecs (HTTP/1.1 200) 5 headers in 177 bytes (1 switches on core 0)
Aug 26 23:03:12 user devstack@keystone.service[44897]: DEBUG keystone.server.flask.request_processing.middleware.auth_context [None req-e50b1ea6-1771-4eeb-81eb-5b167e33a12b None admin] Authenticating user token {{(pid=44897) process_request /opt/stack/data/venv/lib/python3.10/site-packages/keystonemiddleware/auth_token/__init__.py:406}}
Aug 26 23:03:12 user devstack@keystone.service[44896]: DEBUG keystone.server.flask.request_processing.middleware.auth_context [None req-7a396440-8a34-45d5-96a9-78243f4fa427 None admin] Authenticating user token {{(pid=44896) process_request /opt/stack/data/venv/lib/python3.10/site-packages/keystonemiddleware/auth_token/__init__.py:406}}
Aug 26 23:03:12 user devstack@keystone.service[44896]: DEBUG keystone.server.flask.request_processing.middleware.auth_context [None req-7a396440-8a34-45d5-96a9-78243f4fa427 None admin] Validating token access rules against request {{(pid=44896) validate_allowed_request /opt/stack/data/venv/lib/python3.10/site-packages/keystonemiddleware/auth_token/__init__.py:544}}
Aug 26 23:03:12 user devstack@keystone.service[44897]: DEBUG keystone.server.flask.request_processing.middleware.auth_context [None req-e50b1ea6-1771-4eeb-81eb-5b167e33a12b None admin] Validating token access rules against request {{(pid=44897) validate_allowed_request /opt/stack/data/venv/lib/python3.10/site-packages/keystonemiddleware/auth_token/__init__.py:544}}
Aug 26 23:03:12 user devstack@keystone.service[44897]: DEBUG keystone.server.flask.request_processing.middleware.auth_context [None req-eaa23391-d984-45af-b2be-99f85d62ed3a None admin] RBAC: auth_context: {'token': , 'domain_id': None, 'trust_id': None, 'trustor_id': None, 'trustee_id': None, 'domain_name': None, 'group_ids': [], 'user_id': '53b665d83f754d16a096106a962548fc', 'user_domain_id': 'default', 'system_scope': 'all', 'project_id': None, 'project_domain_id': None, 'roles': ['admin', 'member', 'reader'], 'is_admin_project': True, 'service_user_id': None, 'service_user_domain_id': None, 'service_project_id': None, 'service_project_domain_id': None, 'service_roles': []} {{(pid=44897) fill_context /opt/stack/keystone/keystone/server/flask/request_processing/middleware/auth_context.py:480}}
Aug 26 23:03:12 user devstack@keystone.service[44897]: DEBUG keystone.server.flask.request_processing.req_logging [None req-eaa23391-d984-45af-b2be-99f85d62ed3a None admin] REQUEST_METHOD: `GET` {{(pid=44897) log_request_info /opt/stack/keystone/keystone/server/flask/request_processing/req_logging.py:27}}
Aug 26 23:03:12 user devstack@keystone.service[44897]: DEBUG keystone.server.flask.request_processing.req_logging [None req-eaa23391-d984-45af-b2be-99f85d62ed3a None admin] SCRIPT_NAME: `/identity` {{(pid=44897) log_request_info /opt/stack/keystone/keystone/server/flask/request_processing/req_logging.py:28}}
Aug 26 23:03:12 user devstack@keystone.service[44897]: DEBUG keystone.server.flask.request_processing.req_logging [None req-eaa23391-d984-45af-b2be-99f85d62ed3a None admin] PATH_INFO: `/v3/roles` {{(pid=44897) log_request_info /opt/stack/keystone/keystone/server/flask/request_processing/req_logging.py:29}}
Aug 26 23:03:12 user devstack@keystone.service[44897]: DEBUG keystone.common.rbac_enforcer.enforcer [None req-eaa23391-d984-45af-b2be-99f85d62ed3a None admin] RBAC: Adding query filter params (name=member) {{(pid=44897) _extract_filter_values /opt/stack/keystone/keystone/common/rbac_enforcer/enforcer.py:167}}
Aug 26 23:03:12 user devstack@keystone.service[44896]: DEBUG keystone.server.flask.request_processing.middleware.auth_context [None req-15c48c5b-48fd-4009-81f0-b3198192fb6d None admin] RBAC: auth_context: {'token': , 'domain_id': None, 'trust_id': None, 'trustor_id': None, 'trustee_id': None, 'domain_name': None, 'group_ids': [], 'user_id': '53b665d83f754d16a096106a962548fc', 'user_domain_id': 'default', 'system_scope': 'all', 'project_id': None, 'project_domain_id': None, 'roles': ['admin', 'member', 'reader'], 'is_admin_project': True, 'service_user_id': None, 'service_user_domain_id': None, 'service_project_id': None, 'service_project_domain_id': None, 'service_roles': []} {{(pid=44896) fill_context /opt/stack/keystone/keystone/server/flask/request_processing/middleware/auth_context.py:480}}
Aug 26 23:03:12 user devstack@keystone.service[44897]: DEBUG keystone.common.rbac_enforcer.enforcer [None req-eaa23391-d984-45af-b2be-99f85d62ed3a None admin] RBAC: Authorizing `identity:list_roles()` {{(pid=44897) enforce_call /opt/stack/keystone/keystone/common/rbac_enforcer/enforcer.py:449}}
Aug 26 23:03:12 user devstack@keystone.service[44896]: DEBUG keystone.server.flask.request_processing.req_logging [None req-15c48c5b-48fd-4009-81f0-b3198192fb6d None admin] REQUEST_METHOD: `GET` {{(pid=44896) log_request_info /opt/stack/keystone/keystone/server/flask/request_processing/req_logging.py:27}}
Aug 26 23:03:12 user devstack@keystone.service[44896]: DEBUG keystone.server.flask.request_processing.req_logging [None req-15c48c5b-48fd-4009-81f0-b3198192fb6d None admin] SCRIPT_NAME: `/identity` {{(pid=44896) log_request_info /opt/stack/keystone/keystone/server/flask/request_processing/req_logging.py:28}}
Aug 26 23:03:12 user devstack@keystone.service[44896]: DEBUG keystone.server.flask.request_processing.req_logging [None req-15c48c5b-48fd-4009-81f0-b3198192fb6d None admin] PATH_INFO: `/v3/projects/9c2d62b90a9940d7bf41012089802c20` {{(pid=44896) log_request_info /opt/stack/keystone/keystone/server/flask/request_processing/req_logging.py:29}}
Aug 26 23:03:12 user devstack@keystone.service[44897]: DEBUG keystone.common.rbac_enforcer.enforcer [None req-eaa23391-d984-45af-b2be-99f85d62ed3a None admin] RBAC: Authorization granted {{(pid=44897) enforce_call /opt/stack/keystone/keystone/common/rbac_enforcer/enforcer.py:457}}
Aug 26 23:03:12 user devstack@keystone.service[44896]: DEBUG keystone.common.rbac_enforcer.enforcer [None req-15c48c5b-48fd-4009-81f0-b3198192fb6d None admin] RBAC: Authorizing `identity:get_project(project_id=9c2d62b90a9940d7bf41012089802c20)` {{(pid=44896) enforce_call /opt/stack/keystone/keystone/common/rbac_enforcer/enforcer.py:449}}
Aug 26 23:03:12 user devstack@keystone.service[44896]: DEBUG keystone.common.rbac_enforcer.enforcer [None req-15c48c5b-48fd-4009-81f0-b3198192fb6d None admin] RBAC: Authorization granted {{(pid=44896) enforce_call /opt/stack/keystone/keystone/common/rbac_enforcer/enforcer.py:457}}
Aug 26 23:03:12 user devstack@keystone.service[44896]: [pid: 44896|app: 0|req: 67/201] 10.0.0.210 () {56 vars in 1181 bytes} [Sat Aug 26 23:03:12 2023] GET /identity/v3/projects/9c2d62b90a9940d7bf41012089802c20 => generated 301 bytes in 129 msecs (HTTP/1.1 200) 5 headers in 177 bytes (2 switches on core 0)
Aug 26 23:03:12 user devstack@keystone.service[44897]: [pid: 44897|app: 0|req: 66/202] 10.0.0.210 () {56 vars in 1096 bytes} [Sat Aug 26 23:03:12 2023] GET /identity/v3/roles?name=member => generated 339 bytes in 133 msecs (HTTP/1.1 200) 5 headers in 177 bytes (1 switches on core 0)
Aug 26 23:03:12 user devstack@keystone.service[44895]: DEBUG keystone.server.flask.request_processing.middleware.auth_context [None req-9c3ded50-fee9-4980-91fb-cba256dec1f4 None admin] Authenticating user token {{(pid=44895) process_request /opt/stack/data/venv/lib/python3.10/site-packages/keystonemiddleware/auth_token/__init__.py:406}}
Aug 26 23:03:12 user devstack@keystone.service[44896]: DEBUG keystone.server.flask.request_processing.middleware.auth_context [None req-15c48c5b-48fd-4009-81f0-b3198192fb6d None admin] Authenticating user token {{(pid=44896) process_request /opt/stack/data/venv/lib/python3.10/site-packages/keystonemiddleware/auth_token/__init__.py:406}}
Aug 26 23:03:12 user devstack@keystone.service[44896]: DEBUG keystone.server.flask.request_processing.middleware.auth_context [None req-15c48c5b-48fd-4009-81f0-b3198192fb6d None admin] Validating token access rules against request {{(pid=44896) validate_allowed_request /opt/stack/data/venv/lib/python3.10/site-packages/keystonemiddleware/auth_token/__init__.py:544}}
Aug 26 23:03:12 user devstack@keystone.service[44895]: DEBUG keystone.server.flask.request_processing.middleware.auth_context [None req-9c3ded50-fee9-4980-91fb-cba256dec1f4 None admin] Validating token access rules against request {{(pid=44895) validate_allowed_request /opt/stack/data/venv/lib/python3.10/site-packages/keystonemiddleware/auth_token/__init__.py:544}}
Aug 26 23:03:13 user devstack@keystone.service[44896]: DEBUG keystone.server.flask.request_processing.middleware.auth_context [None req-702f2b9b-aa0f-471e-973c-67e85c472400 None admin] RBAC: auth_context: {'token': , 'domain_id': None, 'trust_id': None, 'trustor_id': None, 'trustee_id': None, 'domain_name': None, 'group_ids': [], 'user_id': '53b665d83f754d16a096106a962548fc', 'user_domain_id': 'default', 'system_scope': 'all', 'project_id': None, 'project_domain_id': None, 'roles': ['admin', 'member', 'reader'], 'is_admin_project': True, 'service_user_id': None, 'service_user_domain_id': None, 'service_project_id': None, 'service_project_domain_id': None, 'service_roles': []} {{(pid=44896) fill_context /opt/stack/keystone/keystone/server/flask/request_processing/middleware/auth_context.py:480}}
Aug 26 23:03:13 user devstack@keystone.service[44896]: DEBUG keystone.server.flask.request_processing.req_logging [None req-702f2b9b-aa0f-471e-973c-67e85c472400 None admin] REQUEST_METHOD: `GET` {{(pid=44896) log_request_info /opt/stack/keystone/keystone/server/flask/request_processing/req_logging.py:27}}
Aug 26 23:03:13 user devstack@keystone.service[44896]: DEBUG keystone.server.flask.request_processing.req_logging [None req-702f2b9b-aa0f-471e-973c-67e85c472400 None admin] SCRIPT_NAME: `/identity` {{(pid=44896) log_request_info /opt/stack/keystone/keystone/server/flask/request_processing/req_logging.py:28}}
Aug 26 23:03:13 user devstack@keystone.service[44896]: DEBUG keystone.server.flask.request_processing.req_logging [None req-702f2b9b-aa0f-471e-973c-67e85c472400 None admin] PATH_INFO: `/v3/users/44c5291602a043118fb8eada275497ba` {{(pid=44896) log_request_info /opt/stack/keystone/keystone/server/flask/request_processing/req_logging.py:29}}
Aug 26 23:03:13 user devstack@keystone.service[44896]: DEBUG keystone.common.rbac_enforcer.enforcer [None req-702f2b9b-aa0f-471e-973c-67e85c472400 None admin] RBAC: Authorizing `identity:get_user(user_id=44c5291602a043118fb8eada275497ba)` {{(pid=44896) enforce_call /opt/stack/keystone/keystone/common/rbac_enforcer/enforcer.py:449}}
Aug 26 23:03:13 user devstack@keystone.service[44896]: DEBUG keystone.common.rbac_enforcer.enforcer [None req-702f2b9b-aa0f-471e-973c-67e85c472400 None admin] RBAC: Authorization granted {{(pid=44896) enforce_call /opt/stack/keystone/keystone/common/rbac_enforcer/enforcer.py:457}}
Aug 26 23:03:13 user devstack@keystone.service[44896]: [pid: 44896|app: 0|req: 68/203] 10.0.0.210 () {56 vars in 1172 bytes} [Sat Aug 26 23:03:12 2023] GET /identity/v3/users/44c5291602a043118fb8eada275497ba => generated 296 bytes in 124 msecs (HTTP/1.1 200) 5 headers in 177 bytes (1 switches on core 0)
Aug 26 23:03:13 user devstack@keystone.service[44897]: DEBUG keystone.server.flask.request_processing.middleware.auth_context [None req-eaa23391-d984-45af-b2be-99f85d62ed3a None admin] Authenticating user token {{(pid=44897) process_request /opt/stack/data/venv/lib/python3.10/site-packages/keystonemiddleware/auth_token/__init__.py:406}}
Aug 26 23:03:13 user devstack@keystone.service[44895]: DEBUG keystone.server.flask.request_processing.middleware.auth_context [None req-7ec0792f-fa56-46f6-8a10-33defb701db0 None admin] RBAC: auth_context: {'token': , 'domain_id': None, 'trust_id': None, 'trustor_id': None, 'trustee_id': None, 'domain_name': None, 'group_ids': [], 'user_id': '53b665d83f754d16a096106a962548fc', 'user_domain_id': 'default', 'system_scope': 'all', 'project_id': None, 'project_domain_id': None, 'roles': ['admin', 'member', 'reader'], 'is_admin_project': True, 'service_user_id': None, 'service_user_domain_id': None, 'service_project_id': None, 'service_project_domain_id': None, 'service_roles': []} {{(pid=44895) fill_context /opt/stack/keystone/keystone/server/flask/request_processing/middleware/auth_context.py:480}}
Aug 26 23:03:13 user devstack@keystone.service[44895]: DEBUG keystone.server.flask.request_processing.req_logging [None req-7ec0792f-fa56-46f6-8a10-33defb701db0 None admin] REQUEST_METHOD: `PUT` {{(pid=44895) log_request_info /opt/stack/keystone/keystone/server/flask/request_processing/req_logging.py:27}}
Aug 26 23:03:13 user devstack@keystone.service[44895]: DEBUG keystone.server.flask.request_processing.req_logging [None req-7ec0792f-fa56-46f6-8a10-33defb701db0 None admin] SCRIPT_NAME: `/identity` {{(pid=44895) log_request_info /opt/stack/keystone/keystone/server/flask/request_processing/req_logging.py:28}}
Aug 26 23:03:13 user devstack@keystone.service[44895]: DEBUG keystone.server.flask.request_processing.req_logging [None req-7ec0792f-fa56-46f6-8a10-33defb701db0 None admin] PATH_INFO: `/v3/projects/9c2d62b90a9940d7bf41012089802c20/users/18788d5f308b4e5ca86fa7ed82cc8c93/roles/fb741abdace34ae08e71635ebe685d56` {{(pid=44895) log_request_info /opt/stack/keystone/keystone/server/flask/request_processing/req_logging.py:29}}
Aug 26 23:03:13 user devstack@keystone.service[44895]: DEBUG keystone.common.rbac_enforcer.enforcer [None req-7ec0792f-fa56-46f6-8a10-33defb701db0 None admin] RBAC: Authorizing `identity:create_grant(project_id=9c2d62b90a9940d7bf41012089802c20, user_id=18788d5f308b4e5ca86fa7ed82cc8c93, role_id=fb741abdace34ae08e71635ebe685d56)` {{(pid=44895) enforce_call /opt/stack/keystone/keystone/common/rbac_enforcer/enforcer.py:449}}
Aug 26 23:03:13 user devstack@keystone.service[44895]: DEBUG keystone.common.rbac_enforcer.enforcer [None req-7ec0792f-fa56-46f6-8a10-33defb701db0 None admin] RBAC: Authorization granted {{(pid=44895) enforce_call /opt/stack/keystone/keystone/common/rbac_enforcer/enforcer.py:457}}
Aug 26 23:03:13 user devstack@keystone.service[44895]: [pid: 44895|app: 0|req: 70/204] 10.0.0.210 () {58 vars in 1434 bytes} [Sat Aug 26 23:03:12 2023] PUT /identity/v3/projects/9c2d62b90a9940d7bf41012089802c20/users/18788d5f308b4e5ca86fa7ed82cc8c93/roles/fb741abdace34ae08e71635ebe685d56 => generated 0 bytes in 159 msecs (HTTP/1.1 204) 3 headers in 132 bytes (0 switches on core 0)
Aug 26 23:03:13 user devstack@keystone.service[44897]: DEBUG keystone.server.flask.request_processing.middleware.auth_context [None req-eaa23391-d984-45af-b2be-99f85d62ed3a None admin] Validating token access rules against request {{(pid=44897) validate_allowed_request /opt/stack/data/venv/lib/python3.10/site-packages/keystonemiddleware/auth_token/__init__.py:544}}
Aug 26 23:03:13 user devstack@keystone.service[44897]: DEBUG keystone.server.flask.request_processing.middleware.auth_context [None req-30bbe3d8-0899-41c0-b8ee-04c8d49c1bbe None admin] RBAC: auth_context: {'token': , 'domain_id': None, 'trust_id': None, 'trustor_id': None, 'trustee_id': None, 'domain_name': None, 'group_ids': [], 'user_id': '53b665d83f754d16a096106a962548fc', 'user_domain_id': 'default', 'system_scope': 'all', 'project_id': None, 'project_domain_id': None, 'roles': ['admin', 'member', 'reader'], 'is_admin_project': True, 'service_user_id': None, 'service_user_domain_id': None, 'service_project_id': None, 'service_project_domain_id': None, 'service_roles': []} {{(pid=44897) fill_context /opt/stack/keystone/keystone/server/flask/request_processing/middleware/auth_context.py:480}}
Aug 26 23:03:13 user devstack@keystone.service[44897]: DEBUG keystone.server.flask.request_processing.req_logging [None req-30bbe3d8-0899-41c0-b8ee-04c8d49c1bbe None admin] REQUEST_METHOD: `GET` {{(pid=44897) log_request_info /opt/stack/keystone/keystone/server/flask/request_processing/req_logging.py:27}}
Aug 26 23:03:13 user devstack@keystone.service[44897]: DEBUG keystone.server.flask.request_processing.req_logging [None req-30bbe3d8-0899-41c0-b8ee-04c8d49c1bbe None admin] SCRIPT_NAME: `/identity` {{(pid=44897) log_request_info /opt/stack/keystone/keystone/server/flask/request_processing/req_logging.py:28}}
Aug 26 23:03:13 user devstack@keystone.service[44897]: DEBUG keystone.server.flask.request_processing.req_logging [None req-30bbe3d8-0899-41c0-b8ee-04c8d49c1bbe None admin] PATH_INFO: `/v3/auth/tokens` {{(pid=44897) log_request_info /opt/stack/keystone/keystone/server/flask/request_processing/req_logging.py:29}}
Aug 26 23:03:13 user devstack@keystone.service[44897]: DEBUG keystone.common.rbac_enforcer.enforcer [None req-30bbe3d8-0899-41c0-b8ee-04c8d49c1bbe None admin] RBAC: Authorizing `identity:validate_token()` {{(pid=44897) enforce_call /opt/stack/keystone/keystone/common/rbac_enforcer/enforcer.py:449}}
Aug 26 23:03:13 user devstack@keystone.service[44897]: DEBUG keystone.common.rbac_enforcer.enforcer [None req-30bbe3d8-0899-41c0-b8ee-04c8d49c1bbe None admin] RBAC: Authorization granted {{(pid=44897) enforce_call /opt/stack/keystone/keystone/common/rbac_enforcer/enforcer.py:457}}
Aug 26 23:03:13 user devstack@keystone.service[44897]: [pid: 44897|app: 0|req: 67/205] 10.0.0.210 () {58 vars in 1277 bytes} [Sat Aug 26 23:03:13 2023] GET /identity/v3/auth/tokens => generated 798 bytes in 268 msecs (HTTP/1.1 200) 6 headers in 358 bytes (1 switches on core 0)
Aug 26 23:03:13 user devstack@keystone.service[44896]: DEBUG keystone.server.flask.request_processing.middleware.auth_context [None req-702f2b9b-aa0f-471e-973c-67e85c472400 None admin] Authenticating user token {{(pid=44896) process_request /opt/stack/data/venv/lib/python3.10/site-packages/keystonemiddleware/auth_token/__init__.py:406}}
Aug 26 23:03:13 user devstack@keystone.service[44896]: DEBUG keystone.server.flask.request_processing.middleware.auth_context [None req-702f2b9b-aa0f-471e-973c-67e85c472400 None admin] Validating token access rules against request {{(pid=44896) validate_allowed_request /opt/stack/data/venv/lib/python3.10/site-packages/keystonemiddleware/auth_token/__init__.py:544}}
Aug 26 23:03:13 user devstack@keystone.service[44896]: DEBUG keystone.server.flask.request_processing.middleware.auth_context [None req-1f7f21f3-f87c-4d63-84c8-4c36d919af0f None admin] RBAC: auth_context: {'token': , 'domain_id': None, 'trust_id': None, 'trustor_id': None, 'trustee_id': None, 'domain_name': None, 'group_ids': [], 'user_id': '53b665d83f754d16a096106a962548fc', 'user_domain_id': 'default', 'system_scope': 'all', 'project_id': None, 'project_domain_id': None, 'roles': ['admin', 'member', 'reader'], 'is_admin_project': True, 'service_user_id': None, 'service_user_domain_id': None, 'service_project_id': None, 'service_project_domain_id': None, 'service_roles': []} {{(pid=44896) fill_context /opt/stack/keystone/keystone/server/flask/request_processing/middleware/auth_context.py:480}}
Aug 26 23:03:13 user devstack@keystone.service[44896]: DEBUG keystone.server.flask.request_processing.req_logging [None req-1f7f21f3-f87c-4d63-84c8-4c36d919af0f None admin] REQUEST_METHOD: `GET` {{(pid=44896) log_request_info /opt/stack/keystone/keystone/server/flask/request_processing/req_logging.py:27}}
Aug 26 23:03:13 user devstack@keystone.service[44896]: DEBUG keystone.server.flask.request_processing.req_logging [None req-1f7f21f3-f87c-4d63-84c8-4c36d919af0f None admin] SCRIPT_NAME: `/identity` {{(pid=44896) log_request_info /opt/stack/keystone/keystone/server/flask/request_processing/req_logging.py:28}}
Aug 26 23:03:13 user devstack@keystone.service[44896]: DEBUG keystone.server.flask.request_processing.req_logging [None req-1f7f21f3-f87c-4d63-84c8-4c36d919af0f None admin] PATH_INFO: `/v3/projects/9c2d62b90a9940d7bf41012089802c20` {{(pid=44896) log_request_info /opt/stack/keystone/keystone/server/flask/request_processing/req_logging.py:29}}
Aug 26 23:03:13 user devstack@keystone.service[44896]: DEBUG keystone.common.rbac_enforcer.enforcer [None req-1f7f21f3-f87c-4d63-84c8-4c36d919af0f None admin] RBAC: Authorizing `identity:get_project(project_id=9c2d62b90a9940d7bf41012089802c20)` {{(pid=44896) enforce_call /opt/stack/keystone/keystone/common/rbac_enforcer/enforcer.py:449}}
Aug 26 23:03:13 user devstack@keystone.service[44896]: DEBUG keystone.common.rbac_enforcer.enforcer [None req-1f7f21f3-f87c-4d63-84c8-4c36d919af0f None admin] RBAC: Authorization granted {{(pid=44896) enforce_call /opt/stack/keystone/keystone/common/rbac_enforcer/enforcer.py:457}}
Aug 26 23:03:13 user devstack@keystone.service[44896]: [pid: 44896|app: 0|req: 69/206] 10.0.0.210 () {56 vars in 1181 bytes} [Sat Aug 26 23:03:13 2023] GET /identity/v3/projects/9c2d62b90a9940d7bf41012089802c20 => generated 301 bytes in 119 msecs (HTTP/1.1 200) 5 headers in 177 bytes (1 switches on core 0)
Aug 26 23:03:13 user devstack@keystone.service[44895]: DEBUG keystone.server.flask.request_processing.middleware.auth_context [None req-7ec0792f-fa56-46f6-8a10-33defb701db0 None admin] Authenticating user token {{(pid=44895) process_request /opt/stack/data/venv/lib/python3.10/site-packages/keystonemiddleware/auth_token/__init__.py:406}}
Aug 26 23:03:13 user devstack@keystone.service[44895]: DEBUG keystone.server.flask.request_processing.middleware.auth_context [None req-7ec0792f-fa56-46f6-8a10-33defb701db0 None admin] Validating token access rules against request {{(pid=44895) validate_allowed_request /opt/stack/data/venv/lib/python3.10/site-packages/keystonemiddleware/auth_token/__init__.py:544}}
Aug 26 23:03:13 user devstack@keystone.service[44895]: DEBUG keystone.server.flask.request_processing.middleware.auth_context [None req-c5cb6010-00b6-4206-849f-19e98912bb81 None admin] RBAC: auth_context: {'token': , 'domain_id': None, 'trust_id': None, 'trustor_id': None, 'trustee_id': None, 'domain_name': None, 'group_ids': [], 'user_id': '53b665d83f754d16a096106a962548fc', 'user_domain_id': 'default', 'system_scope': 'all', 'project_id': None, 'project_domain_id': None, 'roles': ['admin', 'member', 'reader'], 'is_admin_project': True, 'service_user_id': None, 'service_user_domain_id': None, 'service_project_id': None, 'service_project_domain_id': None, 'service_roles': []} {{(pid=44895) fill_context /opt/stack/keystone/keystone/server/flask/request_processing/middleware/auth_context.py:480}}
Aug 26 23:03:13 user devstack@keystone.service[44895]: DEBUG keystone.server.flask.request_processing.req_logging [None req-c5cb6010-00b6-4206-849f-19e98912bb81 None admin] REQUEST_METHOD: `GET` {{(pid=44895) log_request_info /opt/stack/keystone/keystone/server/flask/request_processing/req_logging.py:27}}
Aug 26 23:03:13 user devstack@keystone.service[44895]: DEBUG keystone.server.flask.request_processing.req_logging [None req-c5cb6010-00b6-4206-849f-19e98912bb81 None admin] SCRIPT_NAME: `/identity` {{(pid=44895) log_request_info /opt/stack/keystone/keystone/server/flask/request_processing/req_logging.py:28}}
Aug 26 23:03:13 user devstack@keystone.service[44895]: DEBUG keystone.server.flask.request_processing.req_logging [None req-c5cb6010-00b6-4206-849f-19e98912bb81 None admin] PATH_INFO: `/v3/role_assignments` {{(pid=44895) log_request_info /opt/stack/keystone/keystone/server/flask/request_processing/req_logging.py:29}}
Aug 26 23:03:13 user devstack@keystone.service[44895]: DEBUG keystone.common.rbac_enforcer.enforcer [None req-c5cb6010-00b6-4206-849f-19e98912bb81 None admin] RBAC: Adding query filter params (role.id=9674b78ab84941c48427dfa8d9388a0f, scope.project.id=9c2d62b90a9940d7bf41012089802c20, user.id=44c5291602a043118fb8eada275497ba) {{(pid=44895) _extract_filter_values /opt/stack/keystone/keystone/common/rbac_enforcer/enforcer.py:167}}
Aug 26 23:03:13 user devstack@keystone.service[44895]: DEBUG keystone.common.rbac_enforcer.enforcer [None req-c5cb6010-00b6-4206-849f-19e98912bb81 None admin] RBAC: Authorizing `identity:list_role_assignments()` {{(pid=44895) enforce_call /opt/stack/keystone/keystone/common/rbac_enforcer/enforcer.py:449}}
Aug 26 23:03:13 user devstack@keystone.service[44895]: DEBUG keystone.common.rbac_enforcer.enforcer [None req-c5cb6010-00b6-4206-849f-19e98912bb81 None admin] RBAC: Authorization granted {{(pid=44895) enforce_call /opt/stack/keystone/keystone/common/rbac_enforcer/enforcer.py:457}}
Aug 26 23:03:13 user devstack@keystone.service[44895]: [pid: 44895|app: 0|req: 71/207] 10.0.0.210 () {56 vars in 1369 bytes} [Sat Aug 26 23:03:13 2023] GET /identity/v3/role_assignments?user.id=44c5291602a043118fb8eada275497ba&scope.project.id=9c2d62b90a9940d7bf41012089802c20&role.id=9674b78ab84941c48427dfa8d9388a0f => generated 606 bytes in 168 msecs (HTTP/1.1 200) 5 headers in 177 bytes (1 switches on core 0)
Aug 26 23:03:14 user devstack@keystone.service[44897]: DEBUG keystone.server.flask.request_processing.req_logging [None req-44b092d4-b552-4e2f-83a9-2a87041783b2 None None] REQUEST_METHOD: `GET` {{(pid=44897) log_request_info /opt/stack/keystone/keystone/server/flask/request_processing/req_logging.py:27}}
Aug 26 23:03:14 user devstack@keystone.service[44897]: DEBUG keystone.server.flask.request_processing.req_logging [None req-44b092d4-b552-4e2f-83a9-2a87041783b2 None None] SCRIPT_NAME: `/identity` {{(pid=44897) log_request_info /opt/stack/keystone/keystone/server/flask/request_processing/req_logging.py:28}}
Aug 26 23:03:14 user devstack@keystone.service[44897]: DEBUG keystone.server.flask.request_processing.req_logging [None req-44b092d4-b552-4e2f-83a9-2a87041783b2 None None] PATH_INFO: `/` {{(pid=44897) log_request_info /opt/stack/keystone/keystone/server/flask/request_processing/req_logging.py:29}}
Aug 26 23:03:14 user devstack@keystone.service[44897]: [pid: 44897|app: 0|req: 68/208] 10.0.0.210 () {54 vars in 921 bytes} [Sat Aug 26 23:03:14 2023] GET /identity => generated 269 bytes in 3 msecs (HTTP/1.1 300) 6 headers in 233 bytes (1 switches on core 0)
Aug 26 23:03:14 user devstack@keystone.service[44896]: DEBUG keystone.server.flask.request_processing.req_logging [None req-0d418b19-a633-4c02-a689-660be86e9312 None None] REQUEST_METHOD: `POST` {{(pid=44896) log_request_info /opt/stack/keystone/keystone/server/flask/request_processing/req_logging.py:27}}
Aug 26 23:03:14 user devstack@keystone.service[44896]: DEBUG keystone.server.flask.request_processing.req_logging [None req-0d418b19-a633-4c02-a689-660be86e9312 None None] SCRIPT_NAME: `/identity` {{(pid=44896) log_request_info /opt/stack/keystone/keystone/server/flask/request_processing/req_logging.py:28}}
Aug 26 23:03:14 user devstack@keystone.service[44896]: DEBUG keystone.server.flask.request_processing.req_logging [None req-0d418b19-a633-4c02-a689-660be86e9312 None None] PATH_INFO: `/v3/auth/tokens` {{(pid=44896) log_request_info /opt/stack/keystone/keystone/server/flask/request_processing/req_logging.py:29}}
Aug 26 23:03:14 user devstack@keystone.service[44895]: DEBUG keystone.server.flask.request_processing.req_logging [None req-0750e4f1-52e3-4550-b36c-c38baf76d63f None None] REQUEST_METHOD: `GET` {{(pid=44895) log_request_info /opt/stack/keystone/keystone/server/flask/request_processing/req_logging.py:27}}
Aug 26 23:03:14 user devstack@keystone.service[44895]: DEBUG keystone.server.flask.request_processing.req_logging [None req-0750e4f1-52e3-4550-b36c-c38baf76d63f None None] SCRIPT_NAME: `/identity` {{(pid=44895) log_request_info /opt/stack/keystone/keystone/server/flask/request_processing/req_logging.py:28}}
Aug 26 23:03:14 user devstack@keystone.service[44895]: DEBUG keystone.server.flask.request_processing.req_logging [None req-0750e4f1-52e3-4550-b36c-c38baf76d63f None None] PATH_INFO: `/` {{(pid=44895) log_request_info /opt/stack/keystone/keystone/server/flask/request_processing/req_logging.py:29}}
Aug 26 23:03:14 user devstack@keystone.service[44896]: WARNING keystone.common.password_hashing [None req-0d418b19-a633-4c02-a689-660be86e9312 None None] Truncating password to algorithm specific maximum length 72 characters.
Aug 26 23:03:14 user devstack@keystone.service[44895]: [pid: 44895|app: 0|req: 72/209] 10.0.0.210 () {54 vars in 921 bytes} [Sat Aug 26 23:03:14 2023] GET /identity => generated 269 bytes in 4 msecs (HTTP/1.1 300) 6 headers in 233 bytes (1 switches on core 0)
