Aug 16 07:58:47 user devstack@keystone.service[44466]: DEBUG keystone.common.rbac_enforcer.enforcer [None req-95ae0818-d729-47c6-b948-f18edec84195 None admin] RBAC: Authorization granted {{(pid=44466) enforce_call /opt/stack/keystone/keystone/common/rbac_enforcer/enforcer.py:457}}
Aug 16 07:58:47 user devstack@keystone.service[44466]: [pid: 44466|app: 0|req: 79/235] 10.0.0.210 () {56 vars in 1103 bytes} [Wed Aug 16 07:58:47 2023] GET /identity/v3/domains/default => generated 198 bytes in 139 msecs (HTTP/1.1 200) 5 headers in 177 bytes (1 switches on core 0)
Aug 16 07:58:47 user devstack@keystone.service[44466]: DEBUG keystone.server.flask.request_processing.middleware.auth_context [None req-95ae0818-d729-47c6-b948-f18edec84195 None admin] Authenticating user token {{(pid=44466) process_request /opt/stack/data/venv/lib/python3.10/site-packages/keystonemiddleware/auth_token/__init__.py:406}}
Aug 16 07:58:47 user devstack@keystone.service[44465]: DEBUG keystone.server.flask.request_processing.middleware.auth_context [None req-49588ba3-385a-435f-a353-b8d7e5ef2247 None admin] Validating token access rules against request {{(pid=44465) validate_allowed_request /opt/stack/data/venv/lib/python3.10/site-packages/keystonemiddleware/auth_token/__init__.py:544}}
Aug 16 07:58:47 user devstack@keystone.service[44467]: DEBUG keystone.server.flask.request_processing.middleware.auth_context [None req-acf93aae-4c4a-441b-ab87-876b3c65ef91 None admin] Validating token access rules against request {{(pid=44467) validate_allowed_request /opt/stack/data/venv/lib/python3.10/site-packages/keystonemiddleware/auth_token/__init__.py:544}}
Aug 16 07:58:47 user devstack@keystone.service[44465]: DEBUG keystone.server.flask.request_processing.middleware.auth_context [None req-601adbb2-5908-485c-b8fb-3c3f0f9b398c None admin] RBAC: auth_context: {'token': , 'domain_id': None, 'trust_id': None, 'trustor_id': None, 'trustee_id': None, 'domain_name': None, 'group_ids': [], 'user_id': '0f7602b1a33e4d6e913ff4303926a477', 'user_domain_id': 'default', 'system_scope': 'all', 'project_id': None, 'project_domain_id': None, 'roles': ['admin', 'member', 'reader'], 'is_admin_project': True, 'service_user_id': None, 'service_user_domain_id': None, 'service_project_id': None, 'service_project_domain_id': None, 'service_roles': []} {{(pid=44465) fill_context /opt/stack/keystone/keystone/server/flask/request_processing/middleware/auth_context.py:480}}
Aug 16 07:58:47 user devstack@keystone.service[44465]: DEBUG keystone.server.flask.request_processing.req_logging [None req-601adbb2-5908-485c-b8fb-3c3f0f9b398c None admin] REQUEST_METHOD: `GET` {{(pid=44465) log_request_info /opt/stack/keystone/keystone/server/flask/request_processing/req_logging.py:27}}
Aug 16 07:58:47 user devstack@keystone.service[44465]: DEBUG keystone.server.flask.request_processing.req_logging [None req-601adbb2-5908-485c-b8fb-3c3f0f9b398c None admin] SCRIPT_NAME: `/identity` {{(pid=44465) log_request_info /opt/stack/keystone/keystone/server/flask/request_processing/req_logging.py:28}}
Aug 16 07:58:47 user devstack@keystone.service[44465]: DEBUG keystone.server.flask.request_processing.req_logging [None req-601adbb2-5908-485c-b8fb-3c3f0f9b398c None admin] PATH_INFO: `/v3/roles` {{(pid=44465) log_request_info /opt/stack/keystone/keystone/server/flask/request_processing/req_logging.py:29}}
Aug 16 07:58:47 user devstack@keystone.service[44465]: DEBUG keystone.common.rbac_enforcer.enforcer [None req-601adbb2-5908-485c-b8fb-3c3f0f9b398c None admin] RBAC: Adding query filter params (name=reader) {{(pid=44465) _extract_filter_values /opt/stack/keystone/keystone/common/rbac_enforcer/enforcer.py:167}}
Aug 16 07:58:47 user devstack@keystone.service[44465]: DEBUG keystone.common.rbac_enforcer.enforcer [None req-601adbb2-5908-485c-b8fb-3c3f0f9b398c None admin] RBAC: Authorizing `identity:list_roles()` {{(pid=44465) enforce_call /opt/stack/keystone/keystone/common/rbac_enforcer/enforcer.py:449}}
Aug 16 07:58:47 user devstack@keystone.service[44465]: DEBUG keystone.common.rbac_enforcer.enforcer [None req-601adbb2-5908-485c-b8fb-3c3f0f9b398c None admin] RBAC: Authorization granted {{(pid=44465) enforce_call /opt/stack/keystone/keystone/common/rbac_enforcer/enforcer.py:457}}
Aug 16 07:58:47 user devstack@keystone.service[44465]: [pid: 44465|app: 0|req: 80/236] 10.0.0.210 () {56 vars in 1096 bytes} [Wed Aug 16 07:58:47 2023] GET /identity/v3/roles?name=reader => generated 339 bytes in 121 msecs (HTTP/1.1 200) 5 headers in 177 bytes (1 switches on core 0)
Aug 16 07:58:47 user devstack@keystone.service[44465]: DEBUG keystone.server.flask.request_processing.middleware.auth_context [None req-601adbb2-5908-485c-b8fb-3c3f0f9b398c None admin] Authenticating user token {{(pid=44465) process_request /opt/stack/data/venv/lib/python3.10/site-packages/keystonemiddleware/auth_token/__init__.py:406}}
Aug 16 07:58:47 user devstack@keystone.service[44467]: DEBUG keystone.server.flask.request_processing.middleware.auth_context [None req-e4c75e88-16f0-44e6-b2ef-f634f43bf295 None admin] RBAC: auth_context: {'token': , 'domain_id': None, 'trust_id': None, 'trustor_id': None, 'trustee_id': None, 'domain_name': None, 'group_ids': [], 'user_id': '0f7602b1a33e4d6e913ff4303926a477', 'user_domain_id': 'default', 'system_scope': 'all', 'project_id': None, 'project_domain_id': None, 'roles': ['admin', 'member', 'reader'], 'is_admin_project': True, 'service_user_id': None, 'service_user_domain_id': None, 'service_project_id': None, 'service_project_domain_id': None, 'service_roles': []} {{(pid=44467) fill_context /opt/stack/keystone/keystone/server/flask/request_processing/middleware/auth_context.py:480}}
Aug 16 07:58:47 user devstack@keystone.service[44467]: DEBUG keystone.server.flask.request_processing.req_logging [None req-e4c75e88-16f0-44e6-b2ef-f634f43bf295 None admin] REQUEST_METHOD: `GET` {{(pid=44467) log_request_info /opt/stack/keystone/keystone/server/flask/request_processing/req_logging.py:27}}
Aug 16 07:58:47 user devstack@keystone.service[44467]: DEBUG keystone.server.flask.request_processing.req_logging [None req-e4c75e88-16f0-44e6-b2ef-f634f43bf295 None admin] SCRIPT_NAME: `/identity` {{(pid=44467) log_request_info /opt/stack/keystone/keystone/server/flask/request_processing/req_logging.py:28}}
Aug 16 07:58:47 user devstack@keystone.service[44467]: DEBUG keystone.server.flask.request_processing.req_logging [None req-e4c75e88-16f0-44e6-b2ef-f634f43bf295 None admin] PATH_INFO: `/v3/users/dbc09d3a475245bc9ed09c4a6140ee00` {{(pid=44467) log_request_info /opt/stack/keystone/keystone/server/flask/request_processing/req_logging.py:29}}
Aug 16 07:58:47 user devstack@keystone.service[44467]: DEBUG keystone.common.rbac_enforcer.enforcer [None req-e4c75e88-16f0-44e6-b2ef-f634f43bf295 None admin] RBAC: Authorizing `identity:get_user(user_id=dbc09d3a475245bc9ed09c4a6140ee00)` {{(pid=44467) enforce_call /opt/stack/keystone/keystone/common/rbac_enforcer/enforcer.py:449}}
Aug 16 07:58:47 user devstack@keystone.service[44467]: DEBUG keystone.common.rbac_enforcer.enforcer [None req-e4c75e88-16f0-44e6-b2ef-f634f43bf295 None admin] RBAC: Authorization granted {{(pid=44467) enforce_call /opt/stack/keystone/keystone/common/rbac_enforcer/enforcer.py:457}}
Aug 16 07:58:47 user devstack@keystone.service[44467]: [pid: 44467|app: 0|req: 78/237] 10.0.0.210 () {56 vars in 1172 bytes} [Wed Aug 16 07:58:47 2023] GET /identity/v3/users/dbc09d3a475245bc9ed09c4a6140ee00 => generated 292 bytes in 114 msecs (HTTP/1.1 200) 5 headers in 177 bytes (1 switches on core 0)
Aug 16 07:58:47 user devstack@keystone.service[44466]: DEBUG keystone.server.flask.request_processing.middleware.auth_context [None req-95ae0818-d729-47c6-b948-f18edec84195 None admin] Validating token access rules against request {{(pid=44466) validate_allowed_request /opt/stack/data/venv/lib/python3.10/site-packages/keystonemiddleware/auth_token/__init__.py:544}}
Aug 16 07:58:47 user devstack@keystone.service[44467]: DEBUG keystone.server.flask.request_processing.middleware.auth_context [None req-e4c75e88-16f0-44e6-b2ef-f634f43bf295 None admin] Authenticating user token {{(pid=44467) process_request /opt/stack/data/venv/lib/python3.10/site-packages/keystonemiddleware/auth_token/__init__.py:406}}
Aug 16 07:58:47 user devstack@keystone.service[44466]: DEBUG keystone.server.flask.request_processing.middleware.auth_context [None req-d186b71d-d226-483e-b183-954e97c8ecec None admin] RBAC: auth_context: {'token': , 'domain_id': None, 'trust_id': None, 'trustor_id': None, 'trustee_id': None, 'domain_name': None, 'group_ids': [], 'user_id': '0f7602b1a33e4d6e913ff4303926a477', 'user_domain_id': 'default', 'system_scope': 'all', 'project_id': None, 'project_domain_id': None, 'roles': ['admin', 'member', 'reader'], 'is_admin_project': True, 'service_user_id': None, 'service_user_domain_id': None, 'service_project_id': None, 'service_project_domain_id': None, 'service_roles': []} {{(pid=44466) fill_context /opt/stack/keystone/keystone/server/flask/request_processing/middleware/auth_context.py:480}}
Aug 16 07:58:47 user devstack@keystone.service[44466]: DEBUG keystone.server.flask.request_processing.req_logging [None req-d186b71d-d226-483e-b183-954e97c8ecec None admin] REQUEST_METHOD: `POST` {{(pid=44466) log_request_info /opt/stack/keystone/keystone/server/flask/request_processing/req_logging.py:27}}
Aug 16 07:58:47 user devstack@keystone.service[44466]: DEBUG keystone.server.flask.request_processing.req_logging [None req-d186b71d-d226-483e-b183-954e97c8ecec None admin] SCRIPT_NAME: `/identity` {{(pid=44466) log_request_info /opt/stack/keystone/keystone/server/flask/request_processing/req_logging.py:28}}
Aug 16 07:58:47 user devstack@keystone.service[44466]: DEBUG keystone.server.flask.request_processing.req_logging [None req-d186b71d-d226-483e-b183-954e97c8ecec None admin] PATH_INFO: `/v3/groups` {{(pid=44466) log_request_info /opt/stack/keystone/keystone/server/flask/request_processing/req_logging.py:29}}
Aug 16 07:58:47 user devstack@keystone.service[44466]: DEBUG keystone.common.rbac_enforcer.enforcer [None req-d186b71d-d226-483e-b183-954e97c8ecec None admin] RBAC: Authorizing `identity:create_group()` {{(pid=44466) enforce_call /opt/stack/keystone/keystone/common/rbac_enforcer/enforcer.py:449}}
Aug 16 07:58:47 user devstack@keystone.service[44466]: DEBUG keystone.common.rbac_enforcer.enforcer [None req-d186b71d-d226-483e-b183-954e97c8ecec None admin] RBAC: Authorization granted {{(pid=44466) enforce_call /opt/stack/keystone/keystone/common/rbac_enforcer/enforcer.py:457}}
Aug 16 07:58:47 user devstack@keystone.service[44466]: [pid: 44466|app: 0|req: 80/238] 10.0.0.210 () {60 vars in 1129 bytes} [Wed Aug 16 07:58:47 2023] POST /identity/v3/groups => generated 228 bytes in 134 msecs (HTTP/1.1 201) 5 headers in 182 bytes (1 switches on core 0)
Aug 16 07:58:47 user devstack@keystone.service[44465]: DEBUG keystone.server.flask.request_processing.middleware.auth_context [None req-601adbb2-5908-485c-b8fb-3c3f0f9b398c None admin] Validating token access rules against request {{(pid=44465) validate_allowed_request /opt/stack/data/venv/lib/python3.10/site-packages/keystonemiddleware/auth_token/__init__.py:544}}
Aug 16 07:58:47 user devstack@keystone.service[44467]: DEBUG keystone.server.flask.request_processing.middleware.auth_context [None req-e4c75e88-16f0-44e6-b2ef-f634f43bf295 None admin] Validating token access rules against request {{(pid=44467) validate_allowed_request /opt/stack/data/venv/lib/python3.10/site-packages/keystonemiddleware/auth_token/__init__.py:544}}
Aug 16 07:58:47 user devstack@keystone.service[44465]: DEBUG keystone.server.flask.request_processing.middleware.auth_context [None req-5116bccf-7179-4de1-9ece-ec79a1a24137 None admin] RBAC: auth_context: {'token': , 'domain_id': None, 'trust_id': None, 'trustor_id': None, 'trustee_id': None, 'domain_name': None, 'group_ids': [], 'user_id': '0f7602b1a33e4d6e913ff4303926a477', 'user_domain_id': 'default', 'system_scope': 'all', 'project_id': None, 'project_domain_id': None, 'roles': ['admin', 'member', 'reader'], 'is_admin_project': True, 'service_user_id': None, 'service_user_domain_id': None, 'service_project_id': None, 'service_project_domain_id': None, 'service_roles': []} {{(pid=44465) fill_context /opt/stack/keystone/keystone/server/flask/request_processing/middleware/auth_context.py:480}}
Aug 16 07:58:47 user devstack@keystone.service[44465]: DEBUG keystone.server.flask.request_processing.req_logging [None req-5116bccf-7179-4de1-9ece-ec79a1a24137 None admin] REQUEST_METHOD: `GET` {{(pid=44465) log_request_info /opt/stack/keystone/keystone/server/flask/request_processing/req_logging.py:27}}
Aug 16 07:58:47 user devstack@keystone.service[44465]: DEBUG keystone.server.flask.request_processing.req_logging [None req-5116bccf-7179-4de1-9ece-ec79a1a24137 None admin] SCRIPT_NAME: `/identity` {{(pid=44465) log_request_info /opt/stack/keystone/keystone/server/flask/request_processing/req_logging.py:28}}
Aug 16 07:58:47 user devstack@keystone.service[44465]: DEBUG keystone.server.flask.request_processing.req_logging [None req-5116bccf-7179-4de1-9ece-ec79a1a24137 None admin] PATH_INFO: `/v3/users/fa40d6fc6e81465d97d3d54ad52a2e4b` {{(pid=44465) log_request_info /opt/stack/keystone/keystone/server/flask/request_processing/req_logging.py:29}}
Aug 16 07:58:47 user devstack@keystone.service[44467]: DEBUG keystone.server.flask.request_processing.middleware.auth_context [None req-094b0edf-7e1c-4b20-a606-04fe46a7b4aa None admin] RBAC: auth_context: {'token': , 'domain_id': None, 'trust_id': None, 'trustor_id': None, 'trustee_id': None, 'domain_name': None, 'group_ids': [], 'user_id': '0f7602b1a33e4d6e913ff4303926a477', 'user_domain_id': 'default', 'system_scope': 'all', 'project_id': None, 'project_domain_id': None, 'roles': ['admin', 'member', 'reader'], 'is_admin_project': True, 'service_user_id': None, 'service_user_domain_id': None, 'service_project_id': None, 'service_project_domain_id': None, 'service_roles': []} {{(pid=44467) fill_context /opt/stack/keystone/keystone/server/flask/request_processing/middleware/auth_context.py:480}}
Aug 16 07:58:47 user devstack@keystone.service[44467]: DEBUG keystone.server.flask.request_processing.req_logging [None req-094b0edf-7e1c-4b20-a606-04fe46a7b4aa None admin] REQUEST_METHOD: `PUT` {{(pid=44467) log_request_info /opt/stack/keystone/keystone/server/flask/request_processing/req_logging.py:27}}
Aug 16 07:58:47 user devstack@keystone.service[44467]: DEBUG keystone.server.flask.request_processing.req_logging [None req-094b0edf-7e1c-4b20-a606-04fe46a7b4aa None admin] SCRIPT_NAME: `/identity` {{(pid=44467) log_request_info /opt/stack/keystone/keystone/server/flask/request_processing/req_logging.py:28}}
Aug 16 07:58:47 user devstack@keystone.service[44467]: DEBUG keystone.server.flask.request_processing.req_logging [None req-094b0edf-7e1c-4b20-a606-04fe46a7b4aa None admin] PATH_INFO: `/v3/system/users/dbc09d3a475245bc9ed09c4a6140ee00/roles/3a22cd1154564cc6af4462ad207eeef4` {{(pid=44467) log_request_info /opt/stack/keystone/keystone/server/flask/request_processing/req_logging.py:29}}
Aug 16 07:58:47 user devstack@keystone.service[44467]: DEBUG keystone.common.rbac_enforcer.enforcer [None req-094b0edf-7e1c-4b20-a606-04fe46a7b4aa None admin] RBAC: Authorizing `identity:create_system_grant_for_user(user_id=dbc09d3a475245bc9ed09c4a6140ee00, role_id=3a22cd1154564cc6af4462ad207eeef4)` {{(pid=44467) enforce_call /opt/stack/keystone/keystone/common/rbac_enforcer/enforcer.py:449}}
Aug 16 07:58:47 user devstack@keystone.service[44467]: DEBUG keystone.common.rbac_enforcer.enforcer [None req-094b0edf-7e1c-4b20-a606-04fe46a7b4aa None admin] RBAC: Authorization granted {{(pid=44467) enforce_call /opt/stack/keystone/keystone/common/rbac_enforcer/enforcer.py:457}}
Aug 16 07:58:47 user devstack@keystone.service[44465]: DEBUG keystone.common.rbac_enforcer.enforcer [None req-5116bccf-7179-4de1-9ece-ec79a1a24137 None admin] RBAC: Authorizing `identity:get_user(user_id=fa40d6fc6e81465d97d3d54ad52a2e4b)` {{(pid=44465) enforce_call /opt/stack/keystone/keystone/common/rbac_enforcer/enforcer.py:449}}
Aug 16 07:58:47 user devstack@keystone.service[44467]: [pid: 44467|app: 0|req: 79/239] 10.0.0.210 () {58 vars in 1329 bytes} [Wed Aug 16 07:58:47 2023] PUT /identity/v3/system/users/dbc09d3a475245bc9ed09c4a6140ee00/roles/3a22cd1154564cc6af4462ad207eeef4 => generated 0 bytes in 119 msecs (HTTP/1.1 204) 3 headers in 132 bytes (0 switches on core 0)
Aug 16 07:58:47 user devstack@keystone.service[44465]: DEBUG keystone.common.rbac_enforcer.enforcer [None req-5116bccf-7179-4de1-9ece-ec79a1a24137 None admin] RBAC: Authorization granted {{(pid=44465) enforce_call /opt/stack/keystone/keystone/common/rbac_enforcer/enforcer.py:457}}
Aug 16 07:58:47 user devstack@keystone.service[44465]: [pid: 44465|app: 0|req: 81/240] 10.0.0.210 () {56 vars in 1172 bytes} [Wed Aug 16 07:58:47 2023] GET /identity/v3/users/fa40d6fc6e81465d97d3d54ad52a2e4b => generated 292 bytes in 132 msecs (HTTP/1.1 200) 5 headers in 177 bytes (1 switches on core 0)
Aug 16 07:58:47 user devstack@keystone.service[44466]: DEBUG keystone.server.flask.request_processing.middleware.auth_context [None req-d186b71d-d226-483e-b183-954e97c8ecec None admin] Authenticating user token {{(pid=44466) process_request /opt/stack/data/venv/lib/python3.10/site-packages/keystonemiddleware/auth_token/__init__.py:406}}
Aug 16 07:58:47 user devstack@keystone.service[44466]: DEBUG keystone.server.flask.request_processing.middleware.auth_context [None req-d186b71d-d226-483e-b183-954e97c8ecec None admin] Validating token access rules against request {{(pid=44466) validate_allowed_request /opt/stack/data/venv/lib/python3.10/site-packages/keystonemiddleware/auth_token/__init__.py:544}}
Aug 16 07:58:47 user devstack@keystone.service[44466]: DEBUG keystone.server.flask.request_processing.middleware.auth_context [None req-a4fa0121-305f-4d0b-aa51-886205a14273 None admin] RBAC: auth_context: {'token': , 'domain_id': None, 'trust_id': None, 'trustor_id': None, 'trustee_id': None, 'domain_name': None, 'group_ids': [], 'user_id': '0f7602b1a33e4d6e913ff4303926a477', 'user_domain_id': 'default', 'system_scope': 'all', 'project_id': None, 'project_domain_id': None, 'roles': ['admin', 'member', 'reader'], 'is_admin_project': True, 'service_user_id': None, 'service_user_domain_id': None, 'service_project_id': None, 'service_project_domain_id': None, 'service_roles': []} {{(pid=44466) fill_context /opt/stack/keystone/keystone/server/flask/request_processing/middleware/auth_context.py:480}}
Aug 16 07:58:47 user devstack@keystone.service[44466]: DEBUG keystone.server.flask.request_processing.req_logging [None req-a4fa0121-305f-4d0b-aa51-886205a14273 None admin] REQUEST_METHOD: `GET` {{(pid=44466) log_request_info /opt/stack/keystone/keystone/server/flask/request_processing/req_logging.py:27}}
Aug 16 07:58:47 user devstack@keystone.service[44466]: DEBUG keystone.server.flask.request_processing.req_logging [None req-a4fa0121-305f-4d0b-aa51-886205a14273 None admin] SCRIPT_NAME: `/identity` {{(pid=44466) log_request_info /opt/stack/keystone/keystone/server/flask/request_processing/req_logging.py:28}}
Aug 16 07:58:47 user devstack@keystone.service[44466]: DEBUG keystone.server.flask.request_processing.req_logging [None req-a4fa0121-305f-4d0b-aa51-886205a14273 None admin] PATH_INFO: `/v3/role_assignments` {{(pid=44466) log_request_info /opt/stack/keystone/keystone/server/flask/request_processing/req_logging.py:29}}
Aug 16 07:58:47 user devstack@keystone.service[44466]: DEBUG keystone.common.rbac_enforcer.enforcer [None req-a4fa0121-305f-4d0b-aa51-886205a14273 None admin] RBAC: Adding query filter params (role.id=96f52004eb614a04a46949e28d14c633, user.id=fa40d6fc6e81465d97d3d54ad52a2e4b, scope.system=all) {{(pid=44466) _extract_filter_values /opt/stack/keystone/keystone/common/rbac_enforcer/enforcer.py:167}}
Aug 16 07:58:47 user devstack@keystone.service[44466]: DEBUG keystone.common.rbac_enforcer.enforcer [None req-a4fa0121-305f-4d0b-aa51-886205a14273 None admin] RBAC: Authorizing `identity:list_role_assignments()` {{(pid=44466) enforce_call /opt/stack/keystone/keystone/common/rbac_enforcer/enforcer.py:449}}
Aug 16 07:58:47 user devstack@keystone.service[44466]: DEBUG keystone.common.rbac_enforcer.enforcer [None req-a4fa0121-305f-4d0b-aa51-886205a14273 None admin] RBAC: Authorization granted {{(pid=44466) enforce_call /opt/stack/keystone/keystone/common/rbac_enforcer/enforcer.py:457}}
Aug 16 07:58:47 user devstack@keystone.service[44466]: [pid: 44466|app: 0|req: 81/241] 10.0.0.210 () {56 vars in 1303 bytes} [Wed Aug 16 07:58:47 2023] GET /identity/v3/role_assignments?user.id=fa40d6fc6e81465d97d3d54ad52a2e4b&scope.system=all&role.id=96f52004eb614a04a46949e28d14c633 => generated 225 bytes in 141 msecs (HTTP/1.1 200) 5 headers in 177 bytes (1 switches on core 0)
Aug 16 07:58:49 user devstack@keystone.service[44467]: DEBUG keystone.server.flask.request_processing.req_logging [None req-7c6a1a06-ecbf-4a05-a6a0-1a12a7d02679 None None] REQUEST_METHOD: `GET` {{(pid=44467) log_request_info /opt/stack/keystone/keystone/server/flask/request_processing/req_logging.py:27}}
Aug 16 07:58:49 user devstack@keystone.service[44467]: DEBUG keystone.server.flask.request_processing.req_logging [None req-7c6a1a06-ecbf-4a05-a6a0-1a12a7d02679 None None] SCRIPT_NAME: `/identity` {{(pid=44467) log_request_info /opt/stack/keystone/keystone/server/flask/request_processing/req_logging.py:28}}
Aug 16 07:58:49 user devstack@keystone.service[44467]: DEBUG keystone.server.flask.request_processing.req_logging [None req-7c6a1a06-ecbf-4a05-a6a0-1a12a7d02679 None None] PATH_INFO: `/` {{(pid=44467) log_request_info /opt/stack/keystone/keystone/server/flask/request_processing/req_logging.py:29}}
Aug 16 07:58:49 user devstack@keystone.service[44467]: [pid: 44467|app: 0|req: 80/242] 10.0.0.210 () {54 vars in 921 bytes} [Wed Aug 16 07:58:49 2023] GET /identity => generated 269 bytes in 3 msecs (HTTP/1.1 300) 6 headers in 233 bytes (1 switches on core 0)
Aug 16 07:58:49 user devstack@keystone.service[44465]: DEBUG keystone.server.flask.request_processing.req_logging [None req-df4696fd-bf44-4e8c-b5c2-bce4a80aea8e None None] REQUEST_METHOD: `POST` {{(pid=44465) log_request_info /opt/stack/keystone/keystone/server/flask/request_processing/req_logging.py:27}}
Aug 16 07:58:49 user devstack@keystone.service[44465]: DEBUG keystone.server.flask.request_processing.req_logging [None req-df4696fd-bf44-4e8c-b5c2-bce4a80aea8e None None] SCRIPT_NAME: `/identity` {{(pid=44465) log_request_info /opt/stack/keystone/keystone/server/flask/request_processing/req_logging.py:28}}
Aug 16 07:58:49 user devstack@keystone.service[44465]: DEBUG keystone.server.flask.request_processing.req_logging [None req-df4696fd-bf44-4e8c-b5c2-bce4a80aea8e None None] PATH_INFO: `/v3/auth/tokens` {{(pid=44465) log_request_info /opt/stack/keystone/keystone/server/flask/request_processing/req_logging.py:29}}
Aug 16 07:58:49 user devstack@keystone.service[44465]: WARNING keystone.common.password_hashing [None req-df4696fd-bf44-4e8c-b5c2-bce4a80aea8e None None] Truncating password to algorithm specific maximum length 72 characters.
Aug 16 07:58:49 user devstack@keystone.service[44465]: DEBUG keystone.auth.core [None req-df4696fd-bf44-4e8c-b5c2-bce4a80aea8e None None] MFA Rules not processed for user `0f7602b1a33e4d6e913ff4303926a477`. Rule list: `[]` (Enabled: `True`). {{(pid=44465) check_auth_methods_against_rules /opt/stack/keystone/keystone/auth/core.py:438}}
Aug 16 07:58:49 user devstack@keystone.service[44465]: DEBUG keystone.common.fernet_utils [None req-df4696fd-bf44-4e8c-b5c2-bce4a80aea8e None None] Loaded 2 Fernet keys from /etc/keystone/fernet-keys/, but `[fernet_tokens] max_active_keys = 3`; perhaps there have not been enough key rotations to reach `max_active_keys` yet? {{(pid=44465) load_keys /opt/stack/keystone/keystone/common/fernet_utils.py:286}}
Aug 16 07:58:49 user devstack@keystone.service[44466]: DEBUG keystone.server.flask.request_processing.req_logging [None req-f9938ff6-ed1b-4120-a067-36dd27551be1 None None] REQUEST_METHOD: `GET` {{(pid=44466) log_request_info /opt/stack/keystone/keystone/server/flask/request_processing/req_logging.py:27}}
Aug 16 07:58:49 user devstack@keystone.service[44466]: DEBUG keystone.server.flask.request_processing.req_logging [None req-f9938ff6-ed1b-4120-a067-36dd27551be1 None None] SCRIPT_NAME: `/identity` {{(pid=44466) log_request_info /opt/stack/keystone/keystone/server/flask/request_processing/req_logging.py:28}}
Aug 16 07:58:49 user devstack@keystone.service[44466]: DEBUG keystone.server.flask.request_processing.req_logging [None req-f9938ff6-ed1b-4120-a067-36dd27551be1 None None] PATH_INFO: `/` {{(pid=44466) log_request_info /opt/stack/keystone/keystone/server/flask/request_processing/req_logging.py:29}}
Aug 16 07:58:49 user devstack@keystone.service[44466]: [pid: 44466|app: 0|req: 82/243] 10.0.0.210 () {54 vars in 921 bytes} [Wed Aug 16 07:58:49 2023] GET /identity => generated 269 bytes in 3 msecs (HTTP/1.1 300) 6 headers in 233 bytes (1 switches on core 0)
Aug 16 07:58:49 user devstack@keystone.service[44467]: DEBUG keystone.server.flask.request_processing.req_logging [None req-135eee6a-ff81-4a0e-8d37-feec04f2a48e None None] REQUEST_METHOD: `POST` {{(pid=44467) log_request_info /opt/stack/keystone/keystone/server/flask/request_processing/req_logging.py:27}}
Aug 16 07:58:49 user devstack@keystone.service[44467]: DEBUG keystone.server.flask.request_processing.req_logging [None req-135eee6a-ff81-4a0e-8d37-feec04f2a48e None None] SCRIPT_NAME: `/identity` {{(pid=44467) log_request_info /opt/stack/keystone/keystone/server/flask/request_processing/req_logging.py:28}}
Aug 16 07:58:49 user devstack@keystone.service[44467]: DEBUG keystone.server.flask.request_processing.req_logging [None req-135eee6a-ff81-4a0e-8d37-feec04f2a48e None None] PATH_INFO: `/v3/auth/tokens` {{(pid=44467) log_request_info /opt/stack/keystone/keystone/server/flask/request_processing/req_logging.py:29}}
Aug 16 07:58:49 user devstack@keystone.service[44465]: [pid: 44465|app: 0|req: 82/244] 10.0.0.210 () {58 vars in 1018 bytes} [Wed Aug 16 07:58:49 2023] POST /identity/v3/auth/tokens => generated 798 bytes in 89 msecs (HTTP/1.1 201) 6 headers in 363 bytes (1 switches on core 0)
Aug 16 07:58:49 user devstack@keystone.service[44467]: WARNING keystone.common.password_hashing [None req-135eee6a-ff81-4a0e-8d37-feec04f2a48e None None] Truncating password to algorithm specific maximum length 72 characters.
Aug 16 07:58:49 user devstack@keystone.service[44467]: DEBUG keystone.auth.core [None req-135eee6a-ff81-4a0e-8d37-feec04f2a48e None None] MFA Rules not processed for user `0f7602b1a33e4d6e913ff4303926a477`. Rule list: `[]` (Enabled: `True`). {{(pid=44467) check_auth_methods_against_rules /opt/stack/keystone/keystone/auth/core.py:438}}
Aug 16 07:58:49 user devstack@keystone.service[44467]: DEBUG keystone.common.fernet_utils [None req-135eee6a-ff81-4a0e-8d37-feec04f2a48e None None] Loaded 2 Fernet keys from /etc/keystone/fernet-keys/, but `[fernet_tokens] max_active_keys = 3`; perhaps there have not been enough key rotations to reach `max_active_keys` yet? {{(pid=44467) load_keys /opt/stack/keystone/keystone/common/fernet_utils.py:286}}
Aug 16 07:58:49 user devstack@keystone.service[44467]: [pid: 44467|app: 0|req: 81/245] 10.0.0.210 () {58 vars in 1018 bytes} [Wed Aug 16 07:58:49 2023] POST /identity/v3/auth/tokens => generated 798 bytes in 78 msecs (HTTP/1.1 201) 6 headers in 363 bytes (1 switches on core 0)
Aug 16 07:58:49 user devstack@keystone.service[44466]: DEBUG keystone.server.flask.request_processing.req_logging [None req-341bb23f-5bba-419d-ae2d-6e453bfbed38 None None] REQUEST_METHOD: `GET` {{(pid=44466) log_request_info /opt/stack/keystone/keystone/server/flask/request_processing/req_logging.py:27}}
Aug 16 07:58:49 user devstack@keystone.service[44466]: DEBUG keystone.server.flask.request_processing.req_logging [None req-341bb23f-5bba-419d-ae2d-6e453bfbed38 None None] SCRIPT_NAME: `/identity` {{(pid=44466) log_request_info /opt/stack/keystone/keystone/server/flask/request_processing/req_logging.py:28}}
Aug 16 07:58:49 user devstack@keystone.service[44466]: DEBUG keystone.server.flask.request_processing.req_logging [None req-341bb23f-5bba-419d-ae2d-6e453bfbed38 None None] PATH_INFO: `/` {{(pid=44466) log_request_info /opt/stack/keystone/keystone/server/flask/request_processing/req_logging.py:29}}
Aug 16 07:58:49 user devstack@keystone.service[44466]: [pid: 44466|app: 0|req: 83/246] 10.0.0.210 () {54 vars in 921 bytes} [Wed Aug 16 07:58:49 2023] GET /identity => generated 269 bytes in 3 msecs (HTTP/1.1 300) 6 headers in 233 bytes (1 switches on core 0)
Aug 16 07:58:49 user devstack@keystone.service[44465]: DEBUG keystone.server.flask.request_processing.req_logging [None req-ccc8ffa0-a81b-4366-9311-539304869c99 None None] REQUEST_METHOD: `POST` {{(pid=44465) log_request_info /opt/stack/keystone/keystone/server/flask/request_processing/req_logging.py:27}}
Aug 16 07:58:49 user devstack@keystone.service[44465]: DEBUG keystone.server.flask.request_processing.req_logging [None req-ccc8ffa0-a81b-4366-9311-539304869c99 None None] SCRIPT_NAME: `/identity` {{(pid=44465) log_request_info /opt/stack/keystone/keystone/server/flask/request_processing/req_logging.py:28}}
Aug 16 07:58:49 user devstack@keystone.service[44465]: DEBUG keystone.server.flask.request_processing.req_logging [None req-ccc8ffa0-a81b-4366-9311-539304869c99 None None] PATH_INFO: `/v3/auth/tokens` {{(pid=44465) log_request_info /opt/stack/keystone/keystone/server/flask/request_processing/req_logging.py:29}}
Aug 16 07:58:49 user devstack@keystone.service[44465]: WARNING keystone.common.password_hashing [None req-ccc8ffa0-a81b-4366-9311-539304869c99 None None] Truncating password to algorithm specific maximum length 72 characters.
Aug 16 07:58:49 user devstack@keystone.service[44465]: DEBUG keystone.auth.core [None req-ccc8ffa0-a81b-4366-9311-539304869c99 None None] MFA Rules not processed for user `0f7602b1a33e4d6e913ff4303926a477`. Rule list: `[]` (Enabled: `True`). {{(pid=44465) check_auth_methods_against_rules /opt/stack/keystone/keystone/auth/core.py:438}}
Aug 16 07:58:49 user devstack@keystone.service[44465]: DEBUG keystone.common.fernet_utils [None req-ccc8ffa0-a81b-4366-9311-539304869c99 None None] Loaded 2 Fernet keys from /etc/keystone/fernet-keys/, but `[fernet_tokens] max_active_keys = 3`; perhaps there have not been enough key rotations to reach `max_active_keys` yet? {{(pid=44465) load_keys /opt/stack/keystone/keystone/common/fernet_utils.py:286}}
Aug 16 07:58:49 user devstack@keystone.service[44465]: [pid: 44465|app: 0|req: 83/247] 10.0.0.210 () {58 vars in 1018 bytes} [Wed Aug 16 07:58:49 2023] POST /identity/v3/auth/tokens => generated 798 bytes in 82 msecs (HTTP/1.1 201) 6 headers in 363 bytes (1 switches on core 0)
Aug 16 07:58:49 user devstack@keystone.service[44467]: DEBUG keystone.server.flask.request_processing.middleware.auth_context [None req-135eee6a-ff81-4a0e-8d37-feec04f2a48e None None] Authenticating user token {{(pid=44467) process_request /opt/stack/data/venv/lib/python3.10/site-packages/keystonemiddleware/auth_token/__init__.py:406}}
Aug 16 07:58:49 user devstack@keystone.service[44466]: DEBUG keystone.server.flask.request_processing.middleware.auth_context [None req-341bb23f-5bba-419d-ae2d-6e453bfbed38 None None] Authenticating user token {{(pid=44466) process_request /opt/stack/data/venv/lib/python3.10/site-packages/keystonemiddleware/auth_token/__init__.py:406}}
Aug 16 07:58:49 user devstack@keystone.service[44467]: DEBUG keystone.server.flask.request_processing.middleware.auth_context [None req-135eee6a-ff81-4a0e-8d37-feec04f2a48e None None] Validating token access rules against request {{(pid=44467) validate_allowed_request /opt/stack/data/venv/lib/python3.10/site-packages/keystonemiddleware/auth_token/__init__.py:544}}
Aug 16 07:58:49 user devstack@keystone.service[44467]: DEBUG keystone.server.flask.request_processing.middleware.auth_context [None req-d86dc0a4-6d53-4cde-8867-63830125e169 None admin] RBAC: auth_context: {'token': , 'domain_id': None, 'trust_id': None, 'trustor_id': None, 'trustee_id': None, 'domain_name': None, 'group_ids': [], 'user_id': '0f7602b1a33e4d6e913ff4303926a477', 'user_domain_id': 'default', 'system_scope': 'all', 'project_id': None, 'project_domain_id': None, 'roles': ['admin', 'member', 'reader'], 'is_admin_project': True, 'service_user_id': None, 'service_user_domain_id': None, 'service_project_id': None, 'service_project_domain_id': None, 'service_roles': []} {{(pid=44467) fill_context /opt/stack/keystone/keystone/server/flask/request_processing/middleware/auth_context.py:480}}
Aug 16 07:58:49 user devstack@keystone.service[44467]: DEBUG keystone.server.flask.request_processing.req_logging [None req-d86dc0a4-6d53-4cde-8867-63830125e169 None admin] REQUEST_METHOD: `GET` {{(pid=44467) log_request_info /opt/stack/keystone/keystone/server/flask/request_processing/req_logging.py:27}}
Aug 16 07:58:49 user devstack@keystone.service[44467]: DEBUG keystone.server.flask.request_processing.req_logging [None req-d86dc0a4-6d53-4cde-8867-63830125e169 None admin] SCRIPT_NAME: `/identity` {{(pid=44467) log_request_info /opt/stack/keystone/keystone/server/flask/request_processing/req_logging.py:28}}
Aug 16 07:58:49 user devstack@keystone.service[44467]: DEBUG keystone.server.flask.request_processing.req_logging [None req-d86dc0a4-6d53-4cde-8867-63830125e169 None admin] PATH_INFO: `/v3/domains/default` {{(pid=44467) log_request_info /opt/stack/keystone/keystone/server/flask/request_processing/req_logging.py:29}}
Aug 16 07:58:49 user devstack@keystone.service[44467]: DEBUG keystone.common.rbac_enforcer.enforcer [None req-d86dc0a4-6d53-4cde-8867-63830125e169 None admin] RBAC: Authorizing `identity:get_domain(domain_id=default)` {{(pid=44467) enforce_call /opt/stack/keystone/keystone/common/rbac_enforcer/enforcer.py:449}}
Aug 16 07:58:49 user devstack@keystone.service[44467]: DEBUG keystone.common.rbac_enforcer.enforcer [None req-d86dc0a4-6d53-4cde-8867-63830125e169 None admin] RBAC: Authorization granted {{(pid=44467) enforce_call /opt/stack/keystone/keystone/common/rbac_enforcer/enforcer.py:457}}
Aug 16 07:58:49 user devstack@keystone.service[44467]: [pid: 44467|app: 0|req: 82/248] 10.0.0.210 () {56 vars in 1103 bytes} [Wed Aug 16 07:58:49 2023] GET /identity/v3/domains/default => generated 198 bytes in 119 msecs (HTTP/1.1 200) 5 headers in 177 bytes (1 switches on core 0)
Aug 16 07:58:49 user devstack@keystone.service[44465]: DEBUG keystone.server.flask.request_processing.middleware.auth_context [None req-ccc8ffa0-a81b-4366-9311-539304869c99 None None] Authenticating user token {{(pid=44465) process_request /opt/stack/data/venv/lib/python3.10/site-packages/keystonemiddleware/auth_token/__init__.py:406}}
Aug 16 07:58:49 user devstack@keystone.service[44466]: DEBUG keystone.server.flask.request_processing.middleware.auth_context [None req-341bb23f-5bba-419d-ae2d-6e453bfbed38 None None] Validating token access rules against request {{(pid=44466) validate_allowed_request /opt/stack/data/venv/lib/python3.10/site-packages/keystonemiddleware/auth_token/__init__.py:544}}
Aug 16 07:58:49 user devstack@keystone.service[44467]: DEBUG keystone.server.flask.request_processing.middleware.auth_context [None req-d86dc0a4-6d53-4cde-8867-63830125e169 None admin] Authenticating user token {{(pid=44467) process_request /opt/stack/data/venv/lib/python3.10/site-packages/keystonemiddleware/auth_token/__init__.py:406}}
Aug 16 07:58:49 user devstack@keystone.service[44466]: DEBUG keystone.server.flask.request_processing.middleware.auth_context [None req-a9183113-d1bc-48e8-b023-d9119148172e None admin] RBAC: auth_context: {'token': , 'domain_id': None, 'trust_id': None, 'trustor_id': None, 'trustee_id': None, 'domain_name': None, 'group_ids': [], 'user_id': '0f7602b1a33e4d6e913ff4303926a477', 'user_domain_id': 'default', 'system_scope': 'all', 'project_id': None, 'project_domain_id': None, 'roles': ['admin', 'member', 'reader'], 'is_admin_project': True, 'service_user_id': None, 'service_user_domain_id': None, 'service_project_id': None, 'service_project_domain_id': None, 'service_roles': []} {{(pid=44466) fill_context /opt/stack/keystone/keystone/server/flask/request_processing/middleware/auth_context.py:480}}
Aug 16 07:58:49 user devstack@keystone.service[44466]: DEBUG keystone.server.flask.request_processing.req_logging [None req-a9183113-d1bc-48e8-b023-d9119148172e None admin] REQUEST_METHOD: `GET` {{(pid=44466) log_request_info /opt/stack/keystone/keystone/server/flask/request_processing/req_logging.py:27}}
Aug 16 07:58:49 user devstack@keystone.service[44466]: DEBUG keystone.server.flask.request_processing.req_logging [None req-a9183113-d1bc-48e8-b023-d9119148172e None admin] SCRIPT_NAME: `/identity` {{(pid=44466) log_request_info /opt/stack/keystone/keystone/server/flask/request_processing/req_logging.py:28}}
Aug 16 07:58:49 user devstack@keystone.service[44466]: DEBUG keystone.server.flask.request_processing.req_logging [None req-a9183113-d1bc-48e8-b023-d9119148172e None admin] PATH_INFO: `/v3/roles/member` {{(pid=44466) log_request_info /opt/stack/keystone/keystone/server/flask/request_processing/req_logging.py:29}}
Aug 16 07:58:49 user devstack@keystone.service[44465]: DEBUG keystone.server.flask.request_processing.middleware.auth_context [None req-ccc8ffa0-a81b-4366-9311-539304869c99 None None] Validating token access rules against request {{(pid=44465) validate_allowed_request /opt/stack/data/venv/lib/python3.10/site-packages/keystonemiddleware/auth_token/__init__.py:544}}
Aug 16 07:58:49 user devstack@keystone.service[44466]: DEBUG keystone.common.rbac_enforcer.enforcer [None req-a9183113-d1bc-48e8-b023-d9119148172e None admin] Extracting inferred target data resulted in "NOT FOUND (404)". {{(pid=44466) enforce_call /opt/stack/keystone/keystone/common/rbac_enforcer/enforcer.py:409}}
Aug 16 07:58:49 user devstack@keystone.service[44466]: ERROR keystone.server.flask.application [None req-a9183113-d1bc-48e8-b023-d9119148172e None admin] Could not find role: member.: keystone.exception.RoleNotFound: Could not find role: member.
Aug 16 07:58:49 user devstack@keystone.service[44466]: ERROR keystone.server.flask.application
Traceback (most recent call last):
Aug 16 07:58:49 user devstack@keystone.service[44466]: ERROR keystone.server.flask.application
File "/opt/stack/data/venv/lib/python3.10/site-packages/flask/app.py", line 1823, in full_dispatch_request
Aug 16 07:58:49 user devstack@keystone.service[44466]: ERROR keystone.server.flask.application rv = self.dispatch_request()
Aug 16 07:58:49 user devstack@keystone.service[44466]: ERROR keystone.server.flask.application
File "/opt/stack/data/venv/lib/python3.10/site-packages/flask/app.py", line 1799, in dispatch_request
Aug 16 07:58:49 user devstack@keystone.service[44466]: ERROR keystone.server.flask.application return self.ensure_sync(self.view_functions[rule.endpoint])(**view_args)
Aug 16 07:58:49 user devstack@keystone.service[44466]: ERROR keystone.server.flask.application
File "/opt/stack/data/venv/lib/python3.10/site-packages/flask_restful/__init__.py", line 467, in wrapper
Aug 16 07:58:49 user devstack@keystone.service[44466]: ERROR keystone.server.flask.application resp = resource(*args, **kwargs)
Aug 16 07:58:49 user devstack@keystone.service[44466]: ERROR keystone.server.flask.application
File "/opt/stack/data/venv/lib/python3.10/site-packages/flask/views.py", line 107, in view
Aug 16 07:58:49 user devstack@keystone.service[44466]: ERROR keystone.server.flask.application return current_app.ensure_sync(self.dispatch_request)(**kwargs)
Aug 16 07:58:49 user devstack@keystone.service[44466]: ERROR keystone.server.flask.application
File "/opt/stack/data/venv/lib/python3.10/site-packages/flask_restful/__init__.py", line 582, in dispatch_request
Aug 16 07:58:49 user devstack@keystone.service[44466]: ERROR keystone.server.flask.application resp = meth(*args, **kwargs)
Aug 16 07:58:49 user devstack@keystone.service[44466]: ERROR keystone.server.flask.application
File "/opt/stack/keystone/keystone/api/roles.py", line 50, in get
Aug 16 07:58:49 user devstack@keystone.service[44466]: ERROR keystone.server.flask.application return self._get_role(role_id)
Aug 16 07:58:49 user devstack@keystone.service[44466]: ERROR keystone.server.flask.application
File "/opt/stack/keystone/keystone/api/roles.py", line 70, in _get_role
Aug 16 07:58:49 user devstack@keystone.service[44466]: ERROR keystone.server.flask.application ENFORCER.enforce_call(action='identity:get_role')
Aug 16 07:58:49 user devstack@keystone.service[44466]: ERROR keystone.server.flask.application
File "/opt/stack/keystone/keystone/common/rbac_enforcer/enforcer.py", line 402, in enforce_call
Aug 16 07:58:49 user devstack@keystone.service[44466]: ERROR keystone.server.flask.application policy_dict.update(cls._extract_member_target_data(
Aug 16 07:58:49 user devstack@keystone.service[44466]: ERROR keystone.server.flask.application
File "/opt/stack/keystone/keystone/common/rbac_enforcer/enforcer.py", line 234, in _extract_member_target_data
Aug 16 07:58:49 user devstack@keystone.service[44466]: ERROR keystone.server.flask.application member_name: func(flask.request.view_args[key])
Aug 16 07:58:49 user devstack@keystone.service[44466]: ERROR keystone.server.flask.application
File "/opt/stack/keystone/keystone/common/manager.py", line 115, in wrapped
Aug 16 07:58:49 user devstack@keystone.service[44466]: ERROR keystone.server.flask.application __ret_val = __f(*args, **kwargs)
Aug 16 07:58:49 user devstack@keystone.service[44466]: ERROR keystone.server.flask.application
File "/opt/stack/data/venv/lib/python3.10/site-packages/decorator.py", line 232, in fun
Aug 16 07:58:49 user devstack@keystone.service[44466]: ERROR keystone.server.flask.application return caller(func, *(extras + args), **kw)
Aug 16 07:58:49 user devstack@keystone.service[44466]: ERROR keystone.server.flask.application
File "/opt/stack/data/venv/lib/python3.10/site-packages/dogpile/cache/region.py", line 1577, in get_or_create_for_user_func
Aug 16 07:58:49 user devstack@keystone.service[44466]: ERROR keystone.server.flask.application return self.get_or_create(
Aug 16 07:58:49 user devstack@keystone.service[44466]: ERROR keystone.server.flask.application
File "/opt/stack/data/venv/lib/python3.10/site-packages/dogpile/cache/region.py", line 1042, in get_or_create
Aug 16 07:58:49 user devstack@keystone.service[44466]: ERROR keystone.server.flask.application with Lock(
Aug 16 07:58:49 user devstack@keystone.service[44466]: ERROR keystone.server.flask.application
File "/opt/stack/data/venv/lib/python3.10/site-packages/dogpile/lock.py", line 185, in __enter__
Aug 16 07:58:49 user devstack@keystone.service[44466]: ERROR keystone.server.flask.application return self._enter()
Aug 16 07:58:49 user devstack@keystone.service[44466]: ERROR keystone.server.flask.application
File "/opt/stack/data/venv/lib/python3.10/site-packages/dogpile/lock.py", line 94, in _enter
Aug 16 07:58:49 user devstack@keystone.service[44466]: ERROR keystone.server.flask.application generated = self._enter_create(value, createdtime)
Aug 16 07:58:49 user devstack@keystone.service[44466]: ERROR keystone.server.flask.application
File "/opt/stack/data/venv/lib/python3.10/site-packages/dogpile/lock.py", line 178, in _enter_create
Aug 16 07:58:49 user devstack@keystone.service[44466]: ERROR keystone.server.flask.application return self.creator()
Aug 16 07:58:49 user devstack@keystone.service[44466]: ERROR keystone.server.flask.application
File "/opt/stack/data/venv/lib/python3.10/site-packages/dogpile/cache/region.py", line 995, in gen_value
Aug 16 07:58:49 user devstack@keystone.service[44466]: ERROR keystone.server.flask.application created_value = creator(
Aug 16 07:58:49 user devstack@keystone.service[44466]: ERROR keystone.server.flask.application
File "/opt/stack/keystone/keystone/assignment/core.py", line 1276, in get_role
Aug 16 07:58:49 user devstack@keystone.service[44466]: ERROR keystone.server.flask.application return self.driver.get_role(role_id)
Aug 16 07:58:49 user devstack@keystone.service[44466]: ERROR keystone.server.flask.application
File "/opt/stack/keystone/keystone/assignment/role_backends/sql.py", line 70, in get_role
Aug 16 07:58:49 user devstack@keystone.service[44466]: ERROR keystone.server.flask.application return self._get_role(session, role_id).to_dict()
Aug 16 07:58:49 user devstack@keystone.service[44466]: ERROR keystone.server.flask.application
File "/opt/stack/keystone/keystone/assignment/role_backends/sql.py", line 65, in _get_role
Aug 16 07:58:49 user devstack@keystone.service[44466]: ERROR keystone.server.flask.application raise exception.RoleNotFound(role_id=role_id)
Aug 16 07:58:49 user devstack@keystone.service[44466]: ERROR keystone.server.flask.application keystone.exception.RoleNotFound: Could not find role: member.
Aug 16 07:58:49 user devstack@keystone.service[44466]: ERROR keystone.server.flask.application
Aug 16 07:58:49 user devstack@keystone.service[44466]: [pid: 44466|app: 0|req: 84/249] 10.0.0.210 () {56 vars in 1094 bytes} [Wed Aug 16 07:58:49 2023] GET /identity/v3/roles/member => generated 84 bytes in 147 msecs (HTTP/1.1 404) 5 headers in 183 bytes (1 switches on core 0)
Aug 16 07:58:49 user devstack@keystone.service[44466]: DEBUG keystone.server.flask.request_processing.middleware.auth_context [None req-a9183113-d1bc-48e8-b023-d9119148172e None admin] Authenticating user token {{(pid=44466) process_request /opt/stack/data/venv/lib/python3.10/site-packages/keystonemiddleware/auth_token/__init__.py:406}}
Aug 16 07:58:49 user devstack@keystone.service[44465]: DEBUG keystone.server.flask.request_processing.middleware.auth_context [None req-217a17ef-1c7b-403a-963d-6a0c4b217896 None admin] RBAC: auth_context: {'token': , 'domain_id': None, 'trust_id': None, 'trustor_id': None, 'trustee_id': None, 'domain_name': None, 'group_ids': [], 'user_id': '0f7602b1a33e4d6e913ff4303926a477', 'user_domain_id': 'default', 'system_scope': 'all', 'project_id': None, 'project_domain_id': None, 'roles': ['admin', 'member', 'reader'], 'is_admin_project': True, 'service_user_id': None, 'service_user_domain_id': None, 'service_project_id': None, 'service_project_domain_id': None, 'service_roles': []} {{(pid=44465) fill_context /opt/stack/keystone/keystone/server/flask/request_processing/middleware/auth_context.py:480}}
Aug 16 07:58:49 user devstack@keystone.service[44465]: DEBUG keystone.server.flask.request_processing.req_logging [None req-217a17ef-1c7b-403a-963d-6a0c4b217896 None admin] REQUEST_METHOD: `POST` {{(pid=44465) log_request_info /opt/stack/keystone/keystone/server/flask/request_processing/req_logging.py:27}}
Aug 16 07:58:49 user devstack@keystone.service[44465]: DEBUG keystone.server.flask.request_processing.req_logging [None req-217a17ef-1c7b-403a-963d-6a0c4b217896 None admin] SCRIPT_NAME: `/identity` {{(pid=44465) log_request_info /opt/stack/keystone/keystone/server/flask/request_processing/req_logging.py:28}}
Aug 16 07:58:49 user devstack@keystone.service[44465]: DEBUG keystone.server.flask.request_processing.req_logging [None req-217a17ef-1c7b-403a-963d-6a0c4b217896 None admin] PATH_INFO: `/v3/groups` {{(pid=44465) log_request_info /opt/stack/keystone/keystone/server/flask/request_processing/req_logging.py:29}}
Aug 16 07:58:49 user devstack@keystone.service[44465]: DEBUG keystone.common.rbac_enforcer.enforcer [None req-217a17ef-1c7b-403a-963d-6a0c4b217896 None admin] RBAC: Authorizing `identity:create_group()` {{(pid=44465) enforce_call /opt/stack/keystone/keystone/common/rbac_enforcer/enforcer.py:449}}
Aug 16 07:58:49 user devstack@keystone.service[44465]: DEBUG keystone.common.rbac_enforcer.enforcer [None req-217a17ef-1c7b-403a-963d-6a0c4b217896 None admin] RBAC: Authorization granted {{(pid=44465) enforce_call /opt/stack/keystone/keystone/common/rbac_enforcer/enforcer.py:457}}
Aug 16 07:58:49 user devstack@keystone.service[44465]: [pid: 44465|app: 0|req: 84/250] 10.0.0.210 () {60 vars in 1129 bytes} [Wed Aug 16 07:58:49 2023] POST /identity/v3/groups => generated 225 bytes in 152 msecs (HTTP/1.1 201) 5 headers in 182 bytes (1 switches on core 0)
Aug 16 07:58:49 user devstack@keystone.service[44467]: DEBUG keystone.server.flask.request_processing.middleware.auth_context [None req-d86dc0a4-6d53-4cde-8867-63830125e169 None admin] Validating token access rules against request {{(pid=44467) validate_allowed_request /opt/stack/data/venv/lib/python3.10/site-packages/keystonemiddleware/auth_token/__init__.py:544}}
Aug 16 07:58:49 user devstack@keystone.service[44467]: DEBUG keystone.server.flask.request_processing.middleware.auth_context [None req-69af8872-d812-44d8-acb5-67cb45eaa631 None admin] RBAC: auth_context: {'token': , 'domain_id': None, 'trust_id': None, 'trustor_id': None, 'trustee_id': None, 'domain_name': None, 'group_ids': [], 'user_id': '0f7602b1a33e4d6e913ff4303926a477', 'user_domain_id': 'default', 'system_scope': 'all', 'project_id': None, 'project_domain_id': None, 'roles': ['admin', 'member', 'reader'], 'is_admin_project': True, 'service_user_id': None, 'service_user_domain_id': None, 'service_project_id': None, 'service_project_domain_id': None, 'service_roles': []} {{(pid=44467) fill_context /opt/stack/keystone/keystone/server/flask/request_processing/middleware/auth_context.py:480}}
Aug 16 07:58:49 user devstack@keystone.service[44467]: DEBUG keystone.server.flask.request_processing.req_logging [None req-69af8872-d812-44d8-acb5-67cb45eaa631 None admin] REQUEST_METHOD: `GET` {{(pid=44467) log_request_info /opt/stack/keystone/keystone/server/flask/request_processing/req_logging.py:27}}
