Aug 26 11:27:22 user devstack@keystone.service[44497]: [pid: 44497|app: 0|req: 120/351] 10.0.0.210 () {58 vars in 1018 bytes} [Sat Aug 26 11:27:21 2023] POST /identity/v3/auth/tokens => generated 798 bytes in 82 msecs (HTTP/1.1 201) 6 headers in 363 bytes (1 switches on core 0)
Aug 26 11:27:22 user devstack@keystone.service[44498]: DEBUG keystone.server.flask.request_processing.middleware.auth_context [None req-79087721-37fc-427f-a85a-41874b71c3ec None None] Validating token access rules against request {{(pid=44498) validate_allowed_request /opt/stack/data/venv/lib/python3.10/site-packages/keystonemiddleware/auth_token/__init__.py:544}}
Aug 26 11:27:22 user devstack@keystone.service[44496]: DEBUG keystone.server.flask.request_processing.middleware.auth_context [None req-7fa49b30-149f-46e7-b494-8593f30efabc None admin] Validating token access rules against request {{(pid=44496) validate_allowed_request /opt/stack/data/venv/lib/python3.10/site-packages/keystonemiddleware/auth_token/__init__.py:544}}
Aug 26 11:27:22 user devstack@keystone.service[44498]: DEBUG keystone.server.flask.request_processing.middleware.auth_context [None req-73fc66e4-de4f-46e2-8a36-7d3597b02c0a None admin] RBAC: auth_context: {'token': , 'domain_id': None, 'trust_id': None, 'trustor_id': None, 'trustee_id': None, 'domain_name': None, 'group_ids': [], 'user_id': '7a331abee3ce421984b92f7c316eca35', 'user_domain_id': 'default', 'system_scope': 'all', 'project_id': None, 'project_domain_id': None, 'roles': ['admin', 'member', 'reader'], 'is_admin_project': True, 'service_user_id': None, 'service_user_domain_id': None, 'service_project_id': None, 'service_project_domain_id': None, 'service_roles': []} {{(pid=44498) fill_context /opt/stack/keystone/keystone/server/flask/request_processing/middleware/auth_context.py:480}}
Aug 26 11:27:22 user devstack@keystone.service[44498]: DEBUG keystone.server.flask.request_processing.req_logging [None req-73fc66e4-de4f-46e2-8a36-7d3597b02c0a None admin] REQUEST_METHOD: `GET` {{(pid=44498) log_request_info /opt/stack/keystone/keystone/server/flask/request_processing/req_logging.py:27}}
Aug 26 11:27:22 user devstack@keystone.service[44498]: DEBUG keystone.server.flask.request_processing.req_logging [None req-73fc66e4-de4f-46e2-8a36-7d3597b02c0a None admin] SCRIPT_NAME: `/identity` {{(pid=44498) log_request_info /opt/stack/keystone/keystone/server/flask/request_processing/req_logging.py:28}}
Aug 26 11:27:22 user devstack@keystone.service[44498]: DEBUG keystone.server.flask.request_processing.req_logging [None req-73fc66e4-de4f-46e2-8a36-7d3597b02c0a None admin] PATH_INFO: `/v3/domains/Default` {{(pid=44498) log_request_info /opt/stack/keystone/keystone/server/flask/request_processing/req_logging.py:29}}
Aug 26 11:27:22 user devstack@keystone.service[44496]: DEBUG keystone.server.flask.request_processing.middleware.auth_context [None req-7532e036-284c-4765-8a58-2da8f0f7fd52 None admin] RBAC: auth_context: {'token': , 'domain_id': None, 'trust_id': None, 'trustor_id': None, 'trustee_id': None, 'domain_name': None, 'group_ids': [], 'user_id': '7a331abee3ce421984b92f7c316eca35', 'user_domain_id': 'default', 'system_scope': 'all', 'project_id': None, 'project_domain_id': None, 'roles': ['admin', 'member', 'reader'], 'is_admin_project': True, 'service_user_id': None, 'service_user_domain_id': None, 'service_project_id': None, 'service_project_domain_id': None, 'service_roles': []} {{(pid=44496) fill_context /opt/stack/keystone/keystone/server/flask/request_processing/middleware/auth_context.py:480}}
Aug 26 11:27:22 user devstack@keystone.service[44496]: DEBUG keystone.server.flask.request_processing.req_logging [None req-7532e036-284c-4765-8a58-2da8f0f7fd52 None admin] REQUEST_METHOD: `POST` {{(pid=44496) log_request_info /opt/stack/keystone/keystone/server/flask/request_processing/req_logging.py:27}}
Aug 26 11:27:22 user devstack@keystone.service[44496]: DEBUG keystone.server.flask.request_processing.req_logging [None req-7532e036-284c-4765-8a58-2da8f0f7fd52 None admin] SCRIPT_NAME: `/identity` {{(pid=44496) log_request_info /opt/stack/keystone/keystone/server/flask/request_processing/req_logging.py:28}}
Aug 26 11:27:22 user devstack@keystone.service[44496]: DEBUG keystone.server.flask.request_processing.req_logging [None req-7532e036-284c-4765-8a58-2da8f0f7fd52 None admin] PATH_INFO: `/v3/users` {{(pid=44496) log_request_info /opt/stack/keystone/keystone/server/flask/request_processing/req_logging.py:29}}
Aug 26 11:27:22 user devstack@keystone.service[44496]: DEBUG keystone.common.rbac_enforcer.enforcer [None req-7532e036-284c-4765-8a58-2da8f0f7fd52 None admin] RBAC: Authorizing `identity:create_user()` {{(pid=44496) enforce_call /opt/stack/keystone/keystone/common/rbac_enforcer/enforcer.py:449}}
Aug 26 11:27:22 user devstack@keystone.service[44496]: DEBUG keystone.common.rbac_enforcer.enforcer [None req-7532e036-284c-4765-8a58-2da8f0f7fd52 None admin] RBAC: Authorization granted {{(pid=44496) enforce_call /opt/stack/keystone/keystone/common/rbac_enforcer/enforcer.py:457}}
Aug 26 11:27:22 user devstack@keystone.service[44498]: DEBUG keystone.common.rbac_enforcer.enforcer [None req-73fc66e4-de4f-46e2-8a36-7d3597b02c0a None admin] RBAC: Authorizing `identity:get_domain(domain_id=Default)` {{(pid=44498) enforce_call /opt/stack/keystone/keystone/common/rbac_enforcer/enforcer.py:449}}
Aug 26 11:27:22 user devstack@keystone.service[44498]: DEBUG keystone.common.rbac_enforcer.enforcer [None req-73fc66e4-de4f-46e2-8a36-7d3597b02c0a None admin] RBAC: Authorization granted {{(pid=44498) enforce_call /opt/stack/keystone/keystone/common/rbac_enforcer/enforcer.py:457}}
Aug 26 11:27:22 user devstack@keystone.service[44496]: WARNING keystone.common.password_hashing [None req-7532e036-284c-4765-8a58-2da8f0f7fd52 None admin] Truncating password to algorithm specific maximum length 72 characters.
Aug 26 11:27:22 user devstack@keystone.service[44498]: ERROR keystone.server.flask.application [None req-73fc66e4-de4f-46e2-8a36-7d3597b02c0a None admin] Could not find domain: Default.: keystone.exception.DomainNotFound: Could not find domain: Default.
Aug 26 11:27:22 user devstack@keystone.service[44498]: ERROR keystone.server.flask.application
Traceback (most recent call last):
Aug 26 11:27:22 user devstack@keystone.service[44498]: ERROR keystone.server.flask.application
File "/opt/stack/data/venv/lib/python3.10/site-packages/flask/app.py", line 1823, in full_dispatch_request
Aug 26 11:27:22 user devstack@keystone.service[44498]: ERROR keystone.server.flask.application rv = self.dispatch_request()
Aug 26 11:27:22 user devstack@keystone.service[44498]: ERROR keystone.server.flask.application
File "/opt/stack/data/venv/lib/python3.10/site-packages/flask/app.py", line 1799, in dispatch_request
Aug 26 11:27:22 user devstack@keystone.service[44498]: ERROR keystone.server.flask.application return self.ensure_sync(self.view_functions[rule.endpoint])(**view_args)
Aug 26 11:27:22 user devstack@keystone.service[44498]: ERROR keystone.server.flask.application
File "/opt/stack/data/venv/lib/python3.10/site-packages/flask_restful/__init__.py", line 467, in wrapper
Aug 26 11:27:22 user devstack@keystone.service[44498]: ERROR keystone.server.flask.application resp = resource(*args, **kwargs)
Aug 26 11:27:22 user devstack@keystone.service[44498]: ERROR keystone.server.flask.application
File "/opt/stack/data/venv/lib/python3.10/site-packages/flask/views.py", line 107, in view
Aug 26 11:27:22 user devstack@keystone.service[44498]: ERROR keystone.server.flask.application return current_app.ensure_sync(self.dispatch_request)(**kwargs)
Aug 26 11:27:22 user devstack@keystone.service[44498]: ERROR keystone.server.flask.application
File "/opt/stack/data/venv/lib/python3.10/site-packages/flask_restful/__init__.py", line 582, in dispatch_request
Aug 26 11:27:22 user devstack@keystone.service[44498]: ERROR keystone.server.flask.application resp = meth(*args, **kwargs)
Aug 26 11:27:22 user devstack@keystone.service[44498]: ERROR keystone.server.flask.application
File "/opt/stack/keystone/keystone/api/domains.py", line 89, in get
Aug 26 11:27:22 user devstack@keystone.service[44498]: ERROR keystone.server.flask.application return self._get_domain(domain_id)
Aug 26 11:27:22 user devstack@keystone.service[44498]: ERROR keystone.server.flask.application
File "/opt/stack/keystone/keystone/api/domains.py", line 97, in _get_domain
Aug 26 11:27:22 user devstack@keystone.service[44498]: ERROR keystone.server.flask.application domain = PROVIDERS.resource_api.get_domain(domain_id)
Aug 26 11:27:22 user devstack@keystone.service[44498]: ERROR keystone.server.flask.application
File "/opt/stack/keystone/keystone/common/manager.py", line 115, in wrapped
Aug 26 11:27:22 user devstack@keystone.service[44498]: ERROR keystone.server.flask.application __ret_val = __f(*args, **kwargs)
Aug 26 11:27:22 user devstack@keystone.service[44498]: ERROR keystone.server.flask.application
File "/opt/stack/data/venv/lib/python3.10/site-packages/decorator.py", line 232, in fun
Aug 26 11:27:22 user devstack@keystone.service[44498]: ERROR keystone.server.flask.application return caller(func, *(extras + args), **kw)
Aug 26 11:27:22 user devstack@keystone.service[44498]: ERROR keystone.server.flask.application
File "/opt/stack/data/venv/lib/python3.10/site-packages/dogpile/cache/region.py", line 1577, in get_or_create_for_user_func
Aug 26 11:27:22 user devstack@keystone.service[44498]: ERROR keystone.server.flask.application return self.get_or_create(
Aug 26 11:27:22 user devstack@keystone.service[44498]: ERROR keystone.server.flask.application
File "/opt/stack/data/venv/lib/python3.10/site-packages/dogpile/cache/region.py", line 1042, in get_or_create
Aug 26 11:27:22 user devstack@keystone.service[44498]: ERROR keystone.server.flask.application with Lock(
Aug 26 11:27:22 user devstack@keystone.service[44498]: ERROR keystone.server.flask.application
File "/opt/stack/data/venv/lib/python3.10/site-packages/dogpile/lock.py", line 185, in __enter__
Aug 26 11:27:22 user devstack@keystone.service[44498]: ERROR keystone.server.flask.application return self._enter()
Aug 26 11:27:22 user devstack@keystone.service[44498]: ERROR keystone.server.flask.application
File "/opt/stack/data/venv/lib/python3.10/site-packages/dogpile/lock.py", line 94, in _enter
Aug 26 11:27:22 user devstack@keystone.service[44498]: ERROR keystone.server.flask.application generated = self._enter_create(value, createdtime)
Aug 26 11:27:22 user devstack@keystone.service[44498]: ERROR keystone.server.flask.application
File "/opt/stack/data/venv/lib/python3.10/site-packages/dogpile/lock.py", line 178, in _enter_create
Aug 26 11:27:22 user devstack@keystone.service[44498]: ERROR keystone.server.flask.application return self.creator()
Aug 26 11:27:22 user devstack@keystone.service[44498]: ERROR keystone.server.flask.application
File "/opt/stack/data/venv/lib/python3.10/site-packages/dogpile/cache/region.py", line 995, in gen_value
Aug 26 11:27:22 user devstack@keystone.service[44498]: ERROR keystone.server.flask.application created_value = creator(
Aug 26 11:27:22 user devstack@keystone.service[44498]: ERROR keystone.server.flask.application
File "/opt/stack/keystone/keystone/resource/core.py", line 716, in get_domain
Aug 26 11:27:22 user devstack@keystone.service[44498]: ERROR keystone.server.flask.application raise exception.DomainNotFound(domain_id=domain_id)
Aug 26 11:27:22 user devstack@keystone.service[44498]: ERROR keystone.server.flask.application keystone.exception.DomainNotFound: Could not find domain: Default.
Aug 26 11:27:22 user devstack@keystone.service[44498]: ERROR keystone.server.flask.application
Aug 26 11:27:22 user devstack@keystone.service[44498]: [pid: 44498|app: 0|req: 118/352] 10.0.0.210 () {56 vars in 1103 bytes} [Sat Aug 26 11:27:21 2023] GET /identity/v3/domains/Default => generated 87 bytes in 153 msecs (HTTP/1.1 404) 5 headers in 183 bytes (2 switches on core 0)
Aug 26 11:27:22 user devstack@keystone.service[44496]: [pid: 44496|app: 0|req: 115/353] 10.0.0.210 () {60 vars in 1127 bytes} [Sat Aug 26 11:27:21 2023] POST /identity/v3/users => generated 247 bytes in 140 msecs (HTTP/1.1 201) 5 headers in 182 bytes (2 switches on core 0)
Aug 26 11:27:22 user devstack@keystone.service[44497]: DEBUG keystone.server.flask.request_processing.middleware.auth_context [None req-cd74832a-b735-4965-b4e6-e3011d277907 None None] Authenticating user token {{(pid=44497) process_request /opt/stack/data/venv/lib/python3.10/site-packages/keystonemiddleware/auth_token/__init__.py:406}}
Aug 26 11:27:22 user devstack@keystone.service[44497]: DEBUG keystone.server.flask.request_processing.middleware.auth_context [None req-cd74832a-b735-4965-b4e6-e3011d277907 None None] Validating token access rules against request {{(pid=44497) validate_allowed_request /opt/stack/data/venv/lib/python3.10/site-packages/keystonemiddleware/auth_token/__init__.py:544}}
Aug 26 11:27:22 user devstack@keystone.service[44497]: DEBUG keystone.server.flask.request_processing.middleware.auth_context [None req-989d28bc-8ee5-4009-95a3-76a4059f248f None admin] RBAC: auth_context: {'token': , 'domain_id': None, 'trust_id': None, 'trustor_id': None, 'trustee_id': None, 'domain_name': None, 'group_ids': [], 'user_id': '7a331abee3ce421984b92f7c316eca35', 'user_domain_id': 'default', 'system_scope': 'all', 'project_id': None, 'project_domain_id': None, 'roles': ['admin', 'member', 'reader'], 'is_admin_project': True, 'service_user_id': None, 'service_user_domain_id': None, 'service_project_id': None, 'service_project_domain_id': None, 'service_roles': []} {{(pid=44497) fill_context /opt/stack/keystone/keystone/server/flask/request_processing/middleware/auth_context.py:480}}
Aug 26 11:27:22 user devstack@keystone.service[44497]: DEBUG keystone.server.flask.request_processing.req_logging [None req-989d28bc-8ee5-4009-95a3-76a4059f248f None admin] REQUEST_METHOD: `GET` {{(pid=44497) log_request_info /opt/stack/keystone/keystone/server/flask/request_processing/req_logging.py:27}}
Aug 26 11:27:22 user devstack@keystone.service[44497]: DEBUG keystone.server.flask.request_processing.req_logging [None req-989d28bc-8ee5-4009-95a3-76a4059f248f None admin] SCRIPT_NAME: `/identity` {{(pid=44497) log_request_info /opt/stack/keystone/keystone/server/flask/request_processing/req_logging.py:28}}
Aug 26 11:27:22 user devstack@keystone.service[44497]: DEBUG keystone.server.flask.request_processing.req_logging [None req-989d28bc-8ee5-4009-95a3-76a4059f248f None admin] PATH_INFO: `/v3/domains` {{(pid=44497) log_request_info /opt/stack/keystone/keystone/server/flask/request_processing/req_logging.py:29}}
Aug 26 11:27:22 user devstack@keystone.service[44498]: DEBUG keystone.server.flask.request_processing.middleware.auth_context [None req-73fc66e4-de4f-46e2-8a36-7d3597b02c0a None admin] Authenticating user token {{(pid=44498) process_request /opt/stack/data/venv/lib/python3.10/site-packages/keystonemiddleware/auth_token/__init__.py:406}}
Aug 26 11:27:22 user devstack@keystone.service[44497]: DEBUG keystone.common.rbac_enforcer.enforcer [None req-989d28bc-8ee5-4009-95a3-76a4059f248f None admin] RBAC: Adding query filter params (name=Default) {{(pid=44497) _extract_filter_values /opt/stack/keystone/keystone/common/rbac_enforcer/enforcer.py:167}}
Aug 26 11:27:22 user devstack@keystone.service[44497]: DEBUG keystone.common.rbac_enforcer.enforcer [None req-989d28bc-8ee5-4009-95a3-76a4059f248f None admin] RBAC: Authorizing `identity:list_domains()` {{(pid=44497) enforce_call /opt/stack/keystone/keystone/common/rbac_enforcer/enforcer.py:449}}
Aug 26 11:27:22 user devstack@keystone.service[44497]: DEBUG keystone.common.rbac_enforcer.enforcer [None req-989d28bc-8ee5-4009-95a3-76a4059f248f None admin] RBAC: Authorization granted {{(pid=44497) enforce_call /opt/stack/keystone/keystone/common/rbac_enforcer/enforcer.py:457}}
Aug 26 11:27:22 user devstack@keystone.service[44497]: [pid: 44497|app: 0|req: 121/354] 10.0.0.210 () {56 vars in 1104 bytes} [Sat Aug 26 11:27:22 2023] GET /identity/v3/domains?name=Default => generated 306 bytes in 151 msecs (HTTP/1.1 200) 5 headers in 177 bytes (1 switches on core 0)
Aug 26 11:27:22 user devstack@keystone.service[44496]: DEBUG keystone.server.flask.request_processing.middleware.auth_context [None req-7532e036-284c-4765-8a58-2da8f0f7fd52 None admin] Authenticating user token {{(pid=44496) process_request /opt/stack/data/venv/lib/python3.10/site-packages/keystonemiddleware/auth_token/__init__.py:406}}
Aug 26 11:27:22 user devstack@keystone.service[44496]: DEBUG keystone.server.flask.request_processing.middleware.auth_context [None req-7532e036-284c-4765-8a58-2da8f0f7fd52 None admin] Validating token access rules against request {{(pid=44496) validate_allowed_request /opt/stack/data/venv/lib/python3.10/site-packages/keystonemiddleware/auth_token/__init__.py:544}}
Aug 26 11:27:22 user devstack@keystone.service[44498]: DEBUG keystone.server.flask.request_processing.middleware.auth_context [None req-73fc66e4-de4f-46e2-8a36-7d3597b02c0a None admin] Validating token access rules against request {{(pid=44498) validate_allowed_request /opt/stack/data/venv/lib/python3.10/site-packages/keystonemiddleware/auth_token/__init__.py:544}}
Aug 26 11:27:22 user devstack@keystone.service[44496]: DEBUG keystone.server.flask.request_processing.middleware.auth_context [None req-4cf8c7a0-faa9-4080-9773-e496c6872499 None admin] RBAC: auth_context: {'token': , 'domain_id': None, 'trust_id': None, 'trustor_id': None, 'trustee_id': None, 'domain_name': None, 'group_ids': [], 'user_id': '7a331abee3ce421984b92f7c316eca35', 'user_domain_id': 'default', 'system_scope': 'all', 'project_id': None, 'project_domain_id': None, 'roles': ['admin', 'member', 'reader'], 'is_admin_project': True, 'service_user_id': None, 'service_user_domain_id': None, 'service_project_id': None, 'service_project_domain_id': None, 'service_roles': []} {{(pid=44496) fill_context /opt/stack/keystone/keystone/server/flask/request_processing/middleware/auth_context.py:480}}
Aug 26 11:27:22 user devstack@keystone.service[44496]: DEBUG keystone.server.flask.request_processing.req_logging [None req-4cf8c7a0-faa9-4080-9773-e496c6872499 None admin] REQUEST_METHOD: `POST` {{(pid=44496) log_request_info /opt/stack/keystone/keystone/server/flask/request_processing/req_logging.py:27}}
Aug 26 11:27:22 user devstack@keystone.service[44496]: DEBUG keystone.server.flask.request_processing.req_logging [None req-4cf8c7a0-faa9-4080-9773-e496c6872499 None admin] SCRIPT_NAME: `/identity` {{(pid=44496) log_request_info /opt/stack/keystone/keystone/server/flask/request_processing/req_logging.py:28}}
Aug 26 11:27:22 user devstack@keystone.service[44496]: DEBUG keystone.server.flask.request_processing.req_logging [None req-4cf8c7a0-faa9-4080-9773-e496c6872499 None admin] PATH_INFO: `/v3/users` {{(pid=44496) log_request_info /opt/stack/keystone/keystone/server/flask/request_processing/req_logging.py:29}}
Aug 26 11:27:22 user devstack@keystone.service[44496]: DEBUG keystone.common.rbac_enforcer.enforcer [None req-4cf8c7a0-faa9-4080-9773-e496c6872499 None admin] RBAC: Authorizing `identity:create_user()` {{(pid=44496) enforce_call /opt/stack/keystone/keystone/common/rbac_enforcer/enforcer.py:449}}
Aug 26 11:27:22 user devstack@keystone.service[44498]: DEBUG keystone.server.flask.request_processing.middleware.auth_context [None req-f111fece-ec69-44f0-a602-277540b3dbfe None admin] RBAC: auth_context: {'token': , 'domain_id': None, 'trust_id': None, 'trustor_id': None, 'trustee_id': None, 'domain_name': None, 'group_ids': [], 'user_id': '7a331abee3ce421984b92f7c316eca35', 'user_domain_id': 'default', 'system_scope': 'all', 'project_id': None, 'project_domain_id': None, 'roles': ['admin', 'member', 'reader'], 'is_admin_project': True, 'service_user_id': None, 'service_user_domain_id': None, 'service_project_id': None, 'service_project_domain_id': None, 'service_roles': []} {{(pid=44498) fill_context /opt/stack/keystone/keystone/server/flask/request_processing/middleware/auth_context.py:480}}
Aug 26 11:27:22 user devstack@keystone.service[44496]: DEBUG keystone.common.rbac_enforcer.enforcer [None req-4cf8c7a0-faa9-4080-9773-e496c6872499 None admin] RBAC: Authorization granted {{(pid=44496) enforce_call /opt/stack/keystone/keystone/common/rbac_enforcer/enforcer.py:457}}
Aug 26 11:27:22 user devstack@keystone.service[44498]: DEBUG keystone.server.flask.request_processing.req_logging [None req-f111fece-ec69-44f0-a602-277540b3dbfe None admin] REQUEST_METHOD: `GET` {{(pid=44498) log_request_info /opt/stack/keystone/keystone/server/flask/request_processing/req_logging.py:27}}
Aug 26 11:27:22 user devstack@keystone.service[44498]: DEBUG keystone.server.flask.request_processing.req_logging [None req-f111fece-ec69-44f0-a602-277540b3dbfe None admin] SCRIPT_NAME: `/identity` {{(pid=44498) log_request_info /opt/stack/keystone/keystone/server/flask/request_processing/req_logging.py:28}}
Aug 26 11:27:22 user devstack@keystone.service[44498]: DEBUG keystone.server.flask.request_processing.req_logging [None req-f111fece-ec69-44f0-a602-277540b3dbfe None admin] PATH_INFO: `/v3/domains/Default` {{(pid=44498) log_request_info /opt/stack/keystone/keystone/server/flask/request_processing/req_logging.py:29}}
Aug 26 11:27:22 user devstack@keystone.service[44496]: WARNING keystone.common.password_hashing [None req-4cf8c7a0-faa9-4080-9773-e496c6872499 None admin] Truncating password to algorithm specific maximum length 72 characters.
Aug 26 11:27:22 user devstack@keystone.service[44498]: DEBUG keystone.common.rbac_enforcer.enforcer [None req-f111fece-ec69-44f0-a602-277540b3dbfe None admin] RBAC: Authorizing `identity:get_domain(domain_id=Default)` {{(pid=44498) enforce_call /opt/stack/keystone/keystone/common/rbac_enforcer/enforcer.py:449}}
Aug 26 11:27:22 user devstack@keystone.service[44498]: DEBUG keystone.common.rbac_enforcer.enforcer [None req-f111fece-ec69-44f0-a602-277540b3dbfe None admin] RBAC: Authorization granted {{(pid=44498) enforce_call /opt/stack/keystone/keystone/common/rbac_enforcer/enforcer.py:457}}
Aug 26 11:27:22 user devstack@keystone.service[44496]: [pid: 44496|app: 0|req: 116/355] 10.0.0.210 () {60 vars in 1127 bytes} [Sat Aug 26 11:27:22 2023] POST /identity/v3/users => generated 247 bytes in 134 msecs (HTTP/1.1 201) 5 headers in 182 bytes (1 switches on core 0)
Aug 26 11:27:22 user devstack@keystone.service[44498]: ERROR keystone.server.flask.application [None req-f111fece-ec69-44f0-a602-277540b3dbfe None admin] Could not find domain: Default.: keystone.exception.DomainNotFound: Could not find domain: Default.
Aug 26 11:27:22 user devstack@keystone.service[44498]: ERROR keystone.server.flask.application
Traceback (most recent call last):
Aug 26 11:27:22 user devstack@keystone.service[44498]: ERROR keystone.server.flask.application
File "/opt/stack/data/venv/lib/python3.10/site-packages/flask/app.py", line 1823, in full_dispatch_request
Aug 26 11:27:22 user devstack@keystone.service[44498]: ERROR keystone.server.flask.application rv = self.dispatch_request()
Aug 26 11:27:22 user devstack@keystone.service[44498]: ERROR keystone.server.flask.application
File "/opt/stack/data/venv/lib/python3.10/site-packages/flask/app.py", line 1799, in dispatch_request
Aug 26 11:27:22 user devstack@keystone.service[44498]: ERROR keystone.server.flask.application return self.ensure_sync(self.view_functions[rule.endpoint])(**view_args)
Aug 26 11:27:22 user devstack@keystone.service[44498]: ERROR keystone.server.flask.application
File "/opt/stack/data/venv/lib/python3.10/site-packages/flask_restful/__init__.py", line 467, in wrapper
Aug 26 11:27:22 user devstack@keystone.service[44498]: ERROR keystone.server.flask.application resp = resource(*args, **kwargs)
Aug 26 11:27:22 user devstack@keystone.service[44498]: ERROR keystone.server.flask.application
File "/opt/stack/data/venv/lib/python3.10/site-packages/flask/views.py", line 107, in view
Aug 26 11:27:22 user devstack@keystone.service[44498]: ERROR keystone.server.flask.application return current_app.ensure_sync(self.dispatch_request)(**kwargs)
Aug 26 11:27:22 user devstack@keystone.service[44498]: ERROR keystone.server.flask.application
File "/opt/stack/data/venv/lib/python3.10/site-packages/flask_restful/__init__.py", line 582, in dispatch_request
Aug 26 11:27:22 user devstack@keystone.service[44498]: ERROR keystone.server.flask.application resp = meth(*args, **kwargs)
Aug 26 11:27:22 user devstack@keystone.service[44498]: ERROR keystone.server.flask.application
File "/opt/stack/keystone/keystone/api/domains.py", line 89, in get
Aug 26 11:27:22 user devstack@keystone.service[44498]: ERROR keystone.server.flask.application return self._get_domain(domain_id)
Aug 26 11:27:22 user devstack@keystone.service[44498]: ERROR keystone.server.flask.application
File "/opt/stack/keystone/keystone/api/domains.py", line 97, in _get_domain
Aug 26 11:27:22 user devstack@keystone.service[44498]: ERROR keystone.server.flask.application domain = PROVIDERS.resource_api.get_domain(domain_id)
Aug 26 11:27:22 user devstack@keystone.service[44498]: ERROR keystone.server.flask.application
File "/opt/stack/keystone/keystone/common/manager.py", line 115, in wrapped
Aug 26 11:27:22 user devstack@keystone.service[44498]: ERROR keystone.server.flask.application __ret_val = __f(*args, **kwargs)
Aug 26 11:27:22 user devstack@keystone.service[44498]: ERROR keystone.server.flask.application
File "/opt/stack/data/venv/lib/python3.10/site-packages/decorator.py", line 232, in fun
Aug 26 11:27:22 user devstack@keystone.service[44498]: ERROR keystone.server.flask.application return caller(func, *(extras + args), **kw)
Aug 26 11:27:22 user devstack@keystone.service[44498]: ERROR keystone.server.flask.application
File "/opt/stack/data/venv/lib/python3.10/site-packages/dogpile/cache/region.py", line 1577, in get_or_create_for_user_func
Aug 26 11:27:22 user devstack@keystone.service[44498]: ERROR keystone.server.flask.application return self.get_or_create(
Aug 26 11:27:22 user devstack@keystone.service[44498]: ERROR keystone.server.flask.application
File "/opt/stack/data/venv/lib/python3.10/site-packages/dogpile/cache/region.py", line 1042, in get_or_create
Aug 26 11:27:22 user devstack@keystone.service[44498]: ERROR keystone.server.flask.application with Lock(
Aug 26 11:27:22 user devstack@keystone.service[44498]: ERROR keystone.server.flask.application
File "/opt/stack/data/venv/lib/python3.10/site-packages/dogpile/lock.py", line 185, in __enter__
Aug 26 11:27:22 user devstack@keystone.service[44498]: ERROR keystone.server.flask.application return self._enter()
Aug 26 11:27:22 user devstack@keystone.service[44498]: ERROR keystone.server.flask.application
File "/opt/stack/data/venv/lib/python3.10/site-packages/dogpile/lock.py", line 94, in _enter
Aug 26 11:27:22 user devstack@keystone.service[44498]: ERROR keystone.server.flask.application generated = self._enter_create(value, createdtime)
Aug 26 11:27:22 user devstack@keystone.service[44498]: ERROR keystone.server.flask.application
File "/opt/stack/data/venv/lib/python3.10/site-packages/dogpile/lock.py", line 178, in _enter_create
Aug 26 11:27:22 user devstack@keystone.service[44498]: ERROR keystone.server.flask.application return self.creator()
Aug 26 11:27:22 user devstack@keystone.service[44498]: ERROR keystone.server.flask.application
File "/opt/stack/data/venv/lib/python3.10/site-packages/dogpile/cache/region.py", line 995, in gen_value
Aug 26 11:27:22 user devstack@keystone.service[44498]: ERROR keystone.server.flask.application created_value = creator(
Aug 26 11:27:22 user devstack@keystone.service[44498]: ERROR keystone.server.flask.application
File "/opt/stack/keystone/keystone/resource/core.py", line 716, in get_domain
Aug 26 11:27:22 user devstack@keystone.service[44498]: ERROR keystone.server.flask.application raise exception.DomainNotFound(domain_id=domain_id)
Aug 26 11:27:22 user devstack@keystone.service[44498]: ERROR keystone.server.flask.application keystone.exception.DomainNotFound: Could not find domain: Default.
Aug 26 11:27:22 user devstack@keystone.service[44498]: ERROR keystone.server.flask.application
Aug 26 11:27:22 user devstack@keystone.service[44498]: [pid: 44498|app: 0|req: 119/356] 10.0.0.210 () {56 vars in 1103 bytes} [Sat Aug 26 11:27:22 2023] GET /identity/v3/domains/Default => generated 87 bytes in 163 msecs (HTTP/1.1 404) 5 headers in 183 bytes (1 switches on core 0)
Aug 26 11:27:22 user devstack@keystone.service[44497]: DEBUG keystone.server.flask.request_processing.middleware.auth_context [None req-989d28bc-8ee5-4009-95a3-76a4059f248f None admin] Authenticating user token {{(pid=44497) process_request /opt/stack/data/venv/lib/python3.10/site-packages/keystonemiddleware/auth_token/__init__.py:406}}
Aug 26 11:27:22 user devstack@keystone.service[44497]: DEBUG keystone.server.flask.request_processing.middleware.auth_context [None req-989d28bc-8ee5-4009-95a3-76a4059f248f None admin] Validating token access rules against request {{(pid=44497) validate_allowed_request /opt/stack/data/venv/lib/python3.10/site-packages/keystonemiddleware/auth_token/__init__.py:544}}
Aug 26 11:27:22 user devstack@keystone.service[44497]: DEBUG keystone.server.flask.request_processing.middleware.auth_context [None req-9e8f8735-4842-4a75-b2e5-67bd5f28faae None admin] RBAC: auth_context: {'token': , 'domain_id': None, 'trust_id': None, 'trustor_id': None, 'trustee_id': None, 'domain_name': None, 'group_ids': [], 'user_id': '7a331abee3ce421984b92f7c316eca35', 'user_domain_id': 'default', 'system_scope': 'all', 'project_id': None, 'project_domain_id': None, 'roles': ['admin', 'member', 'reader'], 'is_admin_project': True, 'service_user_id': None, 'service_user_domain_id': None, 'service_project_id': None, 'service_project_domain_id': None, 'service_roles': []} {{(pid=44497) fill_context /opt/stack/keystone/keystone/server/flask/request_processing/middleware/auth_context.py:480}}
Aug 26 11:27:22 user devstack@keystone.service[44497]: DEBUG keystone.server.flask.request_processing.req_logging [None req-9e8f8735-4842-4a75-b2e5-67bd5f28faae None admin] REQUEST_METHOD: `GET` {{(pid=44497) log_request_info /opt/stack/keystone/keystone/server/flask/request_processing/req_logging.py:27}}
Aug 26 11:27:22 user devstack@keystone.service[44497]: DEBUG keystone.server.flask.request_processing.req_logging [None req-9e8f8735-4842-4a75-b2e5-67bd5f28faae None admin] SCRIPT_NAME: `/identity` {{(pid=44497) log_request_info /opt/stack/keystone/keystone/server/flask/request_processing/req_logging.py:28}}
Aug 26 11:27:22 user devstack@keystone.service[44497]: DEBUG keystone.server.flask.request_processing.req_logging [None req-9e8f8735-4842-4a75-b2e5-67bd5f28faae None admin] PATH_INFO: `/v3/domains` {{(pid=44497) log_request_info /opt/stack/keystone/keystone/server/flask/request_processing/req_logging.py:29}}
Aug 26 11:27:22 user devstack@keystone.service[44497]: DEBUG keystone.common.rbac_enforcer.enforcer [None req-9e8f8735-4842-4a75-b2e5-67bd5f28faae None admin] RBAC: Adding query filter params (name=Default) {{(pid=44497) _extract_filter_values /opt/stack/keystone/keystone/common/rbac_enforcer/enforcer.py:167}}
Aug 26 11:27:22 user devstack@keystone.service[44497]: DEBUG keystone.common.rbac_enforcer.enforcer [None req-9e8f8735-4842-4a75-b2e5-67bd5f28faae None admin] RBAC: Authorizing `identity:list_domains()` {{(pid=44497) enforce_call /opt/stack/keystone/keystone/common/rbac_enforcer/enforcer.py:449}}
Aug 26 11:27:22 user devstack@keystone.service[44497]: DEBUG keystone.common.rbac_enforcer.enforcer [None req-9e8f8735-4842-4a75-b2e5-67bd5f28faae None admin] RBAC: Authorization granted {{(pid=44497) enforce_call /opt/stack/keystone/keystone/common/rbac_enforcer/enforcer.py:457}}
Aug 26 11:27:22 user devstack@keystone.service[44497]: [pid: 44497|app: 0|req: 122/357] 10.0.0.210 () {56 vars in 1104 bytes} [Sat Aug 26 11:27:22 2023] GET /identity/v3/domains?name=Default => generated 306 bytes in 141 msecs (HTTP/1.1 200) 5 headers in 177 bytes (1 switches on core 0)
Aug 26 11:27:22 user devstack@keystone.service[44496]: DEBUG keystone.server.flask.request_processing.middleware.auth_context [None req-4cf8c7a0-faa9-4080-9773-e496c6872499 None admin] Authenticating user token {{(pid=44496) process_request /opt/stack/data/venv/lib/python3.10/site-packages/keystonemiddleware/auth_token/__init__.py:406}}
Aug 26 11:27:22 user devstack@keystone.service[44496]: DEBUG keystone.server.flask.request_processing.middleware.auth_context [None req-4cf8c7a0-faa9-4080-9773-e496c6872499 None admin] Validating token access rules against request {{(pid=44496) validate_allowed_request /opt/stack/data/venv/lib/python3.10/site-packages/keystonemiddleware/auth_token/__init__.py:544}}
Aug 26 11:27:22 user devstack@keystone.service[44496]: DEBUG keystone.server.flask.request_processing.middleware.auth_context [None req-ee1f22c0-4e50-495a-8af7-616f399a8ba1 None admin] RBAC: auth_context: {'token': , 'domain_id': None, 'trust_id': None, 'trustor_id': None, 'trustee_id': None, 'domain_name': None, 'group_ids': [], 'user_id': '7a331abee3ce421984b92f7c316eca35', 'user_domain_id': 'default', 'system_scope': 'all', 'project_id': None, 'project_domain_id': None, 'roles': ['admin', 'member', 'reader'], 'is_admin_project': True, 'service_user_id': None, 'service_user_domain_id': None, 'service_project_id': None, 'service_project_domain_id': None, 'service_roles': []} {{(pid=44496) fill_context /opt/stack/keystone/keystone/server/flask/request_processing/middleware/auth_context.py:480}}
Aug 26 11:27:22 user devstack@keystone.service[44496]: DEBUG keystone.server.flask.request_processing.req_logging [None req-ee1f22c0-4e50-495a-8af7-616f399a8ba1 None admin] REQUEST_METHOD: `POST` {{(pid=44496) log_request_info /opt/stack/keystone/keystone/server/flask/request_processing/req_logging.py:27}}
Aug 26 11:27:22 user devstack@keystone.service[44496]: DEBUG keystone.server.flask.request_processing.req_logging [None req-ee1f22c0-4e50-495a-8af7-616f399a8ba1 None admin] SCRIPT_NAME: `/identity` {{(pid=44496) log_request_info /opt/stack/keystone/keystone/server/flask/request_processing/req_logging.py:28}}
Aug 26 11:27:22 user devstack@keystone.service[44496]: DEBUG keystone.server.flask.request_processing.req_logging [None req-ee1f22c0-4e50-495a-8af7-616f399a8ba1 None admin] PATH_INFO: `/v3/users` {{(pid=44496) log_request_info /opt/stack/keystone/keystone/server/flask/request_processing/req_logging.py:29}}
Aug 26 11:27:22 user devstack@keystone.service[44496]: DEBUG keystone.common.rbac_enforcer.enforcer [None req-ee1f22c0-4e50-495a-8af7-616f399a8ba1 None admin] RBAC: Authorizing `identity:create_user()` {{(pid=44496) enforce_call /opt/stack/keystone/keystone/common/rbac_enforcer/enforcer.py:449}}
Aug 26 11:27:22 user devstack@keystone.service[44496]: DEBUG keystone.common.rbac_enforcer.enforcer [None req-ee1f22c0-4e50-495a-8af7-616f399a8ba1 None admin] RBAC: Authorization granted {{(pid=44496) enforce_call /opt/stack/keystone/keystone/common/rbac_enforcer/enforcer.py:457}}
Aug 26 11:27:22 user devstack@keystone.service[44496]: WARNING keystone.common.password_hashing [None req-ee1f22c0-4e50-495a-8af7-616f399a8ba1 None admin] Truncating password to algorithm specific maximum length 72 characters.
Aug 26 11:27:22 user devstack@keystone.service[44496]: [pid: 44496|app: 0|req: 117/358] 10.0.0.210 () {60 vars in 1127 bytes} [Sat Aug 26 11:27:22 2023] POST /identity/v3/users => generated 248 bytes in 139 msecs (HTTP/1.1 201) 5 headers in 182 bytes (1 switches on core 0)
Aug 26 11:27:23 user devstack@keystone.service[44498]: DEBUG keystone.server.flask.request_processing.req_logging [None req-0886f734-e56e-402f-b47a-af21118d05bd None None] REQUEST_METHOD: `GET` {{(pid=44498) log_request_info /opt/stack/keystone/keystone/server/flask/request_processing/req_logging.py:27}}
Aug 26 11:27:23 user devstack@keystone.service[44498]: DEBUG keystone.server.flask.request_processing.req_logging [None req-0886f734-e56e-402f-b47a-af21118d05bd None None] SCRIPT_NAME: `/identity` {{(pid=44498) log_request_info /opt/stack/keystone/keystone/server/flask/request_processing/req_logging.py:28}}
Aug 26 11:27:23 user devstack@keystone.service[44498]: DEBUG keystone.server.flask.request_processing.req_logging [None req-0886f734-e56e-402f-b47a-af21118d05bd None None] PATH_INFO: `/` {{(pid=44498) log_request_info /opt/stack/keystone/keystone/server/flask/request_processing/req_logging.py:29}}
Aug 26 11:27:23 user devstack@keystone.service[44498]: [pid: 44498|app: 0|req: 120/359] 10.0.0.210 () {54 vars in 921 bytes} [Sat Aug 26 11:27:23 2023] GET /identity => generated 269 bytes in 3 msecs (HTTP/1.1 300) 6 headers in 233 bytes (1 switches on core 0)
Aug 26 11:27:23 user devstack@keystone.service[44497]: DEBUG keystone.server.flask.request_processing.req_logging [None req-1963aca7-eb2c-4e23-be79-90d96954e3ae None None] REQUEST_METHOD: `POST` {{(pid=44497) log_request_info /opt/stack/keystone/keystone/server/flask/request_processing/req_logging.py:27}}
Aug 26 11:27:23 user devstack@keystone.service[44497]: DEBUG keystone.server.flask.request_processing.req_logging [None req-1963aca7-eb2c-4e23-be79-90d96954e3ae None None] SCRIPT_NAME: `/identity` {{(pid=44497) log_request_info /opt/stack/keystone/keystone/server/flask/request_processing/req_logging.py:28}}
Aug 26 11:27:23 user devstack@keystone.service[44497]: DEBUG keystone.server.flask.request_processing.req_logging [None req-1963aca7-eb2c-4e23-be79-90d96954e3ae None None] PATH_INFO: `/v3/auth/tokens` {{(pid=44497) log_request_info /opt/stack/keystone/keystone/server/flask/request_processing/req_logging.py:29}}
Aug 26 11:27:23 user devstack@keystone.service[44496]: DEBUG keystone.server.flask.request_processing.req_logging [None req-d586d589-88af-4989-9737-f72834a01a6d None None] REQUEST_METHOD: `GET` {{(pid=44496) log_request_info /opt/stack/keystone/keystone/server/flask/request_processing/req_logging.py:27}}
Aug 26 11:27:23 user devstack@keystone.service[44496]: DEBUG keystone.server.flask.request_processing.req_logging [None req-d586d589-88af-4989-9737-f72834a01a6d None None] SCRIPT_NAME: `/identity` {{(pid=44496) log_request_info /opt/stack/keystone/keystone/server/flask/request_processing/req_logging.py:28}}
Aug 26 11:27:23 user devstack@keystone.service[44496]: DEBUG keystone.server.flask.request_processing.req_logging [None req-d586d589-88af-4989-9737-f72834a01a6d None None] PATH_INFO: `/` {{(pid=44496) log_request_info /opt/stack/keystone/keystone/server/flask/request_processing/req_logging.py:29}}
Aug 26 11:27:23 user devstack@keystone.service[44496]: [pid: 44496|app: 0|req: 118/360] 10.0.0.210 () {54 vars in 921 bytes} [Sat Aug 26 11:27:23 2023] GET /identity => generated 269 bytes in 3 msecs (HTTP/1.1 300) 6 headers in 233 bytes (1 switches on core 0)
Aug 26 11:27:23 user devstack@keystone.service[44498]: DEBUG keystone.server.flask.request_processing.req_logging [None req-e43f718f-fda7-4d14-b397-0c135a61aaf8 None None] REQUEST_METHOD: `POST` {{(pid=44498) log_request_info /opt/stack/keystone/keystone/server/flask/request_processing/req_logging.py:27}}
Aug 26 11:27:23 user devstack@keystone.service[44498]: DEBUG keystone.server.flask.request_processing.req_logging [None req-e43f718f-fda7-4d14-b397-0c135a61aaf8 None None] SCRIPT_NAME: `/identity` {{(pid=44498) log_request_info /opt/stack/keystone/keystone/server/flask/request_processing/req_logging.py:28}}
Aug 26 11:27:23 user devstack@keystone.service[44498]: DEBUG keystone.server.flask.request_processing.req_logging [None req-e43f718f-fda7-4d14-b397-0c135a61aaf8 None None] PATH_INFO: `/v3/auth/tokens` {{(pid=44498) log_request_info /opt/stack/keystone/keystone/server/flask/request_processing/req_logging.py:29}}
Aug 26 11:27:23 user devstack@keystone.service[44497]: WARNING keystone.common.password_hashing [None req-1963aca7-eb2c-4e23-be79-90d96954e3ae None None] Truncating password to algorithm specific maximum length 72 characters.
Aug 26 11:27:23 user devstack@keystone.service[44497]: DEBUG keystone.auth.core [None req-1963aca7-eb2c-4e23-be79-90d96954e3ae None None] MFA Rules not processed for user `7a331abee3ce421984b92f7c316eca35`. Rule list: `[]` (Enabled: `True`). {{(pid=44497) check_auth_methods_against_rules /opt/stack/keystone/keystone/auth/core.py:438}}
Aug 26 11:27:23 user devstack@keystone.service[44497]: DEBUG keystone.common.fernet_utils [None req-1963aca7-eb2c-4e23-be79-90d96954e3ae None None] Loaded 2 Fernet keys from /etc/keystone/fernet-keys/, but `[fernet_tokens] max_active_keys = 3`; perhaps there have not been enough key rotations to reach `max_active_keys` yet? {{(pid=44497) load_keys /opt/stack/keystone/keystone/common/fernet_utils.py:286}}
Aug 26 11:27:23 user devstack@keystone.service[44498]: WARNING keystone.common.password_hashing [None req-e43f718f-fda7-4d14-b397-0c135a61aaf8 None None] Truncating password to algorithm specific maximum length 72 characters.
Aug 26 11:27:23 user devstack@keystone.service[44498]: DEBUG keystone.auth.core [None req-e43f718f-fda7-4d14-b397-0c135a61aaf8 None None] MFA Rules not processed for user `7a331abee3ce421984b92f7c316eca35`. Rule list: `[]` (Enabled: `True`). {{(pid=44498) check_auth_methods_against_rules /opt/stack/keystone/keystone/auth/core.py:438}}
Aug 26 11:27:23 user devstack@keystone.service[44498]: DEBUG keystone.common.fernet_utils [None req-e43f718f-fda7-4d14-b397-0c135a61aaf8 None None] Loaded 2 Fernet keys from /etc/keystone/fernet-keys/, but `[fernet_tokens] max_active_keys = 3`; perhaps there have not been enough key rotations to reach `max_active_keys` yet? {{(pid=44498) load_keys /opt/stack/keystone/keystone/common/fernet_utils.py:286}}
Aug 26 11:27:23 user devstack@keystone.service[44497]: [pid: 44497|app: 0|req: 123/361] 10.0.0.210 () {58 vars in 1018 bytes} [Sat Aug 26 11:27:23 2023] POST /identity/v3/auth/tokens => generated 798 bytes in 77 msecs (HTTP/1.1 201) 6 headers in 363 bytes (1 switches on core 0)
Aug 26 11:27:23 user devstack@keystone.service[44498]: [pid: 44498|app: 0|req: 121/362] 10.0.0.210 () {58 vars in 1018 bytes} [Sat Aug 26 11:27:23 2023] POST /identity/v3/auth/tokens => generated 798 bytes in 73 msecs (HTTP/1.1 201) 6 headers in 363 bytes (1 switches on core 0)
Aug 26 11:27:24 user devstack@keystone.service[44496]: DEBUG keystone.server.flask.request_processing.middleware.auth_context [None req-d586d589-88af-4989-9737-f72834a01a6d None None] Authenticating user token {{(pid=44496) process_request /opt/stack/data/venv/lib/python3.10/site-packages/keystonemiddleware/auth_token/__init__.py:406}}
Aug 26 11:27:24 user devstack@keystone.service[44497]: DEBUG keystone.server.flask.request_processing.middleware.auth_context [None req-1963aca7-eb2c-4e23-be79-90d96954e3ae None None] Authenticating user token {{(pid=44497) process_request /opt/stack/data/venv/lib/python3.10/site-packages/keystonemiddleware/auth_token/__init__.py:406}}
Aug 26 11:27:24 user devstack@keystone.service[44498]: DEBUG keystone.server.flask.request_processing.req_logging [None req-5562c007-ca89-429c-9b39-2e6ad12c33c5 None None] REQUEST_METHOD: `GET` {{(pid=44498) log_request_info /opt/stack/keystone/keystone/server/flask/request_processing/req_logging.py:27}}
Aug 26 11:27:24 user devstack@keystone.service[44498]: DEBUG keystone.server.flask.request_processing.req_logging [None req-5562c007-ca89-429c-9b39-2e6ad12c33c5 None None] SCRIPT_NAME: `/identity` {{(pid=44498) log_request_info /opt/stack/keystone/keystone/server/flask/request_processing/req_logging.py:28}}
Aug 26 11:27:24 user devstack@keystone.service[44498]: DEBUG keystone.server.flask.request_processing.req_logging [None req-5562c007-ca89-429c-9b39-2e6ad12c33c5 None None] PATH_INFO: `/` {{(pid=44498) log_request_info /opt/stack/keystone/keystone/server/flask/request_processing/req_logging.py:29}}
Aug 26 11:27:24 user devstack@keystone.service[44498]: [pid: 44498|app: 0|req: 122/363] 10.0.0.210 () {54 vars in 921 bytes} [Sat Aug 26 11:27:24 2023] GET /identity => generated 269 bytes in 3 msecs (HTTP/1.1 300) 6 headers in 233 bytes (1 switches on core 0)
Aug 26 11:27:24 user devstack@keystone.service[44498]: DEBUG keystone.server.flask.request_processing.req_logging [None req-40c61267-a3a3-4ae7-be60-6c892da475c7 None None] REQUEST_METHOD: `POST` {{(pid=44498) log_request_info /opt/stack/keystone/keystone/server/flask/request_processing/req_logging.py:27}}
Aug 26 11:27:24 user devstack@keystone.service[44498]: DEBUG keystone.server.flask.request_processing.req_logging [None req-40c61267-a3a3-4ae7-be60-6c892da475c7 None None] SCRIPT_NAME: `/identity` {{(pid=44498) log_request_info /opt/stack/keystone/keystone/server/flask/request_processing/req_logging.py:28}}
Aug 26 11:27:24 user devstack@keystone.service[44498]: DEBUG keystone.server.flask.request_processing.req_logging [None req-40c61267-a3a3-4ae7-be60-6c892da475c7 None None] PATH_INFO: `/v3/auth/tokens` {{(pid=44498) log_request_info /opt/stack/keystone/keystone/server/flask/request_processing/req_logging.py:29}}
Aug 26 11:27:24 user devstack@keystone.service[44498]: WARNING keystone.common.password_hashing [None req-40c61267-a3a3-4ae7-be60-6c892da475c7 None None] Truncating password to algorithm specific maximum length 72 characters.
Aug 26 11:27:24 user devstack@keystone.service[44498]: DEBUG keystone.auth.core [None req-40c61267-a3a3-4ae7-be60-6c892da475c7 None None] MFA Rules not processed for user `7a331abee3ce421984b92f7c316eca35`. Rule list: `[]` (Enabled: `True`). {{(pid=44498) check_auth_methods_against_rules /opt/stack/keystone/keystone/auth/core.py:438}}
Aug 26 11:27:24 user devstack@keystone.service[44498]: DEBUG keystone.common.fernet_utils [None req-40c61267-a3a3-4ae7-be60-6c892da475c7 None None] Loaded 2 Fernet keys from /etc/keystone/fernet-keys/, but `[fernet_tokens] max_active_keys = 3`; perhaps there have not been enough key rotations to reach `max_active_keys` yet? {{(pid=44498) load_keys /opt/stack/keystone/keystone/common/fernet_utils.py:286}}
Aug 26 11:27:24 user devstack@keystone.service[44496]: DEBUG keystone.server.flask.request_processing.middleware.auth_context [None req-d586d589-88af-4989-9737-f72834a01a6d None None] Validating token access rules against request {{(pid=44496) validate_allowed_request /opt/stack/data/venv/lib/python3.10/site-packages/keystonemiddleware/auth_token/__init__.py:544}}
Aug 26 11:27:24 user devstack@keystone.service[44497]: DEBUG keystone.server.flask.request_processing.middleware.auth_context [None req-1963aca7-eb2c-4e23-be79-90d96954e3ae None None] Validating token access rules against request {{(pid=44497) validate_allowed_request /opt/stack/data/venv/lib/python3.10/site-packages/keystonemiddleware/auth_token/__init__.py:544}}
Aug 26 11:27:24 user devstack@keystone.service[44496]: DEBUG keystone.server.flask.request_processing.middleware.auth_context [None req-a62a4496-ac93-46d9-a0cf-c644f6000133 None admin] RBAC: auth_context: {'token': , 'domain_id': None, 'trust_id': None, 'trustor_id': None, 'trustee_id': None, 'domain_name': None, 'group_ids': [], 'user_id': '7a331abee3ce421984b92f7c316eca35', 'user_domain_id': 'default', 'system_scope': 'all', 'project_id': None, 'project_domain_id': None, 'roles': ['admin', 'member', 'reader'], 'is_admin_project': True, 'service_user_id': None, 'service_user_domain_id': None, 'service_project_id': None, 'service_project_domain_id': None, 'service_roles': []} {{(pid=44496) fill_context /opt/stack/keystone/keystone/server/flask/request_processing/middleware/auth_context.py:480}}
Aug 26 11:27:24 user devstack@keystone.service[44496]: DEBUG keystone.server.flask.request_processing.req_logging [None req-a62a4496-ac93-46d9-a0cf-c644f6000133 None admin] REQUEST_METHOD: `GET` {{(pid=44496) log_request_info /opt/stack/keystone/keystone/server/flask/request_processing/req_logging.py:27}}
Aug 26 11:27:24 user devstack@keystone.service[44496]: DEBUG keystone.server.flask.request_processing.req_logging [None req-a62a4496-ac93-46d9-a0cf-c644f6000133 None admin] SCRIPT_NAME: `/identity` {{(pid=44496) log_request_info /opt/stack/keystone/keystone/server/flask/request_processing/req_logging.py:28}}
Aug 26 11:27:24 user devstack@keystone.service[44496]: DEBUG keystone.server.flask.request_processing.req_logging [None req-a62a4496-ac93-46d9-a0cf-c644f6000133 None admin] PATH_INFO: `/v3/roles/service` {{(pid=44496) log_request_info /opt/stack/keystone/keystone/server/flask/request_processing/req_logging.py:29}}
Aug 26 11:27:24 user devstack@keystone.service[44497]: DEBUG keystone.server.flask.request_processing.middleware.auth_context [None req-9712349d-263b-44a1-b62a-e6e9ffa70d22 None admin] RBAC: auth_context: {'token': , 'domain_id': None, 'trust_id': None, 'trustor_id': None, 'trustee_id': None, 'domain_name': None, 'group_ids': [], 'user_id': '7a331abee3ce421984b92f7c316eca35', 'user_domain_id': 'default', 'system_scope': 'all', 'project_id': None, 'project_domain_id': None, 'roles': ['admin', 'member', 'reader'], 'is_admin_project': True, 'service_user_id': None, 'service_user_domain_id': None, 'service_project_id': None, 'service_project_domain_id': None, 'service_roles': []} {{(pid=44497) fill_context /opt/stack/keystone/keystone/server/flask/request_processing/middleware/auth_context.py:480}}
Aug 26 11:27:24 user devstack@keystone.service[44497]: DEBUG keystone.server.flask.request_processing.req_logging [None req-9712349d-263b-44a1-b62a-e6e9ffa70d22 None admin] REQUEST_METHOD: `GET` {{(pid=44497) log_request_info /opt/stack/keystone/keystone/server/flask/request_processing/req_logging.py:27}}
