Aug 26 11:26:59 user devstack@keystone.service[44498]: DEBUG keystone.server.flask.request_processing.middleware.auth_context [None req-89bb5494-71ed-44cf-9de9-a91b67a4ca60 None admin] Validating token access rules against request {{(pid=44498) validate_allowed_request /opt/stack/data/venv/lib/python3.10/site-packages/keystonemiddleware/auth_token/__init__.py:544}}
Aug 26 11:26:59 user devstack@keystone.service[44497]: [pid: 44497|app: 0|req: 53/153] 10.0.0.210 () {56 vars in 1109 bytes} [Sat Aug 26 11:26:59 2023] GET /identity/v3/roles/anotherrole => generated 89 bytes in 128 msecs (HTTP/1.1 404) 5 headers in 183 bytes (2 switches on core 0)
Aug 26 11:26:59 user devstack@keystone.service[44497]: DEBUG keystone.server.flask.request_processing.middleware.auth_context [None req-a9b6341e-564b-4cb7-9ed7-ab4dbcb00149 None admin] Authenticating user token {{(pid=44497) process_request /opt/stack/data/venv/lib/python3.10/site-packages/keystonemiddleware/auth_token/__init__.py:406}}
Aug 26 11:26:59 user devstack@keystone.service[44498]: DEBUG keystone.server.flask.request_processing.middleware.auth_context [None req-cc364194-a9c3-4a3f-8c13-021b146cdd7d None admin] RBAC: auth_context: {'token': , 'domain_id': None, 'trust_id': None, 'trustor_id': None, 'trustee_id': None, 'domain_name': None, 'group_ids': [], 'user_id': '7a331abee3ce421984b92f7c316eca35', 'user_domain_id': 'default', 'system_scope': 'all', 'project_id': None, 'project_domain_id': None, 'roles': ['admin', 'member', 'reader'], 'is_admin_project': True, 'service_user_id': None, 'service_user_domain_id': None, 'service_project_id': None, 'service_project_domain_id': None, 'service_roles': []} {{(pid=44498) fill_context /opt/stack/keystone/keystone/server/flask/request_processing/middleware/auth_context.py:480}}
Aug 26 11:26:59 user devstack@keystone.service[44498]: DEBUG keystone.server.flask.request_processing.req_logging [None req-cc364194-a9c3-4a3f-8c13-021b146cdd7d None admin] REQUEST_METHOD: `GET` {{(pid=44498) log_request_info /opt/stack/keystone/keystone/server/flask/request_processing/req_logging.py:27}}
Aug 26 11:26:59 user devstack@keystone.service[44498]: DEBUG keystone.server.flask.request_processing.req_logging [None req-cc364194-a9c3-4a3f-8c13-021b146cdd7d None admin] SCRIPT_NAME: `/identity` {{(pid=44498) log_request_info /opt/stack/keystone/keystone/server/flask/request_processing/req_logging.py:28}}
Aug 26 11:26:59 user devstack@keystone.service[44498]: DEBUG keystone.server.flask.request_processing.req_logging [None req-cc364194-a9c3-4a3f-8c13-021b146cdd7d None admin] PATH_INFO: `/v3/domains/default` {{(pid=44498) log_request_info /opt/stack/keystone/keystone/server/flask/request_processing/req_logging.py:29}}
Aug 26 11:26:59 user devstack@keystone.service[44498]: DEBUG keystone.common.rbac_enforcer.enforcer [None req-cc364194-a9c3-4a3f-8c13-021b146cdd7d None admin] RBAC: Authorizing `identity:get_domain(domain_id=default)` {{(pid=44498) enforce_call /opt/stack/keystone/keystone/common/rbac_enforcer/enforcer.py:449}}
Aug 26 11:26:59 user devstack@keystone.service[44498]: DEBUG keystone.common.rbac_enforcer.enforcer [None req-cc364194-a9c3-4a3f-8c13-021b146cdd7d None admin] RBAC: Authorization granted {{(pid=44498) enforce_call /opt/stack/keystone/keystone/common/rbac_enforcer/enforcer.py:457}}
Aug 26 11:26:59 user devstack@keystone.service[44498]: [pid: 44498|app: 0|req: 50/154] 10.0.0.210 () {56 vars in 1103 bytes} [Sat Aug 26 11:26:59 2023] GET /identity/v3/domains/default => generated 198 bytes in 123 msecs (HTTP/1.1 200) 5 headers in 177 bytes (1 switches on core 0)
Aug 26 11:26:59 user devstack@keystone.service[44498]: DEBUG keystone.server.flask.request_processing.middleware.auth_context [None req-cc364194-a9c3-4a3f-8c13-021b146cdd7d None admin] Authenticating user token {{(pid=44498) process_request /opt/stack/data/venv/lib/python3.10/site-packages/keystonemiddleware/auth_token/__init__.py:406}}
Aug 26 11:26:59 user devstack@keystone.service[44496]: DEBUG keystone.server.flask.request_processing.middleware.auth_context [None req-7b4e1829-3e20-4c5d-a9a5-d28d113f078d None admin] Validating token access rules against request {{(pid=44496) validate_allowed_request /opt/stack/data/venv/lib/python3.10/site-packages/keystonemiddleware/auth_token/__init__.py:544}}
Aug 26 11:26:59 user devstack@keystone.service[44496]: DEBUG keystone.server.flask.request_processing.middleware.auth_context [None req-57be8ab7-68e0-4c9a-a242-50e84e212458 None admin] RBAC: auth_context: {'token': , 'domain_id': None, 'trust_id': None, 'trustor_id': None, 'trustee_id': None, 'domain_name': None, 'group_ids': [], 'user_id': '7a331abee3ce421984b92f7c316eca35', 'user_domain_id': 'default', 'system_scope': 'all', 'project_id': None, 'project_domain_id': None, 'roles': ['admin', 'member', 'reader'], 'is_admin_project': True, 'service_user_id': None, 'service_user_domain_id': None, 'service_project_id': None, 'service_project_domain_id': None, 'service_roles': []} {{(pid=44496) fill_context /opt/stack/keystone/keystone/server/flask/request_processing/middleware/auth_context.py:480}}
Aug 26 11:26:59 user devstack@keystone.service[44496]: DEBUG keystone.server.flask.request_processing.req_logging [None req-57be8ab7-68e0-4c9a-a242-50e84e212458 None admin] REQUEST_METHOD: `GET` {{(pid=44496) log_request_info /opt/stack/keystone/keystone/server/flask/request_processing/req_logging.py:27}}
Aug 26 11:26:59 user devstack@keystone.service[44496]: DEBUG keystone.server.flask.request_processing.req_logging [None req-57be8ab7-68e0-4c9a-a242-50e84e212458 None admin] SCRIPT_NAME: `/identity` {{(pid=44496) log_request_info /opt/stack/keystone/keystone/server/flask/request_processing/req_logging.py:28}}
Aug 26 11:26:59 user devstack@keystone.service[44496]: DEBUG keystone.server.flask.request_processing.req_logging [None req-57be8ab7-68e0-4c9a-a242-50e84e212458 None admin] PATH_INFO: `/v3/projects/208fa2138e144ef293787109b540435a` {{(pid=44496) log_request_info /opt/stack/keystone/keystone/server/flask/request_processing/req_logging.py:29}}
Aug 26 11:26:59 user devstack@keystone.service[44496]: DEBUG keystone.common.rbac_enforcer.enforcer [None req-57be8ab7-68e0-4c9a-a242-50e84e212458 None admin] RBAC: Authorizing `identity:get_project(project_id=208fa2138e144ef293787109b540435a)` {{(pid=44496) enforce_call /opt/stack/keystone/keystone/common/rbac_enforcer/enforcer.py:449}}
Aug 26 11:26:59 user devstack@keystone.service[44497]: DEBUG keystone.server.flask.request_processing.middleware.auth_context [None req-a9b6341e-564b-4cb7-9ed7-ab4dbcb00149 None admin] Validating token access rules against request {{(pid=44497) validate_allowed_request /opt/stack/data/venv/lib/python3.10/site-packages/keystonemiddleware/auth_token/__init__.py:544}}
Aug 26 11:26:59 user devstack@keystone.service[44496]: DEBUG keystone.common.rbac_enforcer.enforcer [None req-57be8ab7-68e0-4c9a-a242-50e84e212458 None admin] RBAC: Authorization granted {{(pid=44496) enforce_call /opt/stack/keystone/keystone/common/rbac_enforcer/enforcer.py:457}}
Aug 26 11:26:59 user devstack@keystone.service[44496]: [pid: 44496|app: 0|req: 52/155] 10.0.0.210 () {56 vars in 1181 bytes} [Sat Aug 26 11:26:59 2023] GET /identity/v3/projects/208fa2138e144ef293787109b540435a => generated 301 bytes in 119 msecs (HTTP/1.1 200) 5 headers in 177 bytes (1 switches on core 0)
Aug 26 11:26:59 user devstack@keystone.service[44496]: DEBUG keystone.server.flask.request_processing.middleware.auth_context [None req-57be8ab7-68e0-4c9a-a242-50e84e212458 None admin] Authenticating user token {{(pid=44496) process_request /opt/stack/data/venv/lib/python3.10/site-packages/keystonemiddleware/auth_token/__init__.py:406}}
Aug 26 11:26:59 user devstack@keystone.service[44497]: DEBUG keystone.server.flask.request_processing.middleware.auth_context [None req-b086eaa4-8e40-4720-bfe9-82b68f8a0ae2 None admin] RBAC: auth_context: {'token': , 'domain_id': None, 'trust_id': None, 'trustor_id': None, 'trustee_id': None, 'domain_name': None, 'group_ids': [], 'user_id': '7a331abee3ce421984b92f7c316eca35', 'user_domain_id': 'default', 'system_scope': 'all', 'project_id': None, 'project_domain_id': None, 'roles': ['admin', 'member', 'reader'], 'is_admin_project': True, 'service_user_id': None, 'service_user_domain_id': None, 'service_project_id': None, 'service_project_domain_id': None, 'service_roles': []} {{(pid=44497) fill_context /opt/stack/keystone/keystone/server/flask/request_processing/middleware/auth_context.py:480}}
Aug 26 11:26:59 user devstack@keystone.service[44498]: DEBUG keystone.server.flask.request_processing.middleware.auth_context [None req-cc364194-a9c3-4a3f-8c13-021b146cdd7d None admin] Validating token access rules against request {{(pid=44498) validate_allowed_request /opt/stack/data/venv/lib/python3.10/site-packages/keystonemiddleware/auth_token/__init__.py:544}}
Aug 26 11:26:59 user devstack@keystone.service[44497]: DEBUG keystone.server.flask.request_processing.req_logging [None req-b086eaa4-8e40-4720-bfe9-82b68f8a0ae2 None admin] REQUEST_METHOD: `GET` {{(pid=44497) log_request_info /opt/stack/keystone/keystone/server/flask/request_processing/req_logging.py:27}}
Aug 26 11:26:59 user devstack@keystone.service[44497]: DEBUG keystone.server.flask.request_processing.req_logging [None req-b086eaa4-8e40-4720-bfe9-82b68f8a0ae2 None admin] SCRIPT_NAME: `/identity` {{(pid=44497) log_request_info /opt/stack/keystone/keystone/server/flask/request_processing/req_logging.py:28}}
Aug 26 11:26:59 user devstack@keystone.service[44497]: DEBUG keystone.server.flask.request_processing.req_logging [None req-b086eaa4-8e40-4720-bfe9-82b68f8a0ae2 None admin] PATH_INFO: `/v3/roles` {{(pid=44497) log_request_info /opt/stack/keystone/keystone/server/flask/request_processing/req_logging.py:29}}
Aug 26 11:26:59 user devstack@keystone.service[44497]: DEBUG keystone.common.rbac_enforcer.enforcer [None req-b086eaa4-8e40-4720-bfe9-82b68f8a0ae2 None admin] RBAC: Adding query filter params (name=anotherrole) {{(pid=44497) _extract_filter_values /opt/stack/keystone/keystone/common/rbac_enforcer/enforcer.py:167}}
Aug 26 11:26:59 user devstack@keystone.service[44497]: DEBUG keystone.common.rbac_enforcer.enforcer [None req-b086eaa4-8e40-4720-bfe9-82b68f8a0ae2 None admin] RBAC: Authorizing `identity:list_roles()` {{(pid=44497) enforce_call /opt/stack/keystone/keystone/common/rbac_enforcer/enforcer.py:449}}
Aug 26 11:26:59 user devstack@keystone.service[44497]: DEBUG keystone.common.rbac_enforcer.enforcer [None req-b086eaa4-8e40-4720-bfe9-82b68f8a0ae2 None admin] RBAC: Authorization granted {{(pid=44497) enforce_call /opt/stack/keystone/keystone/common/rbac_enforcer/enforcer.py:457}}
Aug 26 11:26:59 user devstack@keystone.service[44497]: [pid: 44497|app: 0|req: 54/156] 10.0.0.210 () {56 vars in 1106 bytes} [Sat Aug 26 11:26:59 2023] GET /identity/v3/roles?name=anotherrole => generated 332 bytes in 127 msecs (HTTP/1.1 200) 5 headers in 177 bytes (2 switches on core 0)
Aug 26 11:26:59 user devstack@keystone.service[44497]: DEBUG keystone.server.flask.request_processing.middleware.auth_context [None req-b086eaa4-8e40-4720-bfe9-82b68f8a0ae2 None admin] Authenticating user token {{(pid=44497) process_request /opt/stack/data/venv/lib/python3.10/site-packages/keystonemiddleware/auth_token/__init__.py:406}}
Aug 26 11:26:59 user devstack@keystone.service[44498]: DEBUG keystone.server.flask.request_processing.middleware.auth_context [None req-3ded8709-1f41-4cbb-bbfd-eabcba0d4c66 None admin] RBAC: auth_context: {'token': , 'domain_id': None, 'trust_id': None, 'trustor_id': None, 'trustee_id': None, 'domain_name': None, 'group_ids': [], 'user_id': '7a331abee3ce421984b92f7c316eca35', 'user_domain_id': 'default', 'system_scope': 'all', 'project_id': None, 'project_domain_id': None, 'roles': ['admin', 'member', 'reader'], 'is_admin_project': True, 'service_user_id': None, 'service_user_domain_id': None, 'service_project_id': None, 'service_project_domain_id': None, 'service_roles': []} {{(pid=44498) fill_context /opt/stack/keystone/keystone/server/flask/request_processing/middleware/auth_context.py:480}}
Aug 26 11:26:59 user devstack@keystone.service[44498]: DEBUG keystone.server.flask.request_processing.req_logging [None req-3ded8709-1f41-4cbb-bbfd-eabcba0d4c66 None admin] REQUEST_METHOD: `POST` {{(pid=44498) log_request_info /opt/stack/keystone/keystone/server/flask/request_processing/req_logging.py:27}}
Aug 26 11:26:59 user devstack@keystone.service[44498]: DEBUG keystone.server.flask.request_processing.req_logging [None req-3ded8709-1f41-4cbb-bbfd-eabcba0d4c66 None admin] SCRIPT_NAME: `/identity` {{(pid=44498) log_request_info /opt/stack/keystone/keystone/server/flask/request_processing/req_logging.py:28}}
Aug 26 11:26:59 user devstack@keystone.service[44498]: DEBUG keystone.server.flask.request_processing.req_logging [None req-3ded8709-1f41-4cbb-bbfd-eabcba0d4c66 None admin] PATH_INFO: `/v3/users` {{(pid=44498) log_request_info /opt/stack/keystone/keystone/server/flask/request_processing/req_logging.py:29}}
Aug 26 11:26:59 user devstack@keystone.service[44498]: DEBUG keystone.common.rbac_enforcer.enforcer [None req-3ded8709-1f41-4cbb-bbfd-eabcba0d4c66 None admin] RBAC: Authorizing `identity:create_user()` {{(pid=44498) enforce_call /opt/stack/keystone/keystone/common/rbac_enforcer/enforcer.py:449}}
Aug 26 11:26:59 user devstack@keystone.service[44498]: DEBUG keystone.common.rbac_enforcer.enforcer [None req-3ded8709-1f41-4cbb-bbfd-eabcba0d4c66 None admin] RBAC: Authorization granted {{(pid=44498) enforce_call /opt/stack/keystone/keystone/common/rbac_enforcer/enforcer.py:457}}
Aug 26 11:26:59 user devstack@keystone.service[44498]: WARNING keystone.common.password_hashing [None req-3ded8709-1f41-4cbb-bbfd-eabcba0d4c66 None admin] Truncating password to algorithm specific maximum length 72 characters.
Aug 26 11:26:59 user devstack@keystone.service[44498]: [pid: 44498|app: 0|req: 51/157] 10.0.0.210 () {60 vars in 1127 bytes} [Sat Aug 26 11:26:59 2023] POST /identity/v3/users => generated 296 bytes in 139 msecs (HTTP/1.1 201) 5 headers in 182 bytes (1 switches on core 0)
Aug 26 11:26:59 user devstack@keystone.service[44496]: DEBUG keystone.server.flask.request_processing.middleware.auth_context [None req-57be8ab7-68e0-4c9a-a242-50e84e212458 None admin] Validating token access rules against request {{(pid=44496) validate_allowed_request /opt/stack/data/venv/lib/python3.10/site-packages/keystonemiddleware/auth_token/__init__.py:544}}
Aug 26 11:26:59 user devstack@keystone.service[44497]: DEBUG keystone.server.flask.request_processing.middleware.auth_context [None req-b086eaa4-8e40-4720-bfe9-82b68f8a0ae2 None admin] Validating token access rules against request {{(pid=44497) validate_allowed_request /opt/stack/data/venv/lib/python3.10/site-packages/keystonemiddleware/auth_token/__init__.py:544}}
Aug 26 11:26:59 user devstack@keystone.service[44496]: DEBUG keystone.server.flask.request_processing.middleware.auth_context [None req-aca99b01-b417-47b3-b419-55afd49c2695 None admin] RBAC: auth_context: {'token': , 'domain_id': None, 'trust_id': None, 'trustor_id': None, 'trustee_id': None, 'domain_name': None, 'group_ids': [], 'user_id': '7a331abee3ce421984b92f7c316eca35', 'user_domain_id': 'default', 'system_scope': 'all', 'project_id': None, 'project_domain_id': None, 'roles': ['admin', 'member', 'reader'], 'is_admin_project': True, 'service_user_id': None, 'service_user_domain_id': None, 'service_project_id': None, 'service_project_domain_id': None, 'service_roles': []} {{(pid=44496) fill_context /opt/stack/keystone/keystone/server/flask/request_processing/middleware/auth_context.py:480}}
Aug 26 11:26:59 user devstack@keystone.service[44496]: DEBUG keystone.server.flask.request_processing.req_logging [None req-aca99b01-b417-47b3-b419-55afd49c2695 None admin] REQUEST_METHOD: `PUT` {{(pid=44496) log_request_info /opt/stack/keystone/keystone/server/flask/request_processing/req_logging.py:27}}
Aug 26 11:26:59 user devstack@keystone.service[44496]: DEBUG keystone.server.flask.request_processing.req_logging [None req-aca99b01-b417-47b3-b419-55afd49c2695 None admin] SCRIPT_NAME: `/identity` {{(pid=44496) log_request_info /opt/stack/keystone/keystone/server/flask/request_processing/req_logging.py:28}}
Aug 26 11:26:59 user devstack@keystone.service[44496]: DEBUG keystone.server.flask.request_processing.req_logging [None req-aca99b01-b417-47b3-b419-55afd49c2695 None admin] PATH_INFO: `/v3/projects/208fa2138e144ef293787109b540435a/users/dcfdfae201324cb7b50d571c248c035b/roles/da618abd249a46b6a07df43bd5dc9d55` {{(pid=44496) log_request_info /opt/stack/keystone/keystone/server/flask/request_processing/req_logging.py:29}}
Aug 26 11:26:59 user devstack@keystone.service[44496]: DEBUG keystone.common.rbac_enforcer.enforcer [None req-aca99b01-b417-47b3-b419-55afd49c2695 None admin] RBAC: Authorizing `identity:create_grant(project_id=208fa2138e144ef293787109b540435a, user_id=dcfdfae201324cb7b50d571c248c035b, role_id=da618abd249a46b6a07df43bd5dc9d55)` {{(pid=44496) enforce_call /opt/stack/keystone/keystone/common/rbac_enforcer/enforcer.py:449}}
Aug 26 11:26:59 user devstack@keystone.service[44496]: DEBUG keystone.common.rbac_enforcer.enforcer [None req-aca99b01-b417-47b3-b419-55afd49c2695 None admin] RBAC: Authorization granted {{(pid=44496) enforce_call /opt/stack/keystone/keystone/common/rbac_enforcer/enforcer.py:457}}
Aug 26 11:26:59 user devstack@keystone.service[44496]: [pid: 44496|app: 0|req: 53/158] 10.0.0.210 () {58 vars in 1434 bytes} [Sat Aug 26 11:26:59 2023] PUT /identity/v3/projects/208fa2138e144ef293787109b540435a/users/dcfdfae201324cb7b50d571c248c035b/roles/da618abd249a46b6a07df43bd5dc9d55 => generated 0 bytes in 151 msecs (HTTP/1.1 204) 3 headers in 132 bytes (1 switches on core 0)
Aug 26 11:26:59 user devstack@keystone.service[44497]: DEBUG keystone.server.flask.request_processing.middleware.auth_context [None req-260578b9-ed38-4924-82d0-1d098ae5dc5c None admin] RBAC: auth_context: {'token': , 'domain_id': None, 'trust_id': None, 'trustor_id': None, 'trustee_id': None, 'domain_name': None, 'group_ids': [], 'user_id': '7a331abee3ce421984b92f7c316eca35', 'user_domain_id': 'default', 'system_scope': 'all', 'project_id': None, 'project_domain_id': None, 'roles': ['admin', 'member', 'reader'], 'is_admin_project': True, 'service_user_id': None, 'service_user_domain_id': None, 'service_project_id': None, 'service_project_domain_id': None, 'service_roles': []} {{(pid=44497) fill_context /opt/stack/keystone/keystone/server/flask/request_processing/middleware/auth_context.py:480}}
Aug 26 11:26:59 user devstack@keystone.service[44497]: DEBUG keystone.server.flask.request_processing.req_logging [None req-260578b9-ed38-4924-82d0-1d098ae5dc5c None admin] REQUEST_METHOD: `GET` {{(pid=44497) log_request_info /opt/stack/keystone/keystone/server/flask/request_processing/req_logging.py:27}}
Aug 26 11:26:59 user devstack@keystone.service[44497]: DEBUG keystone.server.flask.request_processing.req_logging [None req-260578b9-ed38-4924-82d0-1d098ae5dc5c None admin] SCRIPT_NAME: `/identity` {{(pid=44497) log_request_info /opt/stack/keystone/keystone/server/flask/request_processing/req_logging.py:28}}
Aug 26 11:26:59 user devstack@keystone.service[44497]: DEBUG keystone.server.flask.request_processing.req_logging [None req-260578b9-ed38-4924-82d0-1d098ae5dc5c None admin] PATH_INFO: `/v3/users/dcfdfae201324cb7b50d571c248c035b` {{(pid=44497) log_request_info /opt/stack/keystone/keystone/server/flask/request_processing/req_logging.py:29}}
Aug 26 11:26:59 user devstack@keystone.service[44497]: DEBUG keystone.common.rbac_enforcer.enforcer [None req-260578b9-ed38-4924-82d0-1d098ae5dc5c None admin] RBAC: Authorizing `identity:get_user(user_id=dcfdfae201324cb7b50d571c248c035b)` {{(pid=44497) enforce_call /opt/stack/keystone/keystone/common/rbac_enforcer/enforcer.py:449}}
Aug 26 11:26:59 user devstack@keystone.service[44497]: DEBUG keystone.common.rbac_enforcer.enforcer [None req-260578b9-ed38-4924-82d0-1d098ae5dc5c None admin] RBAC: Authorization granted {{(pid=44497) enforce_call /opt/stack/keystone/keystone/common/rbac_enforcer/enforcer.py:457}}
Aug 26 11:26:59 user devstack@keystone.service[44497]: [pid: 44497|app: 0|req: 55/159] 10.0.0.210 () {56 vars in 1172 bytes} [Sat Aug 26 11:26:59 2023] GET /identity/v3/users/dcfdfae201324cb7b50d571c248c035b => generated 282 bytes in 127 msecs (HTTP/1.1 200) 5 headers in 177 bytes (2 switches on core 0)
Aug 26 11:26:59 user devstack@keystone.service[44498]: DEBUG keystone.server.flask.request_processing.middleware.auth_context [None req-3ded8709-1f41-4cbb-bbfd-eabcba0d4c66 None admin] Authenticating user token {{(pid=44498) process_request /opt/stack/data/venv/lib/python3.10/site-packages/keystonemiddleware/auth_token/__init__.py:406}}
Aug 26 11:26:59 user devstack@keystone.service[44498]: DEBUG keystone.server.flask.request_processing.middleware.auth_context [None req-3ded8709-1f41-4cbb-bbfd-eabcba0d4c66 None admin] Validating token access rules against request {{(pid=44498) validate_allowed_request /opt/stack/data/venv/lib/python3.10/site-packages/keystonemiddleware/auth_token/__init__.py:544}}
Aug 26 11:26:59 user devstack@keystone.service[44498]: DEBUG keystone.server.flask.request_processing.middleware.auth_context [None req-5eec89ba-bd52-49e4-99b7-da29cb67e3c3 None admin] RBAC: auth_context: {'token': , 'domain_id': None, 'trust_id': None, 'trustor_id': None, 'trustee_id': None, 'domain_name': None, 'group_ids': [], 'user_id': '7a331abee3ce421984b92f7c316eca35', 'user_domain_id': 'default', 'system_scope': 'all', 'project_id': None, 'project_domain_id': None, 'roles': ['admin', 'member', 'reader'], 'is_admin_project': True, 'service_user_id': None, 'service_user_domain_id': None, 'service_project_id': None, 'service_project_domain_id': None, 'service_roles': []} {{(pid=44498) fill_context /opt/stack/keystone/keystone/server/flask/request_processing/middleware/auth_context.py:480}}
Aug 26 11:26:59 user devstack@keystone.service[44498]: DEBUG keystone.server.flask.request_processing.req_logging [None req-5eec89ba-bd52-49e4-99b7-da29cb67e3c3 None admin] REQUEST_METHOD: `GET` {{(pid=44498) log_request_info /opt/stack/keystone/keystone/server/flask/request_processing/req_logging.py:27}}
Aug 26 11:26:59 user devstack@keystone.service[44498]: DEBUG keystone.server.flask.request_processing.req_logging [None req-5eec89ba-bd52-49e4-99b7-da29cb67e3c3 None admin] SCRIPT_NAME: `/identity` {{(pid=44498) log_request_info /opt/stack/keystone/keystone/server/flask/request_processing/req_logging.py:28}}
Aug 26 11:26:59 user devstack@keystone.service[44498]: DEBUG keystone.server.flask.request_processing.req_logging [None req-5eec89ba-bd52-49e4-99b7-da29cb67e3c3 None admin] PATH_INFO: `/v3/projects/208fa2138e144ef293787109b540435a` {{(pid=44498) log_request_info /opt/stack/keystone/keystone/server/flask/request_processing/req_logging.py:29}}
Aug 26 11:26:59 user devstack@keystone.service[44498]: DEBUG keystone.common.rbac_enforcer.enforcer [None req-5eec89ba-bd52-49e4-99b7-da29cb67e3c3 None admin] RBAC: Authorizing `identity:get_project(project_id=208fa2138e144ef293787109b540435a)` {{(pid=44498) enforce_call /opt/stack/keystone/keystone/common/rbac_enforcer/enforcer.py:449}}
Aug 26 11:26:59 user devstack@keystone.service[44498]: DEBUG keystone.common.rbac_enforcer.enforcer [None req-5eec89ba-bd52-49e4-99b7-da29cb67e3c3 None admin] RBAC: Authorization granted {{(pid=44498) enforce_call /opt/stack/keystone/keystone/common/rbac_enforcer/enforcer.py:457}}
Aug 26 11:26:59 user devstack@keystone.service[44498]: [pid: 44498|app: 0|req: 52/160] 10.0.0.210 () {56 vars in 1181 bytes} [Sat Aug 26 11:26:59 2023] GET /identity/v3/projects/208fa2138e144ef293787109b540435a => generated 301 bytes in 152 msecs (HTTP/1.1 200) 5 headers in 177 bytes (1 switches on core 0)
Aug 26 11:26:59 user devstack@keystone.service[44496]: DEBUG keystone.server.flask.request_processing.middleware.auth_context [None req-aca99b01-b417-47b3-b419-55afd49c2695 None admin] Authenticating user token {{(pid=44496) process_request /opt/stack/data/venv/lib/python3.10/site-packages/keystonemiddleware/auth_token/__init__.py:406}}
Aug 26 11:26:59 user devstack@keystone.service[44496]: DEBUG keystone.server.flask.request_processing.middleware.auth_context [None req-aca99b01-b417-47b3-b419-55afd49c2695 None admin] Validating token access rules against request {{(pid=44496) validate_allowed_request /opt/stack/data/venv/lib/python3.10/site-packages/keystonemiddleware/auth_token/__init__.py:544}}
Aug 26 11:27:00 user devstack@keystone.service[44496]: DEBUG keystone.server.flask.request_processing.middleware.auth_context [None req-1e712b11-2fa8-4b2a-bc23-896e2b73ae87 None admin] RBAC: auth_context: {'token': , 'domain_id': None, 'trust_id': None, 'trustor_id': None, 'trustee_id': None, 'domain_name': None, 'group_ids': [], 'user_id': '7a331abee3ce421984b92f7c316eca35', 'user_domain_id': 'default', 'system_scope': 'all', 'project_id': None, 'project_domain_id': None, 'roles': ['admin', 'member', 'reader'], 'is_admin_project': True, 'service_user_id': None, 'service_user_domain_id': None, 'service_project_id': None, 'service_project_domain_id': None, 'service_roles': []} {{(pid=44496) fill_context /opt/stack/keystone/keystone/server/flask/request_processing/middleware/auth_context.py:480}}
Aug 26 11:27:00 user devstack@keystone.service[44496]: DEBUG keystone.server.flask.request_processing.req_logging [None req-1e712b11-2fa8-4b2a-bc23-896e2b73ae87 None admin] REQUEST_METHOD: `PUT` {{(pid=44496) log_request_info /opt/stack/keystone/keystone/server/flask/request_processing/req_logging.py:27}}
Aug 26 11:27:00 user devstack@keystone.service[44496]: DEBUG keystone.server.flask.request_processing.req_logging [None req-1e712b11-2fa8-4b2a-bc23-896e2b73ae87 None admin] SCRIPT_NAME: `/identity` {{(pid=44496) log_request_info /opt/stack/keystone/keystone/server/flask/request_processing/req_logging.py:28}}
Aug 26 11:27:00 user devstack@keystone.service[44496]: DEBUG keystone.server.flask.request_processing.req_logging [None req-1e712b11-2fa8-4b2a-bc23-896e2b73ae87 None admin] PATH_INFO: `/v3/projects/208fa2138e144ef293787109b540435a/users/dcfdfae201324cb7b50d571c248c035b/roles/7fe8080ee7a94e8ba2ae030ec018ccec` {{(pid=44496) log_request_info /opt/stack/keystone/keystone/server/flask/request_processing/req_logging.py:29}}
Aug 26 11:27:00 user devstack@keystone.service[44496]: DEBUG keystone.common.rbac_enforcer.enforcer [None req-1e712b11-2fa8-4b2a-bc23-896e2b73ae87 None admin] RBAC: Authorizing `identity:create_grant(project_id=208fa2138e144ef293787109b540435a, user_id=dcfdfae201324cb7b50d571c248c035b, role_id=7fe8080ee7a94e8ba2ae030ec018ccec)` {{(pid=44496) enforce_call /opt/stack/keystone/keystone/common/rbac_enforcer/enforcer.py:449}}
Aug 26 11:27:00 user devstack@keystone.service[44496]: DEBUG keystone.common.rbac_enforcer.enforcer [None req-1e712b11-2fa8-4b2a-bc23-896e2b73ae87 None admin] RBAC: Authorization granted {{(pid=44496) enforce_call /opt/stack/keystone/keystone/common/rbac_enforcer/enforcer.py:457}}
Aug 26 11:27:00 user devstack@keystone.service[44496]: [pid: 44496|app: 0|req: 54/161] 10.0.0.210 () {58 vars in 1434 bytes} [Sat Aug 26 11:26:59 2023] PUT /identity/v3/projects/208fa2138e144ef293787109b540435a/users/dcfdfae201324cb7b50d571c248c035b/roles/7fe8080ee7a94e8ba2ae030ec018ccec => generated 0 bytes in 141 msecs (HTTP/1.1 204) 3 headers in 132 bytes (0 switches on core 0)
Aug 26 11:27:01 user devstack@keystone.service[44497]: DEBUG keystone.server.flask.request_processing.req_logging [None req-b45547bf-7a48-4ce7-a8ad-693548790d36 None None] REQUEST_METHOD: `GET` {{(pid=44497) log_request_info /opt/stack/keystone/keystone/server/flask/request_processing/req_logging.py:27}}
Aug 26 11:27:01 user devstack@keystone.service[44497]: DEBUG keystone.server.flask.request_processing.req_logging [None req-b45547bf-7a48-4ce7-a8ad-693548790d36 None None] SCRIPT_NAME: `/identity` {{(pid=44497) log_request_info /opt/stack/keystone/keystone/server/flask/request_processing/req_logging.py:28}}
Aug 26 11:27:01 user devstack@keystone.service[44497]: DEBUG keystone.server.flask.request_processing.req_logging [None req-b45547bf-7a48-4ce7-a8ad-693548790d36 None None] PATH_INFO: `/` {{(pid=44497) log_request_info /opt/stack/keystone/keystone/server/flask/request_processing/req_logging.py:29}}
Aug 26 11:27:01 user devstack@keystone.service[44497]: [pid: 44497|app: 0|req: 56/162] 10.0.0.210 () {54 vars in 921 bytes} [Sat Aug 26 11:27:01 2023] GET /identity => generated 269 bytes in 5 msecs (HTTP/1.1 300) 6 headers in 233 bytes (1 switches on core 0)
Aug 26 11:27:01 user devstack@keystone.service[44498]: DEBUG keystone.server.flask.request_processing.req_logging [None req-0274750d-6432-402b-b4bd-492bd65d691f None None] REQUEST_METHOD: `POST` {{(pid=44498) log_request_info /opt/stack/keystone/keystone/server/flask/request_processing/req_logging.py:27}}
Aug 26 11:27:01 user devstack@keystone.service[44498]: DEBUG keystone.server.flask.request_processing.req_logging [None req-0274750d-6432-402b-b4bd-492bd65d691f None None] SCRIPT_NAME: `/identity` {{(pid=44498) log_request_info /opt/stack/keystone/keystone/server/flask/request_processing/req_logging.py:28}}
Aug 26 11:27:01 user devstack@keystone.service[44498]: DEBUG keystone.server.flask.request_processing.req_logging [None req-0274750d-6432-402b-b4bd-492bd65d691f None None] PATH_INFO: `/v3/auth/tokens` {{(pid=44498) log_request_info /opt/stack/keystone/keystone/server/flask/request_processing/req_logging.py:29}}
Aug 26 11:27:01 user devstack@keystone.service[44498]: WARNING keystone.common.password_hashing [None req-0274750d-6432-402b-b4bd-492bd65d691f None None] Truncating password to algorithm specific maximum length 72 characters.
Aug 26 11:27:01 user devstack@keystone.service[44498]: DEBUG keystone.auth.core [None req-0274750d-6432-402b-b4bd-492bd65d691f None None] MFA Rules not processed for user `7a331abee3ce421984b92f7c316eca35`. Rule list: `[]` (Enabled: `True`). {{(pid=44498) check_auth_methods_against_rules /opt/stack/keystone/keystone/auth/core.py:438}}
Aug 26 11:27:01 user devstack@keystone.service[44498]: DEBUG keystone.common.fernet_utils [None req-0274750d-6432-402b-b4bd-492bd65d691f None None] Loaded 2 Fernet keys from /etc/keystone/fernet-keys/, but `[fernet_tokens] max_active_keys = 3`; perhaps there have not been enough key rotations to reach `max_active_keys` yet? {{(pid=44498) load_keys /opt/stack/keystone/keystone/common/fernet_utils.py:286}}
Aug 26 11:27:01 user devstack@keystone.service[44496]: DEBUG keystone.server.flask.request_processing.req_logging [None req-4ea05409-8e25-4869-9869-f2a05df7f517 None None] REQUEST_METHOD: `GET` {{(pid=44496) log_request_info /opt/stack/keystone/keystone/server/flask/request_processing/req_logging.py:27}}
Aug 26 11:27:01 user devstack@keystone.service[44496]: DEBUG keystone.server.flask.request_processing.req_logging [None req-4ea05409-8e25-4869-9869-f2a05df7f517 None None] SCRIPT_NAME: `/identity` {{(pid=44496) log_request_info /opt/stack/keystone/keystone/server/flask/request_processing/req_logging.py:28}}
Aug 26 11:27:01 user devstack@keystone.service[44496]: DEBUG keystone.server.flask.request_processing.req_logging [None req-4ea05409-8e25-4869-9869-f2a05df7f517 None None] PATH_INFO: `/` {{(pid=44496) log_request_info /opt/stack/keystone/keystone/server/flask/request_processing/req_logging.py:29}}
Aug 26 11:27:01 user devstack@keystone.service[44496]: [pid: 44496|app: 0|req: 55/163] 10.0.0.210 () {54 vars in 921 bytes} [Sat Aug 26 11:27:01 2023] GET /identity => generated 269 bytes in 4 msecs (HTTP/1.1 300) 6 headers in 233 bytes (1 switches on core 0)
Aug 26 11:27:01 user devstack@keystone.service[44497]: DEBUG keystone.server.flask.request_processing.req_logging [None req-3cb12bff-d2bb-437a-b2ac-96d2081248ae None None] REQUEST_METHOD: `POST` {{(pid=44497) log_request_info /opt/stack/keystone/keystone/server/flask/request_processing/req_logging.py:27}}
Aug 26 11:27:01 user devstack@keystone.service[44497]: DEBUG keystone.server.flask.request_processing.req_logging [None req-3cb12bff-d2bb-437a-b2ac-96d2081248ae None None] SCRIPT_NAME: `/identity` {{(pid=44497) log_request_info /opt/stack/keystone/keystone/server/flask/request_processing/req_logging.py:28}}
Aug 26 11:27:01 user devstack@keystone.service[44497]: DEBUG keystone.server.flask.request_processing.req_logging [None req-3cb12bff-d2bb-437a-b2ac-96d2081248ae None None] PATH_INFO: `/v3/auth/tokens` {{(pid=44497) log_request_info /opt/stack/keystone/keystone/server/flask/request_processing/req_logging.py:29}}
Aug 26 11:27:01 user devstack@keystone.service[44498]: [pid: 44498|app: 0|req: 53/164] 10.0.0.210 () {58 vars in 1018 bytes} [Sat Aug 26 11:27:01 2023] POST /identity/v3/auth/tokens => generated 798 bytes in 111 msecs (HTTP/1.1 201) 6 headers in 363 bytes (1 switches on core 0)
Aug 26 11:27:01 user devstack@keystone.service[44497]: WARNING keystone.common.password_hashing [None req-3cb12bff-d2bb-437a-b2ac-96d2081248ae None None] Truncating password to algorithm specific maximum length 72 characters.
Aug 26 11:27:01 user devstack@keystone.service[44497]: DEBUG keystone.auth.core [None req-3cb12bff-d2bb-437a-b2ac-96d2081248ae None None] MFA Rules not processed for user `7a331abee3ce421984b92f7c316eca35`. Rule list: `[]` (Enabled: `True`). {{(pid=44497) check_auth_methods_against_rules /opt/stack/keystone/keystone/auth/core.py:438}}
Aug 26 11:27:01 user devstack@keystone.service[44497]: DEBUG keystone.common.fernet_utils [None req-3cb12bff-d2bb-437a-b2ac-96d2081248ae None None] Loaded 2 Fernet keys from /etc/keystone/fernet-keys/, but `[fernet_tokens] max_active_keys = 3`; perhaps there have not been enough key rotations to reach `max_active_keys` yet? {{(pid=44497) load_keys /opt/stack/keystone/keystone/common/fernet_utils.py:286}}
Aug 26 11:27:01 user devstack@keystone.service[44497]: [pid: 44497|app: 0|req: 57/165] 10.0.0.210 () {58 vars in 1018 bytes} [Sat Aug 26 11:27:01 2023] POST /identity/v3/auth/tokens => generated 798 bytes in 158 msecs (HTTP/1.1 201) 6 headers in 363 bytes (2 switches on core 0)
Aug 26 11:27:01 user devstack@keystone.service[44496]: DEBUG keystone.server.flask.request_processing.middleware.auth_context [None req-4ea05409-8e25-4869-9869-f2a05df7f517 None None] Authenticating user token {{(pid=44496) process_request /opt/stack/data/venv/lib/python3.10/site-packages/keystonemiddleware/auth_token/__init__.py:406}}
Aug 26 11:27:01 user devstack@keystone.service[44496]: DEBUG keystone.server.flask.request_processing.middleware.auth_context [None req-4ea05409-8e25-4869-9869-f2a05df7f517 None None] Validating token access rules against request {{(pid=44496) validate_allowed_request /opt/stack/data/venv/lib/python3.10/site-packages/keystonemiddleware/auth_token/__init__.py:544}}
Aug 26 11:27:01 user devstack@keystone.service[44496]: DEBUG keystone.server.flask.request_processing.middleware.auth_context [None req-56f5c01e-37a7-43ab-9903-d031a370b8ae None admin] RBAC: auth_context: {'token': , 'domain_id': None, 'trust_id': None, 'trustor_id': None, 'trustee_id': None, 'domain_name': None, 'group_ids': [], 'user_id': '7a331abee3ce421984b92f7c316eca35', 'user_domain_id': 'default', 'system_scope': 'all', 'project_id': None, 'project_domain_id': None, 'roles': ['admin', 'member', 'reader'], 'is_admin_project': True, 'service_user_id': None, 'service_user_domain_id': None, 'service_project_id': None, 'service_project_domain_id': None, 'service_roles': []} {{(pid=44496) fill_context /opt/stack/keystone/keystone/server/flask/request_processing/middleware/auth_context.py:480}}
Aug 26 11:27:01 user devstack@keystone.service[44496]: DEBUG keystone.server.flask.request_processing.req_logging [None req-56f5c01e-37a7-43ab-9903-d031a370b8ae None admin] REQUEST_METHOD: `GET` {{(pid=44496) log_request_info /opt/stack/keystone/keystone/server/flask/request_processing/req_logging.py:27}}
Aug 26 11:27:01 user devstack@keystone.service[44496]: DEBUG keystone.server.flask.request_processing.req_logging [None req-56f5c01e-37a7-43ab-9903-d031a370b8ae None admin] SCRIPT_NAME: `/identity` {{(pid=44496) log_request_info /opt/stack/keystone/keystone/server/flask/request_processing/req_logging.py:28}}
Aug 26 11:27:01 user devstack@keystone.service[44496]: DEBUG keystone.server.flask.request_processing.req_logging [None req-56f5c01e-37a7-43ab-9903-d031a370b8ae None admin] PATH_INFO: `/v3/roles/admin` {{(pid=44496) log_request_info /opt/stack/keystone/keystone/server/flask/request_processing/req_logging.py:29}}
Aug 26 11:27:01 user devstack@keystone.service[44496]: DEBUG keystone.common.rbac_enforcer.enforcer [None req-56f5c01e-37a7-43ab-9903-d031a370b8ae None admin] Extracting inferred target data resulted in "NOT FOUND (404)". {{(pid=44496) enforce_call /opt/stack/keystone/keystone/common/rbac_enforcer/enforcer.py:409}}
Aug 26 11:27:01 user devstack@keystone.service[44496]: ERROR keystone.server.flask.application [None req-56f5c01e-37a7-43ab-9903-d031a370b8ae None admin] Could not find role: admin.: keystone.exception.RoleNotFound: Could not find role: admin.
Aug 26 11:27:01 user devstack@keystone.service[44496]: ERROR keystone.server.flask.application
Traceback (most recent call last):
Aug 26 11:27:01 user devstack@keystone.service[44496]: ERROR keystone.server.flask.application
File "/opt/stack/data/venv/lib/python3.10/site-packages/flask/app.py", line 1823, in full_dispatch_request
Aug 26 11:27:01 user devstack@keystone.service[44496]: ERROR keystone.server.flask.application rv = self.dispatch_request()
Aug 26 11:27:01 user devstack@keystone.service[44496]: ERROR keystone.server.flask.application
File "/opt/stack/data/venv/lib/python3.10/site-packages/flask/app.py", line 1799, in dispatch_request
Aug 26 11:27:01 user devstack@keystone.service[44496]: ERROR keystone.server.flask.application return self.ensure_sync(self.view_functions[rule.endpoint])(**view_args)
Aug 26 11:27:01 user devstack@keystone.service[44496]: ERROR keystone.server.flask.application
File "/opt/stack/data/venv/lib/python3.10/site-packages/flask_restful/__init__.py", line 467, in wrapper
Aug 26 11:27:01 user devstack@keystone.service[44496]: ERROR keystone.server.flask.application resp = resource(*args, **kwargs)
Aug 26 11:27:01 user devstack@keystone.service[44496]: ERROR keystone.server.flask.application
File "/opt/stack/data/venv/lib/python3.10/site-packages/flask/views.py", line 107, in view
Aug 26 11:27:01 user devstack@keystone.service[44496]: ERROR keystone.server.flask.application return current_app.ensure_sync(self.dispatch_request)(**kwargs)
Aug 26 11:27:01 user devstack@keystone.service[44496]: ERROR keystone.server.flask.application
File "/opt/stack/data/venv/lib/python3.10/site-packages/flask_restful/__init__.py", line 582, in dispatch_request
Aug 26 11:27:01 user devstack@keystone.service[44496]: ERROR keystone.server.flask.application resp = meth(*args, **kwargs)
Aug 26 11:27:01 user devstack@keystone.service[44496]: ERROR keystone.server.flask.application
File "/opt/stack/keystone/keystone/api/roles.py", line 50, in get
Aug 26 11:27:01 user devstack@keystone.service[44496]: ERROR keystone.server.flask.application return self._get_role(role_id)
Aug 26 11:27:01 user devstack@keystone.service[44496]: ERROR keystone.server.flask.application
File "/opt/stack/keystone/keystone/api/roles.py", line 70, in _get_role
Aug 26 11:27:01 user devstack@keystone.service[44496]: ERROR keystone.server.flask.application ENFORCER.enforce_call(action='identity:get_role')
Aug 26 11:27:01 user devstack@keystone.service[44496]: ERROR keystone.server.flask.application
File "/opt/stack/keystone/keystone/common/rbac_enforcer/enforcer.py", line 402, in enforce_call
Aug 26 11:27:01 user devstack@keystone.service[44496]: ERROR keystone.server.flask.application policy_dict.update(cls._extract_member_target_data(
Aug 26 11:27:01 user devstack@keystone.service[44496]: ERROR keystone.server.flask.application
File "/opt/stack/keystone/keystone/common/rbac_enforcer/enforcer.py", line 234, in _extract_member_target_data
Aug 26 11:27:01 user devstack@keystone.service[44496]: ERROR keystone.server.flask.application member_name: func(flask.request.view_args[key])
Aug 26 11:27:01 user devstack@keystone.service[44496]: ERROR keystone.server.flask.application
File "/opt/stack/keystone/keystone/common/manager.py", line 115, in wrapped
Aug 26 11:27:01 user devstack@keystone.service[44496]: ERROR keystone.server.flask.application __ret_val = __f(*args, **kwargs)
Aug 26 11:27:01 user devstack@keystone.service[44496]: ERROR keystone.server.flask.application
File "/opt/stack/data/venv/lib/python3.10/site-packages/decorator.py", line 232, in fun
Aug 26 11:27:01 user devstack@keystone.service[44496]: ERROR keystone.server.flask.application return caller(func, *(extras + args), **kw)
Aug 26 11:27:01 user devstack@keystone.service[44496]: ERROR keystone.server.flask.application
File "/opt/stack/data/venv/lib/python3.10/site-packages/dogpile/cache/region.py", line 1577, in get_or_create_for_user_func
Aug 26 11:27:01 user devstack@keystone.service[44496]: ERROR keystone.server.flask.application return self.get_or_create(
Aug 26 11:27:01 user devstack@keystone.service[44496]: ERROR keystone.server.flask.application
File "/opt/stack/data/venv/lib/python3.10/site-packages/dogpile/cache/region.py", line 1042, in get_or_create
Aug 26 11:27:01 user devstack@keystone.service[44496]: ERROR keystone.server.flask.application with Lock(
Aug 26 11:27:01 user devstack@keystone.service[44496]: ERROR keystone.server.flask.application
File "/opt/stack/data/venv/lib/python3.10/site-packages/dogpile/lock.py", line 185, in __enter__
Aug 26 11:27:01 user devstack@keystone.service[44496]: ERROR keystone.server.flask.application return self._enter()
Aug 26 11:27:01 user devstack@keystone.service[44496]: ERROR keystone.server.flask.application
File "/opt/stack/data/venv/lib/python3.10/site-packages/dogpile/lock.py", line 94, in _enter
Aug 26 11:27:01 user devstack@keystone.service[44496]: ERROR keystone.server.flask.application generated = self._enter_create(value, createdtime)
Aug 26 11:27:01 user devstack@keystone.service[44496]: ERROR keystone.server.flask.application
File "/opt/stack/data/venv/lib/python3.10/site-packages/dogpile/lock.py", line 178, in _enter_create
Aug 26 11:27:01 user devstack@keystone.service[44496]: ERROR keystone.server.flask.application return self.creator()
Aug 26 11:27:01 user devstack@keystone.service[44496]: ERROR keystone.server.flask.application
File "/opt/stack/data/venv/lib/python3.10/site-packages/dogpile/cache/region.py", line 995, in gen_value
Aug 26 11:27:01 user devstack@keystone.service[44496]: ERROR keystone.server.flask.application created_value = creator(
Aug 26 11:27:01 user devstack@keystone.service[44496]: ERROR keystone.server.flask.application
File "/opt/stack/keystone/keystone/assignment/core.py", line 1276, in get_role
Aug 26 11:27:01 user devstack@keystone.service[44496]: ERROR keystone.server.flask.application return self.driver.get_role(role_id)
Aug 26 11:27:01 user devstack@keystone.service[44496]: ERROR keystone.server.flask.application
File "/opt/stack/keystone/keystone/assignment/role_backends/sql.py", line 70, in get_role
Aug 26 11:27:01 user devstack@keystone.service[44496]: ERROR keystone.server.flask.application return self._get_role(session, role_id).to_dict()
Aug 26 11:27:01 user devstack@keystone.service[44496]: ERROR keystone.server.flask.application
File "/opt/stack/keystone/keystone/assignment/role_backends/sql.py", line 65, in _get_role
Aug 26 11:27:01 user devstack@keystone.service[44496]: ERROR keystone.server.flask.application raise exception.RoleNotFound(role_id=role_id)
Aug 26 11:27:01 user devstack@keystone.service[44496]: ERROR keystone.server.flask.application keystone.exception.RoleNotFound: Could not find role: admin.
Aug 26 11:27:01 user devstack@keystone.service[44496]: ERROR keystone.server.flask.application
Aug 26 11:27:01 user devstack@keystone.service[44496]: [pid: 44496|app: 0|req: 56/166] 10.0.0.210 () {56 vars in 1091 bytes} [Sat Aug 26 11:27:01 2023] GET /identity/v3/roles/admin => generated 83 bytes in 245 msecs (HTTP/1.1 404) 5 headers in 183 bytes (1 switches on core 0)
Aug 26 11:27:01 user devstack@keystone.service[44498]: DEBUG keystone.server.flask.request_processing.middleware.auth_context [None req-0274750d-6432-402b-b4bd-492bd65d691f None None] Authenticating user token {{(pid=44498) process_request /opt/stack/data/venv/lib/python3.10/site-packages/keystonemiddleware/auth_token/__init__.py:406}}
Aug 26 11:27:01 user devstack@keystone.service[44497]: DEBUG keystone.server.flask.request_processing.middleware.auth_context [None req-3cb12bff-d2bb-437a-b2ac-96d2081248ae None None] Authenticating user token {{(pid=44497) process_request /opt/stack/data/venv/lib/python3.10/site-packages/keystonemiddleware/auth_token/__init__.py:406}}
Aug 26 11:27:01 user devstack@keystone.service[44496]: DEBUG keystone.server.flask.request_processing.req_logging [None req-bc073d68-1cc0-4c4a-8ba7-58ec0b2f0555 None None] REQUEST_METHOD: `GET` {{(pid=44496) log_request_info /opt/stack/keystone/keystone/server/flask/request_processing/req_logging.py:27}}
Aug 26 11:27:01 user devstack@keystone.service[44496]: DEBUG keystone.server.flask.request_processing.req_logging [None req-bc073d68-1cc0-4c4a-8ba7-58ec0b2f0555 None None] SCRIPT_NAME: `/identity` {{(pid=44496) log_request_info /opt/stack/keystone/keystone/server/flask/request_processing/req_logging.py:28}}
Aug 26 11:27:01 user devstack@keystone.service[44496]: DEBUG keystone.server.flask.request_processing.req_logging [None req-bc073d68-1cc0-4c4a-8ba7-58ec0b2f0555 None None] PATH_INFO: `/` {{(pid=44496) log_request_info /opt/stack/keystone/keystone/server/flask/request_processing/req_logging.py:29}}
Aug 26 11:27:01 user devstack@keystone.service[44496]: [pid: 44496|app: 0|req: 57/167] 10.0.0.210 () {54 vars in 921 bytes} [Sat Aug 26 11:27:01 2023] GET /identity => generated 269 bytes in 4 msecs (HTTP/1.1 300) 6 headers in 233 bytes (1 switches on core 0)
Aug 26 11:27:01 user devstack@keystone.service[44496]: DEBUG keystone.server.flask.request_processing.req_logging [None req-f9829631-964e-46b4-b582-454578e5e982 None None] REQUEST_METHOD: `POST` {{(pid=44496) log_request_info /opt/stack/keystone/keystone/server/flask/request_processing/req_logging.py:27}}
Aug 26 11:27:01 user devstack@keystone.service[44496]: DEBUG keystone.server.flask.request_processing.req_logging [None req-f9829631-964e-46b4-b582-454578e5e982 None None] SCRIPT_NAME: `/identity` {{(pid=44496) log_request_info /opt/stack/keystone/keystone/server/flask/request_processing/req_logging.py:28}}
Aug 26 11:27:01 user devstack@keystone.service[44496]: DEBUG keystone.server.flask.request_processing.req_logging [None req-f9829631-964e-46b4-b582-454578e5e982 None None] PATH_INFO: `/v3/auth/tokens` {{(pid=44496) log_request_info /opt/stack/keystone/keystone/server/flask/request_processing/req_logging.py:29}}
Aug 26 11:27:01 user devstack@keystone.service[44496]: WARNING keystone.common.password_hashing [None req-f9829631-964e-46b4-b582-454578e5e982 None None] Truncating password to algorithm specific maximum length 72 characters.
Aug 26 11:27:01 user devstack@keystone.service[44496]: DEBUG keystone.auth.core [None req-f9829631-964e-46b4-b582-454578e5e982 None None] MFA Rules not processed for user `7a331abee3ce421984b92f7c316eca35`. Rule list: `[]` (Enabled: `True`). {{(pid=44496) check_auth_methods_against_rules /opt/stack/keystone/keystone/auth/core.py:438}}
Aug 26 11:27:01 user devstack@keystone.service[44496]: DEBUG keystone.common.fernet_utils [None req-f9829631-964e-46b4-b582-454578e5e982 None None] Loaded 2 Fernet keys from /etc/keystone/fernet-keys/, but `[fernet_tokens] max_active_keys = 3`; perhaps there have not been enough key rotations to reach `max_active_keys` yet? {{(pid=44496) load_keys /opt/stack/keystone/keystone/common/fernet_utils.py:286}}
Aug 26 11:27:02 user devstack@keystone.service[44498]: DEBUG keystone.server.flask.request_processing.middleware.auth_context [None req-0274750d-6432-402b-b4bd-492bd65d691f None None] Validating token access rules against request {{(pid=44498) validate_allowed_request /opt/stack/data/venv/lib/python3.10/site-packages/keystonemiddleware/auth_token/__init__.py:544}}
Aug 26 11:27:02 user devstack@keystone.service[44497]: DEBUG keystone.server.flask.request_processing.middleware.auth_context [None req-3cb12bff-d2bb-437a-b2ac-96d2081248ae None None] Validating token access rules against request {{(pid=44497) validate_allowed_request /opt/stack/data/venv/lib/python3.10/site-packages/keystonemiddleware/auth_token/__init__.py:544}}
Aug 26 11:27:02 user devstack@keystone.service[44498]: DEBUG keystone.server.flask.request_processing.middleware.auth_context [None req-18c86a1c-7bb1-4ff7-bf26-2570a9f70f2d None admin] RBAC: auth_context: {'token': , 'domain_id': None, 'trust_id': None, 'trustor_id': None, 'trustee_id': None, 'domain_name': None, 'group_ids': [], 'user_id': '7a331abee3ce421984b92f7c316eca35', 'user_domain_id': 'default', 'system_scope': 'all', 'project_id': None, 'project_domain_id': None, 'roles': ['admin', 'member', 'reader'], 'is_admin_project': True, 'service_user_id': None, 'service_user_domain_id': None, 'service_project_id': None, 'service_project_domain_id': None, 'service_roles': []} {{(pid=44498) fill_context /opt/stack/keystone/keystone/server/flask/request_processing/middleware/auth_context.py:480}}
