Nov 28 06:39:00 user devstack@n-api.service[64873]: DEBUG nova.virt.hardware [None req-05544af0-308c-41f0-9702-eeee7f5adfe2 tempest-ServerActionsV293TestJSON-960022347 tempest-ServerActionsV293TestJSON-960022347-project-member] Chose sockets=0, cores=0, threads=0; limits were sockets=65536, cores=65536, threads=65536 {{(pid=64873) get_cpu_topology_constraints /opt/stack/nova/nova/virt/hardware.py:430}}
Nov 28 06:39:00 user devstack@n-api.service[64873]: DEBUG oslo_concurrency.lockutils [None req-05544af0-308c-41f0-9702-eeee7f5adfe2 tempest-ServerActionsV293TestJSON-960022347 tempest-ServerActionsV293TestJSON-960022347-project-member] Acquiring lock "00000000-0000-0000-0000-000000000000" by "nova.context.set_target_cell..get_or_set_cached_cell_and_set_connections" {{(pid=64873) inner /opt/stack/data/venv/lib/python3.10/site-packages/oslo_concurrency/lockutils.py:404}}
Nov 28 06:39:00 user devstack@n-api.service[64873]: DEBUG oslo_concurrency.lockutils [None req-05544af0-308c-41f0-9702-eeee7f5adfe2 tempest-ServerActionsV293TestJSON-960022347 tempest-ServerActionsV293TestJSON-960022347-project-member] Lock "00000000-0000-0000-0000-000000000000" acquired by "nova.context.set_target_cell..get_or_set_cached_cell_and_set_connections" :: waited 0.001s {{(pid=64873) inner /opt/stack/data/venv/lib/python3.10/site-packages/oslo_concurrency/lockutils.py:409}}
Nov 28 06:39:00 user devstack@n-api.service[64873]: DEBUG oslo_concurrency.lockutils [None req-05544af0-308c-41f0-9702-eeee7f5adfe2 tempest-ServerActionsV293TestJSON-960022347 tempest-ServerActionsV293TestJSON-960022347-project-member] Lock "00000000-0000-0000-0000-000000000000" "released" by "nova.context.set_target_cell..get_or_set_cached_cell_and_set_connections" :: held 0.001s {{(pid=64873) inner /opt/stack/data/venv/lib/python3.10/site-packages/oslo_concurrency/lockutils.py:423}}
Nov 28 06:39:00 user devstack@n-api.service[64872]: INFO nova.api.openstack.compute.server_external_events [req-852b1b91-bc1a-47a1-ad15-aab8f79f1300 req-aa0fa1fc-75e0-4986-94a6-eb2b5ba7d92e service nova] Creating event network-vif-plugged:d2a8e63d-4f39-4ef4-9d23-ad1f72acb858 for instance 0e5b898b-f5f0-4504-94d0-53bf8d622620 on user
Nov 28 06:39:00 user devstack@n-api.service[64872]: INFO nova.api.openstack.requestlog [req-852b1b91-bc1a-47a1-ad15-aab8f79f1300 req-aa0fa1fc-75e0-4986-94a6-eb2b5ba7d92e service nova] 10.0.0.210 "POST /compute/v2.1/os-server-external-events" status: 200 len: 183 microversion: 2.1 time: 0.071404
Nov 28 06:39:00 user devstack@n-api.service[64872]: [pid: 64872|app: 0|req: 31/88] 10.0.0.210 () {68 vars in 1394 bytes} [Tue Nov 28 06:39:00 2023] POST /compute/v2.1/os-server-external-events => generated 183 bytes in 75 msecs (HTTP/1.1 200) 9 headers in 357 bytes (1 switches on core 0)
Nov 28 06:39:00 user devstack@n-api.service[64873]: DEBUG oslo_concurrency.lockutils [None req-05544af0-308c-41f0-9702-eeee7f5adfe2 tempest-ServerActionsV293TestJSON-960022347 tempest-ServerActionsV293TestJSON-960022347-project-member] Acquiring lock "27e7b418-6c10-4d08-8a14-ffd74894eb19" by "nova.context.set_target_cell..get_or_set_cached_cell_and_set_connections" {{(pid=64873) inner /opt/stack/data/venv/lib/python3.10/site-packages/oslo_concurrency/lockutils.py:404}}
Nov 28 06:39:00 user devstack@n-api.service[64873]: DEBUG oslo_concurrency.lockutils [None req-05544af0-308c-41f0-9702-eeee7f5adfe2 tempest-ServerActionsV293TestJSON-960022347 tempest-ServerActionsV293TestJSON-960022347-project-member] Lock "27e7b418-6c10-4d08-8a14-ffd74894eb19" acquired by "nova.context.set_target_cell..get_or_set_cached_cell_and_set_connections" :: waited 0.002s {{(pid=64873) inner /opt/stack/data/venv/lib/python3.10/site-packages/oslo_concurrency/lockutils.py:409}}
Nov 28 06:39:00 user devstack@n-api.service[64873]: DEBUG oslo_concurrency.lockutils [None req-05544af0-308c-41f0-9702-eeee7f5adfe2 tempest-ServerActionsV293TestJSON-960022347 tempest-ServerActionsV293TestJSON-960022347-project-member] Lock "27e7b418-6c10-4d08-8a14-ffd74894eb19" "released" by "nova.context.set_target_cell..get_or_set_cached_cell_and_set_connections" :: held 0.003s {{(pid=64873) inner /opt/stack/data/venv/lib/python3.10/site-packages/oslo_concurrency/lockutils.py:423}}
Nov 28 06:39:00 user devstack@n-api.service[64873]: DEBUG nova.quota [None req-05544af0-308c-41f0-9702-eeee7f5adfe2 tempest-ServerActionsV293TestJSON-960022347 tempest-ServerActionsV293TestJSON-960022347-project-member] Getting quotas for project ff4ac048770a4680a35f71465d191d49. Resources: {'instances', 'cores', 'ram'} {{(pid=64873) _get_quotas /opt/stack/nova/nova/quota.py:393}}
Nov 28 06:39:00 user devstack@n-api.service[64873]: DEBUG nova.quota [None req-05544af0-308c-41f0-9702-eeee7f5adfe2 tempest-ServerActionsV293TestJSON-960022347 tempest-ServerActionsV293TestJSON-960022347-project-member] Getting quotas for user 48e7c51916684bec98970a963f2c560e and project ff4ac048770a4680a35f71465d191d49. Resources: {'instances', 'cores', 'ram'} {{(pid=64873) _get_quotas /opt/stack/nova/nova/quota.py:383}}
Nov 28 06:39:00 user devstack@n-api.service[64873]: DEBUG nova.compute.api [None req-05544af0-308c-41f0-9702-eeee7f5adfe2 tempest-ServerActionsV293TestJSON-960022347 tempest-ServerActionsV293TestJSON-960022347-project-member] Going to run 1 instances... {{(pid=64873) _provision_instances /opt/stack/nova/nova/compute/api.py:1404}}
Nov 28 06:39:00 user devstack@n-api.service[64873]: DEBUG nova.compute.api [None req-05544af0-308c-41f0-9702-eeee7f5adfe2 tempest-ServerActionsV293TestJSON-960022347 tempest-ServerActionsV293TestJSON-960022347-project-member] [instance: 70280af1-c742-4096-9abc-7a1ca9b44079] block_device_mapping [BlockDeviceMapping(attachment_id=,boot_index=0,connection_info=None,created_at=,delete_on_termination=True,deleted=,deleted_at=,destination_type='volume',device_name=None,device_type=None,disk_bus=None,encrypted=False,encryption_format=None,encryption_options=None,encryption_secret_uuid=None,guest_format=None,id=,image_id=None,instance=,instance_uuid=,no_device=False,snapshot_id=None,source_type='volume',tag=None,updated_at=,uuid=,volume_id='1d9c5b72-fcf3-422e-bee9-f2fffafb9d92',volume_size=None,volume_type=None)] {{(pid=64873) _bdm_validate_set_size_and_instance /opt/stack/nova/nova/compute/api.py:1865}}
Nov 28 06:39:00 user devstack@n-api.service[64873]: INFO nova.api.openstack.requestlog [None req-05544af0-308c-41f0-9702-eeee7f5adfe2 tempest-ServerActionsV293TestJSON-960022347 tempest-ServerActionsV293TestJSON-960022347-project-member] 10.0.0.210 "POST /compute/v2.1/servers" status: 202 len: 407 microversion: 2.93 time: 1.222839
Nov 28 06:39:00 user devstack@n-api.service[64873]: [pid: 64873|app: 0|req: 29/89] 10.0.0.210 () {66 vars in 1265 bytes} [Tue Nov 28 06:38:59 2023] POST /compute/v2.1/servers => generated 407 bytes in 1225 msecs (HTTP/1.1 202) 10 headers in 452 bytes (1 switches on core 0)
Nov 28 06:39:00 user devstack@n-api.service[64871]: DEBUG nova.api.openstack.wsgi [None req-9737eef6-738c-48ee-b143-5439db5dca23 tempest-ServerActionsV293TestJSON-960022347 tempest-ServerActionsV293TestJSON-960022347-project-member] Calling method '>' {{(pid=64871) _process_stack /opt/stack/nova/nova/api/openstack/wsgi.py:513}}
Nov 28 06:39:00 user devstack@n-api.service[64871]: DEBUG nova.compute.api [None req-9737eef6-738c-48ee-b143-5439db5dca23 tempest-ServerActionsV293TestJSON-960022347 tempest-ServerActionsV293TestJSON-960022347-project-member] [instance: 70280af1-c742-4096-9abc-7a1ca9b44079] Fetching instance by UUID {{(pid=64871) get /opt/stack/nova/nova/compute/api.py:2978}}
Nov 28 06:39:00 user devstack@n-api.service[64872]: DEBUG nova.api.openstack.wsgi [req-2b8bd028-6066-4c30-a245-02439691aeba req-5c8cb01a-0825-4d96-a1f2-ff5dca800f4e service nova] Action: 'create', calling method: >, body: {"events": [{"server_uuid": "66c94c69-4907-404d-ad02-d8ba2716a4e7", "name": "network-vif-plugged", "status": "completed", "tag": "affac6e2-50a7-44d2-b7ba-ec18341bb71f"}]} {{(pid=64872) _process_stack /opt/stack/nova/nova/api/openstack/wsgi.py:511}}
Nov 28 06:39:01 user devstack@n-api.service[64871]: DEBUG nova.policy [None req-9737eef6-738c-48ee-b143-5439db5dca23 tempest-ServerActionsV293TestJSON-960022347 tempest-ServerActionsV293TestJSON-960022347-project-member] Policy check for os_compute_api:os-extended-server-attributes failed with credentials {'is_admin': False, 'user_id': '48e7c51916684bec98970a963f2c560e', 'user_domain_id': 'default', 'system_scope': None, 'domain_id': None, 'project_id': 'ff4ac048770a4680a35f71465d191d49', 'project_domain_id': 'default', 'roles': ['member', 'reader'], 'is_admin_project': True, 'service_user_id': None, 'service_user_domain_id': None, 'service_project_id': None, 'service_project_domain_id': None, 'service_roles': []} {{(pid=64871) authorize /opt/stack/nova/nova/policy.py:203}}
Nov 28 06:39:01 user devstack@n-api.service[64871]: DEBUG nova.policy [None req-9737eef6-738c-48ee-b143-5439db5dca23 tempest-ServerActionsV293TestJSON-960022347 tempest-ServerActionsV293TestJSON-960022347-project-member] Policy check for os_compute_api:servers:show:host_status failed with credentials {'is_admin': False, 'user_id': '48e7c51916684bec98970a963f2c560e', 'user_domain_id': 'default', 'system_scope': None, 'domain_id': None, 'project_id': 'ff4ac048770a4680a35f71465d191d49', 'project_domain_id': 'default', 'roles': ['member', 'reader'], 'is_admin_project': True, 'service_user_id': None, 'service_user_domain_id': None, 'service_project_id': None, 'service_project_domain_id': None, 'service_roles': []} {{(pid=64871) authorize /opt/stack/nova/nova/policy.py:203}}
Nov 28 06:39:01 user devstack@n-api.service[64871]: DEBUG nova.policy [None req-9737eef6-738c-48ee-b143-5439db5dca23 tempest-ServerActionsV293TestJSON-960022347 tempest-ServerActionsV293TestJSON-960022347-project-member] Policy check for os_compute_api:servers:show:host_status:unknown-only failed with credentials {'is_admin': False, 'user_id': '48e7c51916684bec98970a963f2c560e', 'user_domain_id': 'default', 'system_scope': None, 'domain_id': None, 'project_id': 'ff4ac048770a4680a35f71465d191d49', 'project_domain_id': 'default', 'roles': ['member', 'reader'], 'is_admin_project': True, 'service_user_id': None, 'service_user_domain_id': None, 'service_project_id': None, 'service_project_domain_id': None, 'service_roles': []} {{(pid=64871) authorize /opt/stack/nova/nova/policy.py:203}}
Nov 28 06:39:01 user devstack@n-api.service[64872]: DEBUG oslo_concurrency.lockutils [req-2b8bd028-6066-4c30-a245-02439691aeba req-5c8cb01a-0825-4d96-a1f2-ff5dca800f4e service nova] Acquiring lock "27e7b418-6c10-4d08-8a14-ffd74894eb19" by "nova.context.set_target_cell..get_or_set_cached_cell_and_set_connections" {{(pid=64872) inner /opt/stack/data/venv/lib/python3.10/site-packages/oslo_concurrency/lockutils.py:404}}
Nov 28 06:39:01 user devstack@n-api.service[64872]: DEBUG oslo_concurrency.lockutils [req-2b8bd028-6066-4c30-a245-02439691aeba req-5c8cb01a-0825-4d96-a1f2-ff5dca800f4e service nova] Lock "27e7b418-6c10-4d08-8a14-ffd74894eb19" acquired by "nova.context.set_target_cell..get_or_set_cached_cell_and_set_connections" :: waited 0.001s {{(pid=64872) inner /opt/stack/data/venv/lib/python3.10/site-packages/oslo_concurrency/lockutils.py:409}}
Nov 28 06:39:01 user devstack@n-api.service[64872]: DEBUG oslo_concurrency.lockutils [req-2b8bd028-6066-4c30-a245-02439691aeba req-5c8cb01a-0825-4d96-a1f2-ff5dca800f4e service nova] Lock "27e7b418-6c10-4d08-8a14-ffd74894eb19" "released" by "nova.context.set_target_cell..get_or_set_cached_cell_and_set_connections" :: held 0.014s {{(pid=64872) inner /opt/stack/data/venv/lib/python3.10/site-packages/oslo_concurrency/lockutils.py:423}}
Nov 28 06:39:01 user devstack@n-api.service[64871]: INFO nova.api.openstack.requestlog [None req-9737eef6-738c-48ee-b143-5439db5dca23 tempest-ServerActionsV293TestJSON-960022347 tempest-ServerActionsV293TestJSON-960022347-project-member] 10.0.0.210 "GET /compute/v2.1/servers/70280af1-c742-4096-9abc-7a1ca9b44079" status: 200 len: 1333 microversion: 2.93 time: 0.127277
Nov 28 06:39:01 user devstack@n-api.service[64871]: [pid: 64871|app: 0|req: 30/90] 10.0.0.210 () {64 vars in 1354 bytes} [Tue Nov 28 06:39:00 2023] GET /compute/v2.1/servers/70280af1-c742-4096-9abc-7a1ca9b44079 => generated 1333 bytes in 130 msecs (HTTP/1.1 200) 9 headers in 360 bytes (1 switches on core 0)
Nov 28 06:39:01 user devstack@n-api.service[64872]: INFO nova.api.openstack.compute.server_external_events [req-2b8bd028-6066-4c30-a245-02439691aeba req-5c8cb01a-0825-4d96-a1f2-ff5dca800f4e service nova] Creating event network-vif-plugged:affac6e2-50a7-44d2-b7ba-ec18341bb71f for instance 66c94c69-4907-404d-ad02-d8ba2716a4e7 on user
Nov 28 06:39:01 user devstack@n-api.service[64872]: INFO nova.api.openstack.requestlog [req-2b8bd028-6066-4c30-a245-02439691aeba req-5c8cb01a-0825-4d96-a1f2-ff5dca800f4e service nova] 10.0.0.210 "POST /compute/v2.1/os-server-external-events" status: 200 len: 183 microversion: 2.1 time: 0.102701
Nov 28 06:39:01 user devstack@n-api.service[64872]: [pid: 64872|app: 0|req: 32/91] 10.0.0.210 () {68 vars in 1394 bytes} [Tue Nov 28 06:39:00 2023] POST /compute/v2.1/os-server-external-events => generated 183 bytes in 107 msecs (HTTP/1.1 200) 9 headers in 357 bytes (1 switches on core 0)
Nov 28 06:39:02 user devstack@n-api.service[64873]: DEBUG nova.api.openstack.wsgi [req-04e69078-62f3-4b16-b9b2-201709fce4f5 req-6e806b4e-dfb0-48c1-b1a1-23b3a65571d7 service nova] Action: 'create', calling method: >, body: {"events": [{"server_uuid": "0e5b898b-f5f0-4504-94d0-53bf8d622620", "name": "network-vif-plugged", "status": "completed", "tag": "d2a8e63d-4f39-4ef4-9d23-ad1f72acb858"}]} {{(pid=64873) _process_stack /opt/stack/nova/nova/api/openstack/wsgi.py:511}}
Nov 28 06:39:02 user devstack@n-api.service[64873]: DEBUG oslo_concurrency.lockutils [req-04e69078-62f3-4b16-b9b2-201709fce4f5 req-6e806b4e-dfb0-48c1-b1a1-23b3a65571d7 service nova] Acquiring lock "27e7b418-6c10-4d08-8a14-ffd74894eb19" by "nova.context.set_target_cell..get_or_set_cached_cell_and_set_connections" {{(pid=64873) inner /opt/stack/data/venv/lib/python3.10/site-packages/oslo_concurrency/lockutils.py:404}}
Nov 28 06:39:02 user devstack@n-api.service[64873]: DEBUG oslo_concurrency.lockutils [req-04e69078-62f3-4b16-b9b2-201709fce4f5 req-6e806b4e-dfb0-48c1-b1a1-23b3a65571d7 service nova] Lock "27e7b418-6c10-4d08-8a14-ffd74894eb19" acquired by "nova.context.set_target_cell..get_or_set_cached_cell_and_set_connections" :: waited 0.001s {{(pid=64873) inner /opt/stack/data/venv/lib/python3.10/site-packages/oslo_concurrency/lockutils.py:409}}
Nov 28 06:39:02 user devstack@n-api.service[64873]: DEBUG oslo_concurrency.lockutils [req-04e69078-62f3-4b16-b9b2-201709fce4f5 req-6e806b4e-dfb0-48c1-b1a1-23b3a65571d7 service nova] Lock "27e7b418-6c10-4d08-8a14-ffd74894eb19" "released" by "nova.context.set_target_cell..get_or_set_cached_cell_and_set_connections" :: held 0.001s {{(pid=64873) inner /opt/stack/data/venv/lib/python3.10/site-packages/oslo_concurrency/lockutils.py:423}}
Nov 28 06:39:02 user devstack@n-api.service[64873]: INFO nova.api.openstack.compute.server_external_events [req-04e69078-62f3-4b16-b9b2-201709fce4f5 req-6e806b4e-dfb0-48c1-b1a1-23b3a65571d7 service nova] Creating event network-vif-plugged:d2a8e63d-4f39-4ef4-9d23-ad1f72acb858 for instance 0e5b898b-f5f0-4504-94d0-53bf8d622620 on user
Nov 28 06:39:02 user devstack@n-api.service[64873]: INFO nova.api.openstack.requestlog [req-04e69078-62f3-4b16-b9b2-201709fce4f5 req-6e806b4e-dfb0-48c1-b1a1-23b3a65571d7 service nova] 10.0.0.210 "POST /compute/v2.1/os-server-external-events" status: 200 len: 183 microversion: 2.1 time: 0.128523
Nov 28 06:39:02 user devstack@n-api.service[64873]: [pid: 64873|app: 0|req: 30/92] 10.0.0.210 () {68 vars in 1394 bytes} [Tue Nov 28 06:39:02 2023] POST /compute/v2.1/os-server-external-events => generated 183 bytes in 130 msecs (HTTP/1.1 200) 9 headers in 357 bytes (1 switches on core 0)
Nov 28 06:39:02 user devstack@n-api.service[64871]: DEBUG nova.api.openstack.wsgi [None req-0f5a3b82-80cd-4860-b0cb-c2651391f323 tempest-ServerRescueNegativeTestJSON-226827849 tempest-ServerRescueNegativeTestJSON-226827849-project-member] Calling method '>' {{(pid=64871) _process_stack /opt/stack/nova/nova/api/openstack/wsgi.py:513}}
Nov 28 06:39:02 user devstack@n-api.service[64871]: DEBUG nova.compute.api [None req-0f5a3b82-80cd-4860-b0cb-c2651391f323 tempest-ServerRescueNegativeTestJSON-226827849 tempest-ServerRescueNegativeTestJSON-226827849-project-member] [instance: 94a8f46d-3105-4486-a8b4-1409c9c544c7] Fetching instance by UUID {{(pid=64871) get /opt/stack/nova/nova/compute/api.py:2978}}
Nov 28 06:39:02 user devstack@n-api.service[64871]: DEBUG oslo_concurrency.lockutils [None req-0f5a3b82-80cd-4860-b0cb-c2651391f323 tempest-ServerRescueNegativeTestJSON-226827849 tempest-ServerRescueNegativeTestJSON-226827849-project-member] Acquiring lock "27e7b418-6c10-4d08-8a14-ffd74894eb19" by "nova.context.set_target_cell..get_or_set_cached_cell_and_set_connections" {{(pid=64871) inner /opt/stack/data/venv/lib/python3.10/site-packages/oslo_concurrency/lockutils.py:404}}
Nov 28 06:39:02 user devstack@n-api.service[64871]: DEBUG oslo_concurrency.lockutils [None req-0f5a3b82-80cd-4860-b0cb-c2651391f323 tempest-ServerRescueNegativeTestJSON-226827849 tempest-ServerRescueNegativeTestJSON-226827849-project-member] Lock "27e7b418-6c10-4d08-8a14-ffd74894eb19" acquired by "nova.context.set_target_cell..get_or_set_cached_cell_and_set_connections" :: waited 0.001s {{(pid=64871) inner /opt/stack/data/venv/lib/python3.10/site-packages/oslo_concurrency/lockutils.py:409}}
Nov 28 06:39:02 user devstack@n-api.service[64871]: DEBUG oslo_concurrency.lockutils [None req-0f5a3b82-80cd-4860-b0cb-c2651391f323 tempest-ServerRescueNegativeTestJSON-226827849 tempest-ServerRescueNegativeTestJSON-226827849-project-member] Lock "27e7b418-6c10-4d08-8a14-ffd74894eb19" "released" by "nova.context.set_target_cell..get_or_set_cached_cell_and_set_connections" :: held 0.000s {{(pid=64871) inner /opt/stack/data/venv/lib/python3.10/site-packages/oslo_concurrency/lockutils.py:423}}
Nov 28 06:39:02 user devstack@n-api.service[64871]: DEBUG oslo_concurrency.lockutils [None req-0f5a3b82-80cd-4860-b0cb-c2651391f323 tempest-ServerRescueNegativeTestJSON-226827849 tempest-ServerRescueNegativeTestJSON-226827849-project-member] Acquiring lock "27e7b418-6c10-4d08-8a14-ffd74894eb19" by "nova.context.set_target_cell..get_or_set_cached_cell_and_set_connections" {{(pid=64871) inner /opt/stack/data/venv/lib/python3.10/site-packages/oslo_concurrency/lockutils.py:404}}
Nov 28 06:39:02 user devstack@n-api.service[64871]: DEBUG oslo_concurrency.lockutils [None req-0f5a3b82-80cd-4860-b0cb-c2651391f323 tempest-ServerRescueNegativeTestJSON-226827849 tempest-ServerRescueNegativeTestJSON-226827849-project-member] Lock "27e7b418-6c10-4d08-8a14-ffd74894eb19" acquired by "nova.context.set_target_cell..get_or_set_cached_cell_and_set_connections" :: waited 0.000s {{(pid=64871) inner /opt/stack/data/venv/lib/python3.10/site-packages/oslo_concurrency/lockutils.py:409}}
Nov 28 06:39:02 user devstack@n-api.service[64871]: DEBUG oslo_concurrency.lockutils [None req-0f5a3b82-80cd-4860-b0cb-c2651391f323 tempest-ServerRescueNegativeTestJSON-226827849 tempest-ServerRescueNegativeTestJSON-226827849-project-member] Lock "27e7b418-6c10-4d08-8a14-ffd74894eb19" "released" by "nova.context.set_target_cell..get_or_set_cached_cell_and_set_connections" :: held 0.000s {{(pid=64871) inner /opt/stack/data/venv/lib/python3.10/site-packages/oslo_concurrency/lockutils.py:423}}
Nov 28 06:39:03 user devstack@n-api.service[64872]: DEBUG nova.api.openstack.wsgi [None req-7632c850-51cc-4721-a22c-b42816683345 tempest-ServersNegativeTestJSON-1666481027 tempest-ServersNegativeTestJSON-1666481027-project-member] Calling method '>' {{(pid=64872) _process_stack /opt/stack/nova/nova/api/openstack/wsgi.py:513}}
Nov 28 06:39:03 user devstack@n-api.service[64872]: DEBUG nova.compute.api [None req-7632c850-51cc-4721-a22c-b42816683345 tempest-ServersNegativeTestJSON-1666481027 tempest-ServersNegativeTestJSON-1666481027-project-member] [instance: d3543b3c-fe7e-4f7c-af45-0fd9e49b1a2e] Fetching instance by UUID {{(pid=64872) get /opt/stack/nova/nova/compute/api.py:2978}}
Nov 28 06:39:03 user devstack@n-api.service[64872]: DEBUG oslo_concurrency.lockutils [None req-7632c850-51cc-4721-a22c-b42816683345 tempest-ServersNegativeTestJSON-1666481027 tempest-ServersNegativeTestJSON-1666481027-project-member] Acquiring lock "27e7b418-6c10-4d08-8a14-ffd74894eb19" by "nova.context.set_target_cell..get_or_set_cached_cell_and_set_connections" {{(pid=64872) inner /opt/stack/data/venv/lib/python3.10/site-packages/oslo_concurrency/lockutils.py:404}}
Nov 28 06:39:03 user devstack@n-api.service[64872]: DEBUG oslo_concurrency.lockutils [None req-7632c850-51cc-4721-a22c-b42816683345 tempest-ServersNegativeTestJSON-1666481027 tempest-ServersNegativeTestJSON-1666481027-project-member] Lock "27e7b418-6c10-4d08-8a14-ffd74894eb19" acquired by "nova.context.set_target_cell..get_or_set_cached_cell_and_set_connections" :: waited 0.001s {{(pid=64872) inner /opt/stack/data/venv/lib/python3.10/site-packages/oslo_concurrency/lockutils.py:409}}
Nov 28 06:39:03 user devstack@n-api.service[64872]: DEBUG oslo_concurrency.lockutils [None req-7632c850-51cc-4721-a22c-b42816683345 tempest-ServersNegativeTestJSON-1666481027 tempest-ServersNegativeTestJSON-1666481027-project-member] Lock "27e7b418-6c10-4d08-8a14-ffd74894eb19" "released" by "nova.context.set_target_cell..get_or_set_cached_cell_and_set_connections" :: held 0.001s {{(pid=64872) inner /opt/stack/data/venv/lib/python3.10/site-packages/oslo_concurrency/lockutils.py:423}}
Nov 28 06:39:03 user devstack@n-api.service[64872]: DEBUG oslo_concurrency.lockutils [None req-7632c850-51cc-4721-a22c-b42816683345 tempest-ServersNegativeTestJSON-1666481027 tempest-ServersNegativeTestJSON-1666481027-project-member] Acquiring lock "27e7b418-6c10-4d08-8a14-ffd74894eb19" by "nova.context.set_target_cell..get_or_set_cached_cell_and_set_connections" {{(pid=64872) inner /opt/stack/data/venv/lib/python3.10/site-packages/oslo_concurrency/lockutils.py:404}}
Nov 28 06:39:03 user devstack@n-api.service[64872]: DEBUG oslo_concurrency.lockutils [None req-7632c850-51cc-4721-a22c-b42816683345 tempest-ServersNegativeTestJSON-1666481027 tempest-ServersNegativeTestJSON-1666481027-project-member] Lock "27e7b418-6c10-4d08-8a14-ffd74894eb19" acquired by "nova.context.set_target_cell..get_or_set_cached_cell_and_set_connections" :: waited 0.000s {{(pid=64872) inner /opt/stack/data/venv/lib/python3.10/site-packages/oslo_concurrency/lockutils.py:409}}
Nov 28 06:39:03 user devstack@n-api.service[64872]: DEBUG oslo_concurrency.lockutils [None req-7632c850-51cc-4721-a22c-b42816683345 tempest-ServersNegativeTestJSON-1666481027 tempest-ServersNegativeTestJSON-1666481027-project-member] Lock "27e7b418-6c10-4d08-8a14-ffd74894eb19" "released" by "nova.context.set_target_cell..get_or_set_cached_cell_and_set_connections" :: held 0.000s {{(pid=64872) inner /opt/stack/data/venv/lib/python3.10/site-packages/oslo_concurrency/lockutils.py:423}}
Nov 28 06:39:03 user devstack@n-api.service[64871]: DEBUG nova.policy [None req-0f5a3b82-80cd-4860-b0cb-c2651391f323 tempest-ServerRescueNegativeTestJSON-226827849 tempest-ServerRescueNegativeTestJSON-226827849-project-member] Policy check for os_compute_api:os-extended-server-attributes failed with credentials {'is_admin': False, 'user_id': '109001cce8ec4aa0b87f271b415cd5e6', 'user_domain_id': 'default', 'system_scope': None, 'domain_id': None, 'project_id': '8f90603ba77644568ec6f6fd37689a08', 'project_domain_id': 'default', 'roles': ['member', 'reader'], 'is_admin_project': True, 'service_user_id': None, 'service_user_domain_id': None, 'service_project_id': None, 'service_project_domain_id': None, 'service_roles': []} {{(pid=64871) authorize /opt/stack/nova/nova/policy.py:203}}
Nov 28 06:39:03 user devstack@n-api.service[64871]: INFO nova.api.openstack.requestlog [None req-0f5a3b82-80cd-4860-b0cb-c2651391f323 tempest-ServerRescueNegativeTestJSON-226827849 tempest-ServerRescueNegativeTestJSON-226827849-project-member] 10.0.0.210 "GET /compute/v2.1/servers/94a8f46d-3105-4486-a8b4-1409c9c544c7" status: 200 len: 1500 microversion: 2.1 time: 1.011038
Nov 28 06:39:03 user devstack@n-api.service[64871]: [pid: 64871|app: 0|req: 31/93] 10.0.0.210 () {62 vars in 1313 bytes} [Tue Nov 28 06:39:02 2023] GET /compute/v2.1/servers/94a8f46d-3105-4486-a8b4-1409c9c544c7 => generated 1500 bytes in 1013 msecs (HTTP/1.1 200) 9 headers in 358 bytes (1 switches on core 0)
Nov 28 06:39:04 user devstack@n-api.service[64872]: DEBUG nova.policy [None req-7632c850-51cc-4721-a22c-b42816683345 tempest-ServersNegativeTestJSON-1666481027 tempest-ServersNegativeTestJSON-1666481027-project-member] Policy check for os_compute_api:os-extended-server-attributes failed with credentials {'is_admin': False, 'user_id': '5bd89a43a3bf4952a40cd1dd07de2442', 'user_domain_id': 'default', 'system_scope': None, 'domain_id': None, 'project_id': '6362608255de47c3afa716e3091af3d0', 'project_domain_id': 'default', 'roles': ['member', 'reader'], 'is_admin_project': True, 'service_user_id': None, 'service_user_domain_id': None, 'service_project_id': None, 'service_project_domain_id': None, 'service_roles': []} {{(pid=64872) authorize /opt/stack/nova/nova/policy.py:203}}
Nov 28 06:39:04 user devstack@n-api.service[64872]: INFO nova.api.openstack.requestlog [None req-7632c850-51cc-4721-a22c-b42816683345 tempest-ServersNegativeTestJSON-1666481027 tempest-ServersNegativeTestJSON-1666481027-project-member] 10.0.0.210 "GET /compute/v2.1/servers/d3543b3c-fe7e-4f7c-af45-0fd9e49b1a2e" status: 200 len: 1491 microversion: 2.1 time: 0.926778
Nov 28 06:39:04 user devstack@n-api.service[64872]: [pid: 64872|app: 0|req: 33/94] 10.0.0.210 () {62 vars in 1313 bytes} [Tue Nov 28 06:39:03 2023] GET /compute/v2.1/servers/d3543b3c-fe7e-4f7c-af45-0fd9e49b1a2e => generated 1491 bytes in 929 msecs (HTTP/1.1 200) 9 headers in 358 bytes (1 switches on core 0)
Nov 28 06:39:05 user devstack@n-api.service[64873]: DEBUG nova.api.openstack.wsgi [req-112f5a8a-06d6-40ed-baf1-1b78a79b6b77 req-d508be60-1b06-4752-9256-51026a69285e service nova] Action: 'create', calling method: >, body: {"events": [{"name": "network-changed", "server_uuid": "70280af1-c742-4096-9abc-7a1ca9b44079", "tag": "e8244d47-16b3-4035-8877-b5d7b137dea6"}]} {{(pid=64873) _process_stack /opt/stack/nova/nova/api/openstack/wsgi.py:511}}
Nov 28 06:39:05 user devstack@n-api.service[64873]: DEBUG oslo_concurrency.lockutils [req-112f5a8a-06d6-40ed-baf1-1b78a79b6b77 req-d508be60-1b06-4752-9256-51026a69285e service nova] Acquiring lock "27e7b418-6c10-4d08-8a14-ffd74894eb19" by "nova.context.set_target_cell..get_or_set_cached_cell_and_set_connections" {{(pid=64873) inner /opt/stack/data/venv/lib/python3.10/site-packages/oslo_concurrency/lockutils.py:404}}
Nov 28 06:39:05 user devstack@n-api.service[64873]: DEBUG oslo_concurrency.lockutils [req-112f5a8a-06d6-40ed-baf1-1b78a79b6b77 req-d508be60-1b06-4752-9256-51026a69285e service nova] Lock "27e7b418-6c10-4d08-8a14-ffd74894eb19" acquired by "nova.context.set_target_cell..get_or_set_cached_cell_and_set_connections" :: waited 0.001s {{(pid=64873) inner /opt/stack/data/venv/lib/python3.10/site-packages/oslo_concurrency/lockutils.py:409}}
Nov 28 06:39:05 user devstack@n-api.service[64873]: DEBUG oslo_concurrency.lockutils [req-112f5a8a-06d6-40ed-baf1-1b78a79b6b77 req-d508be60-1b06-4752-9256-51026a69285e service nova] Lock "27e7b418-6c10-4d08-8a14-ffd74894eb19" "released" by "nova.context.set_target_cell..get_or_set_cached_cell_and_set_connections" :: held 0.000s {{(pid=64873) inner /opt/stack/data/venv/lib/python3.10/site-packages/oslo_concurrency/lockutils.py:423}}
Nov 28 06:39:05 user devstack@n-api.service[64873]: INFO nova.api.openstack.compute.server_external_events [req-112f5a8a-06d6-40ed-baf1-1b78a79b6b77 req-d508be60-1b06-4752-9256-51026a69285e service nova] Creating event network-changed:e8244d47-16b3-4035-8877-b5d7b137dea6 for instance 70280af1-c742-4096-9abc-7a1ca9b44079 on user
Nov 28 06:39:05 user devstack@n-api.service[64873]: INFO nova.api.openstack.requestlog [req-112f5a8a-06d6-40ed-baf1-1b78a79b6b77 req-d508be60-1b06-4752-9256-51026a69285e service nova] 10.0.0.210 "POST /compute/v2.1/os-server-external-events" status: 200 len: 179 microversion: 2.1 time: 0.041227
Nov 28 06:39:05 user devstack@n-api.service[64873]: [pid: 64873|app: 0|req: 31/95] 10.0.0.210 () {68 vars in 1394 bytes} [Tue Nov 28 06:39:05 2023] POST /compute/v2.1/os-server-external-events => generated 179 bytes in 44 msecs (HTTP/1.1 200) 9 headers in 357 bytes (1 switches on core 0)
Nov 28 06:39:05 user devstack@n-api.service[64871]: DEBUG nova.api.openstack.wsgi [None req-d7e02e34-f4c8-4981-bb25-a985f0bb0ed1 tempest-ServerBootFromVolumeStableRescueTest-397751332 tempest-ServerBootFromVolumeStableRescueTest-397751332-project-member] Calling method '>' {{(pid=64871) _process_stack /opt/stack/nova/nova/api/openstack/wsgi.py:513}}
Nov 28 06:39:05 user devstack@n-api.service[64871]: DEBUG nova.compute.api [None req-d7e02e34-f4c8-4981-bb25-a985f0bb0ed1 tempest-ServerBootFromVolumeStableRescueTest-397751332 tempest-ServerBootFromVolumeStableRescueTest-397751332-project-member] [instance: 0b630563-12cc-467d-8908-e2a8fb230b62] Fetching instance by UUID {{(pid=64871) get /opt/stack/nova/nova/compute/api.py:2978}}
Nov 28 06:39:05 user devstack@n-api.service[64871]: DEBUG dbcounter [-] [64871] Writing DB stats nova_cell0:SELECT=2 {{(pid=64871) stat_writer /opt/stack/data/venv/lib/python3.10/site-packages/dbcounter.py:115}}
Nov 28 06:39:05 user devstack@n-api.service[64871]: DEBUG oslo_concurrency.lockutils [None req-d7e02e34-f4c8-4981-bb25-a985f0bb0ed1 tempest-ServerBootFromVolumeStableRescueTest-397751332 tempest-ServerBootFromVolumeStableRescueTest-397751332-project-member] Acquiring lock "27e7b418-6c10-4d08-8a14-ffd74894eb19" by "nova.context.set_target_cell..get_or_set_cached_cell_and_set_connections" {{(pid=64871) inner /opt/stack/data/venv/lib/python3.10/site-packages/oslo_concurrency/lockutils.py:404}}
Nov 28 06:39:05 user devstack@n-api.service[64871]: DEBUG oslo_concurrency.lockutils [None req-d7e02e34-f4c8-4981-bb25-a985f0bb0ed1 tempest-ServerBootFromVolumeStableRescueTest-397751332 tempest-ServerBootFromVolumeStableRescueTest-397751332-project-member] Lock "27e7b418-6c10-4d08-8a14-ffd74894eb19" acquired by "nova.context.set_target_cell..get_or_set_cached_cell_and_set_connections" :: waited 0.001s {{(pid=64871) inner /opt/stack/data/venv/lib/python3.10/site-packages/oslo_concurrency/lockutils.py:409}}
Nov 28 06:39:05 user devstack@n-api.service[64871]: DEBUG oslo_concurrency.lockutils [None req-d7e02e34-f4c8-4981-bb25-a985f0bb0ed1 tempest-ServerBootFromVolumeStableRescueTest-397751332 tempest-ServerBootFromVolumeStableRescueTest-397751332-project-member] Lock "27e7b418-6c10-4d08-8a14-ffd74894eb19" "released" by "nova.context.set_target_cell..get_or_set_cached_cell_and_set_connections" :: held 0.000s {{(pid=64871) inner /opt/stack/data/venv/lib/python3.10/site-packages/oslo_concurrency/lockutils.py:423}}
Nov 28 06:39:05 user devstack@n-api.service[64871]: DEBUG oslo_concurrency.lockutils [None req-d7e02e34-f4c8-4981-bb25-a985f0bb0ed1 tempest-ServerBootFromVolumeStableRescueTest-397751332 tempest-ServerBootFromVolumeStableRescueTest-397751332-project-member] Acquiring lock "27e7b418-6c10-4d08-8a14-ffd74894eb19" by "nova.context.set_target_cell..get_or_set_cached_cell_and_set_connections" {{(pid=64871) inner /opt/stack/data/venv/lib/python3.10/site-packages/oslo_concurrency/lockutils.py:404}}
Nov 28 06:39:05 user devstack@n-api.service[64871]: DEBUG oslo_concurrency.lockutils [None req-d7e02e34-f4c8-4981-bb25-a985f0bb0ed1 tempest-ServerBootFromVolumeStableRescueTest-397751332 tempest-ServerBootFromVolumeStableRescueTest-397751332-project-member] Lock "27e7b418-6c10-4d08-8a14-ffd74894eb19" acquired by "nova.context.set_target_cell..get_or_set_cached_cell_and_set_connections" :: waited 0.000s {{(pid=64871) inner /opt/stack/data/venv/lib/python3.10/site-packages/oslo_concurrency/lockutils.py:409}}
Nov 28 06:39:05 user devstack@n-api.service[64871]: DEBUG oslo_concurrency.lockutils [None req-d7e02e34-f4c8-4981-bb25-a985f0bb0ed1 tempest-ServerBootFromVolumeStableRescueTest-397751332 tempest-ServerBootFromVolumeStableRescueTest-397751332-project-member] Lock "27e7b418-6c10-4d08-8a14-ffd74894eb19" "released" by "nova.context.set_target_cell..get_or_set_cached_cell_and_set_connections" :: held 0.000s {{(pid=64871) inner /opt/stack/data/venv/lib/python3.10/site-packages/oslo_concurrency/lockutils.py:423}}
Nov 28 06:39:05 user devstack@n-api.service[64871]: DEBUG nova.policy [None req-d7e02e34-f4c8-4981-bb25-a985f0bb0ed1 tempest-ServerBootFromVolumeStableRescueTest-397751332 tempest-ServerBootFromVolumeStableRescueTest-397751332-project-member] Policy check for os_compute_api:os-extended-server-attributes failed with credentials {'is_admin': False, 'user_id': 'c13b793a926942e88fc3416cf3fa005e', 'user_domain_id': 'default', 'system_scope': None, 'domain_id': None, 'project_id': 'a07e9312175c4e73aa29a51865d61ebd', 'project_domain_id': 'default', 'roles': ['member', 'reader'], 'is_admin_project': True, 'service_user_id': None, 'service_user_domain_id': None, 'service_project_id': None, 'service_project_domain_id': None, 'service_roles': []} {{(pid=64871) authorize /opt/stack/nova/nova/policy.py:203}}
Nov 28 06:39:05 user devstack@n-api.service[64871]: DEBUG nova.policy [None req-d7e02e34-f4c8-4981-bb25-a985f0bb0ed1 tempest-ServerBootFromVolumeStableRescueTest-397751332 tempest-ServerBootFromVolumeStableRescueTest-397751332-project-member] Policy check for os_compute_api:servers:show:host_status failed with credentials {'is_admin': False, 'user_id': 'c13b793a926942e88fc3416cf3fa005e', 'user_domain_id': 'default', 'system_scope': None, 'domain_id': None, 'project_id': 'a07e9312175c4e73aa29a51865d61ebd', 'project_domain_id': 'default', 'roles': ['member', 'reader'], 'is_admin_project': True, 'service_user_id': None, 'service_user_domain_id': None, 'service_project_id': None, 'service_project_domain_id': None, 'service_roles': []} {{(pid=64871) authorize /opt/stack/nova/nova/policy.py:203}}
Nov 28 06:39:05 user devstack@n-api.service[64871]: DEBUG nova.policy [None req-d7e02e34-f4c8-4981-bb25-a985f0bb0ed1 tempest-ServerBootFromVolumeStableRescueTest-397751332 tempest-ServerBootFromVolumeStableRescueTest-397751332-project-member] Policy check for os_compute_api:servers:show:host_status:unknown-only failed with credentials {'is_admin': False, 'user_id': 'c13b793a926942e88fc3416cf3fa005e', 'user_domain_id': 'default', 'system_scope': None, 'domain_id': None, 'project_id': 'a07e9312175c4e73aa29a51865d61ebd', 'project_domain_id': 'default', 'roles': ['member', 'reader'], 'is_admin_project': True, 'service_user_id': None, 'service_user_domain_id': None, 'service_project_id': None, 'service_project_domain_id': None, 'service_roles': []} {{(pid=64871) authorize /opt/stack/nova/nova/policy.py:203}}
Nov 28 06:39:05 user devstack@n-api.service[64871]: INFO nova.api.openstack.requestlog [None req-d7e02e34-f4c8-4981-bb25-a985f0bb0ed1 tempest-ServerBootFromVolumeStableRescueTest-397751332 tempest-ServerBootFromVolumeStableRescueTest-397751332-project-member] 10.0.0.210 "GET /compute/v2.1/servers/0b630563-12cc-467d-8908-e2a8fb230b62" status: 200 len: 1692 microversion: 2.87 time: 0.372306
Nov 28 06:39:05 user devstack@n-api.service[64871]: [pid: 64871|app: 0|req: 32/96] 10.0.0.210 () {64 vars in 1354 bytes} [Tue Nov 28 06:39:05 2023] GET /compute/v2.1/servers/0b630563-12cc-467d-8908-e2a8fb230b62 => generated 1692 bytes in 374 msecs (HTTP/1.1 200) 9 headers in 360 bytes (1 switches on core 0)
Nov 28 06:39:06 user devstack@n-api.service[64872]: DEBUG nova.api.openstack.wsgi [req-85a6781a-6d7d-4585-8892-9485de7ef303 req-ee26a0c9-5168-47fd-88e0-ba9e7b8eb7f0 service nova] Action: 'create', calling method: >, body: {"events": [{"server_uuid": "636fad3b-617f-4a65-8cf7-ef67fd68304b", "name": "network-vif-plugged", "status": "completed", "tag": "519d15c3-a87c-436b-aa7d-b6754a055382"}]} {{(pid=64872) _process_stack /opt/stack/nova/nova/api/openstack/wsgi.py:511}}
Nov 28 06:39:06 user devstack@n-api.service[64872]: DEBUG oslo_concurrency.lockutils [req-85a6781a-6d7d-4585-8892-9485de7ef303 req-ee26a0c9-5168-47fd-88e0-ba9e7b8eb7f0 service nova] Acquiring lock "27e7b418-6c10-4d08-8a14-ffd74894eb19" by "nova.context.set_target_cell..get_or_set_cached_cell_and_set_connections" {{(pid=64872) inner /opt/stack/data/venv/lib/python3.10/site-packages/oslo_concurrency/lockutils.py:404}}
Nov 28 06:39:06 user devstack@n-api.service[64872]: DEBUG oslo_concurrency.lockutils [req-85a6781a-6d7d-4585-8892-9485de7ef303 req-ee26a0c9-5168-47fd-88e0-ba9e7b8eb7f0 service nova] Lock "27e7b418-6c10-4d08-8a14-ffd74894eb19" acquired by "nova.context.set_target_cell..get_or_set_cached_cell_and_set_connections" :: waited 0.001s {{(pid=64872) inner /opt/stack/data/venv/lib/python3.10/site-packages/oslo_concurrency/lockutils.py:409}}
Nov 28 06:39:06 user devstack@n-api.service[64872]: DEBUG oslo_concurrency.lockutils [req-85a6781a-6d7d-4585-8892-9485de7ef303 req-ee26a0c9-5168-47fd-88e0-ba9e7b8eb7f0 service nova] Lock "27e7b418-6c10-4d08-8a14-ffd74894eb19" "released" by "nova.context.set_target_cell..get_or_set_cached_cell_and_set_connections" :: held 0.001s {{(pid=64872) inner /opt/stack/data/venv/lib/python3.10/site-packages/oslo_concurrency/lockutils.py:423}}
Nov 28 06:39:06 user devstack@n-api.service[64872]: INFO nova.api.openstack.compute.server_external_events [req-85a6781a-6d7d-4585-8892-9485de7ef303 req-ee26a0c9-5168-47fd-88e0-ba9e7b8eb7f0 service nova] Creating event network-vif-plugged:519d15c3-a87c-436b-aa7d-b6754a055382 for instance 636fad3b-617f-4a65-8cf7-ef67fd68304b on user
Nov 28 06:39:06 user devstack@n-api.service[64872]: INFO nova.api.openstack.requestlog [req-85a6781a-6d7d-4585-8892-9485de7ef303 req-ee26a0c9-5168-47fd-88e0-ba9e7b8eb7f0 service nova] 10.0.0.210 "POST /compute/v2.1/os-server-external-events" status: 200 len: 183 microversion: 2.1 time: 0.050645
Nov 28 06:39:06 user devstack@n-api.service[64872]: [pid: 64872|app: 0|req: 34/97] 10.0.0.210 () {68 vars in 1394 bytes} [Tue Nov 28 06:39:06 2023] POST /compute/v2.1/os-server-external-events => generated 183 bytes in 53 msecs (HTTP/1.1 200) 9 headers in 357 bytes (1 switches on core 0)
Nov 28 06:39:08 user devstack@n-api.service[64873]: DEBUG nova.api.openstack.wsgi [None req-60df0066-61c9-4a15-a3fb-a54077cf845d tempest-AttachVolumeNegativeTest-538884229 tempest-AttachVolumeNegativeTest-538884229-project-member] Calling method '>' {{(pid=64873) _process_stack /opt/stack/nova/nova/api/openstack/wsgi.py:513}}
Nov 28 06:39:08 user devstack@n-api.service[64873]: DEBUG nova.compute.api [None req-60df0066-61c9-4a15-a3fb-a54077cf845d tempest-AttachVolumeNegativeTest-538884229 tempest-AttachVolumeNegativeTest-538884229-project-member] [instance: b4802806-6422-46da-8d0f-5674af0a8433] Fetching instance by UUID {{(pid=64873) get /opt/stack/nova/nova/compute/api.py:2978}}
Nov 28 06:39:08 user devstack@n-api.service[64873]: DEBUG oslo_concurrency.lockutils [None req-60df0066-61c9-4a15-a3fb-a54077cf845d tempest-AttachVolumeNegativeTest-538884229 tempest-AttachVolumeNegativeTest-538884229-project-member] Acquiring lock "27e7b418-6c10-4d08-8a14-ffd74894eb19" by "nova.context.set_target_cell..get_or_set_cached_cell_and_set_connections" {{(pid=64873) inner /opt/stack/data/venv/lib/python3.10/site-packages/oslo_concurrency/lockutils.py:404}}
Nov 28 06:39:08 user devstack@n-api.service[64873]: DEBUG oslo_concurrency.lockutils [None req-60df0066-61c9-4a15-a3fb-a54077cf845d tempest-AttachVolumeNegativeTest-538884229 tempest-AttachVolumeNegativeTest-538884229-project-member] Lock "27e7b418-6c10-4d08-8a14-ffd74894eb19" acquired by "nova.context.set_target_cell..get_or_set_cached_cell_and_set_connections" :: waited 0.001s {{(pid=64873) inner /opt/stack/data/venv/lib/python3.10/site-packages/oslo_concurrency/lockutils.py:409}}
Nov 28 06:39:08 user devstack@n-api.service[64873]: DEBUG oslo_concurrency.lockutils [None req-60df0066-61c9-4a15-a3fb-a54077cf845d tempest-AttachVolumeNegativeTest-538884229 tempest-AttachVolumeNegativeTest-538884229-project-member] Lock "27e7b418-6c10-4d08-8a14-ffd74894eb19" "released" by "nova.context.set_target_cell..get_or_set_cached_cell_and_set_connections" :: held 0.001s {{(pid=64873) inner /opt/stack/data/venv/lib/python3.10/site-packages/oslo_concurrency/lockutils.py:423}}
Nov 28 06:39:08 user devstack@n-api.service[64873]: DEBUG oslo_concurrency.lockutils [None req-60df0066-61c9-4a15-a3fb-a54077cf845d tempest-AttachVolumeNegativeTest-538884229 tempest-AttachVolumeNegativeTest-538884229-project-member] Acquiring lock "27e7b418-6c10-4d08-8a14-ffd74894eb19" by "nova.context.set_target_cell..get_or_set_cached_cell_and_set_connections" {{(pid=64873) inner /opt/stack/data/venv/lib/python3.10/site-packages/oslo_concurrency/lockutils.py:404}}
Nov 28 06:39:08 user devstack@n-api.service[64873]: DEBUG oslo_concurrency.lockutils [None req-60df0066-61c9-4a15-a3fb-a54077cf845d tempest-AttachVolumeNegativeTest-538884229 tempest-AttachVolumeNegativeTest-538884229-project-member] Lock "27e7b418-6c10-4d08-8a14-ffd74894eb19" acquired by "nova.context.set_target_cell..get_or_set_cached_cell_and_set_connections" :: waited 0.001s {{(pid=64873) inner /opt/stack/data/venv/lib/python3.10/site-packages/oslo_concurrency/lockutils.py:409}}
Nov 28 06:39:08 user devstack@n-api.service[64873]: DEBUG oslo_concurrency.lockutils [None req-60df0066-61c9-4a15-a3fb-a54077cf845d tempest-AttachVolumeNegativeTest-538884229 tempest-AttachVolumeNegativeTest-538884229-project-member] Lock "27e7b418-6c10-4d08-8a14-ffd74894eb19" "released" by "nova.context.set_target_cell..get_or_set_cached_cell_and_set_connections" :: held 0.001s {{(pid=64873) inner /opt/stack/data/venv/lib/python3.10/site-packages/oslo_concurrency/lockutils.py:423}}
Nov 28 06:39:08 user devstack@n-api.service[64871]: DEBUG nova.api.openstack.wsgi [req-ed90e85b-fbc6-4b1e-a096-3e3ffc8d644d req-341cdb13-7bf3-4568-8304-17ea257e9be2 service nova] Action: 'create', calling method: >, body: {"events": [{"server_uuid": "636fad3b-617f-4a65-8cf7-ef67fd68304b", "name": "network-vif-plugged", "status": "completed", "tag": "519d15c3-a87c-436b-aa7d-b6754a055382"}, {"server_uuid": "e3406c2b-4e6e-4be0-b84a-168c59322f00", "name": "network-vif-plugged", "status": "completed", "tag": "44cb2e46-5eae-4728-ac61-29177ecb06f6"}, {"server_uuid": "e3406c2b-4e6e-4be0-b84a-168c59322f00", "name": "network-vif-plugged", "status": "completed", "tag": "44cb2e46-5eae-4728-ac61-29177ecb06f6"}]} {{(pid=64871) _process_stack /opt/stack/nova/nova/api/openstack/wsgi.py:511}}
Nov 28 06:39:08 user devstack@n-api.service[64871]: DEBUG dbcounter [-] [64871] Writing DB stats nova_api:SELECT=124,nova_api:INSERT=17 {{(pid=64871) stat_writer /opt/stack/data/venv/lib/python3.10/site-packages/dbcounter.py:115}}
Nov 28 06:39:08 user devstack@n-api.service[64871]: DEBUG oslo_concurrency.lockutils [req-ed90e85b-fbc6-4b1e-a096-3e3ffc8d644d req-341cdb13-7bf3-4568-8304-17ea257e9be2 service nova] Acquiring lock "27e7b418-6c10-4d08-8a14-ffd74894eb19" by "nova.context.set_target_cell..get_or_set_cached_cell_and_set_connections" {{(pid=64871) inner /opt/stack/data/venv/lib/python3.10/site-packages/oslo_concurrency/lockutils.py:404}}
Nov 28 06:39:08 user devstack@n-api.service[64871]: DEBUG oslo_concurrency.lockutils [req-ed90e85b-fbc6-4b1e-a096-3e3ffc8d644d req-341cdb13-7bf3-4568-8304-17ea257e9be2 service nova] Lock "27e7b418-6c10-4d08-8a14-ffd74894eb19" acquired by "nova.context.set_target_cell..get_or_set_cached_cell_and_set_connections" :: waited 0.001s {{(pid=64871) inner /opt/stack/data/venv/lib/python3.10/site-packages/oslo_concurrency/lockutils.py:409}}
Nov 28 06:39:08 user devstack@n-api.service[64871]: DEBUG oslo_concurrency.lockutils [req-ed90e85b-fbc6-4b1e-a096-3e3ffc8d644d req-341cdb13-7bf3-4568-8304-17ea257e9be2 service nova] Lock "27e7b418-6c10-4d08-8a14-ffd74894eb19" "released" by "nova.context.set_target_cell..get_or_set_cached_cell_and_set_connections" :: held 0.000s {{(pid=64871) inner /opt/stack/data/venv/lib/python3.10/site-packages/oslo_concurrency/lockutils.py:423}}
Nov 28 06:39:08 user devstack@n-api.service[64871]: INFO nova.api.openstack.compute.server_external_events [req-ed90e85b-fbc6-4b1e-a096-3e3ffc8d644d req-341cdb13-7bf3-4568-8304-17ea257e9be2 service nova] Creating event network-vif-plugged:519d15c3-a87c-436b-aa7d-b6754a055382 for instance 636fad3b-617f-4a65-8cf7-ef67fd68304b on user
Nov 28 06:39:08 user devstack@n-api.service[64871]: INFO nova.api.openstack.compute.server_external_events [req-ed90e85b-fbc6-4b1e-a096-3e3ffc8d644d req-341cdb13-7bf3-4568-8304-17ea257e9be2 service nova] Creating event network-vif-plugged:44cb2e46-5eae-4728-ac61-29177ecb06f6 for instance e3406c2b-4e6e-4be0-b84a-168c59322f00 on user
Nov 28 06:39:08 user devstack@n-api.service[64871]: INFO nova.api.openstack.compute.server_external_events [req-ed90e85b-fbc6-4b1e-a096-3e3ffc8d644d req-341cdb13-7bf3-4568-8304-17ea257e9be2 service nova] Creating event network-vif-plugged:44cb2e46-5eae-4728-ac61-29177ecb06f6 for instance e3406c2b-4e6e-4be0-b84a-168c59322f00 on user
Nov 28 06:39:08 user devstack@n-api.service[64871]: INFO nova.api.openstack.requestlog [req-ed90e85b-fbc6-4b1e-a096-3e3ffc8d644d req-341cdb13-7bf3-4568-8304-17ea257e9be2 service nova] 10.0.0.210 "POST /compute/v2.1/os-server-external-events" status: 200 len: 525 microversion: 2.1 time: 0.044059
Nov 28 06:39:08 user devstack@n-api.service[64871]: [pid: 64871|app: 0|req: 33/98] 10.0.0.210 () {68 vars in 1394 bytes} [Tue Nov 28 06:39:08 2023] POST /compute/v2.1/os-server-external-events => generated 525 bytes in 46 msecs (HTTP/1.1 200) 9 headers in 357 bytes (2 switches on core 0)
Nov 28 06:39:09 user devstack@n-api.service[64873]: DEBUG nova.policy [None req-60df0066-61c9-4a15-a3fb-a54077cf845d tempest-AttachVolumeNegativeTest-538884229 tempest-AttachVolumeNegativeTest-538884229-project-member] Policy check for os_compute_api:os-extended-server-attributes failed with credentials {'is_admin': False, 'user_id': '05e396090c4b4a8995d8d2e66c8b3db0', 'user_domain_id': 'default', 'system_scope': None, 'domain_id': None, 'project_id': '5df9ec769206481e8dad48a6461c46ba', 'project_domain_id': 'default', 'roles': ['member', 'reader'], 'is_admin_project': True, 'service_user_id': None, 'service_user_domain_id': None, 'service_project_id': None, 'service_project_domain_id': None, 'service_roles': []} {{(pid=64873) authorize /opt/stack/nova/nova/policy.py:203}}
Nov 28 06:39:09 user devstack@n-api.service[64873]: INFO nova.api.openstack.requestlog [None req-60df0066-61c9-4a15-a3fb-a54077cf845d tempest-AttachVolumeNegativeTest-538884229 tempest-AttachVolumeNegativeTest-538884229-project-member] 10.0.0.210 "GET /compute/v2.1/servers/b4802806-6422-46da-8d0f-5674af0a8433" status: 200 len: 1544 microversion: 2.1 time: 0.544028
Nov 28 06:39:09 user devstack@n-api.service[64873]: [pid: 64873|app: 0|req: 32/99] 10.0.0.210 () {62 vars in 1313 bytes} [Tue Nov 28 06:39:08 2023] GET /compute/v2.1/servers/b4802806-6422-46da-8d0f-5674af0a8433 => generated 1544 bytes in 546 msecs (HTTP/1.1 200) 9 headers in 358 bytes (1 switches on core 0)
Nov 28 06:39:10 user devstack@n-api.service[64872]: DEBUG nova.api.openstack.wsgi [None req-29bbdbe3-8392-4aa3-9782-ab35f1f940e3 tempest-ServerActionsTestOtherB-1422366079 tempest-ServerActionsTestOtherB-1422366079-project-member] Calling method '>' {{(pid=64872) _process_stack /opt/stack/nova/nova/api/openstack/wsgi.py:513}}
Nov 28 06:39:10 user devstack@n-api.service[64872]: DEBUG nova.compute.api [None req-29bbdbe3-8392-4aa3-9782-ab35f1f940e3 tempest-ServerActionsTestOtherB-1422366079 tempest-ServerActionsTestOtherB-1422366079-project-member] [instance: 41240cc1-28a3-4685-9f80-68f5e37945b7] Fetching instance by UUID {{(pid=64872) get /opt/stack/nova/nova/compute/api.py:2978}}
Nov 28 06:39:10 user devstack@n-api.service[64872]: DEBUG oslo_concurrency.lockutils [None req-29bbdbe3-8392-4aa3-9782-ab35f1f940e3 tempest-ServerActionsTestOtherB-1422366079 tempest-ServerActionsTestOtherB-1422366079-project-member] Acquiring lock "27e7b418-6c10-4d08-8a14-ffd74894eb19" by "nova.context.set_target_cell..get_or_set_cached_cell_and_set_connections" {{(pid=64872) inner /opt/stack/data/venv/lib/python3.10/site-packages/oslo_concurrency/lockutils.py:404}}
Nov 28 06:39:10 user devstack@n-api.service[64872]: DEBUG oslo_concurrency.lockutils [None req-29bbdbe3-8392-4aa3-9782-ab35f1f940e3 tempest-ServerActionsTestOtherB-1422366079 tempest-ServerActionsTestOtherB-1422366079-project-member] Lock "27e7b418-6c10-4d08-8a14-ffd74894eb19" acquired by "nova.context.set_target_cell..get_or_set_cached_cell_and_set_connections" :: waited 0.001s {{(pid=64872) inner /opt/stack/data/venv/lib/python3.10/site-packages/oslo_concurrency/lockutils.py:409}}
Nov 28 06:39:10 user devstack@n-api.service[64872]: DEBUG oslo_concurrency.lockutils [None req-29bbdbe3-8392-4aa3-9782-ab35f1f940e3 tempest-ServerActionsTestOtherB-1422366079 tempest-ServerActionsTestOtherB-1422366079-project-member] Lock "27e7b418-6c10-4d08-8a14-ffd74894eb19" "released" by "nova.context.set_target_cell..get_or_set_cached_cell_and_set_connections" :: held 0.001s {{(pid=64872) inner /opt/stack/data/venv/lib/python3.10/site-packages/oslo_concurrency/lockutils.py:423}}
