Nov 08 23:05:46 user devstack@keystone.service[46354]: DEBUG keystone.server.flask.request_processing.req_logging [None req-06fad490-62ef-409e-89c5-4a339d10bb1d None admin] SCRIPT_NAME: `/identity` {{(pid=46354) log_request_info /opt/stack/keystone/keystone/server/flask/request_processing/req_logging.py:28}}
Nov 08 23:05:46 user devstack@keystone.service[46354]: DEBUG keystone.server.flask.request_processing.req_logging [None req-06fad490-62ef-409e-89c5-4a339d10bb1d None admin] PATH_INFO: `/v3/users/8286d2d5394842f58a7d164f5604fb73` {{(pid=46354) log_request_info /opt/stack/keystone/keystone/server/flask/request_processing/req_logging.py:29}}
Nov 08 23:05:46 user devstack@keystone.service[46354]: DEBUG keystone.common.rbac_enforcer.enforcer [None req-06fad490-62ef-409e-89c5-4a339d10bb1d None admin] RBAC: Authorizing `identity:get_user(user_id=8286d2d5394842f58a7d164f5604fb73)` {{(pid=46354) enforce_call /opt/stack/keystone/keystone/common/rbac_enforcer/enforcer.py:449}}
Nov 08 23:05:46 user devstack@keystone.service[46354]: DEBUG keystone.common.rbac_enforcer.enforcer [None req-06fad490-62ef-409e-89c5-4a339d10bb1d None admin] RBAC: Authorization granted {{(pid=46354) enforce_call /opt/stack/keystone/keystone/common/rbac_enforcer/enforcer.py:457}}
Nov 08 23:05:46 user devstack@keystone.service[46354]: [pid: 46354|app: 0|req: 31/104] 10.0.0.210 () {56 vars in 1172 bytes} [Wed Nov 8 23:05:46 2023] GET /identity/v3/users/8286d2d5394842f58a7d164f5604fb73 => generated 274 bytes in 156 msecs (HTTP/1.1 200) 5 headers in 177 bytes (1 switches on core 0)
Nov 08 23:05:46 user devstack@keystone.service[46354]: DEBUG keystone.server.flask.request_processing.middleware.auth_context [None req-06fad490-62ef-409e-89c5-4a339d10bb1d None admin] Authenticating user token {{(pid=46354) process_request /opt/stack/data/venv/lib/python3.10/site-packages/keystonemiddleware/auth_token/__init__.py:406}}
Nov 08 23:05:46 user devstack@keystone.service[46355]: DEBUG keystone.server.flask.request_processing.middleware.auth_context [None req-a161d273-18b1-4c5b-80ba-86c89d09aadd None admin] Validating token access rules against request {{(pid=46355) validate_allowed_request /opt/stack/data/venv/lib/python3.10/site-packages/keystonemiddleware/auth_token/__init__.py:544}}
Nov 08 23:05:46 user devstack@keystone.service[46356]: DEBUG keystone.server.flask.request_processing.middleware.auth_context [None req-8e8dd5f7-c0b7-4e84-b8ec-378848d073f3 None admin] Validating token access rules against request {{(pid=46356) validate_allowed_request /opt/stack/data/venv/lib/python3.10/site-packages/keystonemiddleware/auth_token/__init__.py:544}}
Nov 08 23:05:46 user devstack@keystone.service[46355]: DEBUG keystone.server.flask.request_processing.middleware.auth_context [None req-1dd09888-ef2a-4035-b55b-df11a38b2ed9 None admin] RBAC: auth_context: {'token': , 'domain_id': None, 'trust_id': None, 'trustor_id': None, 'trustee_id': None, 'domain_name': None, 'group_ids': [], 'user_id': 'c77ebce7fdec451fb7e38c806082848d', 'user_domain_id': 'default', 'system_scope': 'all', 'project_id': None, 'project_domain_id': None, 'roles': ['admin', 'manager', 'member', 'reader'], 'is_admin_project': True, 'service_user_id': None, 'service_user_domain_id': None, 'service_project_id': None, 'service_project_domain_id': None, 'service_roles': []} {{(pid=46355) fill_context /opt/stack/keystone/keystone/server/flask/request_processing/middleware/auth_context.py:480}}
Nov 08 23:05:46 user devstack@keystone.service[46355]: DEBUG keystone.server.flask.request_processing.req_logging [None req-1dd09888-ef2a-4035-b55b-df11a38b2ed9 None admin] REQUEST_METHOD: `GET` {{(pid=46355) log_request_info /opt/stack/keystone/keystone/server/flask/request_processing/req_logging.py:27}}
Nov 08 23:05:46 user devstack@keystone.service[46355]: DEBUG keystone.server.flask.request_processing.req_logging [None req-1dd09888-ef2a-4035-b55b-df11a38b2ed9 None admin] SCRIPT_NAME: `/identity` {{(pid=46355) log_request_info /opt/stack/keystone/keystone/server/flask/request_processing/req_logging.py:28}}
Nov 08 23:05:46 user devstack@keystone.service[46355]: DEBUG keystone.server.flask.request_processing.req_logging [None req-1dd09888-ef2a-4035-b55b-df11a38b2ed9 None admin] PATH_INFO: `/v3/role_assignments` {{(pid=46355) log_request_info /opt/stack/keystone/keystone/server/flask/request_processing/req_logging.py:29}}
Nov 08 23:05:46 user devstack@keystone.service[46355]: DEBUG keystone.common.rbac_enforcer.enforcer [None req-1dd09888-ef2a-4035-b55b-df11a38b2ed9 None admin] RBAC: Adding query filter params (role.id=20929113750148c49fdaf6d1a3861454, scope.project.id=2ffad542465a48b0bf3e2c265002ac87, user.id=c77ebce7fdec451fb7e38c806082848d) {{(pid=46355) _extract_filter_values /opt/stack/keystone/keystone/common/rbac_enforcer/enforcer.py:167}}
Nov 08 23:05:46 user devstack@keystone.service[46355]: DEBUG keystone.common.rbac_enforcer.enforcer [None req-1dd09888-ef2a-4035-b55b-df11a38b2ed9 None admin] RBAC: Authorizing `identity:list_role_assignments()` {{(pid=46355) enforce_call /opt/stack/keystone/keystone/common/rbac_enforcer/enforcer.py:449}}
Nov 08 23:05:46 user devstack@keystone.service[46355]: DEBUG keystone.common.rbac_enforcer.enforcer [None req-1dd09888-ef2a-4035-b55b-df11a38b2ed9 None admin] RBAC: Authorization granted {{(pid=46355) enforce_call /opt/stack/keystone/keystone/common/rbac_enforcer/enforcer.py:457}}
Nov 08 23:05:46 user devstack@keystone.service[46355]: [pid: 46355|app: 0|req: 35/105] 10.0.0.210 () {56 vars in 1369 bytes} [Wed Nov 8 23:05:46 2023] GET /identity/v3/role_assignments?user.id=c77ebce7fdec451fb7e38c806082848d&scope.project.id=2ffad542465a48b0bf3e2c265002ac87&role.id=20929113750148c49fdaf6d1a3861454 => generated 606 bytes in 157 msecs (HTTP/1.1 200) 5 headers in 177 bytes (2 switches on core 0)
Nov 08 23:05:46 user devstack@keystone.service[46356]: DEBUG keystone.server.flask.request_processing.middleware.auth_context [None req-d6944bbc-03c9-4de0-b294-d956b4e09858 None admin] RBAC: auth_context: {'token': , 'domain_id': None, 'trust_id': None, 'trustor_id': None, 'trustee_id': None, 'domain_name': None, 'group_ids': [], 'user_id': 'c77ebce7fdec451fb7e38c806082848d', 'user_domain_id': 'default', 'system_scope': 'all', 'project_id': None, 'project_domain_id': None, 'roles': ['admin', 'manager', 'member', 'reader'], 'is_admin_project': True, 'service_user_id': None, 'service_user_domain_id': None, 'service_project_id': None, 'service_project_domain_id': None, 'service_roles': []} {{(pid=46356) fill_context /opt/stack/keystone/keystone/server/flask/request_processing/middleware/auth_context.py:480}}
Nov 08 23:05:46 user devstack@keystone.service[46356]: DEBUG keystone.server.flask.request_processing.req_logging [None req-d6944bbc-03c9-4de0-b294-d956b4e09858 None admin] REQUEST_METHOD: `GET` {{(pid=46356) log_request_info /opt/stack/keystone/keystone/server/flask/request_processing/req_logging.py:27}}
Nov 08 23:05:46 user devstack@keystone.service[46356]: DEBUG keystone.server.flask.request_processing.req_logging [None req-d6944bbc-03c9-4de0-b294-d956b4e09858 None admin] SCRIPT_NAME: `/identity` {{(pid=46356) log_request_info /opt/stack/keystone/keystone/server/flask/request_processing/req_logging.py:28}}
Nov 08 23:05:46 user devstack@keystone.service[46356]: DEBUG keystone.server.flask.request_processing.req_logging [None req-d6944bbc-03c9-4de0-b294-d956b4e09858 None admin] PATH_INFO: `/v3/auth/tokens` {{(pid=46356) log_request_info /opt/stack/keystone/keystone/server/flask/request_processing/req_logging.py:29}}
Nov 08 23:05:46 user devstack@keystone.service[46354]: DEBUG keystone.server.flask.request_processing.middleware.auth_context [None req-06fad490-62ef-409e-89c5-4a339d10bb1d None admin] Validating token access rules against request {{(pid=46354) validate_allowed_request /opt/stack/data/venv/lib/python3.10/site-packages/keystonemiddleware/auth_token/__init__.py:544}}
Nov 08 23:05:46 user devstack@keystone.service[46354]: DEBUG keystone.server.flask.request_processing.middleware.auth_context [None req-db8bc1ad-7d65-47da-8a1f-2e5f54204ccb None admin] RBAC: auth_context: {'token': , 'domain_id': None, 'trust_id': None, 'trustor_id': None, 'trustee_id': None, 'domain_name': None, 'group_ids': [], 'user_id': 'c77ebce7fdec451fb7e38c806082848d', 'user_domain_id': 'default', 'system_scope': 'all', 'project_id': None, 'project_domain_id': None, 'roles': ['admin', 'manager', 'member', 'reader'], 'is_admin_project': True, 'service_user_id': None, 'service_user_domain_id': None, 'service_project_id': None, 'service_project_domain_id': None, 'service_roles': []} {{(pid=46354) fill_context /opt/stack/keystone/keystone/server/flask/request_processing/middleware/auth_context.py:480}}
Nov 08 23:05:46 user devstack@keystone.service[46354]: DEBUG keystone.server.flask.request_processing.req_logging [None req-db8bc1ad-7d65-47da-8a1f-2e5f54204ccb None admin] REQUEST_METHOD: `GET` {{(pid=46354) log_request_info /opt/stack/keystone/keystone/server/flask/request_processing/req_logging.py:27}}
Nov 08 23:05:46 user devstack@keystone.service[46354]: DEBUG keystone.server.flask.request_processing.req_logging [None req-db8bc1ad-7d65-47da-8a1f-2e5f54204ccb None admin] SCRIPT_NAME: `/identity` {{(pid=46354) log_request_info /opt/stack/keystone/keystone/server/flask/request_processing/req_logging.py:28}}
Nov 08 23:05:46 user devstack@keystone.service[46354]: DEBUG keystone.server.flask.request_processing.req_logging [None req-db8bc1ad-7d65-47da-8a1f-2e5f54204ccb None admin] PATH_INFO: `/v3/auth/tokens` {{(pid=46354) log_request_info /opt/stack/keystone/keystone/server/flask/request_processing/req_logging.py:29}}
Nov 08 23:05:46 user devstack@keystone.service[46356]: DEBUG keystone.common.rbac_enforcer.enforcer [None req-d6944bbc-03c9-4de0-b294-d956b4e09858 None admin] RBAC: Authorizing `identity:validate_token()` {{(pid=46356) enforce_call /opt/stack/keystone/keystone/common/rbac_enforcer/enforcer.py:449}}
Nov 08 23:05:46 user devstack@keystone.service[46356]: DEBUG keystone.common.rbac_enforcer.enforcer [None req-d6944bbc-03c9-4de0-b294-d956b4e09858 None admin] RBAC: Authorization granted {{(pid=46356) enforce_call /opt/stack/keystone/keystone/common/rbac_enforcer/enforcer.py:457}}
Nov 08 23:05:46 user devstack@keystone.service[46354]: DEBUG keystone.common.rbac_enforcer.enforcer [None req-db8bc1ad-7d65-47da-8a1f-2e5f54204ccb None admin] RBAC: Authorizing `identity:validate_token()` {{(pid=46354) enforce_call /opt/stack/keystone/keystone/common/rbac_enforcer/enforcer.py:449}}
Nov 08 23:05:46 user devstack@keystone.service[46354]: DEBUG keystone.common.rbac_enforcer.enforcer [None req-db8bc1ad-7d65-47da-8a1f-2e5f54204ccb None admin] RBAC: Authorization granted {{(pid=46354) enforce_call /opt/stack/keystone/keystone/common/rbac_enforcer/enforcer.py:457}}
Nov 08 23:05:46 user devstack@keystone.service[46356]: [pid: 46356|app: 0|req: 40/106] 10.0.0.210 () {58 vars in 1277 bytes} [Wed Nov 8 23:05:46 2023] GET /identity/v3/auth/tokens => generated 861 bytes in 307 msecs (HTTP/1.1 200) 6 headers in 358 bytes (2 switches on core 0)
Nov 08 23:05:46 user devstack@keystone.service[46355]: DEBUG keystone.server.flask.request_processing.middleware.auth_context [None req-1dd09888-ef2a-4035-b55b-df11a38b2ed9 None admin] Authenticating user token {{(pid=46355) process_request /opt/stack/data/venv/lib/python3.10/site-packages/keystonemiddleware/auth_token/__init__.py:406}}
Nov 08 23:05:46 user devstack@keystone.service[46354]: [pid: 46354|app: 0|req: 32/107] 10.0.0.210 () {58 vars in 1277 bytes} [Wed Nov 8 23:05:46 2023] GET /identity/v3/auth/tokens => generated 861 bytes in 351 msecs (HTTP/1.1 200) 6 headers in 358 bytes (1 switches on core 0)
Nov 08 23:05:46 user devstack@keystone.service[46356]: DEBUG keystone.server.flask.request_processing.middleware.auth_context [None req-d6944bbc-03c9-4de0-b294-d956b4e09858 None admin] Authenticating user token {{(pid=46356) process_request /opt/stack/data/venv/lib/python3.10/site-packages/keystonemiddleware/auth_token/__init__.py:406}}
Nov 08 23:05:46 user devstack@keystone.service[46355]: DEBUG keystone.server.flask.request_processing.middleware.auth_context [None req-1dd09888-ef2a-4035-b55b-df11a38b2ed9 None admin] Validating token access rules against request {{(pid=46355) validate_allowed_request /opt/stack/data/venv/lib/python3.10/site-packages/keystonemiddleware/auth_token/__init__.py:544}}
Nov 08 23:05:47 user devstack@keystone.service[46355]: DEBUG keystone.server.flask.request_processing.middleware.auth_context [None req-3f710379-1a36-4c6f-9fa4-5547e2a93e8b None admin] RBAC: auth_context: {'token': , 'domain_id': None, 'trust_id': None, 'trustor_id': None, 'trustee_id': None, 'domain_name': None, 'group_ids': [], 'user_id': 'c77ebce7fdec451fb7e38c806082848d', 'user_domain_id': 'default', 'system_scope': 'all', 'project_id': None, 'project_domain_id': None, 'roles': ['admin', 'manager', 'member', 'reader'], 'is_admin_project': True, 'service_user_id': None, 'service_user_domain_id': None, 'service_project_id': None, 'service_project_domain_id': None, 'service_roles': []} {{(pid=46355) fill_context /opt/stack/keystone/keystone/server/flask/request_processing/middleware/auth_context.py:480}}
Nov 08 23:05:47 user devstack@keystone.service[46355]: DEBUG keystone.server.flask.request_processing.req_logging [None req-3f710379-1a36-4c6f-9fa4-5547e2a93e8b None admin] REQUEST_METHOD: `GET` {{(pid=46355) log_request_info /opt/stack/keystone/keystone/server/flask/request_processing/req_logging.py:27}}
Nov 08 23:05:47 user devstack@keystone.service[46355]: DEBUG keystone.server.flask.request_processing.req_logging [None req-3f710379-1a36-4c6f-9fa4-5547e2a93e8b None admin] SCRIPT_NAME: `/identity` {{(pid=46355) log_request_info /opt/stack/keystone/keystone/server/flask/request_processing/req_logging.py:28}}
Nov 08 23:05:47 user devstack@keystone.service[46355]: DEBUG keystone.server.flask.request_processing.req_logging [None req-3f710379-1a36-4c6f-9fa4-5547e2a93e8b None admin] PATH_INFO: `/v3/projects/2ffad542465a48b0bf3e2c265002ac87` {{(pid=46355) log_request_info /opt/stack/keystone/keystone/server/flask/request_processing/req_logging.py:29}}
Nov 08 23:05:47 user devstack@keystone.service[46355]: DEBUG keystone.common.rbac_enforcer.enforcer [None req-3f710379-1a36-4c6f-9fa4-5547e2a93e8b None admin] RBAC: Authorizing `identity:get_project(project_id=2ffad542465a48b0bf3e2c265002ac87)` {{(pid=46355) enforce_call /opt/stack/keystone/keystone/common/rbac_enforcer/enforcer.py:449}}
Nov 08 23:05:47 user devstack@keystone.service[46355]: DEBUG keystone.common.rbac_enforcer.enforcer [None req-3f710379-1a36-4c6f-9fa4-5547e2a93e8b None admin] RBAC: Authorization granted {{(pid=46355) enforce_call /opt/stack/keystone/keystone/common/rbac_enforcer/enforcer.py:457}}
Nov 08 23:05:47 user devstack@keystone.service[46355]: [pid: 46355|app: 0|req: 36/108] 10.0.0.210 () {56 vars in 1181 bytes} [Wed Nov 8 23:05:46 2023] GET /identity/v3/projects/2ffad542465a48b0bf3e2c265002ac87 => generated 297 bytes in 147 msecs (HTTP/1.1 200) 5 headers in 177 bytes (1 switches on core 0)
Nov 08 23:05:47 user devstack@keystone.service[46354]: DEBUG keystone.server.flask.request_processing.middleware.auth_context [None req-db8bc1ad-7d65-47da-8a1f-2e5f54204ccb None admin] Authenticating user token {{(pid=46354) process_request /opt/stack/data/venv/lib/python3.10/site-packages/keystonemiddleware/auth_token/__init__.py:406}}
Nov 08 23:05:47 user devstack@keystone.service[46356]: DEBUG keystone.server.flask.request_processing.middleware.auth_context [None req-d6944bbc-03c9-4de0-b294-d956b4e09858 None admin] Validating token access rules against request {{(pid=46356) validate_allowed_request /opt/stack/data/venv/lib/python3.10/site-packages/keystonemiddleware/auth_token/__init__.py:544}}
Nov 08 23:05:47 user devstack@keystone.service[46356]: DEBUG keystone.server.flask.request_processing.middleware.auth_context [None req-cce2b73d-cf8e-41c9-8264-bc654043b9ed None admin] RBAC: auth_context: {'token': , 'domain_id': None, 'trust_id': None, 'trustor_id': None, 'trustee_id': None, 'domain_name': None, 'group_ids': [], 'user_id': 'c77ebce7fdec451fb7e38c806082848d', 'user_domain_id': 'default', 'system_scope': 'all', 'project_id': None, 'project_domain_id': None, 'roles': ['admin', 'manager', 'member', 'reader'], 'is_admin_project': True, 'service_user_id': None, 'service_user_domain_id': None, 'service_project_id': None, 'service_project_domain_id': None, 'service_roles': []} {{(pid=46356) fill_context /opt/stack/keystone/keystone/server/flask/request_processing/middleware/auth_context.py:480}}
Nov 08 23:05:47 user devstack@keystone.service[46356]: DEBUG keystone.server.flask.request_processing.req_logging [None req-cce2b73d-cf8e-41c9-8264-bc654043b9ed None admin] REQUEST_METHOD: `GET` {{(pid=46356) log_request_info /opt/stack/keystone/keystone/server/flask/request_processing/req_logging.py:27}}
Nov 08 23:05:47 user devstack@keystone.service[46356]: DEBUG keystone.server.flask.request_processing.req_logging [None req-cce2b73d-cf8e-41c9-8264-bc654043b9ed None admin] SCRIPT_NAME: `/identity` {{(pid=46356) log_request_info /opt/stack/keystone/keystone/server/flask/request_processing/req_logging.py:28}}
Nov 08 23:05:47 user devstack@keystone.service[46356]: DEBUG keystone.server.flask.request_processing.req_logging [None req-cce2b73d-cf8e-41c9-8264-bc654043b9ed None admin] PATH_INFO: `/v3/projects/2979c8cf21ef4eafb771c165d51e7985` {{(pid=46356) log_request_info /opt/stack/keystone/keystone/server/flask/request_processing/req_logging.py:29}}
Nov 08 23:05:47 user devstack@keystone.service[46356]: DEBUG keystone.common.rbac_enforcer.enforcer [None req-cce2b73d-cf8e-41c9-8264-bc654043b9ed None admin] RBAC: Authorizing `identity:get_project(project_id=2979c8cf21ef4eafb771c165d51e7985)` {{(pid=46356) enforce_call /opt/stack/keystone/keystone/common/rbac_enforcer/enforcer.py:449}}
Nov 08 23:05:47 user devstack@keystone.service[46356]: DEBUG keystone.common.rbac_enforcer.enforcer [None req-cce2b73d-cf8e-41c9-8264-bc654043b9ed None admin] RBAC: Authorization granted {{(pid=46356) enforce_call /opt/stack/keystone/keystone/common/rbac_enforcer/enforcer.py:457}}
Nov 08 23:05:47 user devstack@keystone.service[46356]: [pid: 46356|app: 0|req: 41/109] 10.0.0.210 () {56 vars in 1181 bytes} [Wed Nov 8 23:05:46 2023] GET /identity/v3/projects/2979c8cf21ef4eafb771c165d51e7985 => generated 311 bytes in 130 msecs (HTTP/1.1 200) 5 headers in 177 bytes (1 switches on core 0)
Nov 08 23:05:47 user devstack@keystone.service[46355]: DEBUG keystone.server.flask.request_processing.middleware.auth_context [None req-3f710379-1a36-4c6f-9fa4-5547e2a93e8b None admin] Authenticating user token {{(pid=46355) process_request /opt/stack/data/venv/lib/python3.10/site-packages/keystonemiddleware/auth_token/__init__.py:406}}
Nov 08 23:05:47 user devstack@keystone.service[46354]: DEBUG keystone.server.flask.request_processing.middleware.auth_context [None req-db8bc1ad-7d65-47da-8a1f-2e5f54204ccb None admin] Validating token access rules against request {{(pid=46354) validate_allowed_request /opt/stack/data/venv/lib/python3.10/site-packages/keystonemiddleware/auth_token/__init__.py:544}}
Nov 08 23:05:47 user devstack@keystone.service[46354]: DEBUG keystone.server.flask.request_processing.middleware.auth_context [None req-87d57398-b654-4eb6-89bc-f8cf3ad0ab41 None admin] RBAC: auth_context: {'token': , 'domain_id': None, 'trust_id': None, 'trustor_id': None, 'trustee_id': None, 'domain_name': None, 'group_ids': [], 'user_id': 'c77ebce7fdec451fb7e38c806082848d', 'user_domain_id': 'default', 'system_scope': 'all', 'project_id': None, 'project_domain_id': None, 'roles': ['admin', 'manager', 'member', 'reader'], 'is_admin_project': True, 'service_user_id': None, 'service_user_domain_id': None, 'service_project_id': None, 'service_project_domain_id': None, 'service_roles': []} {{(pid=46354) fill_context /opt/stack/keystone/keystone/server/flask/request_processing/middleware/auth_context.py:480}}
Nov 08 23:05:47 user devstack@keystone.service[46354]: DEBUG keystone.server.flask.request_processing.req_logging [None req-87d57398-b654-4eb6-89bc-f8cf3ad0ab41 None admin] REQUEST_METHOD: `GET` {{(pid=46354) log_request_info /opt/stack/keystone/keystone/server/flask/request_processing/req_logging.py:27}}
Nov 08 23:05:47 user devstack@keystone.service[46354]: DEBUG keystone.server.flask.request_processing.req_logging [None req-87d57398-b654-4eb6-89bc-f8cf3ad0ab41 None admin] SCRIPT_NAME: `/identity` {{(pid=46354) log_request_info /opt/stack/keystone/keystone/server/flask/request_processing/req_logging.py:28}}
Nov 08 23:05:47 user devstack@keystone.service[46354]: DEBUG keystone.server.flask.request_processing.req_logging [None req-87d57398-b654-4eb6-89bc-f8cf3ad0ab41 None admin] PATH_INFO: `/v3/role_assignments` {{(pid=46354) log_request_info /opt/stack/keystone/keystone/server/flask/request_processing/req_logging.py:29}}
Nov 08 23:05:47 user devstack@keystone.service[46355]: DEBUG keystone.server.flask.request_processing.middleware.auth_context [None req-3f710379-1a36-4c6f-9fa4-5547e2a93e8b None admin] Validating token access rules against request {{(pid=46355) validate_allowed_request /opt/stack/data/venv/lib/python3.10/site-packages/keystonemiddleware/auth_token/__init__.py:544}}
Nov 08 23:05:47 user devstack@keystone.service[46354]: DEBUG keystone.common.rbac_enforcer.enforcer [None req-87d57398-b654-4eb6-89bc-f8cf3ad0ab41 None admin] RBAC: Adding query filter params (role.id=0b41bbc807b44fae912994f581090e7a, scope.project.id=2ffad542465a48b0bf3e2c265002ac87, user.id=8286d2d5394842f58a7d164f5604fb73) {{(pid=46354) _extract_filter_values /opt/stack/keystone/keystone/common/rbac_enforcer/enforcer.py:167}}
Nov 08 23:05:47 user devstack@keystone.service[46354]: DEBUG keystone.common.rbac_enforcer.enforcer [None req-87d57398-b654-4eb6-89bc-f8cf3ad0ab41 None admin] RBAC: Authorizing `identity:list_role_assignments()` {{(pid=46354) enforce_call /opt/stack/keystone/keystone/common/rbac_enforcer/enforcer.py:449}}
Nov 08 23:05:47 user devstack@keystone.service[46354]: DEBUG keystone.common.rbac_enforcer.enforcer [None req-87d57398-b654-4eb6-89bc-f8cf3ad0ab41 None admin] RBAC: Authorization granted {{(pid=46354) enforce_call /opt/stack/keystone/keystone/common/rbac_enforcer/enforcer.py:457}}
Nov 08 23:05:47 user devstack@keystone.service[46354]: [pid: 46354|app: 0|req: 33/110] 10.0.0.210 () {56 vars in 1369 bytes} [Wed Nov 8 23:05:47 2023] GET /identity/v3/role_assignments?user.id=8286d2d5394842f58a7d164f5604fb73&scope.project.id=2ffad542465a48b0bf3e2c265002ac87&role.id=0b41bbc807b44fae912994f581090e7a => generated 606 bytes in 202 msecs (HTTP/1.1 200) 5 headers in 177 bytes (1 switches on core 0)
Nov 08 23:05:47 user devstack@keystone.service[46355]: DEBUG keystone.server.flask.request_processing.middleware.auth_context [None req-9a653b7c-8d31-4233-83a6-b14f0bbef09c None admin] RBAC: auth_context: {'token': , 'domain_id': None, 'trust_id': None, 'trustor_id': None, 'trustee_id': None, 'domain_name': None, 'group_ids': [], 'user_id': 'c77ebce7fdec451fb7e38c806082848d', 'user_domain_id': 'default', 'system_scope': 'all', 'project_id': None, 'project_domain_id': None, 'roles': ['admin', 'manager', 'member', 'reader'], 'is_admin_project': True, 'service_user_id': None, 'service_user_domain_id': None, 'service_project_id': None, 'service_project_domain_id': None, 'service_roles': []} {{(pid=46355) fill_context /opt/stack/keystone/keystone/server/flask/request_processing/middleware/auth_context.py:480}}
Nov 08 23:05:47 user devstack@keystone.service[46355]: DEBUG keystone.server.flask.request_processing.req_logging [None req-9a653b7c-8d31-4233-83a6-b14f0bbef09c None admin] REQUEST_METHOD: `GET` {{(pid=46355) log_request_info /opt/stack/keystone/keystone/server/flask/request_processing/req_logging.py:27}}
Nov 08 23:05:47 user devstack@keystone.service[46355]: DEBUG keystone.server.flask.request_processing.req_logging [None req-9a653b7c-8d31-4233-83a6-b14f0bbef09c None admin] SCRIPT_NAME: `/identity` {{(pid=46355) log_request_info /opt/stack/keystone/keystone/server/flask/request_processing/req_logging.py:28}}
Nov 08 23:05:47 user devstack@keystone.service[46355]: DEBUG keystone.server.flask.request_processing.req_logging [None req-9a653b7c-8d31-4233-83a6-b14f0bbef09c None admin] PATH_INFO: `/v3/role_assignments` {{(pid=46355) log_request_info /opt/stack/keystone/keystone/server/flask/request_processing/req_logging.py:29}}
Nov 08 23:05:47 user devstack@keystone.service[46355]: DEBUG keystone.common.rbac_enforcer.enforcer [None req-9a653b7c-8d31-4233-83a6-b14f0bbef09c None admin] RBAC: Adding query filter params (role.id=92e6f51fcc6f4f9481b9afc0d5089c6b, scope.project.id=2979c8cf21ef4eafb771c165d51e7985, user.id=8286d2d5394842f58a7d164f5604fb73) {{(pid=46355) _extract_filter_values /opt/stack/keystone/keystone/common/rbac_enforcer/enforcer.py:167}}
Nov 08 23:05:47 user devstack@keystone.service[46355]: DEBUG keystone.common.rbac_enforcer.enforcer [None req-9a653b7c-8d31-4233-83a6-b14f0bbef09c None admin] RBAC: Authorizing `identity:list_role_assignments()` {{(pid=46355) enforce_call /opt/stack/keystone/keystone/common/rbac_enforcer/enforcer.py:449}}
Nov 08 23:05:47 user devstack@keystone.service[46355]: DEBUG keystone.common.rbac_enforcer.enforcer [None req-9a653b7c-8d31-4233-83a6-b14f0bbef09c None admin] RBAC: Authorization granted {{(pid=46355) enforce_call /opt/stack/keystone/keystone/common/rbac_enforcer/enforcer.py:457}}
Nov 08 23:05:47 user devstack@keystone.service[46355]: [pid: 46355|app: 0|req: 37/111] 10.0.0.210 () {56 vars in 1369 bytes} [Wed Nov 8 23:05:47 2023] GET /identity/v3/role_assignments?user.id=8286d2d5394842f58a7d164f5604fb73&scope.project.id=2979c8cf21ef4eafb771c165d51e7985&role.id=92e6f51fcc6f4f9481b9afc0d5089c6b => generated 606 bytes in 165 msecs (HTTP/1.1 200) 5 headers in 177 bytes (2 switches on core 0)
Nov 08 23:05:47 user devstack@keystone.service[46356]: DEBUG keystone.server.flask.request_processing.req_logging [None req-4ffb298d-b6ce-4bbc-8ffa-e79c76a6613f None None] REQUEST_METHOD: `GET` {{(pid=46356) log_request_info /opt/stack/keystone/keystone/server/flask/request_processing/req_logging.py:27}}
Nov 08 23:05:47 user devstack@keystone.service[46356]: DEBUG keystone.server.flask.request_processing.req_logging [None req-4ffb298d-b6ce-4bbc-8ffa-e79c76a6613f None None] SCRIPT_NAME: `/identity` {{(pid=46356) log_request_info /opt/stack/keystone/keystone/server/flask/request_processing/req_logging.py:28}}
Nov 08 23:05:47 user devstack@keystone.service[46356]: DEBUG keystone.server.flask.request_processing.req_logging [None req-4ffb298d-b6ce-4bbc-8ffa-e79c76a6613f None None] PATH_INFO: `/` {{(pid=46356) log_request_info /opt/stack/keystone/keystone/server/flask/request_processing/req_logging.py:29}}
Nov 08 23:05:47 user devstack@keystone.service[46356]: [pid: 46356|app: 0|req: 42/112] 10.0.0.210 () {54 vars in 921 bytes} [Wed Nov 8 23:05:47 2023] GET /identity => generated 269 bytes in 3 msecs (HTTP/1.1 300) 6 headers in 233 bytes (1 switches on core 0)
Nov 08 23:05:47 user devstack@keystone.service[46354]: DEBUG keystone.server.flask.request_processing.middleware.auth_context [None req-87d57398-b654-4eb6-89bc-f8cf3ad0ab41 None admin] Authenticating user token {{(pid=46354) process_request /opt/stack/data/venv/lib/python3.10/site-packages/keystonemiddleware/auth_token/__init__.py:406}}
Nov 08 23:05:48 user devstack@keystone.service[46354]: DEBUG keystone.server.flask.request_processing.middleware.auth_context [None req-87d57398-b654-4eb6-89bc-f8cf3ad0ab41 None admin] Validating token access rules against request {{(pid=46354) validate_allowed_request /opt/stack/data/venv/lib/python3.10/site-packages/keystonemiddleware/auth_token/__init__.py:544}}
Nov 08 23:05:48 user devstack@keystone.service[46354]: DEBUG keystone.server.flask.request_processing.middleware.auth_context [None req-8c55db7a-c5bf-4282-aabe-c1bc6f846365 None admin] RBAC: auth_context: {'token': , 'domain_id': None, 'trust_id': None, 'trustor_id': None, 'trustee_id': None, 'domain_name': None, 'group_ids': [], 'user_id': 'c77ebce7fdec451fb7e38c806082848d', 'user_domain_id': 'default', 'system_scope': 'all', 'project_id': None, 'project_domain_id': None, 'roles': ['admin', 'manager', 'member', 'reader'], 'is_admin_project': True, 'service_user_id': None, 'service_user_domain_id': None, 'service_project_id': None, 'service_project_domain_id': None, 'service_roles': []} {{(pid=46354) fill_context /opt/stack/keystone/keystone/server/flask/request_processing/middleware/auth_context.py:480}}
Nov 08 23:05:48 user devstack@keystone.service[46354]: DEBUG keystone.server.flask.request_processing.req_logging [None req-8c55db7a-c5bf-4282-aabe-c1bc6f846365 None admin] REQUEST_METHOD: `GET` {{(pid=46354) log_request_info /opt/stack/keystone/keystone/server/flask/request_processing/req_logging.py:27}}
Nov 08 23:05:48 user devstack@keystone.service[46354]: DEBUG keystone.server.flask.request_processing.req_logging [None req-8c55db7a-c5bf-4282-aabe-c1bc6f846365 None admin] SCRIPT_NAME: `/identity` {{(pid=46354) log_request_info /opt/stack/keystone/keystone/server/flask/request_processing/req_logging.py:28}}
Nov 08 23:05:48 user devstack@keystone.service[46354]: DEBUG keystone.server.flask.request_processing.req_logging [None req-8c55db7a-c5bf-4282-aabe-c1bc6f846365 None admin] PATH_INFO: `/v3/domains/default` {{(pid=46354) log_request_info /opt/stack/keystone/keystone/server/flask/request_processing/req_logging.py:29}}
Nov 08 23:05:48 user devstack@keystone.service[46354]: DEBUG keystone.common.rbac_enforcer.enforcer [None req-8c55db7a-c5bf-4282-aabe-c1bc6f846365 None admin] RBAC: Authorizing `identity:get_domain(domain_id=default)` {{(pid=46354) enforce_call /opt/stack/keystone/keystone/common/rbac_enforcer/enforcer.py:449}}
Nov 08 23:05:48 user devstack@keystone.service[46354]: DEBUG keystone.common.rbac_enforcer.enforcer [None req-8c55db7a-c5bf-4282-aabe-c1bc6f846365 None admin] RBAC: Authorization granted {{(pid=46354) enforce_call /opt/stack/keystone/keystone/common/rbac_enforcer/enforcer.py:457}}
Nov 08 23:05:48 user devstack@keystone.service[46354]: [pid: 46354|app: 0|req: 34/113] 10.0.0.210 () {56 vars in 1103 bytes} [Wed Nov 8 23:05:47 2023] GET /identity/v3/domains/default => generated 198 bytes in 142 msecs (HTTP/1.1 200) 5 headers in 177 bytes (1 switches on core 0)
Nov 08 23:05:48 user devstack@keystone.service[46355]: DEBUG keystone.server.flask.request_processing.middleware.auth_context [None req-9a653b7c-8d31-4233-83a6-b14f0bbef09c None admin] Authenticating user token {{(pid=46355) process_request /opt/stack/data/venv/lib/python3.10/site-packages/keystonemiddleware/auth_token/__init__.py:406}}
Nov 08 23:05:48 user devstack@keystone.service[46355]: DEBUG keystone.server.flask.request_processing.middleware.auth_context [None req-9a653b7c-8d31-4233-83a6-b14f0bbef09c None admin] Validating token access rules against request {{(pid=46355) validate_allowed_request /opt/stack/data/venv/lib/python3.10/site-packages/keystonemiddleware/auth_token/__init__.py:544}}
Nov 08 23:05:48 user devstack@keystone.service[46355]: DEBUG keystone.server.flask.request_processing.middleware.auth_context [None req-c437e626-ff2c-4bcc-ad5f-3292d2610a02 None admin] RBAC: auth_context: {'token': , 'domain_id': None, 'trust_id': None, 'trustor_id': None, 'trustee_id': None, 'domain_name': None, 'group_ids': [], 'user_id': 'c77ebce7fdec451fb7e38c806082848d', 'user_domain_id': 'default', 'system_scope': 'all', 'project_id': None, 'project_domain_id': None, 'roles': ['admin', 'manager', 'member', 'reader'], 'is_admin_project': True, 'service_user_id': None, 'service_user_domain_id': None, 'service_project_id': None, 'service_project_domain_id': None, 'service_roles': []} {{(pid=46355) fill_context /opt/stack/keystone/keystone/server/flask/request_processing/middleware/auth_context.py:480}}
Nov 08 23:05:48 user devstack@keystone.service[46355]: DEBUG keystone.server.flask.request_processing.req_logging [None req-c437e626-ff2c-4bcc-ad5f-3292d2610a02 None admin] REQUEST_METHOD: `POST` {{(pid=46355) log_request_info /opt/stack/keystone/keystone/server/flask/request_processing/req_logging.py:27}}
Nov 08 23:05:48 user devstack@keystone.service[46355]: DEBUG keystone.server.flask.request_processing.req_logging [None req-c437e626-ff2c-4bcc-ad5f-3292d2610a02 None admin] SCRIPT_NAME: `/identity` {{(pid=46355) log_request_info /opt/stack/keystone/keystone/server/flask/request_processing/req_logging.py:28}}
Nov 08 23:05:48 user devstack@keystone.service[46355]: DEBUG keystone.server.flask.request_processing.req_logging [None req-c437e626-ff2c-4bcc-ad5f-3292d2610a02 None admin] PATH_INFO: `/v3/users` {{(pid=46355) log_request_info /opt/stack/keystone/keystone/server/flask/request_processing/req_logging.py:29}}
Nov 08 23:05:48 user devstack@keystone.service[46355]: DEBUG keystone.common.rbac_enforcer.enforcer [None req-c437e626-ff2c-4bcc-ad5f-3292d2610a02 None admin] RBAC: Authorizing `identity:create_user()` {{(pid=46355) enforce_call /opt/stack/keystone/keystone/common/rbac_enforcer/enforcer.py:449}}
Nov 08 23:05:48 user devstack@keystone.service[46356]: DEBUG keystone.server.flask.request_processing.req_logging [None req-d8b5d675-f0d0-494c-b8d7-d94d884cde5a None None] REQUEST_METHOD: `GET` {{(pid=46356) log_request_info /opt/stack/keystone/keystone/server/flask/request_processing/req_logging.py:27}}
Nov 08 23:05:48 user devstack@keystone.service[46356]: DEBUG keystone.server.flask.request_processing.req_logging [None req-d8b5d675-f0d0-494c-b8d7-d94d884cde5a None None] SCRIPT_NAME: `/identity` {{(pid=46356) log_request_info /opt/stack/keystone/keystone/server/flask/request_processing/req_logging.py:28}}
Nov 08 23:05:48 user devstack@keystone.service[46355]: DEBUG keystone.common.rbac_enforcer.enforcer [None req-c437e626-ff2c-4bcc-ad5f-3292d2610a02 None admin] RBAC: Authorization granted {{(pid=46355) enforce_call /opt/stack/keystone/keystone/common/rbac_enforcer/enforcer.py:457}}
Nov 08 23:05:48 user devstack@keystone.service[46356]: DEBUG keystone.server.flask.request_processing.req_logging [None req-d8b5d675-f0d0-494c-b8d7-d94d884cde5a None None] PATH_INFO: `/` {{(pid=46356) log_request_info /opt/stack/keystone/keystone/server/flask/request_processing/req_logging.py:29}}
Nov 08 23:05:48 user devstack@keystone.service[46356]: [pid: 46356|app: 0|req: 43/114] 10.0.0.210 () {54 vars in 921 bytes} [Wed Nov 8 23:05:48 2023] GET /identity => generated 269 bytes in 3 msecs (HTTP/1.1 300) 6 headers in 233 bytes (1 switches on core 0)
Nov 08 23:05:48 user devstack@keystone.service[46355]: WARNING keystone.common.password_hashing [None req-c437e626-ff2c-4bcc-ad5f-3292d2610a02 None admin] Truncating password to algorithm specific maximum length 72 characters.
Nov 08 23:05:48 user devstack@keystone.service[46354]: DEBUG keystone.server.flask.request_processing.middleware.auth_context [None req-8c55db7a-c5bf-4282-aabe-c1bc6f846365 None admin] Authenticating user token {{(pid=46354) process_request /opt/stack/data/venv/lib/python3.10/site-packages/keystonemiddleware/auth_token/__init__.py:406}}
Nov 08 23:05:48 user devstack@keystone.service[46355]: [pid: 46355|app: 0|req: 38/115] 10.0.0.210 () {60 vars in 1127 bytes} [Wed Nov 8 23:05:48 2023] POST /identity/v3/users => generated 282 bytes in 159 msecs (HTTP/1.1 201) 5 headers in 182 bytes (1 switches on core 0)
Nov 08 23:05:48 user devstack@keystone.service[46354]: DEBUG keystone.server.flask.request_processing.middleware.auth_context [None req-8c55db7a-c5bf-4282-aabe-c1bc6f846365 None admin] Validating token access rules against request {{(pid=46354) validate_allowed_request /opt/stack/data/venv/lib/python3.10/site-packages/keystonemiddleware/auth_token/__init__.py:544}}
Nov 08 23:05:48 user devstack@keystone.service[46354]: DEBUG keystone.server.flask.request_processing.middleware.auth_context [None req-d89b2291-acdf-4a1d-aa07-62122019701d None admin] RBAC: auth_context: {'token': , 'domain_id': None, 'trust_id': None, 'trustor_id': None, 'trustee_id': None, 'domain_name': None, 'group_ids': [], 'user_id': 'c77ebce7fdec451fb7e38c806082848d', 'user_domain_id': 'default', 'system_scope': 'all', 'project_id': None, 'project_domain_id': None, 'roles': ['admin', 'manager', 'member', 'reader'], 'is_admin_project': True, 'service_user_id': None, 'service_user_domain_id': None, 'service_project_id': None, 'service_project_domain_id': None, 'service_roles': []} {{(pid=46354) fill_context /opt/stack/keystone/keystone/server/flask/request_processing/middleware/auth_context.py:480}}
Nov 08 23:05:48 user devstack@keystone.service[46354]: DEBUG keystone.server.flask.request_processing.req_logging [None req-d89b2291-acdf-4a1d-aa07-62122019701d None admin] REQUEST_METHOD: `GET` {{(pid=46354) log_request_info /opt/stack/keystone/keystone/server/flask/request_processing/req_logging.py:27}}
Nov 08 23:05:48 user devstack@keystone.service[46354]: DEBUG keystone.server.flask.request_processing.req_logging [None req-d89b2291-acdf-4a1d-aa07-62122019701d None admin] SCRIPT_NAME: `/identity` {{(pid=46354) log_request_info /opt/stack/keystone/keystone/server/flask/request_processing/req_logging.py:28}}
Nov 08 23:05:48 user devstack@keystone.service[46354]: DEBUG keystone.server.flask.request_processing.req_logging [None req-d89b2291-acdf-4a1d-aa07-62122019701d None admin] PATH_INFO: `/v3/roles/reader` {{(pid=46354) log_request_info /opt/stack/keystone/keystone/server/flask/request_processing/req_logging.py:29}}
Nov 08 23:05:48 user devstack@keystone.service[46354]: DEBUG keystone.common.rbac_enforcer.enforcer [None req-d89b2291-acdf-4a1d-aa07-62122019701d None admin] Extracting inferred target data resulted in "NOT FOUND (404)". {{(pid=46354) enforce_call /opt/stack/keystone/keystone/common/rbac_enforcer/enforcer.py:409}}
Nov 08 23:05:48 user devstack@keystone.service[46354]: ERROR keystone.server.flask.application [None req-d89b2291-acdf-4a1d-aa07-62122019701d None admin] Could not find role: reader.: keystone.exception.RoleNotFound: Could not find role: reader.
Nov 08 23:05:48 user devstack@keystone.service[46354]: ERROR keystone.server.flask.application
Traceback (most recent call last):
Nov 08 23:05:48 user devstack@keystone.service[46354]: ERROR keystone.server.flask.application
File "/opt/stack/data/venv/lib/python3.10/site-packages/flask/app.py", line 1823, in full_dispatch_request
Nov 08 23:05:48 user devstack@keystone.service[46354]: ERROR keystone.server.flask.application rv = self.dispatch_request()
Nov 08 23:05:48 user devstack@keystone.service[46354]: ERROR keystone.server.flask.application
File "/opt/stack/data/venv/lib/python3.10/site-packages/flask/app.py", line 1799, in dispatch_request
Nov 08 23:05:48 user devstack@keystone.service[46354]: ERROR keystone.server.flask.application return self.ensure_sync(self.view_functions[rule.endpoint])(**view_args)
Nov 08 23:05:48 user devstack@keystone.service[46354]: ERROR keystone.server.flask.application
File "/opt/stack/data/venv/lib/python3.10/site-packages/flask_restful/__init__.py", line 489, in wrapper
Nov 08 23:05:48 user devstack@keystone.service[46354]: ERROR keystone.server.flask.application resp = resource(*args, **kwargs)
Nov 08 23:05:48 user devstack@keystone.service[46354]: ERROR keystone.server.flask.application
File "/opt/stack/data/venv/lib/python3.10/site-packages/flask/views.py", line 107, in view
Nov 08 23:05:48 user devstack@keystone.service[46354]: ERROR keystone.server.flask.application return current_app.ensure_sync(self.dispatch_request)(**kwargs)
Nov 08 23:05:48 user devstack@keystone.service[46354]: ERROR keystone.server.flask.application
File "/opt/stack/data/venv/lib/python3.10/site-packages/flask_restful/__init__.py", line 604, in dispatch_request
Nov 08 23:05:48 user devstack@keystone.service[46354]: ERROR keystone.server.flask.application resp = meth(*args, **kwargs)
Nov 08 23:05:48 user devstack@keystone.service[46354]: ERROR keystone.server.flask.application
File "/opt/stack/keystone/keystone/api/roles.py", line 50, in get
Nov 08 23:05:48 user devstack@keystone.service[46354]: ERROR keystone.server.flask.application return self._get_role(role_id)
Nov 08 23:05:48 user devstack@keystone.service[46354]: ERROR keystone.server.flask.application
File "/opt/stack/keystone/keystone/api/roles.py", line 70, in _get_role
Nov 08 23:05:48 user devstack@keystone.service[46354]: ERROR keystone.server.flask.application ENFORCER.enforce_call(action='identity:get_role')
Nov 08 23:05:48 user devstack@keystone.service[46354]: ERROR keystone.server.flask.application
File "/opt/stack/keystone/keystone/common/rbac_enforcer/enforcer.py", line 402, in enforce_call
Nov 08 23:05:48 user devstack@keystone.service[46354]: ERROR keystone.server.flask.application policy_dict.update(cls._extract_member_target_data(
Nov 08 23:05:48 user devstack@keystone.service[46354]: ERROR keystone.server.flask.application
File "/opt/stack/keystone/keystone/common/rbac_enforcer/enforcer.py", line 234, in _extract_member_target_data
Nov 08 23:05:48 user devstack@keystone.service[46354]: ERROR keystone.server.flask.application member_name: func(flask.request.view_args[key])
Nov 08 23:05:48 user devstack@keystone.service[46354]: ERROR keystone.server.flask.application
File "/opt/stack/keystone/keystone/common/manager.py", line 115, in wrapped
Nov 08 23:05:48 user devstack@keystone.service[46354]: ERROR keystone.server.flask.application __ret_val = __f(*args, **kwargs)
Nov 08 23:05:48 user devstack@keystone.service[46354]: ERROR keystone.server.flask.application
File "/opt/stack/data/venv/lib/python3.10/site-packages/decorator.py", line 232, in fun
Nov 08 23:05:48 user devstack@keystone.service[46354]: ERROR keystone.server.flask.application return caller(func, *(extras + args), **kw)
Nov 08 23:05:48 user devstack@keystone.service[46354]: ERROR keystone.server.flask.application
File "/opt/stack/data/venv/lib/python3.10/site-packages/dogpile/cache/region.py", line 1594, in get_or_create_for_user_func
Nov 08 23:05:48 user devstack@keystone.service[46354]: ERROR keystone.server.flask.application return self.get_or_create(
Nov 08 23:05:48 user devstack@keystone.service[46354]: ERROR keystone.server.flask.application
File "/opt/stack/data/venv/lib/python3.10/site-packages/dogpile/cache/region.py", line 1054, in get_or_create
Nov 08 23:05:48 user devstack@keystone.service[46354]: ERROR keystone.server.flask.application with Lock(
Nov 08 23:05:48 user devstack@keystone.service[46354]: ERROR keystone.server.flask.application
File "/opt/stack/data/venv/lib/python3.10/site-packages/dogpile/lock.py", line 185, in __enter__
Nov 08 23:05:48 user devstack@keystone.service[46354]: ERROR keystone.server.flask.application return self._enter()
Nov 08 23:05:48 user devstack@keystone.service[46354]: ERROR keystone.server.flask.application
File "/opt/stack/data/venv/lib/python3.10/site-packages/dogpile/lock.py", line 94, in _enter
Nov 08 23:05:48 user devstack@keystone.service[46354]: ERROR keystone.server.flask.application generated = self._enter_create(value, createdtime)
Nov 08 23:05:48 user devstack@keystone.service[46354]: ERROR keystone.server.flask.application
File "/opt/stack/data/venv/lib/python3.10/site-packages/dogpile/lock.py", line 178, in _enter_create
Nov 08 23:05:48 user devstack@keystone.service[46354]: ERROR keystone.server.flask.application return self.creator()
Nov 08 23:05:48 user devstack@keystone.service[46354]: ERROR keystone.server.flask.application
File "/opt/stack/data/venv/lib/python3.10/site-packages/dogpile/cache/region.py", line 1007, in gen_value
Nov 08 23:05:48 user devstack@keystone.service[46354]: ERROR keystone.server.flask.application created_value = creator(
Nov 08 23:05:48 user devstack@keystone.service[46354]: ERROR keystone.server.flask.application
File "/opt/stack/keystone/keystone/assignment/core.py", line 1276, in get_role
Nov 08 23:05:48 user devstack@keystone.service[46354]: ERROR keystone.server.flask.application return self.driver.get_role(role_id)
Nov 08 23:05:48 user devstack@keystone.service[46354]: ERROR keystone.server.flask.application
File "/opt/stack/keystone/keystone/assignment/role_backends/sql.py", line 70, in get_role
Nov 08 23:05:48 user devstack@keystone.service[46354]: ERROR keystone.server.flask.application return self._get_role(session, role_id).to_dict()
Nov 08 23:05:48 user devstack@keystone.service[46354]: ERROR keystone.server.flask.application
File "/opt/stack/keystone/keystone/assignment/role_backends/sql.py", line 65, in _get_role
Nov 08 23:05:48 user devstack@keystone.service[46354]: ERROR keystone.server.flask.application raise exception.RoleNotFound(role_id=role_id)
Nov 08 23:05:48 user devstack@keystone.service[46354]: ERROR keystone.server.flask.application keystone.exception.RoleNotFound: Could not find role: reader.
Nov 08 23:05:48 user devstack@keystone.service[46354]: ERROR keystone.server.flask.application
Nov 08 23:05:48 user devstack@keystone.service[46354]: [pid: 46354|app: 0|req: 35/116] 10.0.0.210 () {56 vars in 1094 bytes} [Wed Nov 8 23:05:48 2023] GET /identity/v3/roles/reader => generated 84 bytes in 160 msecs (HTTP/1.1 404) 5 headers in 183 bytes (1 switches on core 0)
Nov 08 23:05:48 user devstack@keystone.service[46356]: DEBUG keystone.server.flask.request_processing.middleware.auth_context [None req-d8b5d675-f0d0-494c-b8d7-d94d884cde5a None None] Authenticating user token {{(pid=46356) process_request /opt/stack/data/venv/lib/python3.10/site-packages/keystonemiddleware/auth_token/__init__.py:406}}
Nov 08 23:05:48 user devstack@keystone.service[46356]: DEBUG keystone.server.flask.request_processing.middleware.auth_context [None req-d8b5d675-f0d0-494c-b8d7-d94d884cde5a None None] Validating token access rules against request {{(pid=46356) validate_allowed_request /opt/stack/data/venv/lib/python3.10/site-packages/keystonemiddleware/auth_token/__init__.py:544}}
Nov 08 23:05:48 user devstack@keystone.service[46356]: DEBUG keystone.server.flask.request_processing.middleware.auth_context [None req-e3ecaf4c-d734-4504-b319-c3c2c5d47f0c None admin] RBAC: auth_context: {'token': , 'domain_id': None, 'trust_id': None, 'trustor_id': None, 'trustee_id': None, 'domain_name': None, 'group_ids': [], 'user_id': 'c77ebce7fdec451fb7e38c806082848d', 'user_domain_id': 'default', 'system_scope': 'all', 'project_id': None, 'project_domain_id': None, 'roles': ['admin', 'manager', 'member', 'reader'], 'is_admin_project': True, 'service_user_id': None, 'service_user_domain_id': None, 'service_project_id': None, 'service_project_domain_id': None, 'service_roles': []} {{(pid=46356) fill_context /opt/stack/keystone/keystone/server/flask/request_processing/middleware/auth_context.py:480}}
Nov 08 23:05:48 user devstack@keystone.service[46356]: DEBUG keystone.server.flask.request_processing.req_logging [None req-e3ecaf4c-d734-4504-b319-c3c2c5d47f0c None admin] REQUEST_METHOD: `GET` {{(pid=46356) log_request_info /opt/stack/keystone/keystone/server/flask/request_processing/req_logging.py:27}}
Nov 08 23:05:48 user devstack@keystone.service[46356]: DEBUG keystone.server.flask.request_processing.req_logging [None req-e3ecaf4c-d734-4504-b319-c3c2c5d47f0c None admin] SCRIPT_NAME: `/identity` {{(pid=46356) log_request_info /opt/stack/keystone/keystone/server/flask/request_processing/req_logging.py:28}}
Nov 08 23:05:48 user devstack@keystone.service[46356]: DEBUG keystone.server.flask.request_processing.req_logging [None req-e3ecaf4c-d734-4504-b319-c3c2c5d47f0c None admin] PATH_INFO: `/v3/roles` {{(pid=46356) log_request_info /opt/stack/keystone/keystone/server/flask/request_processing/req_logging.py:29}}
Nov 08 23:05:48 user devstack@keystone.service[46356]: DEBUG keystone.common.rbac_enforcer.enforcer [None req-e3ecaf4c-d734-4504-b319-c3c2c5d47f0c None admin] RBAC: Adding query filter params (name=reader) {{(pid=46356) _extract_filter_values /opt/stack/keystone/keystone/common/rbac_enforcer/enforcer.py:167}}
Nov 08 23:05:48 user devstack@keystone.service[46356]: DEBUG keystone.common.rbac_enforcer.enforcer [None req-e3ecaf4c-d734-4504-b319-c3c2c5d47f0c None admin] RBAC: Authorizing `identity:list_roles()` {{(pid=46356) enforce_call /opt/stack/keystone/keystone/common/rbac_enforcer/enforcer.py:449}}
Nov 08 23:05:48 user devstack@keystone.service[46356]: DEBUG keystone.common.rbac_enforcer.enforcer [None req-e3ecaf4c-d734-4504-b319-c3c2c5d47f0c None admin] RBAC: Authorization granted {{(pid=46356) enforce_call /opt/stack/keystone/keystone/common/rbac_enforcer/enforcer.py:457}}
Nov 08 23:05:48 user devstack@keystone.service[46356]: [pid: 46356|app: 0|req: 44/117] 10.0.0.210 () {56 vars in 1096 bytes} [Wed Nov 8 23:05:48 2023] GET /identity/v3/roles?name=reader => generated 339 bytes in 155 msecs (HTTP/1.1 200) 5 headers in 177 bytes (1 switches on core 0)
Nov 08 23:05:48 user devstack@keystone.service[46355]: DEBUG keystone.server.flask.request_processing.middleware.auth_context [None req-c437e626-ff2c-4bcc-ad5f-3292d2610a02 None admin] Authenticating user token {{(pid=46355) process_request /opt/stack/data/venv/lib/python3.10/site-packages/keystonemiddleware/auth_token/__init__.py:406}}
Nov 08 23:05:48 user devstack@keystone.service[46355]: DEBUG keystone.server.flask.request_processing.middleware.auth_context [None req-c437e626-ff2c-4bcc-ad5f-3292d2610a02 None admin] Validating token access rules against request {{(pid=46355) validate_allowed_request /opt/stack/data/venv/lib/python3.10/site-packages/keystonemiddleware/auth_token/__init__.py:544}}
