Nov 28 20:01:26 user devstack@keystone.service[46941]: DEBUG keystone.server.flask.request_processing.middleware.auth_context [None req-2999779c-404d-4803-b285-ab949bc878e4 admin admin] RBAC: auth_context: {'token': , 'domain_id': None, 'trust_id': None, 'trustor_id': None, 'trustee_id': None, 'domain_name': None, 'group_ids': [], 'user_id': '8183ba81649d440790086864e1a209fa', 'user_domain_id': 'default', 'system_scope': None, 'project_id': 'a3f68630a9a04ebebd5c4eab29a79ef0', 'project_domain_id': 'default', 'roles': ['member', 'manager', 'reader', 'admin'], 'is_admin_project': True, 'service_user_id': None, 'service_user_domain_id': None, 'service_project_id': None, 'service_project_domain_id': None, 'service_roles': []} {{(pid=46941) fill_context /opt/stack/keystone/keystone/server/flask/request_processing/middleware/auth_context.py:480}}
Nov 28 20:01:26 user devstack@keystone.service[46939]: DEBUG keystone.server.flask.request_processing.req_logging [None req-925b3ca8-f691-4fe1-b070-8c9c961a3e34 None None] SCRIPT_NAME: `/identity` {{(pid=46939) log_request_info /opt/stack/keystone/keystone/server/flask/request_processing/req_logging.py:28}}
Nov 28 20:01:26 user devstack@keystone.service[46939]: DEBUG keystone.server.flask.request_processing.req_logging [None req-925b3ca8-f691-4fe1-b070-8c9c961a3e34 None None] PATH_INFO: `/v3/auth/tokens` {{(pid=46939) log_request_info /opt/stack/keystone/keystone/server/flask/request_processing/req_logging.py:29}}
Nov 28 20:01:26 user devstack@keystone.service[46941]: DEBUG keystone.server.flask.request_processing.req_logging [None req-2999779c-404d-4803-b285-ab949bc878e4 admin admin] REQUEST_METHOD: `GET` {{(pid=46941) log_request_info /opt/stack/keystone/keystone/server/flask/request_processing/req_logging.py:27}}
Nov 28 20:01:26 user devstack@keystone.service[46941]: DEBUG keystone.server.flask.request_processing.req_logging [None req-2999779c-404d-4803-b285-ab949bc878e4 admin admin] SCRIPT_NAME: `/identity` {{(pid=46941) log_request_info /opt/stack/keystone/keystone/server/flask/request_processing/req_logging.py:28}}
Nov 28 20:01:26 user devstack@keystone.service[46941]: DEBUG keystone.server.flask.request_processing.req_logging [None req-2999779c-404d-4803-b285-ab949bc878e4 admin admin] PATH_INFO: `/v3/roles` {{(pid=46941) log_request_info /opt/stack/keystone/keystone/server/flask/request_processing/req_logging.py:29}}
Nov 28 20:01:26 user devstack@keystone.service[46941]: DEBUG keystone.common.rbac_enforcer.enforcer [None req-2999779c-404d-4803-b285-ab949bc878e4 admin admin] RBAC: Adding query filter params (name=member) {{(pid=46941) _extract_filter_values /opt/stack/keystone/keystone/common/rbac_enforcer/enforcer.py:167}}
Nov 28 20:01:26 user devstack@keystone.service[46941]: DEBUG keystone.common.rbac_enforcer.enforcer [None req-2999779c-404d-4803-b285-ab949bc878e4 admin admin] RBAC: Authorizing `identity:list_roles()` {{(pid=46941) enforce_call /opt/stack/keystone/keystone/common/rbac_enforcer/enforcer.py:449}}
Nov 28 20:01:26 user devstack@keystone.service[46941]: WARNING py.warnings [None req-2999779c-404d-4803-b285-ab949bc878e4 admin admin] /opt/stack/data/venv/lib/python3.10/site-packages/oslo_policy/policy.py:1130: UserWarning: Policy "identity:list_roles": "role:reader and system_scope:all" failed scope check. The token used to make the request was project scoped but the policy requires ['system'] scope. This behavior may change in the future where using the intended scope is required
Nov 28 20:01:26 user devstack@keystone.service[46941]: warnings.warn(msg)
Nov 28 20:01:26 user devstack@keystone.service[46941]:
Nov 28 20:01:26 user devstack@keystone.service[46941]: DEBUG keystone.common.rbac_enforcer.enforcer [None req-2999779c-404d-4803-b285-ab949bc878e4 admin admin] RBAC: Authorization granted {{(pid=46941) enforce_call /opt/stack/keystone/keystone/common/rbac_enforcer/enforcer.py:457}}
Nov 28 20:01:26 user devstack@keystone.service[46941]: [pid: 46941|app: 0|req: 89/264] 10.0.0.210 () {56 vars in 1117 bytes} [Tue Nov 28 20:01:26 2023] GET /identity/v3/roles?name=member => generated 339 bytes in 35 msecs (HTTP/1.1 200) 5 headers in 177 bytes (1 switches on core 0)
Nov 28 20:01:26 user devstack@keystone.service[46939]: WARNING keystone.common.password_hashing [None req-925b3ca8-f691-4fe1-b070-8c9c961a3e34 None None] Truncating password to algorithm specific maximum length 72 characters.
Nov 28 20:01:26 user devstack@keystone.service[46939]: DEBUG keystone.auth.core [None req-925b3ca8-f691-4fe1-b070-8c9c961a3e34 None None] MFA Rules not processed for user `8183ba81649d440790086864e1a209fa`. Rule list: `[]` (Enabled: `True`). {{(pid=46939) check_auth_methods_against_rules /opt/stack/keystone/keystone/auth/core.py:438}}
Nov 28 20:01:26 user devstack@keystone.service[46940]: DEBUG keystone.server.flask.request_processing.middleware.auth_context [None req-c4c67e09-4f05-410f-90cc-3b6cf5e7e7a7 None None] Authenticating user token {{(pid=46940) process_request /opt/stack/data/venv/lib/python3.10/site-packages/keystonemiddleware/auth_token/__init__.py:406}}
Nov 28 20:01:26 user devstack@keystone.service[46939]: DEBUG keystone.common.fernet_utils [None req-925b3ca8-f691-4fe1-b070-8c9c961a3e34 None None] Loaded 2 Fernet keys from /etc/keystone/fernet-keys/, but `[fernet_tokens] max_active_keys = 3`; perhaps there have not been enough key rotations to reach `max_active_keys` yet? {{(pid=46939) load_keys /opt/stack/keystone/keystone/common/fernet_utils.py:286}}
Nov 28 20:01:26 user devstack@keystone.service[46939]: [pid: 46939|app: 0|req: 91/265] 10.0.0.210 () {58 vars in 1018 bytes} [Tue Nov 28 20:01:26 2023] POST /identity/v3/auth/tokens => generated 976 bytes in 32 msecs (HTTP/1.1 201) 6 headers in 384 bytes (1 switches on core 0)
Nov 28 20:01:26 user devstack@keystone.service[46940]: DEBUG keystone.server.flask.request_processing.middleware.auth_context [None req-c4c67e09-4f05-410f-90cc-3b6cf5e7e7a7 None None] Validating token access rules against request {{(pid=46940) validate_allowed_request /opt/stack/data/venv/lib/python3.10/site-packages/keystonemiddleware/auth_token/__init__.py:544}}
Nov 28 20:01:26 user devstack@keystone.service[46940]: DEBUG keystone.server.flask.request_processing.middleware.auth_context [None req-4afa2c35-8f95-4b26-8d7b-cb7da8c7e0b2 admin admin] RBAC: auth_context: {'token': , 'domain_id': None, 'trust_id': None, 'trustor_id': None, 'trustee_id': None, 'domain_name': None, 'group_ids': [], 'user_id': '8183ba81649d440790086864e1a209fa', 'user_domain_id': 'default', 'system_scope': None, 'project_id': 'a3f68630a9a04ebebd5c4eab29a79ef0', 'project_domain_id': 'default', 'roles': ['member', 'manager', 'reader', 'admin'], 'is_admin_project': True, 'service_user_id': None, 'service_user_domain_id': None, 'service_project_id': None, 'service_project_domain_id': None, 'service_roles': []} {{(pid=46940) fill_context /opt/stack/keystone/keystone/server/flask/request_processing/middleware/auth_context.py:480}}
Nov 28 20:01:26 user devstack@keystone.service[46940]: DEBUG keystone.server.flask.request_processing.req_logging [None req-4afa2c35-8f95-4b26-8d7b-cb7da8c7e0b2 admin admin] REQUEST_METHOD: `GET` {{(pid=46940) log_request_info /opt/stack/keystone/keystone/server/flask/request_processing/req_logging.py:27}}
Nov 28 20:01:26 user devstack@keystone.service[46940]: DEBUG keystone.server.flask.request_processing.req_logging [None req-4afa2c35-8f95-4b26-8d7b-cb7da8c7e0b2 admin admin] SCRIPT_NAME: `/identity` {{(pid=46940) log_request_info /opt/stack/keystone/keystone/server/flask/request_processing/req_logging.py:28}}
Nov 28 20:01:26 user devstack@keystone.service[46940]: DEBUG keystone.server.flask.request_processing.req_logging [None req-4afa2c35-8f95-4b26-8d7b-cb7da8c7e0b2 admin admin] PATH_INFO: `/v3/groups/e9b8b09d415d4b8ea09a37b44b8d3a71` {{(pid=46940) log_request_info /opt/stack/keystone/keystone/server/flask/request_processing/req_logging.py:29}}
Nov 28 20:01:26 user devstack@keystone.service[46940]: DEBUG keystone.common.rbac_enforcer.enforcer [None req-4afa2c35-8f95-4b26-8d7b-cb7da8c7e0b2 admin admin] RBAC: Authorizing `identity:get_group(group_id=e9b8b09d415d4b8ea09a37b44b8d3a71)` {{(pid=46940) enforce_call /opt/stack/keystone/keystone/common/rbac_enforcer/enforcer.py:449}}
Nov 28 20:01:26 user devstack@keystone.service[46940]: WARNING py.warnings [None req-4afa2c35-8f95-4b26-8d7b-cb7da8c7e0b2 admin admin] /opt/stack/data/venv/lib/python3.10/site-packages/oslo_policy/policy.py:1130: UserWarning: Policy "identity:get_group": "(role:reader and system_scope:all) or (role:reader and domain_id:%(target.group.domain_id)s)" failed scope check. The token used to make the request was project scoped but the policy requires ['system', 'domain'] scope. This behavior may change in the future where using the intended scope is required
Nov 28 20:01:26 user devstack@keystone.service[46940]: warnings.warn(msg)
Nov 28 20:01:26 user devstack@keystone.service[46940]:
Nov 28 20:01:26 user devstack@keystone.service[46940]: DEBUG keystone.common.rbac_enforcer.enforcer [None req-4afa2c35-8f95-4b26-8d7b-cb7da8c7e0b2 admin admin] RBAC: Authorization granted {{(pid=46940) enforce_call /opt/stack/keystone/keystone/common/rbac_enforcer/enforcer.py:457}}
Nov 28 20:01:26 user devstack@keystone.service[46940]: [pid: 46940|app: 0|req: 86/266] 10.0.0.210 () {56 vars in 1196 bytes} [Tue Nov 28 20:01:26 2023] GET /identity/v3/groups/e9b8b09d415d4b8ea09a37b44b8d3a71 => generated 225 bytes in 32 msecs (HTTP/1.1 200) 5 headers in 177 bytes (1 switches on core 0)
Nov 28 20:01:26 user devstack@keystone.service[46941]: DEBUG keystone.server.flask.request_processing.middleware.auth_context [None req-2999779c-404d-4803-b285-ab949bc878e4 admin admin] Authenticating user token {{(pid=46941) process_request /opt/stack/data/venv/lib/python3.10/site-packages/keystonemiddleware/auth_token/__init__.py:406}}
Nov 28 20:01:26 user devstack@keystone.service[46941]: DEBUG keystone.server.flask.request_processing.middleware.auth_context [None req-2999779c-404d-4803-b285-ab949bc878e4 admin admin] Validating token access rules against request {{(pid=46941) validate_allowed_request /opt/stack/data/venv/lib/python3.10/site-packages/keystonemiddleware/auth_token/__init__.py:544}}
Nov 28 20:01:26 user devstack@keystone.service[46941]: DEBUG keystone.server.flask.request_processing.middleware.auth_context [None req-f2e74809-5bb2-40d3-8116-471a83997a6b admin admin] RBAC: auth_context: {'token': , 'domain_id': None, 'trust_id': None, 'trustor_id': None, 'trustee_id': None, 'domain_name': None, 'group_ids': [], 'user_id': '8183ba81649d440790086864e1a209fa', 'user_domain_id': 'default', 'system_scope': None, 'project_id': 'a3f68630a9a04ebebd5c4eab29a79ef0', 'project_domain_id': 'default', 'roles': ['member', 'manager', 'reader', 'admin'], 'is_admin_project': True, 'service_user_id': None, 'service_user_domain_id': None, 'service_project_id': None, 'service_project_domain_id': None, 'service_roles': []} {{(pid=46941) fill_context /opt/stack/keystone/keystone/server/flask/request_processing/middleware/auth_context.py:480}}
Nov 28 20:01:26 user devstack@keystone.service[46941]: DEBUG keystone.server.flask.request_processing.req_logging [None req-f2e74809-5bb2-40d3-8116-471a83997a6b admin admin] REQUEST_METHOD: `GET` {{(pid=46941) log_request_info /opt/stack/keystone/keystone/server/flask/request_processing/req_logging.py:27}}
Nov 28 20:01:26 user devstack@keystone.service[46941]: DEBUG keystone.server.flask.request_processing.req_logging [None req-f2e74809-5bb2-40d3-8116-471a83997a6b admin admin] SCRIPT_NAME: `/identity` {{(pid=46941) log_request_info /opt/stack/keystone/keystone/server/flask/request_processing/req_logging.py:28}}
Nov 28 20:01:26 user devstack@keystone.service[46941]: DEBUG keystone.server.flask.request_processing.req_logging [None req-f2e74809-5bb2-40d3-8116-471a83997a6b admin admin] PATH_INFO: `/v3/projects/e70833d993f54c018b93ff50f9f2cfc4` {{(pid=46941) log_request_info /opt/stack/keystone/keystone/server/flask/request_processing/req_logging.py:29}}
Nov 28 20:01:26 user devstack@keystone.service[46941]: DEBUG keystone.common.rbac_enforcer.enforcer [None req-f2e74809-5bb2-40d3-8116-471a83997a6b admin admin] RBAC: Authorizing `identity:get_project(project_id=e70833d993f54c018b93ff50f9f2cfc4)` {{(pid=46941) enforce_call /opt/stack/keystone/keystone/common/rbac_enforcer/enforcer.py:449}}
Nov 28 20:01:26 user devstack@keystone.service[46939]: DEBUG keystone.server.flask.request_processing.req_logging [None req-831f49af-8762-4981-99dd-41e5fa038ea6 None None] REQUEST_METHOD: `GET` {{(pid=46939) log_request_info /opt/stack/keystone/keystone/server/flask/request_processing/req_logging.py:27}}
Nov 28 20:01:26 user devstack@keystone.service[46941]: DEBUG keystone.common.rbac_enforcer.enforcer [None req-f2e74809-5bb2-40d3-8116-471a83997a6b admin admin] RBAC: Authorization granted {{(pid=46941) enforce_call /opt/stack/keystone/keystone/common/rbac_enforcer/enforcer.py:457}}
Nov 28 20:01:26 user devstack@keystone.service[46939]: DEBUG keystone.server.flask.request_processing.req_logging [None req-831f49af-8762-4981-99dd-41e5fa038ea6 None None] SCRIPT_NAME: `/identity` {{(pid=46939) log_request_info /opt/stack/keystone/keystone/server/flask/request_processing/req_logging.py:28}}
Nov 28 20:01:26 user devstack@keystone.service[46939]: DEBUG keystone.server.flask.request_processing.req_logging [None req-831f49af-8762-4981-99dd-41e5fa038ea6 None None] PATH_INFO: `/` {{(pid=46939) log_request_info /opt/stack/keystone/keystone/server/flask/request_processing/req_logging.py:29}}
Nov 28 20:01:26 user devstack@keystone.service[46941]: [pid: 46941|app: 0|req: 90/267] 10.0.0.210 () {56 vars in 1202 bytes} [Tue Nov 28 20:01:26 2023] GET /identity/v3/projects/e70833d993f54c018b93ff50f9f2cfc4 => generated 297 bytes in 20 msecs (HTTP/1.1 200) 5 headers in 177 bytes (1 switches on core 0)
Nov 28 20:01:26 user devstack@keystone.service[46939]: [pid: 46939|app: 0|req: 92/268] 10.0.0.210 () {54 vars in 921 bytes} [Tue Nov 28 20:01:26 2023] GET /identity => generated 269 bytes in 4 msecs (HTTP/1.1 300) 6 headers in 233 bytes (1 switches on core 0)
Nov 28 20:01:26 user devstack@keystone.service[46941]: DEBUG keystone.server.flask.request_processing.middleware.auth_context [None req-f2e74809-5bb2-40d3-8116-471a83997a6b admin admin] Authenticating user token {{(pid=46941) process_request /opt/stack/data/venv/lib/python3.10/site-packages/keystonemiddleware/auth_token/__init__.py:406}}
Nov 28 20:01:26 user devstack@keystone.service[46940]: DEBUG keystone.server.flask.request_processing.req_logging [None req-3faa9d18-406b-4693-9f1e-4e26b068a473 None None] REQUEST_METHOD: `POST` {{(pid=46940) log_request_info /opt/stack/keystone/keystone/server/flask/request_processing/req_logging.py:27}}
Nov 28 20:01:26 user devstack@keystone.service[46940]: DEBUG keystone.server.flask.request_processing.req_logging [None req-3faa9d18-406b-4693-9f1e-4e26b068a473 None None] SCRIPT_NAME: `/identity` {{(pid=46940) log_request_info /opt/stack/keystone/keystone/server/flask/request_processing/req_logging.py:28}}
Nov 28 20:01:26 user devstack@keystone.service[46940]: DEBUG keystone.server.flask.request_processing.req_logging [None req-3faa9d18-406b-4693-9f1e-4e26b068a473 None None] PATH_INFO: `/v3/auth/tokens` {{(pid=46940) log_request_info /opt/stack/keystone/keystone/server/flask/request_processing/req_logging.py:29}}
Nov 28 20:01:26 user devstack@keystone.service[46939]: DEBUG keystone.server.flask.request_processing.middleware.auth_context [None req-831f49af-8762-4981-99dd-41e5fa038ea6 None None] Authenticating user token {{(pid=46939) process_request /opt/stack/data/venv/lib/python3.10/site-packages/keystonemiddleware/auth_token/__init__.py:406}}
Nov 28 20:01:26 user devstack@keystone.service[46941]: DEBUG keystone.server.flask.request_processing.middleware.auth_context [None req-f2e74809-5bb2-40d3-8116-471a83997a6b admin admin] Validating token access rules against request {{(pid=46941) validate_allowed_request /opt/stack/data/venv/lib/python3.10/site-packages/keystonemiddleware/auth_token/__init__.py:544}}
Nov 28 20:01:26 user devstack@keystone.service[46941]: DEBUG keystone.server.flask.request_processing.middleware.auth_context [None req-bd734318-c729-4a0a-9144-64ef623ce3a2 admin admin] RBAC: auth_context: {'token': , 'domain_id': None, 'trust_id': None, 'trustor_id': None, 'trustee_id': None, 'domain_name': None, 'group_ids': [], 'user_id': '8183ba81649d440790086864e1a209fa', 'user_domain_id': 'default', 'system_scope': None, 'project_id': 'a3f68630a9a04ebebd5c4eab29a79ef0', 'project_domain_id': 'default', 'roles': ['member', 'manager', 'reader', 'admin'], 'is_admin_project': True, 'service_user_id': None, 'service_user_domain_id': None, 'service_project_id': None, 'service_project_domain_id': None, 'service_roles': []} {{(pid=46941) fill_context /opt/stack/keystone/keystone/server/flask/request_processing/middleware/auth_context.py:480}}
Nov 28 20:01:26 user devstack@keystone.service[46941]: DEBUG keystone.server.flask.request_processing.req_logging [None req-bd734318-c729-4a0a-9144-64ef623ce3a2 admin admin] REQUEST_METHOD: `PUT` {{(pid=46941) log_request_info /opt/stack/keystone/keystone/server/flask/request_processing/req_logging.py:27}}
Nov 28 20:01:26 user devstack@keystone.service[46941]: DEBUG keystone.server.flask.request_processing.req_logging [None req-bd734318-c729-4a0a-9144-64ef623ce3a2 admin admin] SCRIPT_NAME: `/identity` {{(pid=46941) log_request_info /opt/stack/keystone/keystone/server/flask/request_processing/req_logging.py:28}}
Nov 28 20:01:26 user devstack@keystone.service[46941]: DEBUG keystone.server.flask.request_processing.req_logging [None req-bd734318-c729-4a0a-9144-64ef623ce3a2 admin admin] PATH_INFO: `/v3/projects/e70833d993f54c018b93ff50f9f2cfc4/groups/e9b8b09d415d4b8ea09a37b44b8d3a71/roles/acf455be4f724b9ca85ae3f1690ce8b7` {{(pid=46941) log_request_info /opt/stack/keystone/keystone/server/flask/request_processing/req_logging.py:29}}
Nov 28 20:01:26 user devstack@keystone.service[46941]: DEBUG keystone.common.rbac_enforcer.enforcer [None req-bd734318-c729-4a0a-9144-64ef623ce3a2 admin admin] RBAC: Authorizing `identity:create_grant(project_id=e70833d993f54c018b93ff50f9f2cfc4, group_id=e9b8b09d415d4b8ea09a37b44b8d3a71, role_id=acf455be4f724b9ca85ae3f1690ce8b7)` {{(pid=46941) enforce_call /opt/stack/keystone/keystone/common/rbac_enforcer/enforcer.py:449}}
Nov 28 20:01:26 user devstack@keystone.service[46941]: WARNING py.warnings [None req-bd734318-c729-4a0a-9144-64ef623ce3a2 admin admin] /opt/stack/data/venv/lib/python3.10/site-packages/oslo_policy/policy.py:1130: UserWarning: Policy "identity:create_grant": "(role:admin and system_scope:all) or ((role:admin and domain_id:%(target.user.domain_id)s and domain_id:%(target.project.domain_id)s) or (role:admin and domain_id:%(target.user.domain_id)s and domain_id:%(target.domain.id)s) or (role:admin and domain_id:%(target.group.domain_id)s and domain_id:%(target.project.domain_id)s) or (role:admin and domain_id:%(target.group.domain_id)s and domain_id:%(target.domain.id)s)) and (domain_id:%(target.role.domain_id)s or None:%(target.role.domain_id)s)" failed scope check. The token used to make the request was project scoped but the policy requires ['system', 'domain'] scope. This behavior may change in the future where using the intended scope is required
Nov 28 20:01:26 user devstack@keystone.service[46941]: warnings.warn(msg)
Nov 28 20:01:26 user devstack@keystone.service[46941]:
Nov 28 20:01:26 user devstack@keystone.service[46940]: WARNING keystone.common.password_hashing [None req-3faa9d18-406b-4693-9f1e-4e26b068a473 None None] Truncating password to algorithm specific maximum length 72 characters.
Nov 28 20:01:26 user devstack@keystone.service[46941]: DEBUG keystone.common.rbac_enforcer.enforcer [None req-bd734318-c729-4a0a-9144-64ef623ce3a2 admin admin] RBAC: Authorization granted {{(pid=46941) enforce_call /opt/stack/keystone/keystone/common/rbac_enforcer/enforcer.py:457}}
Nov 28 20:01:26 user devstack@keystone.service[46940]: DEBUG keystone.auth.core [None req-3faa9d18-406b-4693-9f1e-4e26b068a473 None None] MFA Rules not processed for user `8183ba81649d440790086864e1a209fa`. Rule list: `[]` (Enabled: `True`). {{(pid=46940) check_auth_methods_against_rules /opt/stack/keystone/keystone/auth/core.py:438}}
Nov 28 20:01:26 user devstack@keystone.service[46939]: DEBUG keystone.server.flask.request_processing.middleware.auth_context [None req-831f49af-8762-4981-99dd-41e5fa038ea6 None None] Validating token access rules against request {{(pid=46939) validate_allowed_request /opt/stack/data/venv/lib/python3.10/site-packages/keystonemiddleware/auth_token/__init__.py:544}}
Nov 28 20:01:26 user devstack@keystone.service[46940]: DEBUG keystone.common.fernet_utils [None req-3faa9d18-406b-4693-9f1e-4e26b068a473 None None] Loaded 2 Fernet keys from /etc/keystone/fernet-keys/, but `[fernet_tokens] max_active_keys = 3`; perhaps there have not been enough key rotations to reach `max_active_keys` yet? {{(pid=46940) load_keys /opt/stack/keystone/keystone/common/fernet_utils.py:286}}
Nov 28 20:01:26 user devstack@keystone.service[46939]: DEBUG keystone.server.flask.request_processing.middleware.auth_context [None req-3b9ac6c0-ff35-4dcd-8860-cccc935ab2c1 admin admin] RBAC: auth_context: {'token': , 'domain_id': None, 'trust_id': None, 'trustor_id': None, 'trustee_id': None, 'domain_name': None, 'group_ids': [], 'user_id': '8183ba81649d440790086864e1a209fa', 'user_domain_id': 'default', 'system_scope': None, 'project_id': 'a3f68630a9a04ebebd5c4eab29a79ef0', 'project_domain_id': 'default', 'roles': ['member', 'manager', 'reader', 'admin'], 'is_admin_project': True, 'service_user_id': None, 'service_user_domain_id': None, 'service_project_id': None, 'service_project_domain_id': None, 'service_roles': []} {{(pid=46939) fill_context /opt/stack/keystone/keystone/server/flask/request_processing/middleware/auth_context.py:480}}
Nov 28 20:01:26 user devstack@keystone.service[46941]: [pid: 46941|app: 0|req: 91/269] 10.0.0.210 () {58 vars in 1458 bytes} [Tue Nov 28 20:01:26 2023] PUT /identity/v3/projects/e70833d993f54c018b93ff50f9f2cfc4/groups/e9b8b09d415d4b8ea09a37b44b8d3a71/roles/acf455be4f724b9ca85ae3f1690ce8b7 => generated 0 bytes in 33 msecs (HTTP/1.1 204) 3 headers in 132 bytes (0 switches on core 0)
Nov 28 20:01:26 user devstack@keystone.service[46939]: DEBUG keystone.server.flask.request_processing.req_logging [None req-3b9ac6c0-ff35-4dcd-8860-cccc935ab2c1 admin admin] REQUEST_METHOD: `GET` {{(pid=46939) log_request_info /opt/stack/keystone/keystone/server/flask/request_processing/req_logging.py:27}}
Nov 28 20:01:26 user devstack@keystone.service[46939]: DEBUG keystone.server.flask.request_processing.req_logging [None req-3b9ac6c0-ff35-4dcd-8860-cccc935ab2c1 admin admin] SCRIPT_NAME: `/identity` {{(pid=46939) log_request_info /opt/stack/keystone/keystone/server/flask/request_processing/req_logging.py:28}}
Nov 28 20:01:26 user devstack@keystone.service[46939]: DEBUG keystone.server.flask.request_processing.req_logging [None req-3b9ac6c0-ff35-4dcd-8860-cccc935ab2c1 admin admin] PATH_INFO: `/v3/roles/anotherrole` {{(pid=46939) log_request_info /opt/stack/keystone/keystone/server/flask/request_processing/req_logging.py:29}}
Nov 28 20:01:26 user devstack@keystone.service[46939]: DEBUG keystone.common.rbac_enforcer.enforcer [None req-3b9ac6c0-ff35-4dcd-8860-cccc935ab2c1 admin admin] Extracting inferred target data resulted in "NOT FOUND (404)". {{(pid=46939) enforce_call /opt/stack/keystone/keystone/common/rbac_enforcer/enforcer.py:409}}
Nov 28 20:01:26 user devstack@keystone.service[46939]: ERROR keystone.server.flask.application [None req-3b9ac6c0-ff35-4dcd-8860-cccc935ab2c1 admin admin] Could not find role: anotherrole.: keystone.exception.RoleNotFound: Could not find role: anotherrole.
Nov 28 20:01:26 user devstack@keystone.service[46939]: ERROR keystone.server.flask.application
Traceback (most recent call last):
Nov 28 20:01:26 user devstack@keystone.service[46939]: ERROR keystone.server.flask.application
File "/opt/stack/data/venv/lib/python3.10/site-packages/flask/app.py", line 1823, in full_dispatch_request
Nov 28 20:01:26 user devstack@keystone.service[46939]: ERROR keystone.server.flask.application rv = self.dispatch_request()
Nov 28 20:01:26 user devstack@keystone.service[46939]: ERROR keystone.server.flask.application
File "/opt/stack/data/venv/lib/python3.10/site-packages/flask/app.py", line 1799, in dispatch_request
Nov 28 20:01:26 user devstack@keystone.service[46939]: ERROR keystone.server.flask.application return self.ensure_sync(self.view_functions[rule.endpoint])(**view_args)
Nov 28 20:01:26 user devstack@keystone.service[46939]: ERROR keystone.server.flask.application
File "/opt/stack/data/venv/lib/python3.10/site-packages/flask_restful/__init__.py", line 489, in wrapper
Nov 28 20:01:26 user devstack@keystone.service[46939]: ERROR keystone.server.flask.application resp = resource(*args, **kwargs)
Nov 28 20:01:26 user devstack@keystone.service[46939]: ERROR keystone.server.flask.application
File "/opt/stack/data/venv/lib/python3.10/site-packages/flask/views.py", line 107, in view
Nov 28 20:01:26 user devstack@keystone.service[46939]: ERROR keystone.server.flask.application return current_app.ensure_sync(self.dispatch_request)(**kwargs)
Nov 28 20:01:26 user devstack@keystone.service[46939]: ERROR keystone.server.flask.application
File "/opt/stack/data/venv/lib/python3.10/site-packages/flask_restful/__init__.py", line 604, in dispatch_request
Nov 28 20:01:26 user devstack@keystone.service[46939]: ERROR keystone.server.flask.application resp = meth(*args, **kwargs)
Nov 28 20:01:26 user devstack@keystone.service[46939]: ERROR keystone.server.flask.application
File "/opt/stack/keystone/keystone/api/roles.py", line 50, in get
Nov 28 20:01:26 user devstack@keystone.service[46939]: ERROR keystone.server.flask.application return self._get_role(role_id)
Nov 28 20:01:26 user devstack@keystone.service[46939]: ERROR keystone.server.flask.application
File "/opt/stack/keystone/keystone/api/roles.py", line 70, in _get_role
Nov 28 20:01:26 user devstack@keystone.service[46939]: ERROR keystone.server.flask.application ENFORCER.enforce_call(action='identity:get_role')
Nov 28 20:01:26 user devstack@keystone.service[46939]: ERROR keystone.server.flask.application
File "/opt/stack/keystone/keystone/common/rbac_enforcer/enforcer.py", line 402, in enforce_call
Nov 28 20:01:26 user devstack@keystone.service[46939]: ERROR keystone.server.flask.application policy_dict.update(cls._extract_member_target_data(
Nov 28 20:01:26 user devstack@keystone.service[46939]: ERROR keystone.server.flask.application
File "/opt/stack/keystone/keystone/common/rbac_enforcer/enforcer.py", line 234, in _extract_member_target_data
Nov 28 20:01:26 user devstack@keystone.service[46939]: ERROR keystone.server.flask.application member_name: func(flask.request.view_args[key])
Nov 28 20:01:26 user devstack@keystone.service[46939]: ERROR keystone.server.flask.application
File "/opt/stack/keystone/keystone/common/manager.py", line 115, in wrapped
Nov 28 20:01:26 user devstack@keystone.service[46939]: ERROR keystone.server.flask.application __ret_val = __f(*args, **kwargs)
Nov 28 20:01:26 user devstack@keystone.service[46939]: ERROR keystone.server.flask.application
File "/opt/stack/data/venv/lib/python3.10/site-packages/decorator.py", line 232, in fun
Nov 28 20:01:26 user devstack@keystone.service[46939]: ERROR keystone.server.flask.application return caller(func, *(extras + args), **kw)
Nov 28 20:01:26 user devstack@keystone.service[46939]: ERROR keystone.server.flask.application
File "/opt/stack/data/venv/lib/python3.10/site-packages/dogpile/cache/region.py", line 1594, in get_or_create_for_user_func
Nov 28 20:01:26 user devstack@keystone.service[46939]: ERROR keystone.server.flask.application return self.get_or_create(
Nov 28 20:01:26 user devstack@keystone.service[46939]: ERROR keystone.server.flask.application
File "/opt/stack/data/venv/lib/python3.10/site-packages/dogpile/cache/region.py", line 1054, in get_or_create
Nov 28 20:01:26 user devstack@keystone.service[46939]: ERROR keystone.server.flask.application with Lock(
Nov 28 20:01:26 user devstack@keystone.service[46939]: ERROR keystone.server.flask.application
File "/opt/stack/data/venv/lib/python3.10/site-packages/dogpile/lock.py", line 185, in __enter__
Nov 28 20:01:26 user devstack@keystone.service[46939]: ERROR keystone.server.flask.application return self._enter()
Nov 28 20:01:26 user devstack@keystone.service[46939]: ERROR keystone.server.flask.application
File "/opt/stack/data/venv/lib/python3.10/site-packages/dogpile/lock.py", line 94, in _enter
Nov 28 20:01:26 user devstack@keystone.service[46939]: ERROR keystone.server.flask.application generated = self._enter_create(value, createdtime)
Nov 28 20:01:26 user devstack@keystone.service[46939]: ERROR keystone.server.flask.application
File "/opt/stack/data/venv/lib/python3.10/site-packages/dogpile/lock.py", line 178, in _enter_create
Nov 28 20:01:26 user devstack@keystone.service[46939]: ERROR keystone.server.flask.application return self.creator()
Nov 28 20:01:26 user devstack@keystone.service[46939]: ERROR keystone.server.flask.application
File "/opt/stack/data/venv/lib/python3.10/site-packages/dogpile/cache/region.py", line 1007, in gen_value
Nov 28 20:01:26 user devstack@keystone.service[46939]: ERROR keystone.server.flask.application created_value = creator(
Nov 28 20:01:26 user devstack@keystone.service[46939]: ERROR keystone.server.flask.application
File "/opt/stack/keystone/keystone/assignment/core.py", line 1276, in get_role
Nov 28 20:01:26 user devstack@keystone.service[46939]: ERROR keystone.server.flask.application return self.driver.get_role(role_id)
Nov 28 20:01:26 user devstack@keystone.service[46939]: ERROR keystone.server.flask.application
File "/opt/stack/keystone/keystone/assignment/role_backends/sql.py", line 70, in get_role
Nov 28 20:01:26 user devstack@keystone.service[46939]: ERROR keystone.server.flask.application return self._get_role(session, role_id).to_dict()
Nov 28 20:01:26 user devstack@keystone.service[46939]: ERROR keystone.server.flask.application
File "/opt/stack/keystone/keystone/assignment/role_backends/sql.py", line 65, in _get_role
Nov 28 20:01:26 user devstack@keystone.service[46939]: ERROR keystone.server.flask.application raise exception.RoleNotFound(role_id=role_id)
Nov 28 20:01:26 user devstack@keystone.service[46939]: ERROR keystone.server.flask.application keystone.exception.RoleNotFound: Could not find role: anotherrole.
Nov 28 20:01:26 user devstack@keystone.service[46939]: ERROR keystone.server.flask.application
Nov 28 20:01:26 user devstack@keystone.service[46939]: [pid: 46939|app: 0|req: 93/270] 10.0.0.210 () {56 vars in 1130 bytes} [Tue Nov 28 20:01:26 2023] GET /identity/v3/roles/anotherrole => generated 89 bytes in 41 msecs (HTTP/1.1 404) 5 headers in 183 bytes (1 switches on core 0)
Nov 28 20:01:26 user devstack@keystone.service[46941]: DEBUG keystone.server.flask.request_processing.middleware.auth_context [None req-bd734318-c729-4a0a-9144-64ef623ce3a2 admin admin] Authenticating user token {{(pid=46941) process_request /opt/stack/data/venv/lib/python3.10/site-packages/keystonemiddleware/auth_token/__init__.py:406}}
Nov 28 20:01:26 user devstack@keystone.service[46940]: [pid: 46940|app: 0|req: 87/271] 10.0.0.210 () {58 vars in 1018 bytes} [Tue Nov 28 20:01:26 2023] POST /identity/v3/auth/tokens => generated 976 bytes in 91 msecs (HTTP/1.1 201) 6 headers in 384 bytes (1 switches on core 0)
Nov 28 20:01:27 user devstack@keystone.service[46941]: DEBUG keystone.server.flask.request_processing.middleware.auth_context [None req-bd734318-c729-4a0a-9144-64ef623ce3a2 admin admin] Validating token access rules against request {{(pid=46941) validate_allowed_request /opt/stack/data/venv/lib/python3.10/site-packages/keystonemiddleware/auth_token/__init__.py:544}}
Nov 28 20:01:27 user devstack@keystone.service[46941]: DEBUG keystone.server.flask.request_processing.middleware.auth_context [None req-7e1e7e5c-b188-4c61-a903-39147225279a admin admin] RBAC: auth_context: {'token': , 'domain_id': None, 'trust_id': None, 'trustor_id': None, 'trustee_id': None, 'domain_name': None, 'group_ids': [], 'user_id': '8183ba81649d440790086864e1a209fa', 'user_domain_id': 'default', 'system_scope': None, 'project_id': 'a3f68630a9a04ebebd5c4eab29a79ef0', 'project_domain_id': 'default', 'roles': ['member', 'manager', 'reader', 'admin'], 'is_admin_project': True, 'service_user_id': None, 'service_user_domain_id': None, 'service_project_id': None, 'service_project_domain_id': None, 'service_roles': []} {{(pid=46941) fill_context /opt/stack/keystone/keystone/server/flask/request_processing/middleware/auth_context.py:480}}
Nov 28 20:01:27 user devstack@keystone.service[46941]: DEBUG keystone.server.flask.request_processing.req_logging [None req-7e1e7e5c-b188-4c61-a903-39147225279a admin admin] REQUEST_METHOD: `GET` {{(pid=46941) log_request_info /opt/stack/keystone/keystone/server/flask/request_processing/req_logging.py:27}}
Nov 28 20:01:27 user devstack@keystone.service[46941]: DEBUG keystone.server.flask.request_processing.req_logging [None req-7e1e7e5c-b188-4c61-a903-39147225279a admin admin] SCRIPT_NAME: `/identity` {{(pid=46941) log_request_info /opt/stack/keystone/keystone/server/flask/request_processing/req_logging.py:28}}
Nov 28 20:01:27 user devstack@keystone.service[46941]: DEBUG keystone.server.flask.request_processing.req_logging [None req-7e1e7e5c-b188-4c61-a903-39147225279a admin admin] PATH_INFO: `/v3/roles` {{(pid=46941) log_request_info /opt/stack/keystone/keystone/server/flask/request_processing/req_logging.py:29}}
Nov 28 20:01:27 user devstack@keystone.service[46941]: DEBUG keystone.common.rbac_enforcer.enforcer [None req-7e1e7e5c-b188-4c61-a903-39147225279a admin admin] RBAC: Adding query filter params (name=anotherrole) {{(pid=46941) _extract_filter_values /opt/stack/keystone/keystone/common/rbac_enforcer/enforcer.py:167}}
Nov 28 20:01:27 user devstack@keystone.service[46941]: DEBUG keystone.common.rbac_enforcer.enforcer [None req-7e1e7e5c-b188-4c61-a903-39147225279a admin admin] RBAC: Authorizing `identity:list_roles()` {{(pid=46941) enforce_call /opt/stack/keystone/keystone/common/rbac_enforcer/enforcer.py:449}}
Nov 28 20:01:27 user devstack@keystone.service[46941]: DEBUG keystone.common.rbac_enforcer.enforcer [None req-7e1e7e5c-b188-4c61-a903-39147225279a admin admin] RBAC: Authorization granted {{(pid=46941) enforce_call /opt/stack/keystone/keystone/common/rbac_enforcer/enforcer.py:457}}
Nov 28 20:01:27 user devstack@keystone.service[46941]: [pid: 46941|app: 0|req: 92/272] 10.0.0.210 () {56 vars in 1127 bytes} [Tue Nov 28 20:01:26 2023] GET /identity/v3/roles?name=anotherrole => generated 332 bytes in 75 msecs (HTTP/1.1 200) 5 headers in 177 bytes (1 switches on core 0)
Nov 28 20:01:27 user devstack@keystone.service[46939]: DEBUG keystone.server.flask.request_processing.middleware.auth_context [None req-3b9ac6c0-ff35-4dcd-8860-cccc935ab2c1 admin admin] Authenticating user token {{(pid=46939) process_request /opt/stack/data/venv/lib/python3.10/site-packages/keystonemiddleware/auth_token/__init__.py:406}}
Nov 28 20:01:27 user devstack@keystone.service[46939]: DEBUG keystone.server.flask.request_processing.middleware.auth_context [None req-3b9ac6c0-ff35-4dcd-8860-cccc935ab2c1 admin admin] Validating token access rules against request {{(pid=46939) validate_allowed_request /opt/stack/data/venv/lib/python3.10/site-packages/keystonemiddleware/auth_token/__init__.py:544}}
Nov 28 20:01:27 user devstack@keystone.service[46939]: DEBUG keystone.server.flask.request_processing.middleware.auth_context [None req-43d536a9-955e-4d22-b260-f0fbf1a58152 admin admin] RBAC: auth_context: {'token': , 'domain_id': None, 'trust_id': None, 'trustor_id': None, 'trustee_id': None, 'domain_name': None, 'group_ids': [], 'user_id': '8183ba81649d440790086864e1a209fa', 'user_domain_id': 'default', 'system_scope': None, 'project_id': 'a3f68630a9a04ebebd5c4eab29a79ef0', 'project_domain_id': 'default', 'roles': ['member', 'manager', 'reader', 'admin'], 'is_admin_project': True, 'service_user_id': None, 'service_user_domain_id': None, 'service_project_id': None, 'service_project_domain_id': None, 'service_roles': []} {{(pid=46939) fill_context /opt/stack/keystone/keystone/server/flask/request_processing/middleware/auth_context.py:480}}
Nov 28 20:01:27 user devstack@keystone.service[46939]: DEBUG keystone.server.flask.request_processing.req_logging [None req-43d536a9-955e-4d22-b260-f0fbf1a58152 admin admin] REQUEST_METHOD: `GET` {{(pid=46939) log_request_info /opt/stack/keystone/keystone/server/flask/request_processing/req_logging.py:27}}
Nov 28 20:01:27 user devstack@keystone.service[46939]: DEBUG keystone.server.flask.request_processing.req_logging [None req-43d536a9-955e-4d22-b260-f0fbf1a58152 admin admin] SCRIPT_NAME: `/identity` {{(pid=46939) log_request_info /opt/stack/keystone/keystone/server/flask/request_processing/req_logging.py:28}}
Nov 28 20:01:27 user devstack@keystone.service[46939]: DEBUG keystone.server.flask.request_processing.req_logging [None req-43d536a9-955e-4d22-b260-f0fbf1a58152 admin admin] PATH_INFO: `/v3/groups/e9b8b09d415d4b8ea09a37b44b8d3a71` {{(pid=46939) log_request_info /opt/stack/keystone/keystone/server/flask/request_processing/req_logging.py:29}}
Nov 28 20:01:27 user devstack@keystone.service[46939]: DEBUG keystone.common.rbac_enforcer.enforcer [None req-43d536a9-955e-4d22-b260-f0fbf1a58152 admin admin] RBAC: Authorizing `identity:get_group(group_id=e9b8b09d415d4b8ea09a37b44b8d3a71)` {{(pid=46939) enforce_call /opt/stack/keystone/keystone/common/rbac_enforcer/enforcer.py:449}}
Nov 28 20:01:27 user devstack@keystone.service[46939]: WARNING py.warnings [None req-43d536a9-955e-4d22-b260-f0fbf1a58152 admin admin] /opt/stack/data/venv/lib/python3.10/site-packages/oslo_policy/policy.py:1130: UserWarning: Policy "identity:get_group": "(role:reader and system_scope:all) or (role:reader and domain_id:%(target.group.domain_id)s)" failed scope check. The token used to make the request was project scoped but the policy requires ['system', 'domain'] scope. This behavior may change in the future where using the intended scope is required
Nov 28 20:01:27 user devstack@keystone.service[46939]: warnings.warn(msg)
Nov 28 20:01:27 user devstack@keystone.service[46939]:
Nov 28 20:01:27 user devstack@keystone.service[46939]: DEBUG keystone.common.rbac_enforcer.enforcer [None req-43d536a9-955e-4d22-b260-f0fbf1a58152 admin admin] RBAC: Authorization granted {{(pid=46939) enforce_call /opt/stack/keystone/keystone/common/rbac_enforcer/enforcer.py:457}}
Nov 28 20:01:27 user devstack@keystone.service[46939]: [pid: 46939|app: 0|req: 94/273] 10.0.0.210 () {56 vars in 1196 bytes} [Tue Nov 28 20:01:27 2023] GET /identity/v3/groups/e9b8b09d415d4b8ea09a37b44b8d3a71 => generated 225 bytes in 24 msecs (HTTP/1.1 200) 5 headers in 177 bytes (1 switches on core 0)
Nov 28 20:01:27 user devstack@keystone.service[46940]: DEBUG keystone.server.flask.request_processing.middleware.auth_context [None req-3faa9d18-406b-4693-9f1e-4e26b068a473 None None] Authenticating user token {{(pid=46940) process_request /opt/stack/data/venv/lib/python3.10/site-packages/keystonemiddleware/auth_token/__init__.py:406}}
Nov 28 20:01:27 user devstack@keystone.service[46941]: DEBUG keystone.server.flask.request_processing.middleware.auth_context [None req-7e1e7e5c-b188-4c61-a903-39147225279a admin admin] Authenticating user token {{(pid=46941) process_request /opt/stack/data/venv/lib/python3.10/site-packages/keystonemiddleware/auth_token/__init__.py:406}}
Nov 28 20:01:27 user devstack@keystone.service[46940]: DEBUG keystone.server.flask.request_processing.middleware.auth_context [None req-3faa9d18-406b-4693-9f1e-4e26b068a473 None None] Validating token access rules against request {{(pid=46940) validate_allowed_request /opt/stack/data/venv/lib/python3.10/site-packages/keystonemiddleware/auth_token/__init__.py:544}}
Nov 28 20:01:27 user devstack@keystone.service[46940]: DEBUG keystone.server.flask.request_processing.middleware.auth_context [None req-bb0565d6-977b-4052-bfd4-90f8d9e14e24 admin admin] RBAC: auth_context: {'token': , 'domain_id': None, 'trust_id': None, 'trustor_id': None, 'trustee_id': None, 'domain_name': None, 'group_ids': [], 'user_id': '8183ba81649d440790086864e1a209fa', 'user_domain_id': 'default', 'system_scope': None, 'project_id': 'a3f68630a9a04ebebd5c4eab29a79ef0', 'project_domain_id': 'default', 'roles': ['member', 'manager', 'reader', 'admin'], 'is_admin_project': True, 'service_user_id': None, 'service_user_domain_id': None, 'service_project_id': None, 'service_project_domain_id': None, 'service_roles': []} {{(pid=46940) fill_context /opt/stack/keystone/keystone/server/flask/request_processing/middleware/auth_context.py:480}}
Nov 28 20:01:27 user devstack@keystone.service[46940]: DEBUG keystone.server.flask.request_processing.req_logging [None req-bb0565d6-977b-4052-bfd4-90f8d9e14e24 admin admin] REQUEST_METHOD: `GET` {{(pid=46940) log_request_info /opt/stack/keystone/keystone/server/flask/request_processing/req_logging.py:27}}
Nov 28 20:01:27 user devstack@keystone.service[46940]: DEBUG keystone.server.flask.request_processing.req_logging [None req-bb0565d6-977b-4052-bfd4-90f8d9e14e24 admin admin] SCRIPT_NAME: `/identity` {{(pid=46940) log_request_info /opt/stack/keystone/keystone/server/flask/request_processing/req_logging.py:28}}
Nov 28 20:01:27 user devstack@keystone.service[46940]: DEBUG keystone.server.flask.request_processing.req_logging [None req-bb0565d6-977b-4052-bfd4-90f8d9e14e24 admin admin] PATH_INFO: `/v3/projects/e70833d993f54c018b93ff50f9f2cfc4` {{(pid=46940) log_request_info /opt/stack/keystone/keystone/server/flask/request_processing/req_logging.py:29}}
Nov 28 20:01:27 user devstack@keystone.service[46940]: DEBUG keystone.common.rbac_enforcer.enforcer [None req-bb0565d6-977b-4052-bfd4-90f8d9e14e24 admin admin] RBAC: Authorizing `identity:get_project(project_id=e70833d993f54c018b93ff50f9f2cfc4)` {{(pid=46940) enforce_call /opt/stack/keystone/keystone/common/rbac_enforcer/enforcer.py:449}}
Nov 28 20:01:27 user devstack@keystone.service[46941]: DEBUG keystone.server.flask.request_processing.middleware.auth_context [None req-7e1e7e5c-b188-4c61-a903-39147225279a admin admin] Validating token access rules against request {{(pid=46941) validate_allowed_request /opt/stack/data/venv/lib/python3.10/site-packages/keystonemiddleware/auth_token/__init__.py:544}}
Nov 28 20:01:27 user devstack@keystone.service[46940]: DEBUG keystone.common.rbac_enforcer.enforcer [None req-bb0565d6-977b-4052-bfd4-90f8d9e14e24 admin admin] RBAC: Authorization granted {{(pid=46940) enforce_call /opt/stack/keystone/keystone/common/rbac_enforcer/enforcer.py:457}}
Nov 28 20:01:27 user devstack@keystone.service[46940]: [pid: 46940|app: 0|req: 88/274] 10.0.0.210 () {56 vars in 1202 bytes} [Tue Nov 28 20:01:27 2023] GET /identity/v3/projects/e70833d993f54c018b93ff50f9f2cfc4 => generated 297 bytes in 22 msecs (HTTP/1.1 200) 5 headers in 177 bytes (1 switches on core 0)
Nov 28 20:01:27 user devstack@keystone.service[46941]: DEBUG keystone.server.flask.request_processing.middleware.auth_context [None req-a43534e0-1ba4-4fb6-99be-ebf8d1c5d857 admin admin] RBAC: auth_context: {'token': , 'domain_id': None, 'trust_id': None, 'trustor_id': None, 'trustee_id': None, 'domain_name': None, 'group_ids': [], 'user_id': '8183ba81649d440790086864e1a209fa', 'user_domain_id': 'default', 'system_scope': None, 'project_id': 'a3f68630a9a04ebebd5c4eab29a79ef0', 'project_domain_id': 'default', 'roles': ['member', 'manager', 'reader', 'admin'], 'is_admin_project': True, 'service_user_id': None, 'service_user_domain_id': None, 'service_project_id': None, 'service_project_domain_id': None, 'service_roles': []} {{(pid=46941) fill_context /opt/stack/keystone/keystone/server/flask/request_processing/middleware/auth_context.py:480}}
Nov 28 20:01:27 user devstack@keystone.service[46941]: DEBUG keystone.server.flask.request_processing.req_logging [None req-a43534e0-1ba4-4fb6-99be-ebf8d1c5d857 admin admin] REQUEST_METHOD: `GET` {{(pid=46941) log_request_info /opt/stack/keystone/keystone/server/flask/request_processing/req_logging.py:27}}
Nov 28 20:01:27 user devstack@keystone.service[46941]: DEBUG keystone.server.flask.request_processing.req_logging [None req-a43534e0-1ba4-4fb6-99be-ebf8d1c5d857 admin admin] SCRIPT_NAME: `/identity` {{(pid=46941) log_request_info /opt/stack/keystone/keystone/server/flask/request_processing/req_logging.py:28}}
Nov 28 20:01:27 user devstack@keystone.service[46941]: DEBUG keystone.server.flask.request_processing.req_logging [None req-a43534e0-1ba4-4fb6-99be-ebf8d1c5d857 admin admin] PATH_INFO: `/v3/roles/member` {{(pid=46941) log_request_info /opt/stack/keystone/keystone/server/flask/request_processing/req_logging.py:29}}
Nov 28 20:01:27 user devstack@keystone.service[46939]: DEBUG keystone.server.flask.request_processing.middleware.auth_context [None req-43d536a9-955e-4d22-b260-f0fbf1a58152 admin admin] Authenticating user token {{(pid=46939) process_request /opt/stack/data/venv/lib/python3.10/site-packages/keystonemiddleware/auth_token/__init__.py:406}}
Nov 28 20:01:27 user devstack@keystone.service[46939]: DEBUG keystone.server.flask.request_processing.middleware.auth_context [None req-43d536a9-955e-4d22-b260-f0fbf1a58152 admin admin] Validating token access rules against request {{(pid=46939) validate_allowed_request /opt/stack/data/venv/lib/python3.10/site-packages/keystonemiddleware/auth_token/__init__.py:544}}
Nov 28 20:01:27 user devstack@keystone.service[46940]: DEBUG keystone.server.flask.request_processing.req_logging [None req-1223f49a-bbdc-4b0e-9728-ad2e74b45bc4 None None] REQUEST_METHOD: `GET` {{(pid=46940) log_request_info /opt/stack/keystone/keystone/server/flask/request_processing/req_logging.py:27}}
Nov 28 20:01:27 user devstack@keystone.service[46940]: DEBUG keystone.server.flask.request_processing.req_logging [None req-1223f49a-bbdc-4b0e-9728-ad2e74b45bc4 None None] SCRIPT_NAME: `/identity` {{(pid=46940) log_request_info /opt/stack/keystone/keystone/server/flask/request_processing/req_logging.py:28}}
Nov 28 20:01:27 user devstack@keystone.service[46940]: DEBUG keystone.server.flask.request_processing.req_logging [None req-1223f49a-bbdc-4b0e-9728-ad2e74b45bc4 None None] PATH_INFO: `/` {{(pid=46940) log_request_info /opt/stack/keystone/keystone/server/flask/request_processing/req_logging.py:29}}
Nov 28 20:01:27 user devstack@keystone.service[46940]: [pid: 46940|app: 0|req: 89/275] 10.0.0.210 () {54 vars in 921 bytes} [Tue Nov 28 20:01:27 2023] GET /identity => generated 269 bytes in 3 msecs (HTTP/1.1 300) 6 headers in 233 bytes (2 switches on core 0)
Nov 28 20:01:27 user devstack@keystone.service[46941]: DEBUG keystone.common.rbac_enforcer.enforcer [None req-a43534e0-1ba4-4fb6-99be-ebf8d1c5d857 admin admin] Extracting inferred target data resulted in "NOT FOUND (404)". {{(pid=46941) enforce_call /opt/stack/keystone/keystone/common/rbac_enforcer/enforcer.py:409}}
Nov 28 20:01:27 user devstack@keystone.service[46939]: DEBUG keystone.server.flask.request_processing.middleware.auth_context [None req-5a9268c0-9651-4c0e-94ae-a96f1659e12e admin admin] RBAC: auth_context: {'token': , 'domain_id': None, 'trust_id': None, 'trustor_id': None, 'trustee_id': None, 'domain_name': None, 'group_ids': [], 'user_id': '8183ba81649d440790086864e1a209fa', 'user_domain_id': 'default', 'system_scope': None, 'project_id': 'a3f68630a9a04ebebd5c4eab29a79ef0', 'project_domain_id': 'default', 'roles': ['member', 'manager', 'reader', 'admin'], 'is_admin_project': True, 'service_user_id': None, 'service_user_domain_id': None, 'service_project_id': None, 'service_project_domain_id': None, 'service_roles': []} {{(pid=46939) fill_context /opt/stack/keystone/keystone/server/flask/request_processing/middleware/auth_context.py:480}}
Nov 28 20:01:27 user devstack@keystone.service[46939]: DEBUG keystone.server.flask.request_processing.req_logging [None req-5a9268c0-9651-4c0e-94ae-a96f1659e12e admin admin] REQUEST_METHOD: `PUT` {{(pid=46939) log_request_info /opt/stack/keystone/keystone/server/flask/request_processing/req_logging.py:27}}
Nov 28 20:01:27 user devstack@keystone.service[46939]: DEBUG keystone.server.flask.request_processing.req_logging [None req-5a9268c0-9651-4c0e-94ae-a96f1659e12e admin admin] SCRIPT_NAME: `/identity` {{(pid=46939) log_request_info /opt/stack/keystone/keystone/server/flask/request_processing/req_logging.py:28}}
Nov 28 20:01:27 user devstack@keystone.service[46939]: DEBUG keystone.server.flask.request_processing.req_logging [None req-5a9268c0-9651-4c0e-94ae-a96f1659e12e admin admin] PATH_INFO: `/v3/projects/e70833d993f54c018b93ff50f9f2cfc4/groups/e9b8b09d415d4b8ea09a37b44b8d3a71/roles/7ba1958c353642e690635a4d252673b2` {{(pid=46939) log_request_info /opt/stack/keystone/keystone/server/flask/request_processing/req_logging.py:29}}
Nov 28 20:01:27 user devstack@keystone.service[46939]: DEBUG keystone.common.rbac_enforcer.enforcer [None req-5a9268c0-9651-4c0e-94ae-a96f1659e12e admin admin] RBAC: Authorizing `identity:create_grant(project_id=e70833d993f54c018b93ff50f9f2cfc4, group_id=e9b8b09d415d4b8ea09a37b44b8d3a71, role_id=7ba1958c353642e690635a4d252673b2)` {{(pid=46939) enforce_call /opt/stack/keystone/keystone/common/rbac_enforcer/enforcer.py:449}}
Nov 28 20:01:27 user devstack@keystone.service[46940]: DEBUG keystone.server.flask.request_processing.req_logging [None req-e5498f0c-1f07-4e8e-aec0-bbecfa05aa80 None None] REQUEST_METHOD: `POST` {{(pid=46940) log_request_info /opt/stack/keystone/keystone/server/flask/request_processing/req_logging.py:27}}
