Dec 06 12:30:36 user devstack@keystone.service[46616]: ERROR keystone.server.flask.application
File "/opt/stack/keystone/keystone/assignment/role_backends/sql.py", line 70, in get_role
Dec 06 12:30:36 user devstack@keystone.service[46616]: ERROR keystone.server.flask.application return self._get_role(session, role_id).to_dict()
Dec 06 12:30:36 user devstack@keystone.service[46616]: ERROR keystone.server.flask.application
File "/opt/stack/keystone/keystone/assignment/role_backends/sql.py", line 65, in _get_role
Dec 06 12:30:36 user devstack@keystone.service[46616]: ERROR keystone.server.flask.application raise exception.RoleNotFound(role_id=role_id)
Dec 06 12:30:36 user devstack@keystone.service[46616]: ERROR keystone.server.flask.application keystone.exception.RoleNotFound: Could not find role: member.
Dec 06 12:30:36 user devstack@keystone.service[46616]: ERROR keystone.server.flask.application
Dec 06 12:30:36 user devstack@keystone.service[46616]: [pid: 46616|app: 0|req: 88/264] 10.0.0.210 () {56 vars in 1115 bytes} [Wed Dec 6 12:30:36 2023] GET /identity/v3/roles/member => generated 84 bytes in 57 msecs (HTTP/1.1 404) 5 headers in 183 bytes (1 switches on core 0)
Dec 06 12:30:36 user devstack@keystone.service[46615]: DEBUG keystone.server.flask.request_processing.middleware.auth_context [None req-ada98ce8-198e-4d46-ad9a-2797d0f2d804 None None] Authenticating user token {{(pid=46615) process_request /opt/stack/data/venv/lib/python3.10/site-packages/keystonemiddleware/auth_token/__init__.py:406}}
Dec 06 12:30:36 user devstack@keystone.service[46615]: DEBUG keystone.server.flask.request_processing.middleware.auth_context [None req-ada98ce8-198e-4d46-ad9a-2797d0f2d804 None None] Validating token access rules against request {{(pid=46615) validate_allowed_request /opt/stack/data/venv/lib/python3.10/site-packages/keystonemiddleware/auth_token/__init__.py:544}}
Dec 06 12:30:36 user devstack@keystone.service[46615]: DEBUG keystone.server.flask.request_processing.middleware.auth_context [None req-bbb5bb12-7a75-4384-ac36-8ec6da67271c admin admin] RBAC: auth_context: {'token': , 'domain_id': None, 'trust_id': None, 'trustor_id': None, 'trustee_id': None, 'domain_name': None, 'group_ids': [], 'user_id': '7447f4d3dc2d4a4e81ce5f409c2a8967', 'user_domain_id': 'default', 'system_scope': None, 'project_id': 'cdd9b7fb5eaf469d885ee225099128e7', 'project_domain_id': 'default', 'roles': ['reader', 'member', 'admin', 'manager'], 'is_admin_project': True, 'service_user_id': None, 'service_user_domain_id': None, 'service_project_id': None, 'service_project_domain_id': None, 'service_roles': []} {{(pid=46615) fill_context /opt/stack/keystone/keystone/server/flask/request_processing/middleware/auth_context.py:480}}
Dec 06 12:30:36 user devstack@keystone.service[46615]: DEBUG keystone.server.flask.request_processing.req_logging [None req-bbb5bb12-7a75-4384-ac36-8ec6da67271c admin admin] REQUEST_METHOD: `GET` {{(pid=46615) log_request_info /opt/stack/keystone/keystone/server/flask/request_processing/req_logging.py:27}}
Dec 06 12:30:36 user devstack@keystone.service[46615]: DEBUG keystone.server.flask.request_processing.req_logging [None req-bbb5bb12-7a75-4384-ac36-8ec6da67271c admin admin] SCRIPT_NAME: `/identity` {{(pid=46615) log_request_info /opt/stack/keystone/keystone/server/flask/request_processing/req_logging.py:28}}
Dec 06 12:30:36 user devstack@keystone.service[46615]: DEBUG keystone.server.flask.request_processing.req_logging [None req-bbb5bb12-7a75-4384-ac36-8ec6da67271c admin admin] PATH_INFO: `/v3/roles` {{(pid=46615) log_request_info /opt/stack/keystone/keystone/server/flask/request_processing/req_logging.py:29}}
Dec 06 12:30:36 user devstack@keystone.service[46615]: DEBUG keystone.common.rbac_enforcer.enforcer [None req-bbb5bb12-7a75-4384-ac36-8ec6da67271c admin admin] RBAC: Adding query filter params (name=member) {{(pid=46615) _extract_filter_values /opt/stack/keystone/keystone/common/rbac_enforcer/enforcer.py:167}}
Dec 06 12:30:36 user devstack@keystone.service[46615]: DEBUG keystone.common.rbac_enforcer.enforcer [None req-bbb5bb12-7a75-4384-ac36-8ec6da67271c admin admin] RBAC: Authorizing `identity:list_roles()` {{(pid=46615) enforce_call /opt/stack/keystone/keystone/common/rbac_enforcer/enforcer.py:449}}
Dec 06 12:30:36 user devstack@keystone.service[46615]: WARNING py.warnings [None req-bbb5bb12-7a75-4384-ac36-8ec6da67271c admin admin] /opt/stack/data/venv/lib/python3.10/site-packages/oslo_policy/policy.py:1130: UserWarning: Policy "identity:list_roles": "role:reader and system_scope:all" failed scope check. The token used to make the request was project scoped but the policy requires ['system'] scope. This behavior may change in the future where using the intended scope is required
Dec 06 12:30:36 user devstack@keystone.service[46615]: warnings.warn(msg)
Dec 06 12:30:36 user devstack@keystone.service[46615]:
Dec 06 12:30:36 user devstack@keystone.service[46615]: DEBUG keystone.common.rbac_enforcer.enforcer [None req-bbb5bb12-7a75-4384-ac36-8ec6da67271c admin admin] RBAC: Authorization granted {{(pid=46615) enforce_call /opt/stack/keystone/keystone/common/rbac_enforcer/enforcer.py:457}}
Dec 06 12:30:36 user devstack@keystone.service[46615]: [pid: 46615|app: 0|req: 86/265] 10.0.0.210 () {56 vars in 1117 bytes} [Wed Dec 6 12:30:36 2023] GET /identity/v3/roles?name=member => generated 339 bytes in 31 msecs (HTTP/1.1 200) 5 headers in 177 bytes (1 switches on core 0)
Dec 06 12:30:36 user devstack@keystone.service[46617]: DEBUG keystone.server.flask.request_processing.middleware.auth_context [None req-a5825ce6-1edb-4ef2-bd9b-e7a8cae12569 None None] Authenticating user token {{(pid=46617) process_request /opt/stack/data/venv/lib/python3.10/site-packages/keystonemiddleware/auth_token/__init__.py:406}}
Dec 06 12:30:36 user devstack@keystone.service[46616]: DEBUG keystone.server.flask.request_processing.req_logging [None req-9613c3d0-a31d-42bb-b083-26039c80051a None None] REQUEST_METHOD: `GET` {{(pid=46616) log_request_info /opt/stack/keystone/keystone/server/flask/request_processing/req_logging.py:27}}
Dec 06 12:30:36 user devstack@keystone.service[46616]: DEBUG keystone.server.flask.request_processing.req_logging [None req-9613c3d0-a31d-42bb-b083-26039c80051a None None] SCRIPT_NAME: `/identity` {{(pid=46616) log_request_info /opt/stack/keystone/keystone/server/flask/request_processing/req_logging.py:28}}
Dec 06 12:30:36 user devstack@keystone.service[46616]: DEBUG keystone.server.flask.request_processing.req_logging [None req-9613c3d0-a31d-42bb-b083-26039c80051a None None] PATH_INFO: `/` {{(pid=46616) log_request_info /opt/stack/keystone/keystone/server/flask/request_processing/req_logging.py:29}}
Dec 06 12:30:36 user devstack@keystone.service[46617]: DEBUG keystone.server.flask.request_processing.middleware.auth_context [None req-a5825ce6-1edb-4ef2-bd9b-e7a8cae12569 None None] Validating token access rules against request {{(pid=46617) validate_allowed_request /opt/stack/data/venv/lib/python3.10/site-packages/keystonemiddleware/auth_token/__init__.py:544}}
Dec 06 12:30:36 user devstack@keystone.service[46616]: [pid: 46616|app: 0|req: 89/266] 10.0.0.210 () {54 vars in 921 bytes} [Wed Dec 6 12:30:36 2023] GET /identity => generated 269 bytes in 3 msecs (HTTP/1.1 300) 6 headers in 233 bytes (1 switches on core 0)
Dec 06 12:30:36 user devstack@keystone.service[46617]: DEBUG keystone.server.flask.request_processing.middleware.auth_context [None req-65ec660b-8a25-4b7c-ad9a-43888b01f626 admin admin] RBAC: auth_context: {'token': , 'domain_id': None, 'trust_id': None, 'trustor_id': None, 'trustee_id': None, 'domain_name': None, 'group_ids': [], 'user_id': '7447f4d3dc2d4a4e81ce5f409c2a8967', 'user_domain_id': 'default', 'system_scope': None, 'project_id': 'cdd9b7fb5eaf469d885ee225099128e7', 'project_domain_id': 'default', 'roles': ['reader', 'member', 'admin', 'manager'], 'is_admin_project': True, 'service_user_id': None, 'service_user_domain_id': None, 'service_project_id': None, 'service_project_domain_id': None, 'service_roles': []} {{(pid=46617) fill_context /opt/stack/keystone/keystone/server/flask/request_processing/middleware/auth_context.py:480}}
Dec 06 12:30:36 user devstack@keystone.service[46617]: DEBUG keystone.server.flask.request_processing.req_logging [None req-65ec660b-8a25-4b7c-ad9a-43888b01f626 admin admin] REQUEST_METHOD: `GET` {{(pid=46617) log_request_info /opt/stack/keystone/keystone/server/flask/request_processing/req_logging.py:27}}
Dec 06 12:30:36 user devstack@keystone.service[46617]: DEBUG keystone.server.flask.request_processing.req_logging [None req-65ec660b-8a25-4b7c-ad9a-43888b01f626 admin admin] SCRIPT_NAME: `/identity` {{(pid=46617) log_request_info /opt/stack/keystone/keystone/server/flask/request_processing/req_logging.py:28}}
Dec 06 12:30:36 user devstack@keystone.service[46615]: DEBUG keystone.server.flask.request_processing.req_logging [None req-e274a399-a038-4876-8f6f-48a1a97d2736 None None] REQUEST_METHOD: `POST` {{(pid=46615) log_request_info /opt/stack/keystone/keystone/server/flask/request_processing/req_logging.py:27}}
Dec 06 12:30:36 user devstack@keystone.service[46617]: DEBUG keystone.server.flask.request_processing.req_logging [None req-65ec660b-8a25-4b7c-ad9a-43888b01f626 admin admin] PATH_INFO: `/v3/groups/3316a5df96fa498fb7d8ee5705ad7996` {{(pid=46617) log_request_info /opt/stack/keystone/keystone/server/flask/request_processing/req_logging.py:29}}
Dec 06 12:30:36 user devstack@keystone.service[46615]: DEBUG keystone.server.flask.request_processing.req_logging [None req-e274a399-a038-4876-8f6f-48a1a97d2736 None None] SCRIPT_NAME: `/identity` {{(pid=46615) log_request_info /opt/stack/keystone/keystone/server/flask/request_processing/req_logging.py:28}}
Dec 06 12:30:36 user devstack@keystone.service[46615]: DEBUG keystone.server.flask.request_processing.req_logging [None req-e274a399-a038-4876-8f6f-48a1a97d2736 None None] PATH_INFO: `/v3/auth/tokens` {{(pid=46615) log_request_info /opt/stack/keystone/keystone/server/flask/request_processing/req_logging.py:29}}
Dec 06 12:30:36 user devstack@keystone.service[46617]: DEBUG keystone.common.rbac_enforcer.enforcer [None req-65ec660b-8a25-4b7c-ad9a-43888b01f626 admin admin] RBAC: Authorizing `identity:get_group(group_id=3316a5df96fa498fb7d8ee5705ad7996)` {{(pid=46617) enforce_call /opt/stack/keystone/keystone/common/rbac_enforcer/enforcer.py:449}}
Dec 06 12:30:36 user devstack@keystone.service[46617]: WARNING py.warnings [None req-65ec660b-8a25-4b7c-ad9a-43888b01f626 admin admin] /opt/stack/data/venv/lib/python3.10/site-packages/oslo_policy/policy.py:1130: UserWarning: Policy "identity:get_group": "(role:reader and system_scope:all) or (role:reader and domain_id:%(target.group.domain_id)s)" failed scope check. The token used to make the request was project scoped but the policy requires ['system', 'domain'] scope. This behavior may change in the future where using the intended scope is required
Dec 06 12:30:36 user devstack@keystone.service[46617]: warnings.warn(msg)
Dec 06 12:30:36 user devstack@keystone.service[46617]:
Dec 06 12:30:36 user devstack@keystone.service[46617]: DEBUG keystone.common.rbac_enforcer.enforcer [None req-65ec660b-8a25-4b7c-ad9a-43888b01f626 admin admin] RBAC: Authorization granted {{(pid=46617) enforce_call /opt/stack/keystone/keystone/common/rbac_enforcer/enforcer.py:457}}
Dec 06 12:30:36 user devstack@keystone.service[46617]: [pid: 46617|app: 0|req: 92/267] 10.0.0.210 () {56 vars in 1196 bytes} [Wed Dec 6 12:30:36 2023] GET /identity/v3/groups/3316a5df96fa498fb7d8ee5705ad7996 => generated 225 bytes in 33 msecs (HTTP/1.1 200) 5 headers in 177 bytes (1 switches on core 0)
Dec 06 12:30:36 user devstack@keystone.service[46615]: WARNING keystone.common.password_hashing [None req-e274a399-a038-4876-8f6f-48a1a97d2736 None None] Truncating password to algorithm specific maximum length 72 characters.
Dec 06 12:30:36 user devstack@keystone.service[46616]: DEBUG keystone.server.flask.request_processing.middleware.auth_context [None req-9613c3d0-a31d-42bb-b083-26039c80051a None None] Authenticating user token {{(pid=46616) process_request /opt/stack/data/venv/lib/python3.10/site-packages/keystonemiddleware/auth_token/__init__.py:406}}
Dec 06 12:30:36 user devstack@keystone.service[46615]: DEBUG keystone.auth.core [None req-e274a399-a038-4876-8f6f-48a1a97d2736 None None] MFA Rules not processed for user `7447f4d3dc2d4a4e81ce5f409c2a8967`. Rule list: `[]` (Enabled: `True`). {{(pid=46615) check_auth_methods_against_rules /opt/stack/keystone/keystone/auth/core.py:438}}
Dec 06 12:30:36 user devstack@keystone.service[46617]: DEBUG keystone.server.flask.request_processing.middleware.auth_context [None req-65ec660b-8a25-4b7c-ad9a-43888b01f626 admin admin] Authenticating user token {{(pid=46617) process_request /opt/stack/data/venv/lib/python3.10/site-packages/keystonemiddleware/auth_token/__init__.py:406}}
Dec 06 12:30:36 user devstack@keystone.service[46615]: DEBUG keystone.common.fernet_utils [None req-e274a399-a038-4876-8f6f-48a1a97d2736 None None] Loaded 2 Fernet keys from /etc/keystone/fernet-keys/, but `[fernet_tokens] max_active_keys = 3`; perhaps there have not been enough key rotations to reach `max_active_keys` yet? {{(pid=46615) load_keys /opt/stack/keystone/keystone/common/fernet_utils.py:286}}
Dec 06 12:30:36 user devstack@keystone.service[46615]: [pid: 46615|app: 0|req: 87/268] 10.0.0.210 () {58 vars in 1018 bytes} [Wed Dec 6 12:30:36 2023] POST /identity/v3/auth/tokens => generated 976 bytes in 31 msecs (HTTP/1.1 201) 6 headers in 384 bytes (1 switches on core 0)
Dec 06 12:30:36 user devstack@keystone.service[46617]: DEBUG keystone.server.flask.request_processing.middleware.auth_context [None req-65ec660b-8a25-4b7c-ad9a-43888b01f626 admin admin] Validating token access rules against request {{(pid=46617) validate_allowed_request /opt/stack/data/venv/lib/python3.10/site-packages/keystonemiddleware/auth_token/__init__.py:544}}
Dec 06 12:30:36 user devstack@keystone.service[46616]: DEBUG keystone.server.flask.request_processing.middleware.auth_context [None req-9613c3d0-a31d-42bb-b083-26039c80051a None None] Validating token access rules against request {{(pid=46616) validate_allowed_request /opt/stack/data/venv/lib/python3.10/site-packages/keystonemiddleware/auth_token/__init__.py:544}}
Dec 06 12:30:36 user devstack@keystone.service[46617]: DEBUG keystone.server.flask.request_processing.middleware.auth_context [None req-c2070ef5-80c9-4614-84cc-c92b8d09e37c admin admin] RBAC: auth_context: {'token': , 'domain_id': None, 'trust_id': None, 'trustor_id': None, 'trustee_id': None, 'domain_name': None, 'group_ids': [], 'user_id': '7447f4d3dc2d4a4e81ce5f409c2a8967', 'user_domain_id': 'default', 'system_scope': None, 'project_id': 'cdd9b7fb5eaf469d885ee225099128e7', 'project_domain_id': 'default', 'roles': ['reader', 'member', 'admin', 'manager'], 'is_admin_project': True, 'service_user_id': None, 'service_user_domain_id': None, 'service_project_id': None, 'service_project_domain_id': None, 'service_roles': []} {{(pid=46617) fill_context /opt/stack/keystone/keystone/server/flask/request_processing/middleware/auth_context.py:480}}
Dec 06 12:30:36 user devstack@keystone.service[46617]: DEBUG keystone.server.flask.request_processing.req_logging [None req-c2070ef5-80c9-4614-84cc-c92b8d09e37c admin admin] REQUEST_METHOD: `GET` {{(pid=46617) log_request_info /opt/stack/keystone/keystone/server/flask/request_processing/req_logging.py:27}}
Dec 06 12:30:36 user devstack@keystone.service[46617]: DEBUG keystone.server.flask.request_processing.req_logging [None req-c2070ef5-80c9-4614-84cc-c92b8d09e37c admin admin] SCRIPT_NAME: `/identity` {{(pid=46617) log_request_info /opt/stack/keystone/keystone/server/flask/request_processing/req_logging.py:28}}
Dec 06 12:30:36 user devstack@keystone.service[46616]: DEBUG keystone.server.flask.request_processing.middleware.auth_context [None req-31342af1-3e92-420c-b504-f0632b6998d0 admin admin] RBAC: auth_context: {'token': , 'domain_id': None, 'trust_id': None, 'trustor_id': None, 'trustee_id': None, 'domain_name': None, 'group_ids': [], 'user_id': '7447f4d3dc2d4a4e81ce5f409c2a8967', 'user_domain_id': 'default', 'system_scope': None, 'project_id': 'cdd9b7fb5eaf469d885ee225099128e7', 'project_domain_id': 'default', 'roles': ['reader', 'member', 'admin', 'manager'], 'is_admin_project': True, 'service_user_id': None, 'service_user_domain_id': None, 'service_project_id': None, 'service_project_domain_id': None, 'service_roles': []} {{(pid=46616) fill_context /opt/stack/keystone/keystone/server/flask/request_processing/middleware/auth_context.py:480}}
Dec 06 12:30:36 user devstack@keystone.service[46616]: DEBUG keystone.server.flask.request_processing.req_logging [None req-31342af1-3e92-420c-b504-f0632b6998d0 admin admin] REQUEST_METHOD: `GET` {{(pid=46616) log_request_info /opt/stack/keystone/keystone/server/flask/request_processing/req_logging.py:27}}
Dec 06 12:30:36 user devstack@keystone.service[46617]: DEBUG keystone.server.flask.request_processing.req_logging [None req-c2070ef5-80c9-4614-84cc-c92b8d09e37c admin admin] PATH_INFO: `/v3/projects/0c1f57ffb04f45bfa3e14b93422d0aea` {{(pid=46617) log_request_info /opt/stack/keystone/keystone/server/flask/request_processing/req_logging.py:29}}
Dec 06 12:30:36 user devstack@keystone.service[46616]: DEBUG keystone.server.flask.request_processing.req_logging [None req-31342af1-3e92-420c-b504-f0632b6998d0 admin admin] SCRIPT_NAME: `/identity` {{(pid=46616) log_request_info /opt/stack/keystone/keystone/server/flask/request_processing/req_logging.py:28}}
Dec 06 12:30:36 user devstack@keystone.service[46616]: DEBUG keystone.server.flask.request_processing.req_logging [None req-31342af1-3e92-420c-b504-f0632b6998d0 admin admin] PATH_INFO: `/v3/roles/anotherrole` {{(pid=46616) log_request_info /opt/stack/keystone/keystone/server/flask/request_processing/req_logging.py:29}}
Dec 06 12:30:36 user devstack@keystone.service[46617]: DEBUG keystone.common.rbac_enforcer.enforcer [None req-c2070ef5-80c9-4614-84cc-c92b8d09e37c admin admin] RBAC: Authorizing `identity:get_project(project_id=0c1f57ffb04f45bfa3e14b93422d0aea)` {{(pid=46617) enforce_call /opt/stack/keystone/keystone/common/rbac_enforcer/enforcer.py:449}}
Dec 06 12:30:36 user devstack@keystone.service[46617]: DEBUG keystone.common.rbac_enforcer.enforcer [None req-c2070ef5-80c9-4614-84cc-c92b8d09e37c admin admin] RBAC: Authorization granted {{(pid=46617) enforce_call /opt/stack/keystone/keystone/common/rbac_enforcer/enforcer.py:457}}
Dec 06 12:30:36 user devstack@keystone.service[46617]: [pid: 46617|app: 0|req: 93/269] 10.0.0.210 () {56 vars in 1202 bytes} [Wed Dec 6 12:30:36 2023] GET /identity/v3/projects/0c1f57ffb04f45bfa3e14b93422d0aea => generated 297 bytes in 23 msecs (HTTP/1.1 200) 5 headers in 177 bytes (1 switches on core 0)
Dec 06 12:30:36 user devstack@keystone.service[46615]: DEBUG keystone.server.flask.request_processing.middleware.auth_context [None req-e274a399-a038-4876-8f6f-48a1a97d2736 None None] Authenticating user token {{(pid=46615) process_request /opt/stack/data/venv/lib/python3.10/site-packages/keystonemiddleware/auth_token/__init__.py:406}}
Dec 06 12:30:36 user devstack@keystone.service[46616]: DEBUG keystone.common.rbac_enforcer.enforcer [None req-31342af1-3e92-420c-b504-f0632b6998d0 admin admin] Extracting inferred target data resulted in "NOT FOUND (404)". {{(pid=46616) enforce_call /opt/stack/keystone/keystone/common/rbac_enforcer/enforcer.py:409}}
Dec 06 12:30:36 user devstack@keystone.service[46616]: ERROR keystone.server.flask.application [None req-31342af1-3e92-420c-b504-f0632b6998d0 admin admin] Could not find role: anotherrole.: keystone.exception.RoleNotFound: Could not find role: anotherrole.
Dec 06 12:30:36 user devstack@keystone.service[46616]: ERROR keystone.server.flask.application
Traceback (most recent call last):
Dec 06 12:30:36 user devstack@keystone.service[46616]: ERROR keystone.server.flask.application
File "/opt/stack/data/venv/lib/python3.10/site-packages/flask/app.py", line 1823, in full_dispatch_request
Dec 06 12:30:36 user devstack@keystone.service[46616]: ERROR keystone.server.flask.application rv = self.dispatch_request()
Dec 06 12:30:36 user devstack@keystone.service[46616]: ERROR keystone.server.flask.application
File "/opt/stack/data/venv/lib/python3.10/site-packages/flask/app.py", line 1799, in dispatch_request
Dec 06 12:30:36 user devstack@keystone.service[46616]: ERROR keystone.server.flask.application return self.ensure_sync(self.view_functions[rule.endpoint])(**view_args)
Dec 06 12:30:36 user devstack@keystone.service[46616]: ERROR keystone.server.flask.application
File "/opt/stack/data/venv/lib/python3.10/site-packages/flask_restful/__init__.py", line 489, in wrapper
Dec 06 12:30:36 user devstack@keystone.service[46616]: ERROR keystone.server.flask.application resp = resource(*args, **kwargs)
Dec 06 12:30:36 user devstack@keystone.service[46616]: ERROR keystone.server.flask.application
File "/opt/stack/data/venv/lib/python3.10/site-packages/flask/views.py", line 107, in view
Dec 06 12:30:36 user devstack@keystone.service[46616]: ERROR keystone.server.flask.application return current_app.ensure_sync(self.dispatch_request)(**kwargs)
Dec 06 12:30:36 user devstack@keystone.service[46616]: ERROR keystone.server.flask.application
File "/opt/stack/data/venv/lib/python3.10/site-packages/flask_restful/__init__.py", line 604, in dispatch_request
Dec 06 12:30:36 user devstack@keystone.service[46616]: ERROR keystone.server.flask.application resp = meth(*args, **kwargs)
Dec 06 12:30:36 user devstack@keystone.service[46616]: ERROR keystone.server.flask.application
File "/opt/stack/keystone/keystone/api/roles.py", line 50, in get
Dec 06 12:30:36 user devstack@keystone.service[46616]: ERROR keystone.server.flask.application return self._get_role(role_id)
Dec 06 12:30:36 user devstack@keystone.service[46616]: ERROR keystone.server.flask.application
File "/opt/stack/keystone/keystone/api/roles.py", line 70, in _get_role
Dec 06 12:30:36 user devstack@keystone.service[46616]: ERROR keystone.server.flask.application ENFORCER.enforce_call(action='identity:get_role')
Dec 06 12:30:36 user devstack@keystone.service[46616]: ERROR keystone.server.flask.application
File "/opt/stack/keystone/keystone/common/rbac_enforcer/enforcer.py", line 402, in enforce_call
Dec 06 12:30:36 user devstack@keystone.service[46616]: ERROR keystone.server.flask.application policy_dict.update(cls._extract_member_target_data(
Dec 06 12:30:36 user devstack@keystone.service[46616]: ERROR keystone.server.flask.application
File "/opt/stack/keystone/keystone/common/rbac_enforcer/enforcer.py", line 234, in _extract_member_target_data
Dec 06 12:30:36 user devstack@keystone.service[46616]: ERROR keystone.server.flask.application member_name: func(flask.request.view_args[key])
Dec 06 12:30:36 user devstack@keystone.service[46616]: ERROR keystone.server.flask.application
File "/opt/stack/keystone/keystone/common/manager.py", line 110, in wrapped
Dec 06 12:30:36 user devstack@keystone.service[46616]: ERROR keystone.server.flask.application __ret_val = __f(*args, **kwargs)
Dec 06 12:30:36 user devstack@keystone.service[46616]: ERROR keystone.server.flask.application
File "/opt/stack/data/venv/lib/python3.10/site-packages/decorator.py", line 232, in fun
Dec 06 12:30:36 user devstack@keystone.service[46616]: ERROR keystone.server.flask.application return caller(func, *(extras + args), **kw)
Dec 06 12:30:36 user devstack@keystone.service[46616]: ERROR keystone.server.flask.application
File "/opt/stack/data/venv/lib/python3.10/site-packages/dogpile/cache/region.py", line 1594, in get_or_create_for_user_func
Dec 06 12:30:36 user devstack@keystone.service[46616]: ERROR keystone.server.flask.application return self.get_or_create(
Dec 06 12:30:36 user devstack@keystone.service[46616]: ERROR keystone.server.flask.application
File "/opt/stack/data/venv/lib/python3.10/site-packages/dogpile/cache/region.py", line 1054, in get_or_create
Dec 06 12:30:36 user devstack@keystone.service[46616]: ERROR keystone.server.flask.application with Lock(
Dec 06 12:30:36 user devstack@keystone.service[46616]: ERROR keystone.server.flask.application
File "/opt/stack/data/venv/lib/python3.10/site-packages/dogpile/lock.py", line 185, in __enter__
Dec 06 12:30:36 user devstack@keystone.service[46616]: ERROR keystone.server.flask.application return self._enter()
Dec 06 12:30:36 user devstack@keystone.service[46616]: ERROR keystone.server.flask.application
File "/opt/stack/data/venv/lib/python3.10/site-packages/dogpile/lock.py", line 94, in _enter
Dec 06 12:30:36 user devstack@keystone.service[46616]: ERROR keystone.server.flask.application generated = self._enter_create(value, createdtime)
Dec 06 12:30:36 user devstack@keystone.service[46616]: ERROR keystone.server.flask.application
File "/opt/stack/data/venv/lib/python3.10/site-packages/dogpile/lock.py", line 178, in _enter_create
Dec 06 12:30:36 user devstack@keystone.service[46616]: ERROR keystone.server.flask.application return self.creator()
Dec 06 12:30:36 user devstack@keystone.service[46616]: ERROR keystone.server.flask.application
File "/opt/stack/data/venv/lib/python3.10/site-packages/dogpile/cache/region.py", line 1007, in gen_value
Dec 06 12:30:36 user devstack@keystone.service[46616]: ERROR keystone.server.flask.application created_value = creator(
Dec 06 12:30:36 user devstack@keystone.service[46616]: ERROR keystone.server.flask.application
File "/opt/stack/keystone/keystone/assignment/core.py", line 1276, in get_role
Dec 06 12:30:36 user devstack@keystone.service[46616]: ERROR keystone.server.flask.application return self.driver.get_role(role_id)
Dec 06 12:30:36 user devstack@keystone.service[46616]: ERROR keystone.server.flask.application
File "/opt/stack/keystone/keystone/assignment/role_backends/sql.py", line 70, in get_role
Dec 06 12:30:36 user devstack@keystone.service[46616]: ERROR keystone.server.flask.application return self._get_role(session, role_id).to_dict()
Dec 06 12:30:36 user devstack@keystone.service[46616]: ERROR keystone.server.flask.application
File "/opt/stack/keystone/keystone/assignment/role_backends/sql.py", line 65, in _get_role
Dec 06 12:30:36 user devstack@keystone.service[46616]: ERROR keystone.server.flask.application raise exception.RoleNotFound(role_id=role_id)
Dec 06 12:30:36 user devstack@keystone.service[46616]: ERROR keystone.server.flask.application keystone.exception.RoleNotFound: Could not find role: anotherrole.
Dec 06 12:30:36 user devstack@keystone.service[46616]: ERROR keystone.server.flask.application
Dec 06 12:30:36 user devstack@keystone.service[46616]: [pid: 46616|app: 0|req: 90/270] 10.0.0.210 () {56 vars in 1130 bytes} [Wed Dec 6 12:30:36 2023] GET /identity/v3/roles/anotherrole => generated 89 bytes in 40 msecs (HTTP/1.1 404) 5 headers in 183 bytes (1 switches on core 0)
Dec 06 12:30:36 user devstack@keystone.service[46615]: DEBUG keystone.server.flask.request_processing.middleware.auth_context [None req-e274a399-a038-4876-8f6f-48a1a97d2736 None None] Validating token access rules against request {{(pid=46615) validate_allowed_request /opt/stack/data/venv/lib/python3.10/site-packages/keystonemiddleware/auth_token/__init__.py:544}}
Dec 06 12:30:36 user devstack@keystone.service[46617]: DEBUG keystone.server.flask.request_processing.middleware.auth_context [None req-c2070ef5-80c9-4614-84cc-c92b8d09e37c admin admin] Authenticating user token {{(pid=46617) process_request /opt/stack/data/venv/lib/python3.10/site-packages/keystonemiddleware/auth_token/__init__.py:406}}
Dec 06 12:30:36 user devstack@keystone.service[46615]: DEBUG keystone.server.flask.request_processing.middleware.auth_context [None req-6bc483b2-db76-45eb-9736-b332cdf750cf admin admin] RBAC: auth_context: {'token': , 'domain_id': None, 'trust_id': None, 'trustor_id': None, 'trustee_id': None, 'domain_name': None, 'group_ids': [], 'user_id': '7447f4d3dc2d4a4e81ce5f409c2a8967', 'user_domain_id': 'default', 'system_scope': None, 'project_id': 'cdd9b7fb5eaf469d885ee225099128e7', 'project_domain_id': 'default', 'roles': ['reader', 'member', 'admin', 'manager'], 'is_admin_project': True, 'service_user_id': None, 'service_user_domain_id': None, 'service_project_id': None, 'service_project_domain_id': None, 'service_roles': []} {{(pid=46615) fill_context /opt/stack/keystone/keystone/server/flask/request_processing/middleware/auth_context.py:480}}
Dec 06 12:30:36 user devstack@keystone.service[46615]: DEBUG keystone.server.flask.request_processing.req_logging [None req-6bc483b2-db76-45eb-9736-b332cdf750cf admin admin] REQUEST_METHOD: `PUT` {{(pid=46615) log_request_info /opt/stack/keystone/keystone/server/flask/request_processing/req_logging.py:27}}
Dec 06 12:30:36 user devstack@keystone.service[46615]: DEBUG keystone.server.flask.request_processing.req_logging [None req-6bc483b2-db76-45eb-9736-b332cdf750cf admin admin] SCRIPT_NAME: `/identity` {{(pid=46615) log_request_info /opt/stack/keystone/keystone/server/flask/request_processing/req_logging.py:28}}
Dec 06 12:30:36 user devstack@keystone.service[46615]: DEBUG keystone.server.flask.request_processing.req_logging [None req-6bc483b2-db76-45eb-9736-b332cdf750cf admin admin] PATH_INFO: `/v3/projects/0c1f57ffb04f45bfa3e14b93422d0aea/groups/3316a5df96fa498fb7d8ee5705ad7996/roles/6a9af10d5d5347b0983be50772a3598c` {{(pid=46615) log_request_info /opt/stack/keystone/keystone/server/flask/request_processing/req_logging.py:29}}
Dec 06 12:30:36 user devstack@keystone.service[46615]: DEBUG keystone.common.rbac_enforcer.enforcer [None req-6bc483b2-db76-45eb-9736-b332cdf750cf admin admin] RBAC: Authorizing `identity:create_grant(project_id=0c1f57ffb04f45bfa3e14b93422d0aea, group_id=3316a5df96fa498fb7d8ee5705ad7996, role_id=6a9af10d5d5347b0983be50772a3598c)` {{(pid=46615) enforce_call /opt/stack/keystone/keystone/common/rbac_enforcer/enforcer.py:449}}
Dec 06 12:30:36 user devstack@keystone.service[46615]: WARNING py.warnings [None req-6bc483b2-db76-45eb-9736-b332cdf750cf admin admin] /opt/stack/data/venv/lib/python3.10/site-packages/oslo_policy/policy.py:1130: UserWarning: Policy "identity:create_grant": "(role:admin and system_scope:all) or ((role:admin and domain_id:%(target.user.domain_id)s and domain_id:%(target.project.domain_id)s) or (role:admin and domain_id:%(target.user.domain_id)s and domain_id:%(target.domain.id)s) or (role:admin and domain_id:%(target.group.domain_id)s and domain_id:%(target.project.domain_id)s) or (role:admin and domain_id:%(target.group.domain_id)s and domain_id:%(target.domain.id)s)) and (domain_id:%(target.role.domain_id)s or None:%(target.role.domain_id)s)" failed scope check. The token used to make the request was project scoped but the policy requires ['system', 'domain'] scope. This behavior may change in the future where using the intended scope is required
Dec 06 12:30:36 user devstack@keystone.service[46615]: warnings.warn(msg)
Dec 06 12:30:36 user devstack@keystone.service[46615]:
Dec 06 12:30:36 user devstack@keystone.service[46615]: DEBUG keystone.common.rbac_enforcer.enforcer [None req-6bc483b2-db76-45eb-9736-b332cdf750cf admin admin] RBAC: Authorization granted {{(pid=46615) enforce_call /opt/stack/keystone/keystone/common/rbac_enforcer/enforcer.py:457}}
Dec 06 12:30:36 user devstack@keystone.service[46617]: DEBUG keystone.server.flask.request_processing.middleware.auth_context [None req-c2070ef5-80c9-4614-84cc-c92b8d09e37c admin admin] Validating token access rules against request {{(pid=46617) validate_allowed_request /opt/stack/data/venv/lib/python3.10/site-packages/keystonemiddleware/auth_token/__init__.py:544}}
Dec 06 12:30:36 user devstack@keystone.service[46617]: DEBUG keystone.server.flask.request_processing.middleware.auth_context [None req-b8f8edff-f051-4f9e-9de7-2f936881cf7a admin admin] RBAC: auth_context: {'token': , 'domain_id': None, 'trust_id': None, 'trustor_id': None, 'trustee_id': None, 'domain_name': None, 'group_ids': [], 'user_id': '7447f4d3dc2d4a4e81ce5f409c2a8967', 'user_domain_id': 'default', 'system_scope': None, 'project_id': 'cdd9b7fb5eaf469d885ee225099128e7', 'project_domain_id': 'default', 'roles': ['reader', 'member', 'admin', 'manager'], 'is_admin_project': True, 'service_user_id': None, 'service_user_domain_id': None, 'service_project_id': None, 'service_project_domain_id': None, 'service_roles': []} {{(pid=46617) fill_context /opt/stack/keystone/keystone/server/flask/request_processing/middleware/auth_context.py:480}}
Dec 06 12:30:36 user devstack@keystone.service[46617]: DEBUG keystone.server.flask.request_processing.req_logging [None req-b8f8edff-f051-4f9e-9de7-2f936881cf7a admin admin] REQUEST_METHOD: `GET` {{(pid=46617) log_request_info /opt/stack/keystone/keystone/server/flask/request_processing/req_logging.py:27}}
Dec 06 12:30:36 user devstack@keystone.service[46615]: [pid: 46615|app: 0|req: 88/271] 10.0.0.210 () {58 vars in 1458 bytes} [Wed Dec 6 12:30:36 2023] PUT /identity/v3/projects/0c1f57ffb04f45bfa3e14b93422d0aea/groups/3316a5df96fa498fb7d8ee5705ad7996/roles/6a9af10d5d5347b0983be50772a3598c => generated 0 bytes in 35 msecs (HTTP/1.1 204) 3 headers in 132 bytes (0 switches on core 0)
Dec 06 12:30:36 user devstack@keystone.service[46617]: DEBUG keystone.server.flask.request_processing.req_logging [None req-b8f8edff-f051-4f9e-9de7-2f936881cf7a admin admin] SCRIPT_NAME: `/identity` {{(pid=46617) log_request_info /opt/stack/keystone/keystone/server/flask/request_processing/req_logging.py:28}}
Dec 06 12:30:36 user devstack@keystone.service[46617]: DEBUG keystone.server.flask.request_processing.req_logging [None req-b8f8edff-f051-4f9e-9de7-2f936881cf7a admin admin] PATH_INFO: `/v3/roles` {{(pid=46617) log_request_info /opt/stack/keystone/keystone/server/flask/request_processing/req_logging.py:29}}
Dec 06 12:30:36 user devstack@keystone.service[46617]: DEBUG keystone.common.rbac_enforcer.enforcer [None req-b8f8edff-f051-4f9e-9de7-2f936881cf7a admin admin] RBAC: Adding query filter params (name=anotherrole) {{(pid=46617) _extract_filter_values /opt/stack/keystone/keystone/common/rbac_enforcer/enforcer.py:167}}
Dec 06 12:30:36 user devstack@keystone.service[46617]: DEBUG keystone.common.rbac_enforcer.enforcer [None req-b8f8edff-f051-4f9e-9de7-2f936881cf7a admin admin] RBAC: Authorizing `identity:list_roles()` {{(pid=46617) enforce_call /opt/stack/keystone/keystone/common/rbac_enforcer/enforcer.py:449}}
Dec 06 12:30:36 user devstack@keystone.service[46617]: WARNING py.warnings [None req-b8f8edff-f051-4f9e-9de7-2f936881cf7a admin admin] /opt/stack/data/venv/lib/python3.10/site-packages/oslo_policy/policy.py:1130: UserWarning: Policy "identity:list_roles": "role:reader and system_scope:all" failed scope check. The token used to make the request was project scoped but the policy requires ['system'] scope. This behavior may change in the future where using the intended scope is required
Dec 06 12:30:36 user devstack@keystone.service[46617]: warnings.warn(msg)
Dec 06 12:30:36 user devstack@keystone.service[46617]:
Dec 06 12:30:36 user devstack@keystone.service[46617]: DEBUG keystone.common.rbac_enforcer.enforcer [None req-b8f8edff-f051-4f9e-9de7-2f936881cf7a admin admin] RBAC: Authorization granted {{(pid=46617) enforce_call /opt/stack/keystone/keystone/common/rbac_enforcer/enforcer.py:457}}
Dec 06 12:30:36 user devstack@keystone.service[46617]: [pid: 46617|app: 0|req: 94/272] 10.0.0.210 () {56 vars in 1127 bytes} [Wed Dec 6 12:30:36 2023] GET /identity/v3/roles?name=anotherrole => generated 332 bytes in 35 msecs (HTTP/1.1 200) 5 headers in 177 bytes (1 switches on core 0)
Dec 06 12:30:36 user devstack@keystone.service[46616]: DEBUG keystone.server.flask.request_processing.middleware.auth_context [None req-31342af1-3e92-420c-b504-f0632b6998d0 admin admin] Authenticating user token {{(pid=46616) process_request /opt/stack/data/venv/lib/python3.10/site-packages/keystonemiddleware/auth_token/__init__.py:406}}
Dec 06 12:30:36 user devstack@keystone.service[46616]: DEBUG keystone.server.flask.request_processing.middleware.auth_context [None req-31342af1-3e92-420c-b504-f0632b6998d0 admin admin] Validating token access rules against request {{(pid=46616) validate_allowed_request /opt/stack/data/venv/lib/python3.10/site-packages/keystonemiddleware/auth_token/__init__.py:544}}
Dec 06 12:30:36 user devstack@keystone.service[46615]: DEBUG keystone.server.flask.request_processing.req_logging [None req-5f322410-e2de-4345-834a-942572579b07 None None] REQUEST_METHOD: `GET` {{(pid=46615) log_request_info /opt/stack/keystone/keystone/server/flask/request_processing/req_logging.py:27}}
Dec 06 12:30:36 user devstack@keystone.service[46615]: DEBUG keystone.server.flask.request_processing.req_logging [None req-5f322410-e2de-4345-834a-942572579b07 None None] SCRIPT_NAME: `/identity` {{(pid=46615) log_request_info /opt/stack/keystone/keystone/server/flask/request_processing/req_logging.py:28}}
Dec 06 12:30:36 user devstack@keystone.service[46615]: DEBUG keystone.server.flask.request_processing.req_logging [None req-5f322410-e2de-4345-834a-942572579b07 None None] PATH_INFO: `/` {{(pid=46615) log_request_info /opt/stack/keystone/keystone/server/flask/request_processing/req_logging.py:29}}
Dec 06 12:30:36 user devstack@keystone.service[46615]: [pid: 46615|app: 0|req: 89/273] 10.0.0.210 () {54 vars in 921 bytes} [Wed Dec 6 12:30:36 2023] GET /identity => generated 269 bytes in 5 msecs (HTTP/1.1 300) 6 headers in 233 bytes (1 switches on core 0)
Dec 06 12:30:36 user devstack@keystone.service[46617]: DEBUG keystone.server.flask.request_processing.req_logging [None req-ab63f0db-4d22-4683-9624-0cede776106e None None] REQUEST_METHOD: `POST` {{(pid=46617) log_request_info /opt/stack/keystone/keystone/server/flask/request_processing/req_logging.py:27}}
Dec 06 12:30:36 user devstack@keystone.service[46617]: DEBUG keystone.server.flask.request_processing.req_logging [None req-ab63f0db-4d22-4683-9624-0cede776106e None None] SCRIPT_NAME: `/identity` {{(pid=46617) log_request_info /opt/stack/keystone/keystone/server/flask/request_processing/req_logging.py:28}}
Dec 06 12:30:36 user devstack@keystone.service[46617]: DEBUG keystone.server.flask.request_processing.req_logging [None req-ab63f0db-4d22-4683-9624-0cede776106e None None] PATH_INFO: `/v3/auth/tokens` {{(pid=46617) log_request_info /opt/stack/keystone/keystone/server/flask/request_processing/req_logging.py:29}}
Dec 06 12:30:36 user devstack@keystone.service[46617]: WARNING keystone.common.password_hashing [None req-ab63f0db-4d22-4683-9624-0cede776106e None None] Truncating password to algorithm specific maximum length 72 characters.
Dec 06 12:30:36 user devstack@keystone.service[46617]: DEBUG keystone.auth.core [None req-ab63f0db-4d22-4683-9624-0cede776106e None None] MFA Rules not processed for user `7447f4d3dc2d4a4e81ce5f409c2a8967`. Rule list: `[]` (Enabled: `True`). {{(pid=46617) check_auth_methods_against_rules /opt/stack/keystone/keystone/auth/core.py:438}}
Dec 06 12:30:36 user devstack@keystone.service[46617]: DEBUG keystone.common.fernet_utils [None req-ab63f0db-4d22-4683-9624-0cede776106e None None] Loaded 2 Fernet keys from /etc/keystone/fernet-keys/, but `[fernet_tokens] max_active_keys = 3`; perhaps there have not been enough key rotations to reach `max_active_keys` yet? {{(pid=46617) load_keys /opt/stack/keystone/keystone/common/fernet_utils.py:286}}
Dec 06 12:30:36 user devstack@keystone.service[46616]: DEBUG keystone.server.flask.request_processing.middleware.auth_context [None req-faf25334-ae77-49ae-b9ca-a1257b46378d admin admin] RBAC: auth_context: {'token': , 'domain_id': None, 'trust_id': None, 'trustor_id': None, 'trustee_id': None, 'domain_name': None, 'group_ids': [], 'user_id': '7447f4d3dc2d4a4e81ce5f409c2a8967', 'user_domain_id': 'default', 'system_scope': None, 'project_id': 'cdd9b7fb5eaf469d885ee225099128e7', 'project_domain_id': 'default', 'roles': ['reader', 'member', 'admin', 'manager'], 'is_admin_project': True, 'service_user_id': None, 'service_user_domain_id': None, 'service_project_id': None, 'service_project_domain_id': None, 'service_roles': []} {{(pid=46616) fill_context /opt/stack/keystone/keystone/server/flask/request_processing/middleware/auth_context.py:480}}
Dec 06 12:30:36 user devstack@keystone.service[46616]: DEBUG keystone.server.flask.request_processing.req_logging [None req-faf25334-ae77-49ae-b9ca-a1257b46378d admin admin] REQUEST_METHOD: `GET` {{(pid=46616) log_request_info /opt/stack/keystone/keystone/server/flask/request_processing/req_logging.py:27}}
Dec 06 12:30:36 user devstack@keystone.service[46616]: DEBUG keystone.server.flask.request_processing.req_logging [None req-faf25334-ae77-49ae-b9ca-a1257b46378d admin admin] SCRIPT_NAME: `/identity` {{(pid=46616) log_request_info /opt/stack/keystone/keystone/server/flask/request_processing/req_logging.py:28}}
Dec 06 12:30:36 user devstack@keystone.service[46616]: DEBUG keystone.server.flask.request_processing.req_logging [None req-faf25334-ae77-49ae-b9ca-a1257b46378d admin admin] PATH_INFO: `/v3/groups/3316a5df96fa498fb7d8ee5705ad7996` {{(pid=46616) log_request_info /opt/stack/keystone/keystone/server/flask/request_processing/req_logging.py:29}}
Dec 06 12:30:36 user devstack@keystone.service[46616]: DEBUG keystone.common.rbac_enforcer.enforcer [None req-faf25334-ae77-49ae-b9ca-a1257b46378d admin admin] RBAC: Authorizing `identity:get_group(group_id=3316a5df96fa498fb7d8ee5705ad7996)` {{(pid=46616) enforce_call /opt/stack/keystone/keystone/common/rbac_enforcer/enforcer.py:449}}
Dec 06 12:30:36 user devstack@keystone.service[46616]: WARNING py.warnings [None req-faf25334-ae77-49ae-b9ca-a1257b46378d admin admin] /opt/stack/data/venv/lib/python3.10/site-packages/oslo_policy/policy.py:1130: UserWarning: Policy "identity:get_group": "(role:reader and system_scope:all) or (role:reader and domain_id:%(target.group.domain_id)s)" failed scope check. The token used to make the request was project scoped but the policy requires ['system', 'domain'] scope. This behavior may change in the future where using the intended scope is required
Dec 06 12:30:36 user devstack@keystone.service[46616]: warnings.warn(msg)
Dec 06 12:30:36 user devstack@keystone.service[46616]:
Dec 06 12:30:36 user devstack@keystone.service[46616]: DEBUG keystone.common.rbac_enforcer.enforcer [None req-faf25334-ae77-49ae-b9ca-a1257b46378d admin admin] RBAC: Authorization granted {{(pid=46616) enforce_call /opt/stack/keystone/keystone/common/rbac_enforcer/enforcer.py:457}}
Dec 06 12:30:36 user devstack@keystone.service[46616]: [pid: 46616|app: 0|req: 91/274] 10.0.0.210 () {56 vars in 1196 bytes} [Wed Dec 6 12:30:36 2023] GET /identity/v3/groups/3316a5df96fa498fb7d8ee5705ad7996 => generated 225 bytes in 83 msecs (HTTP/1.1 200) 5 headers in 177 bytes (1 switches on core 0)
Dec 06 12:30:36 user devstack@keystone.service[46615]: DEBUG keystone.server.flask.request_processing.middleware.auth_context [None req-5f322410-e2de-4345-834a-942572579b07 None None] Authenticating user token {{(pid=46615) process_request /opt/stack/data/venv/lib/python3.10/site-packages/keystonemiddleware/auth_token/__init__.py:406}}
Dec 06 12:30:36 user devstack@keystone.service[46615]: DEBUG keystone.server.flask.request_processing.middleware.auth_context [None req-5f322410-e2de-4345-834a-942572579b07 None None] Validating token access rules against request {{(pid=46615) validate_allowed_request /opt/stack/data/venv/lib/python3.10/site-packages/keystonemiddleware/auth_token/__init__.py:544}}
Dec 06 12:30:36 user devstack@keystone.service[46615]: DEBUG keystone.server.flask.request_processing.middleware.auth_context [None req-8e9754b5-e258-496a-87b4-cc2c21e3c5bd admin admin] RBAC: auth_context: {'token': , 'domain_id': None, 'trust_id': None, 'trustor_id': None, 'trustee_id': None, 'domain_name': None, 'group_ids': [], 'user_id': '7447f4d3dc2d4a4e81ce5f409c2a8967', 'user_domain_id': 'default', 'system_scope': None, 'project_id': 'cdd9b7fb5eaf469d885ee225099128e7', 'project_domain_id': 'default', 'roles': ['reader', 'member', 'admin', 'manager'], 'is_admin_project': True, 'service_user_id': None, 'service_user_domain_id': None, 'service_project_id': None, 'service_project_domain_id': None, 'service_roles': []} {{(pid=46615) fill_context /opt/stack/keystone/keystone/server/flask/request_processing/middleware/auth_context.py:480}}
Dec 06 12:30:36 user devstack@keystone.service[46616]: DEBUG keystone.server.flask.request_processing.middleware.auth_context [None req-faf25334-ae77-49ae-b9ca-a1257b46378d admin admin] Authenticating user token {{(pid=46616) process_request /opt/stack/data/venv/lib/python3.10/site-packages/keystonemiddleware/auth_token/__init__.py:406}}
Dec 06 12:30:36 user devstack@keystone.service[46615]: DEBUG keystone.server.flask.request_processing.req_logging [None req-8e9754b5-e258-496a-87b4-cc2c21e3c5bd admin admin] REQUEST_METHOD: `GET` {{(pid=46615) log_request_info /opt/stack/keystone/keystone/server/flask/request_processing/req_logging.py:27}}
Dec 06 12:30:36 user devstack@keystone.service[46615]: DEBUG keystone.server.flask.request_processing.req_logging [None req-8e9754b5-e258-496a-87b4-cc2c21e3c5bd admin admin] SCRIPT_NAME: `/identity` {{(pid=46615) log_request_info /opt/stack/keystone/keystone/server/flask/request_processing/req_logging.py:28}}
Dec 06 12:30:36 user devstack@keystone.service[46615]: DEBUG keystone.server.flask.request_processing.req_logging [None req-8e9754b5-e258-496a-87b4-cc2c21e3c5bd admin admin] PATH_INFO: `/v3/projects/0c1f57ffb04f45bfa3e14b93422d0aea` {{(pid=46615) log_request_info /opt/stack/keystone/keystone/server/flask/request_processing/req_logging.py:29}}
Dec 06 12:30:36 user devstack@keystone.service[46615]: DEBUG keystone.common.rbac_enforcer.enforcer [None req-8e9754b5-e258-496a-87b4-cc2c21e3c5bd admin admin] RBAC: Authorizing `identity:get_project(project_id=0c1f57ffb04f45bfa3e14b93422d0aea)` {{(pid=46615) enforce_call /opt/stack/keystone/keystone/common/rbac_enforcer/enforcer.py:449}}
Dec 06 12:30:36 user devstack@keystone.service[46615]: DEBUG keystone.common.rbac_enforcer.enforcer [None req-8e9754b5-e258-496a-87b4-cc2c21e3c5bd admin admin] RBAC: Authorization granted {{(pid=46615) enforce_call /opt/stack/keystone/keystone/common/rbac_enforcer/enforcer.py:457}}
Dec 06 12:30:36 user devstack@keystone.service[46615]: [pid: 46615|app: 0|req: 90/275] 10.0.0.210 () {56 vars in 1202 bytes} [Wed Dec 6 12:30:36 2023] GET /identity/v3/projects/0c1f57ffb04f45bfa3e14b93422d0aea => generated 297 bytes in 41 msecs (HTTP/1.1 200) 5 headers in 177 bytes (1 switches on core 0)
Dec 06 12:30:36 user devstack@keystone.service[46615]: DEBUG keystone.server.flask.request_processing.middleware.auth_context [None req-8e9754b5-e258-496a-87b4-cc2c21e3c5bd admin admin] Authenticating user token {{(pid=46615) process_request /opt/stack/data/venv/lib/python3.10/site-packages/keystonemiddleware/auth_token/__init__.py:406}}
Dec 06 12:30:36 user devstack@keystone.service[46617]: [pid: 46617|app: 0|req: 95/276] 10.0.0.210 () {58 vars in 1018 bytes} [Wed Dec 6 12:30:36 2023] POST /identity/v3/auth/tokens => generated 976 bytes in 100 msecs (HTTP/1.1 201) 6 headers in 384 bytes (1 switches on core 0)
Dec 06 12:30:36 user devstack@keystone.service[46615]: DEBUG keystone.server.flask.request_processing.middleware.auth_context [None req-8e9754b5-e258-496a-87b4-cc2c21e3c5bd admin admin] Validating token access rules against request {{(pid=46615) validate_allowed_request /opt/stack/data/venv/lib/python3.10/site-packages/keystonemiddleware/auth_token/__init__.py:544}}
Dec 06 12:30:36 user devstack@keystone.service[46615]: DEBUG keystone.server.flask.request_processing.middleware.auth_context [None req-e5a175d0-721b-4dc7-8407-60f1ce881971 admin admin] RBAC: auth_context: {'token': , 'domain_id': None, 'trust_id': None, 'trustor_id': None, 'trustee_id': None, 'domain_name': None, 'group_ids': [], 'user_id': '7447f4d3dc2d4a4e81ce5f409c2a8967', 'user_domain_id': 'default', 'system_scope': None, 'project_id': 'cdd9b7fb5eaf469d885ee225099128e7', 'project_domain_id': 'default', 'roles': ['reader', 'member', 'admin', 'manager'], 'is_admin_project': True, 'service_user_id': None, 'service_user_domain_id': None, 'service_project_id': None, 'service_project_domain_id': None, 'service_roles': []} {{(pid=46615) fill_context /opt/stack/keystone/keystone/server/flask/request_processing/middleware/auth_context.py:480}}
Dec 06 12:30:36 user devstack@keystone.service[46615]: DEBUG keystone.server.flask.request_processing.req_logging [None req-e5a175d0-721b-4dc7-8407-60f1ce881971 admin admin] REQUEST_METHOD: `PUT` {{(pid=46615) log_request_info /opt/stack/keystone/keystone/server/flask/request_processing/req_logging.py:27}}
Dec 06 12:30:36 user devstack@keystone.service[46615]: DEBUG keystone.server.flask.request_processing.req_logging [None req-e5a175d0-721b-4dc7-8407-60f1ce881971 admin admin] SCRIPT_NAME: `/identity` {{(pid=46615) log_request_info /opt/stack/keystone/keystone/server/flask/request_processing/req_logging.py:28}}
Dec 06 12:30:36 user devstack@keystone.service[46617]: DEBUG keystone.server.flask.request_processing.middleware.auth_context [None req-ab63f0db-4d22-4683-9624-0cede776106e None None] Authenticating user token {{(pid=46617) process_request /opt/stack/data/venv/lib/python3.10/site-packages/keystonemiddleware/auth_token/__init__.py:406}}
Dec 06 12:30:36 user devstack@keystone.service[46615]: DEBUG keystone.server.flask.request_processing.req_logging [None req-e5a175d0-721b-4dc7-8407-60f1ce881971 admin admin] PATH_INFO: `/v3/projects/0c1f57ffb04f45bfa3e14b93422d0aea/groups/3316a5df96fa498fb7d8ee5705ad7996/roles/475fcf1a43714e5c98f0ef880b03c5e4` {{(pid=46615) log_request_info /opt/stack/keystone/keystone/server/flask/request_processing/req_logging.py:29}}
