Dec 06 12:43:17 user devstack@n-api.service[65250]: DEBUG oslo_concurrency.lockutils [None req-f0a4d003-7d8a-461a-b561-780683010193 tempest-TaggedAttachmentsTest-1141791142 tempest-TaggedAttachmentsTest-1141791142-project-member] Lock "3865375f-ec9d-4285-9fcb-3ac06330ea0a" acquired by "nova.context.set_target_cell..get_or_set_cached_cell_and_set_connections" :: waited 0.000s {{(pid=65250) inner /opt/stack/data/venv/lib/python3.10/site-packages/oslo_concurrency/lockutils.py:409}}
Dec 06 12:43:17 user devstack@n-api.service[65250]: DEBUG oslo_concurrency.lockutils [None req-f0a4d003-7d8a-461a-b561-780683010193 tempest-TaggedAttachmentsTest-1141791142 tempest-TaggedAttachmentsTest-1141791142-project-member] Lock "3865375f-ec9d-4285-9fcb-3ac06330ea0a" "released" by "nova.context.set_target_cell..get_or_set_cached_cell_and_set_connections" :: held 0.000s {{(pid=65250) inner /opt/stack/data/venv/lib/python3.10/site-packages/oslo_concurrency/lockutils.py:423}}
Dec 06 12:43:18 user devstack@n-api.service[65251]: INFO nova.api.openstack.requestlog [None req-6eb0fb6b-90f5-47ce-9a63-0dae82ad42e2 tempest-TestVolumeSwap-994069222 tempest-TestVolumeSwap-994069222-project-member] 10.0.0.210 "GET /compute/v2.1/servers/dbb64a66-f500-407b-ae92-80f27eb6ce2e/os-volume_attachments" status: 200 len: 197 microversion: 2.1 time: 0.051531
Dec 06 12:43:18 user devstack@n-api.service[65251]: [pid: 65251|app: 0|req: 65/201] 10.0.0.210 () {62 vars in 1379 bytes} [Wed Dec 6 12:43:17 2023] GET /compute/v2.1/servers/dbb64a66-f500-407b-ae92-80f27eb6ce2e/os-volume_attachments => generated 197 bytes in 53 msecs (HTTP/1.1 200) 9 headers in 357 bytes (1 switches on core 0)
Dec 06 12:43:18 user devstack@n-api.service[65250]: INFO nova.api.openstack.requestlog [None req-f0a4d003-7d8a-461a-b561-780683010193 tempest-TaggedAttachmentsTest-1141791142 tempest-TaggedAttachmentsTest-1141791142-project-member] 10.0.0.210 "DELETE /compute/v2.1/servers/f2e75618-9164-4527-a6a3-5f5195effccf/os-interface/4b46350b-531d-4f9c-89eb-1ebab7067497" status: 202 len: 0 microversion: 2.49 time: 0.061901
Dec 06 12:43:18 user devstack@n-api.service[65250]: [pid: 65250|app: 0|req: 70/202] 10.0.0.210 () {64 vars in 1507 bytes} [Wed Dec 6 12:43:17 2023] DELETE /compute/v2.1/servers/f2e75618-9164-4527-a6a3-5f5195effccf/os-interface/4b46350b-531d-4f9c-89eb-1ebab7067497 => generated 0 bytes in 65 msecs (HTTP/1.1 202) 9 headers in 363 bytes (1 switches on core 0)
Dec 06 12:43:18 user devstack@n-api.service[65249]: DEBUG nova.api.openstack.wsgi [None req-6c21246c-b335-4eff-b426-e142e6cc0395 tempest-TestVolumeSwap-994069222 tempest-TestVolumeSwap-994069222-project-member] Calling method '>' {{(pid=65249) _process_stack /opt/stack/nova/nova/api/openstack/wsgi.py:513}}
Dec 06 12:43:18 user devstack@n-api.service[65249]: DEBUG nova.compute.api [None req-6c21246c-b335-4eff-b426-e142e6cc0395 tempest-TestVolumeSwap-994069222 tempest-TestVolumeSwap-994069222-project-member] [instance: dbb64a66-f500-407b-ae92-80f27eb6ce2e] Fetching instance by UUID {{(pid=65249) get /opt/stack/nova/nova/compute/api.py:2981}}
Dec 06 12:43:18 user devstack@n-api.service[65249]: DEBUG oslo_concurrency.lockutils [None req-6c21246c-b335-4eff-b426-e142e6cc0395 tempest-TestVolumeSwap-994069222 tempest-TestVolumeSwap-994069222-project-member] Acquiring lock "3865375f-ec9d-4285-9fcb-3ac06330ea0a" by "nova.context.set_target_cell..get_or_set_cached_cell_and_set_connections" {{(pid=65249) inner /opt/stack/data/venv/lib/python3.10/site-packages/oslo_concurrency/lockutils.py:404}}
Dec 06 12:43:18 user devstack@n-api.service[65249]: DEBUG oslo_concurrency.lockutils [None req-6c21246c-b335-4eff-b426-e142e6cc0395 tempest-TestVolumeSwap-994069222 tempest-TestVolumeSwap-994069222-project-member] Lock "3865375f-ec9d-4285-9fcb-3ac06330ea0a" acquired by "nova.context.set_target_cell..get_or_set_cached_cell_and_set_connections" :: waited 0.001s {{(pid=65249) inner /opt/stack/data/venv/lib/python3.10/site-packages/oslo_concurrency/lockutils.py:409}}
Dec 06 12:43:18 user devstack@n-api.service[65249]: DEBUG oslo_concurrency.lockutils [None req-6c21246c-b335-4eff-b426-e142e6cc0395 tempest-TestVolumeSwap-994069222 tempest-TestVolumeSwap-994069222-project-member] Lock "3865375f-ec9d-4285-9fcb-3ac06330ea0a" "released" by "nova.context.set_target_cell..get_or_set_cached_cell_and_set_connections" :: held 0.000s {{(pid=65249) inner /opt/stack/data/venv/lib/python3.10/site-packages/oslo_concurrency/lockutils.py:423}}
Dec 06 12:43:18 user devstack@n-api.service[65249]: DEBUG oslo_concurrency.lockutils [None req-6c21246c-b335-4eff-b426-e142e6cc0395 tempest-TestVolumeSwap-994069222 tempest-TestVolumeSwap-994069222-project-member] Acquiring lock "3865375f-ec9d-4285-9fcb-3ac06330ea0a" by "nova.context.set_target_cell..get_or_set_cached_cell_and_set_connections" {{(pid=65249) inner /opt/stack/data/venv/lib/python3.10/site-packages/oslo_concurrency/lockutils.py:404}}
Dec 06 12:43:18 user devstack@n-api.service[65249]: DEBUG oslo_concurrency.lockutils [None req-6c21246c-b335-4eff-b426-e142e6cc0395 tempest-TestVolumeSwap-994069222 tempest-TestVolumeSwap-994069222-project-member] Lock "3865375f-ec9d-4285-9fcb-3ac06330ea0a" acquired by "nova.context.set_target_cell..get_or_set_cached_cell_and_set_connections" :: waited 0.000s {{(pid=65249) inner /opt/stack/data/venv/lib/python3.10/site-packages/oslo_concurrency/lockutils.py:409}}
Dec 06 12:43:18 user devstack@n-api.service[65249]: DEBUG oslo_concurrency.lockutils [None req-6c21246c-b335-4eff-b426-e142e6cc0395 tempest-TestVolumeSwap-994069222 tempest-TestVolumeSwap-994069222-project-member] Lock "3865375f-ec9d-4285-9fcb-3ac06330ea0a" "released" by "nova.context.set_target_cell..get_or_set_cached_cell_and_set_connections" :: held 0.000s {{(pid=65249) inner /opt/stack/data/venv/lib/python3.10/site-packages/oslo_concurrency/lockutils.py:423}}
Dec 06 12:43:18 user devstack@n-api.service[65249]: INFO nova.api.openstack.requestlog [None req-6c21246c-b335-4eff-b426-e142e6cc0395 tempest-TestVolumeSwap-994069222 tempest-TestVolumeSwap-994069222-project-member] 10.0.0.210 "GET /compute/v2.1/servers/dbb64a66-f500-407b-ae92-80f27eb6ce2e/os-volume_attachments" status: 200 len: 197 microversion: 2.1 time: 0.043068
Dec 06 12:43:18 user devstack@n-api.service[65249]: [pid: 65249|app: 0|req: 68/203] 10.0.0.210 () {62 vars in 1379 bytes} [Wed Dec 6 12:43:18 2023] GET /compute/v2.1/servers/dbb64a66-f500-407b-ae92-80f27eb6ce2e/os-volume_attachments => generated 197 bytes in 44 msecs (HTTP/1.1 200) 9 headers in 357 bytes (1 switches on core 0)
Dec 06 12:43:18 user devstack@n-api.service[65250]: DEBUG nova.api.openstack.wsgi [None req-c15c70b3-1b59-4b63-bddb-d1d38d2e8343 tempest-TestVolumeSwap-1501017166 tempest-TestVolumeSwap-1501017166-project-admin] Action: 'update', calling method: >, body: {"volumeAttachment": {"volumeId": "82a4a39f-5874-4d9f-8936-c14e2d8a0ca8"}} {{(pid=65250) _process_stack /opt/stack/nova/nova/api/openstack/wsgi.py:511}}
Dec 06 12:43:18 user devstack@n-api.service[65250]: DEBUG nova.compute.api [None req-c15c70b3-1b59-4b63-bddb-d1d38d2e8343 tempest-TestVolumeSwap-1501017166 tempest-TestVolumeSwap-1501017166-project-admin] [instance: dbb64a66-f500-407b-ae92-80f27eb6ce2e] Fetching instance by UUID {{(pid=65250) get /opt/stack/nova/nova/compute/api.py:2981}}
Dec 06 12:43:18 user devstack@n-api.service[65251]: DEBUG nova.api.openstack.wsgi [None req-07bc4851-0f94-41a0-8644-d387d7dbb8fd tempest-TaggedAttachmentsTest-1300888424 tempest-TaggedAttachmentsTest-1300888424-project-admin] Calling method '>' {{(pid=65251) _process_stack /opt/stack/nova/nova/api/openstack/wsgi.py:513}}
Dec 06 12:43:18 user devstack@n-api.service[65250]: DEBUG oslo_concurrency.lockutils [None req-c15c70b3-1b59-4b63-bddb-d1d38d2e8343 tempest-TestVolumeSwap-1501017166 tempest-TestVolumeSwap-1501017166-project-admin] Acquiring lock "3865375f-ec9d-4285-9fcb-3ac06330ea0a" by "nova.context.set_target_cell..get_or_set_cached_cell_and_set_connections" {{(pid=65250) inner /opt/stack/data/venv/lib/python3.10/site-packages/oslo_concurrency/lockutils.py:404}}
Dec 06 12:43:18 user devstack@n-api.service[65251]: DEBUG nova.compute.api [None req-07bc4851-0f94-41a0-8644-d387d7dbb8fd tempest-TaggedAttachmentsTest-1300888424 tempest-TaggedAttachmentsTest-1300888424-project-admin] [instance: f2e75618-9164-4527-a6a3-5f5195effccf] Fetching instance by UUID {{(pid=65251) get /opt/stack/nova/nova/compute/api.py:2981}}
Dec 06 12:43:18 user devstack@n-api.service[65250]: DEBUG oslo_concurrency.lockutils [None req-c15c70b3-1b59-4b63-bddb-d1d38d2e8343 tempest-TestVolumeSwap-1501017166 tempest-TestVolumeSwap-1501017166-project-admin] Lock "3865375f-ec9d-4285-9fcb-3ac06330ea0a" acquired by "nova.context.set_target_cell..get_or_set_cached_cell_and_set_connections" :: waited 0.001s {{(pid=65250) inner /opt/stack/data/venv/lib/python3.10/site-packages/oslo_concurrency/lockutils.py:409}}
Dec 06 12:43:18 user devstack@n-api.service[65250]: DEBUG oslo_concurrency.lockutils [None req-c15c70b3-1b59-4b63-bddb-d1d38d2e8343 tempest-TestVolumeSwap-1501017166 tempest-TestVolumeSwap-1501017166-project-admin] Lock "3865375f-ec9d-4285-9fcb-3ac06330ea0a" "released" by "nova.context.set_target_cell..get_or_set_cached_cell_and_set_connections" :: held 0.001s {{(pid=65250) inner /opt/stack/data/venv/lib/python3.10/site-packages/oslo_concurrency/lockutils.py:423}}
Dec 06 12:43:18 user devstack@n-api.service[65250]: DEBUG oslo_concurrency.lockutils [None req-c15c70b3-1b59-4b63-bddb-d1d38d2e8343 tempest-TestVolumeSwap-1501017166 tempest-TestVolumeSwap-1501017166-project-admin] Acquiring lock "3865375f-ec9d-4285-9fcb-3ac06330ea0a" by "nova.context.set_target_cell..get_or_set_cached_cell_and_set_connections" {{(pid=65250) inner /opt/stack/data/venv/lib/python3.10/site-packages/oslo_concurrency/lockutils.py:404}}
Dec 06 12:43:18 user devstack@n-api.service[65250]: DEBUG oslo_concurrency.lockutils [None req-c15c70b3-1b59-4b63-bddb-d1d38d2e8343 tempest-TestVolumeSwap-1501017166 tempest-TestVolumeSwap-1501017166-project-admin] Lock "3865375f-ec9d-4285-9fcb-3ac06330ea0a" acquired by "nova.context.set_target_cell..get_or_set_cached_cell_and_set_connections" :: waited 0.001s {{(pid=65250) inner /opt/stack/data/venv/lib/python3.10/site-packages/oslo_concurrency/lockutils.py:409}}
Dec 06 12:43:18 user devstack@n-api.service[65250]: DEBUG oslo_concurrency.lockutils [None req-c15c70b3-1b59-4b63-bddb-d1d38d2e8343 tempest-TestVolumeSwap-1501017166 tempest-TestVolumeSwap-1501017166-project-admin] Lock "3865375f-ec9d-4285-9fcb-3ac06330ea0a" "released" by "nova.context.set_target_cell..get_or_set_cached_cell_and_set_connections" :: held 0.001s {{(pid=65250) inner /opt/stack/data/venv/lib/python3.10/site-packages/oslo_concurrency/lockutils.py:423}}
Dec 06 12:43:18 user devstack@n-api.service[65251]: DEBUG oslo_concurrency.lockutils [None req-07bc4851-0f94-41a0-8644-d387d7dbb8fd tempest-TaggedAttachmentsTest-1300888424 tempest-TaggedAttachmentsTest-1300888424-project-admin] Acquiring lock "3865375f-ec9d-4285-9fcb-3ac06330ea0a" by "nova.context.set_target_cell..get_or_set_cached_cell_and_set_connections" {{(pid=65251) inner /opt/stack/data/venv/lib/python3.10/site-packages/oslo_concurrency/lockutils.py:404}}
Dec 06 12:43:18 user devstack@n-api.service[65251]: DEBUG oslo_concurrency.lockutils [None req-07bc4851-0f94-41a0-8644-d387d7dbb8fd tempest-TaggedAttachmentsTest-1300888424 tempest-TaggedAttachmentsTest-1300888424-project-admin] Lock "3865375f-ec9d-4285-9fcb-3ac06330ea0a" acquired by "nova.context.set_target_cell..get_or_set_cached_cell_and_set_connections" :: waited 0.001s {{(pid=65251) inner /opt/stack/data/venv/lib/python3.10/site-packages/oslo_concurrency/lockutils.py:409}}
Dec 06 12:43:18 user devstack@n-api.service[65251]: DEBUG oslo_concurrency.lockutils [None req-07bc4851-0f94-41a0-8644-d387d7dbb8fd tempest-TaggedAttachmentsTest-1300888424 tempest-TaggedAttachmentsTest-1300888424-project-admin] Lock "3865375f-ec9d-4285-9fcb-3ac06330ea0a" "released" by "nova.context.set_target_cell..get_or_set_cached_cell_and_set_connections" :: held 0.000s {{(pid=65251) inner /opt/stack/data/venv/lib/python3.10/site-packages/oslo_concurrency/lockutils.py:423}}
Dec 06 12:43:18 user devstack@n-api.service[65251]: DEBUG oslo_concurrency.lockutils [None req-07bc4851-0f94-41a0-8644-d387d7dbb8fd tempest-TaggedAttachmentsTest-1300888424 tempest-TaggedAttachmentsTest-1300888424-project-admin] Acquiring lock "3865375f-ec9d-4285-9fcb-3ac06330ea0a" by "nova.context.set_target_cell..get_or_set_cached_cell_and_set_connections" {{(pid=65251) inner /opt/stack/data/venv/lib/python3.10/site-packages/oslo_concurrency/lockutils.py:404}}
Dec 06 12:43:18 user devstack@n-api.service[65251]: DEBUG oslo_concurrency.lockutils [None req-07bc4851-0f94-41a0-8644-d387d7dbb8fd tempest-TaggedAttachmentsTest-1300888424 tempest-TaggedAttachmentsTest-1300888424-project-admin] Lock "3865375f-ec9d-4285-9fcb-3ac06330ea0a" acquired by "nova.context.set_target_cell..get_or_set_cached_cell_and_set_connections" :: waited 0.000s {{(pid=65251) inner /opt/stack/data/venv/lib/python3.10/site-packages/oslo_concurrency/lockutils.py:409}}
Dec 06 12:43:18 user devstack@n-api.service[65251]: DEBUG oslo_concurrency.lockutils [None req-07bc4851-0f94-41a0-8644-d387d7dbb8fd tempest-TaggedAttachmentsTest-1300888424 tempest-TaggedAttachmentsTest-1300888424-project-admin] Lock "3865375f-ec9d-4285-9fcb-3ac06330ea0a" "released" by "nova.context.set_target_cell..get_or_set_cached_cell_and_set_connections" :: held 0.000s {{(pid=65251) inner /opt/stack/data/venv/lib/python3.10/site-packages/oslo_concurrency/lockutils.py:423}}
Dec 06 12:43:18 user devstack@n-api.service[65251]: INFO nova.api.openstack.requestlog [None req-07bc4851-0f94-41a0-8644-d387d7dbb8fd tempest-TaggedAttachmentsTest-1300888424 tempest-TaggedAttachmentsTest-1300888424-project-admin] 10.0.0.210 "GET /compute/v2.1/servers/f2e75618-9164-4527-a6a3-5f5195effccf/os-instance-actions/req-f0a4d003-7d8a-461a-b561-780683010193" status: 200 len: 474 microversion: 2.49 time: 0.146903
Dec 06 12:43:18 user devstack@n-api.service[65251]: [pid: 65251|app: 0|req: 66/204] 10.0.0.210 () {64 vars in 1537 bytes} [Wed Dec 6 12:43:18 2023] GET /compute/v2.1/servers/f2e75618-9164-4527-a6a3-5f5195effccf/os-instance-actions/req-f0a4d003-7d8a-461a-b561-780683010193 => generated 474 bytes in 148 msecs (HTTP/1.1 200) 9 headers in 359 bytes (1 switches on core 0)
Dec 06 12:43:18 user devstack@n-api.service[65249]: DEBUG nova.api.openstack.wsgi [req-e8d3b1fa-389f-4fc2-b45e-0cdfc662fc18 req-ad334a7f-f754-45b2-ad69-986476048e13 service nova] Action: 'create', calling method: >, body: {"events": [{"server_uuid": "f0e26668-e253-409a-a011-a54e8ad3ebb7", "name": "network-vif-deleted", "tag": "7ec9c7ac-57f1-42a5-b2ff-df899a930efd"}, {"name": "network-changed", "server_uuid": "3e1b5197-dc38-48a5-b9f9-e053be499433", "tag": "f373c320-8b0c-440d-b825-d7ec2555b89d"}]} {{(pid=65249) _process_stack /opt/stack/nova/nova/api/openstack/wsgi.py:511}}
Dec 06 12:43:18 user devstack@n-api.service[65249]: DEBUG oslo_concurrency.lockutils [req-e8d3b1fa-389f-4fc2-b45e-0cdfc662fc18 req-ad334a7f-f754-45b2-ad69-986476048e13 service nova] Acquiring lock "3865375f-ec9d-4285-9fcb-3ac06330ea0a" by "nova.context.set_target_cell..get_or_set_cached_cell_and_set_connections" {{(pid=65249) inner /opt/stack/data/venv/lib/python3.10/site-packages/oslo_concurrency/lockutils.py:404}}
Dec 06 12:43:18 user devstack@n-api.service[65249]: DEBUG oslo_concurrency.lockutils [req-e8d3b1fa-389f-4fc2-b45e-0cdfc662fc18 req-ad334a7f-f754-45b2-ad69-986476048e13 service nova] Lock "3865375f-ec9d-4285-9fcb-3ac06330ea0a" acquired by "nova.context.set_target_cell..get_or_set_cached_cell_and_set_connections" :: waited 0.001s {{(pid=65249) inner /opt/stack/data/venv/lib/python3.10/site-packages/oslo_concurrency/lockutils.py:409}}
Dec 06 12:43:18 user devstack@n-api.service[65249]: DEBUG oslo_concurrency.lockutils [req-e8d3b1fa-389f-4fc2-b45e-0cdfc662fc18 req-ad334a7f-f754-45b2-ad69-986476048e13 service nova] Lock "3865375f-ec9d-4285-9fcb-3ac06330ea0a" "released" by "nova.context.set_target_cell..get_or_set_cached_cell_and_set_connections" :: held 0.000s {{(pid=65249) inner /opt/stack/data/venv/lib/python3.10/site-packages/oslo_concurrency/lockutils.py:423}}
Dec 06 12:43:18 user devstack@n-api.service[65250]: INFO nova.api.openstack.requestlog [None req-c15c70b3-1b59-4b63-bddb-d1d38d2e8343 tempest-TestVolumeSwap-1501017166 tempest-TestVolumeSwap-1501017166-project-admin] 10.0.0.210 "PUT /compute/v2.1/servers/dbb64a66-f500-407b-ae92-80f27eb6ce2e/os-volume_attachments/a981a788-9ae3-41c7-b06f-3b797b194bf6" status: 202 len: 0 microversion: 2.1 time: 0.583694
Dec 06 12:43:18 user devstack@n-api.service[65250]: [pid: 65250|app: 0|req: 71/205] 10.0.0.210 () {64 vars in 1510 bytes} [Wed Dec 6 12:43:18 2023] PUT /compute/v2.1/servers/dbb64a66-f500-407b-ae92-80f27eb6ce2e/os-volume_attachments/a981a788-9ae3-41c7-b06f-3b797b194bf6 => generated 0 bytes in 586 msecs (HTTP/1.1 202) 9 headers in 361 bytes (1 switches on core 0)
Dec 06 12:43:18 user devstack@n-api.service[65249]: INFO nova.api.openstack.compute.server_external_events [req-e8d3b1fa-389f-4fc2-b45e-0cdfc662fc18 req-ad334a7f-f754-45b2-ad69-986476048e13 service nova] Creating event network-vif-deleted:7ec9c7ac-57f1-42a5-b2ff-df899a930efd for instance f0e26668-e253-409a-a011-a54e8ad3ebb7 on user
Dec 06 12:43:18 user devstack@n-api.service[65249]: INFO nova.api.openstack.compute.server_external_events [req-e8d3b1fa-389f-4fc2-b45e-0cdfc662fc18 req-ad334a7f-f754-45b2-ad69-986476048e13 service nova] Creating event network-changed:f373c320-8b0c-440d-b825-d7ec2555b89d for instance 3e1b5197-dc38-48a5-b9f9-e053be499433 on user
Dec 06 12:43:18 user devstack@n-api.service[65249]: INFO nova.api.openstack.requestlog [req-e8d3b1fa-389f-4fc2-b45e-0cdfc662fc18 req-ad334a7f-f754-45b2-ad69-986476048e13 service nova] 10.0.0.210 "POST /compute/v2.1/os-server-external-events" status: 200 len: 350 microversion: 2.1 time: 0.042892
Dec 06 12:43:18 user devstack@n-api.service[65249]: [pid: 65249|app: 0|req: 69/206] 10.0.0.210 () {68 vars in 1394 bytes} [Wed Dec 6 12:43:18 2023] POST /compute/v2.1/os-server-external-events => generated 350 bytes in 44 msecs (HTTP/1.1 200) 9 headers in 357 bytes (1 switches on core 0)
Dec 06 12:43:18 user devstack@n-api.service[65251]: DEBUG nova.api.openstack.wsgi [req-1813738a-5c88-43be-8a5c-78c2642c1906 req-89fc292e-d43d-46a3-85ee-967cbdd26a4f service nova] Action: 'create', calling method: >, body: {"events": [{"server_uuid": "f2e75618-9164-4527-a6a3-5f5195effccf", "name": "network-vif-unplugged", "status": "completed", "tag": "4b46350b-531d-4f9c-89eb-1ebab7067497"}]} {{(pid=65251) _process_stack /opt/stack/nova/nova/api/openstack/wsgi.py:511}}
Dec 06 12:43:18 user devstack@n-api.service[65251]: DEBUG oslo_concurrency.lockutils [req-1813738a-5c88-43be-8a5c-78c2642c1906 req-89fc292e-d43d-46a3-85ee-967cbdd26a4f service nova] Acquiring lock "3865375f-ec9d-4285-9fcb-3ac06330ea0a" by "nova.context.set_target_cell..get_or_set_cached_cell_and_set_connections" {{(pid=65251) inner /opt/stack/data/venv/lib/python3.10/site-packages/oslo_concurrency/lockutils.py:404}}
Dec 06 12:43:18 user devstack@n-api.service[65251]: DEBUG oslo_concurrency.lockutils [req-1813738a-5c88-43be-8a5c-78c2642c1906 req-89fc292e-d43d-46a3-85ee-967cbdd26a4f service nova] Lock "3865375f-ec9d-4285-9fcb-3ac06330ea0a" acquired by "nova.context.set_target_cell..get_or_set_cached_cell_and_set_connections" :: waited 0.001s {{(pid=65251) inner /opt/stack/data/venv/lib/python3.10/site-packages/oslo_concurrency/lockutils.py:409}}
Dec 06 12:43:18 user devstack@n-api.service[65251]: DEBUG oslo_concurrency.lockutils [req-1813738a-5c88-43be-8a5c-78c2642c1906 req-89fc292e-d43d-46a3-85ee-967cbdd26a4f service nova] Lock "3865375f-ec9d-4285-9fcb-3ac06330ea0a" "released" by "nova.context.set_target_cell..get_or_set_cached_cell_and_set_connections" :: held 0.001s {{(pid=65251) inner /opt/stack/data/venv/lib/python3.10/site-packages/oslo_concurrency/lockutils.py:423}}
Dec 06 12:43:18 user devstack@n-api.service[65251]: INFO nova.api.openstack.compute.server_external_events [req-1813738a-5c88-43be-8a5c-78c2642c1906 req-89fc292e-d43d-46a3-85ee-967cbdd26a4f service nova] Creating event network-vif-unplugged:4b46350b-531d-4f9c-89eb-1ebab7067497 for instance f2e75618-9164-4527-a6a3-5f5195effccf on user
Dec 06 12:43:18 user devstack@n-api.service[65251]: INFO nova.api.openstack.requestlog [req-1813738a-5c88-43be-8a5c-78c2642c1906 req-89fc292e-d43d-46a3-85ee-967cbdd26a4f service nova] 10.0.0.210 "POST /compute/v2.1/os-server-external-events" status: 200 len: 185 microversion: 2.1 time: 0.033505
Dec 06 12:43:18 user devstack@n-api.service[65251]: [pid: 65251|app: 0|req: 67/207] 10.0.0.210 () {68 vars in 1394 bytes} [Wed Dec 6 12:43:18 2023] POST /compute/v2.1/os-server-external-events => generated 185 bytes in 35 msecs (HTTP/1.1 200) 9 headers in 357 bytes (1 switches on core 0)
Dec 06 12:43:19 user devstack@n-api.service[65250]: DEBUG nova.api.openstack.wsgi [None req-99503ad2-cc33-45b8-81fa-d43da7c3712c tempest-TaggedBootDevicesTest-1984999958 tempest-TaggedBootDevicesTest-1984999958-project-member] Calling method '>' {{(pid=65250) _process_stack /opt/stack/nova/nova/api/openstack/wsgi.py:513}}
Dec 06 12:43:19 user devstack@n-api.service[65250]: DEBUG nova.compute.api [None req-99503ad2-cc33-45b8-81fa-d43da7c3712c tempest-TaggedBootDevicesTest-1984999958 tempest-TaggedBootDevicesTest-1984999958-project-member] [instance: 51c56231-9ff5-45a6-ad38-e7ac68124ed4] Fetching instance by UUID {{(pid=65250) get /opt/stack/nova/nova/compute/api.py:2981}}
Dec 06 12:43:19 user devstack@n-api.service[65250]: DEBUG oslo_concurrency.lockutils [None req-99503ad2-cc33-45b8-81fa-d43da7c3712c tempest-TaggedBootDevicesTest-1984999958 tempest-TaggedBootDevicesTest-1984999958-project-member] Acquiring lock "3865375f-ec9d-4285-9fcb-3ac06330ea0a" by "nova.context.set_target_cell..get_or_set_cached_cell_and_set_connections" {{(pid=65250) inner /opt/stack/data/venv/lib/python3.10/site-packages/oslo_concurrency/lockutils.py:404}}
Dec 06 12:43:19 user devstack@n-api.service[65250]: DEBUG oslo_concurrency.lockutils [None req-99503ad2-cc33-45b8-81fa-d43da7c3712c tempest-TaggedBootDevicesTest-1984999958 tempest-TaggedBootDevicesTest-1984999958-project-member] Lock "3865375f-ec9d-4285-9fcb-3ac06330ea0a" acquired by "nova.context.set_target_cell..get_or_set_cached_cell_and_set_connections" :: waited 0.001s {{(pid=65250) inner /opt/stack/data/venv/lib/python3.10/site-packages/oslo_concurrency/lockutils.py:409}}
Dec 06 12:43:19 user devstack@n-api.service[65250]: DEBUG oslo_concurrency.lockutils [None req-99503ad2-cc33-45b8-81fa-d43da7c3712c tempest-TaggedBootDevicesTest-1984999958 tempest-TaggedBootDevicesTest-1984999958-project-member] Lock "3865375f-ec9d-4285-9fcb-3ac06330ea0a" "released" by "nova.context.set_target_cell..get_or_set_cached_cell_and_set_connections" :: held 0.001s {{(pid=65250) inner /opt/stack/data/venv/lib/python3.10/site-packages/oslo_concurrency/lockutils.py:423}}
Dec 06 12:43:19 user devstack@n-api.service[65250]: DEBUG oslo_concurrency.lockutils [None req-99503ad2-cc33-45b8-81fa-d43da7c3712c tempest-TaggedBootDevicesTest-1984999958 tempest-TaggedBootDevicesTest-1984999958-project-member] Acquiring lock "3865375f-ec9d-4285-9fcb-3ac06330ea0a" by "nova.context.set_target_cell..get_or_set_cached_cell_and_set_connections" {{(pid=65250) inner /opt/stack/data/venv/lib/python3.10/site-packages/oslo_concurrency/lockutils.py:404}}
Dec 06 12:43:19 user devstack@n-api.service[65250]: DEBUG oslo_concurrency.lockutils [None req-99503ad2-cc33-45b8-81fa-d43da7c3712c tempest-TaggedBootDevicesTest-1984999958 tempest-TaggedBootDevicesTest-1984999958-project-member] Lock "3865375f-ec9d-4285-9fcb-3ac06330ea0a" acquired by "nova.context.set_target_cell..get_or_set_cached_cell_and_set_connections" :: waited 0.001s {{(pid=65250) inner /opt/stack/data/venv/lib/python3.10/site-packages/oslo_concurrency/lockutils.py:409}}
Dec 06 12:43:19 user devstack@n-api.service[65250]: DEBUG oslo_concurrency.lockutils [None req-99503ad2-cc33-45b8-81fa-d43da7c3712c tempest-TaggedBootDevicesTest-1984999958 tempest-TaggedBootDevicesTest-1984999958-project-member] Lock "3865375f-ec9d-4285-9fcb-3ac06330ea0a" "released" by "nova.context.set_target_cell..get_or_set_cached_cell_and_set_connections" :: held 0.000s {{(pid=65250) inner /opt/stack/data/venv/lib/python3.10/site-packages/oslo_concurrency/lockutils.py:423}}
Dec 06 12:43:19 user devstack@n-api.service[65250]: DEBUG nova.compute.api [None req-99503ad2-cc33-45b8-81fa-d43da7c3712c tempest-TaggedBootDevicesTest-1984999958 tempest-TaggedBootDevicesTest-1984999958-project-member] [instance: 51c56231-9ff5-45a6-ad38-e7ac68124ed4] Going to try to terminate instance {{(pid=65250) delete /opt/stack/nova/nova/compute/api.py:2725}}
Dec 06 12:43:19 user devstack@n-api.service[65250]: INFO nova.api.openstack.requestlog [None req-99503ad2-cc33-45b8-81fa-d43da7c3712c tempest-TaggedBootDevicesTest-1984999958 tempest-TaggedBootDevicesTest-1984999958-project-member] 10.0.0.210 "DELETE /compute/v2.1/servers/51c56231-9ff5-45a6-ad38-e7ac68124ed4" status: 204 len: 0 microversion: 2.32 time: 0.230544
Dec 06 12:43:19 user devstack@n-api.service[65250]: [pid: 65250|app: 0|req: 72/208] 10.0.0.210 () {64 vars in 1357 bytes} [Wed Dec 6 12:43:19 2023] DELETE /compute/v2.1/servers/51c56231-9ff5-45a6-ad38-e7ac68124ed4 => generated 0 bytes in 233 msecs (HTTP/1.1 204) 9 headers in 365 bytes (1 switches on core 0)
Dec 06 12:43:19 user devstack@n-api.service[65249]: DEBUG nova.api.openstack.wsgi [None req-0ab1524b-dad2-45ff-bf1a-780e77b9a89b tempest-TaggedBootDevicesTest-1984999958 tempest-TaggedBootDevicesTest-1984999958-project-member] Calling method '>' {{(pid=65249) _process_stack /opt/stack/nova/nova/api/openstack/wsgi.py:513}}
Dec 06 12:43:19 user devstack@n-api.service[65249]: DEBUG nova.compute.api [None req-0ab1524b-dad2-45ff-bf1a-780e77b9a89b tempest-TaggedBootDevicesTest-1984999958 tempest-TaggedBootDevicesTest-1984999958-project-member] [instance: 51c56231-9ff5-45a6-ad38-e7ac68124ed4] Fetching instance by UUID {{(pid=65249) get /opt/stack/nova/nova/compute/api.py:2981}}
Dec 06 12:43:19 user devstack@n-api.service[65249]: DEBUG oslo_concurrency.lockutils [None req-0ab1524b-dad2-45ff-bf1a-780e77b9a89b tempest-TaggedBootDevicesTest-1984999958 tempest-TaggedBootDevicesTest-1984999958-project-member] Acquiring lock "3865375f-ec9d-4285-9fcb-3ac06330ea0a" by "nova.context.set_target_cell..get_or_set_cached_cell_and_set_connections" {{(pid=65249) inner /opt/stack/data/venv/lib/python3.10/site-packages/oslo_concurrency/lockutils.py:404}}
Dec 06 12:43:19 user devstack@n-api.service[65249]: DEBUG oslo_concurrency.lockutils [None req-0ab1524b-dad2-45ff-bf1a-780e77b9a89b tempest-TaggedBootDevicesTest-1984999958 tempest-TaggedBootDevicesTest-1984999958-project-member] Lock "3865375f-ec9d-4285-9fcb-3ac06330ea0a" acquired by "nova.context.set_target_cell..get_or_set_cached_cell_and_set_connections" :: waited 0.001s {{(pid=65249) inner /opt/stack/data/venv/lib/python3.10/site-packages/oslo_concurrency/lockutils.py:409}}
Dec 06 12:43:19 user devstack@n-api.service[65249]: DEBUG oslo_concurrency.lockutils [None req-0ab1524b-dad2-45ff-bf1a-780e77b9a89b tempest-TaggedBootDevicesTest-1984999958 tempest-TaggedBootDevicesTest-1984999958-project-member] Lock "3865375f-ec9d-4285-9fcb-3ac06330ea0a" "released" by "nova.context.set_target_cell..get_or_set_cached_cell_and_set_connections" :: held 0.001s {{(pid=65249) inner /opt/stack/data/venv/lib/python3.10/site-packages/oslo_concurrency/lockutils.py:423}}
Dec 06 12:43:19 user devstack@n-api.service[65249]: DEBUG oslo_concurrency.lockutils [None req-0ab1524b-dad2-45ff-bf1a-780e77b9a89b tempest-TaggedBootDevicesTest-1984999958 tempest-TaggedBootDevicesTest-1984999958-project-member] Acquiring lock "3865375f-ec9d-4285-9fcb-3ac06330ea0a" by "nova.context.set_target_cell..get_or_set_cached_cell_and_set_connections" {{(pid=65249) inner /opt/stack/data/venv/lib/python3.10/site-packages/oslo_concurrency/lockutils.py:404}}
Dec 06 12:43:19 user devstack@n-api.service[65249]: DEBUG oslo_concurrency.lockutils [None req-0ab1524b-dad2-45ff-bf1a-780e77b9a89b tempest-TaggedBootDevicesTest-1984999958 tempest-TaggedBootDevicesTest-1984999958-project-member] Lock "3865375f-ec9d-4285-9fcb-3ac06330ea0a" acquired by "nova.context.set_target_cell..get_or_set_cached_cell_and_set_connections" :: waited 0.000s {{(pid=65249) inner /opt/stack/data/venv/lib/python3.10/site-packages/oslo_concurrency/lockutils.py:409}}
Dec 06 12:43:19 user devstack@n-api.service[65249]: DEBUG oslo_concurrency.lockutils [None req-0ab1524b-dad2-45ff-bf1a-780e77b9a89b tempest-TaggedBootDevicesTest-1984999958 tempest-TaggedBootDevicesTest-1984999958-project-member] Lock "3865375f-ec9d-4285-9fcb-3ac06330ea0a" "released" by "nova.context.set_target_cell..get_or_set_cached_cell_and_set_connections" :: held 0.000s {{(pid=65249) inner /opt/stack/data/venv/lib/python3.10/site-packages/oslo_concurrency/lockutils.py:423}}
Dec 06 12:43:19 user devstack@n-api.service[65251]: DEBUG nova.api.openstack.wsgi [req-2067d8c0-5769-483c-8455-9600970b922a req-d8e5efb9-d274-4447-9c5a-b10c857d6dc6 service nova] Action: 'create', calling method: >, body: {"events": [{"server_uuid": "51c56231-9ff5-45a6-ad38-e7ac68124ed4", "name": "network-vif-unplugged", "status": "completed", "tag": "ce9cf139-5123-474a-b4ea-0880d5b48d27"}]} {{(pid=65251) _process_stack /opt/stack/nova/nova/api/openstack/wsgi.py:511}}
Dec 06 12:43:19 user devstack@n-api.service[65251]: DEBUG oslo_concurrency.lockutils [req-2067d8c0-5769-483c-8455-9600970b922a req-d8e5efb9-d274-4447-9c5a-b10c857d6dc6 service nova] Acquiring lock "3865375f-ec9d-4285-9fcb-3ac06330ea0a" by "nova.context.set_target_cell..get_or_set_cached_cell_and_set_connections" {{(pid=65251) inner /opt/stack/data/venv/lib/python3.10/site-packages/oslo_concurrency/lockutils.py:404}}
Dec 06 12:43:19 user devstack@n-api.service[65251]: DEBUG oslo_concurrency.lockutils [req-2067d8c0-5769-483c-8455-9600970b922a req-d8e5efb9-d274-4447-9c5a-b10c857d6dc6 service nova] Lock "3865375f-ec9d-4285-9fcb-3ac06330ea0a" acquired by "nova.context.set_target_cell..get_or_set_cached_cell_and_set_connections" :: waited 0.001s {{(pid=65251) inner /opt/stack/data/venv/lib/python3.10/site-packages/oslo_concurrency/lockutils.py:409}}
Dec 06 12:43:19 user devstack@n-api.service[65251]: DEBUG oslo_concurrency.lockutils [req-2067d8c0-5769-483c-8455-9600970b922a req-d8e5efb9-d274-4447-9c5a-b10c857d6dc6 service nova] Lock "3865375f-ec9d-4285-9fcb-3ac06330ea0a" "released" by "nova.context.set_target_cell..get_or_set_cached_cell_and_set_connections" :: held 0.000s {{(pid=65251) inner /opt/stack/data/venv/lib/python3.10/site-packages/oslo_concurrency/lockutils.py:423}}
Dec 06 12:43:19 user devstack@n-api.service[65251]: INFO nova.api.openstack.compute.server_external_events [req-2067d8c0-5769-483c-8455-9600970b922a req-d8e5efb9-d274-4447-9c5a-b10c857d6dc6 service nova] Creating event network-vif-unplugged:ce9cf139-5123-474a-b4ea-0880d5b48d27 for instance 51c56231-9ff5-45a6-ad38-e7ac68124ed4 on user
Dec 06 12:43:19 user devstack@n-api.service[65251]: INFO nova.api.openstack.requestlog [req-2067d8c0-5769-483c-8455-9600970b922a req-d8e5efb9-d274-4447-9c5a-b10c857d6dc6 service nova] 10.0.0.210 "POST /compute/v2.1/os-server-external-events" status: 200 len: 185 microversion: 2.1 time: 0.041347
Dec 06 12:43:19 user devstack@n-api.service[65251]: [pid: 65251|app: 0|req: 68/209] 10.0.0.210 () {68 vars in 1394 bytes} [Wed Dec 6 12:43:19 2023] POST /compute/v2.1/os-server-external-events => generated 185 bytes in 48 msecs (HTTP/1.1 200) 9 headers in 357 bytes (1 switches on core 0)
Dec 06 12:43:19 user devstack@n-api.service[65250]: DEBUG nova.api.openstack.wsgi [req-45d47a7e-f108-410c-8f8b-fb032da67513 req-509f3c1a-e57c-43ad-b8d3-72f4b1aa8b25 service nova] Action: 'create', calling method: >, body: {"events": [{"name": "volume-reimaged", "server_uuid": "ed721541-3a94-496f-8b9d-88c74ac83ef7", "tag": "f5d30437-2abd-41f4-9626-a1ce202bacb0"}]} {{(pid=65250) _process_stack /opt/stack/nova/nova/api/openstack/wsgi.py:511}}
Dec 06 12:43:19 user devstack@n-api.service[65250]: DEBUG oslo_concurrency.lockutils [req-45d47a7e-f108-410c-8f8b-fb032da67513 req-509f3c1a-e57c-43ad-b8d3-72f4b1aa8b25 service nova] Acquiring lock "3865375f-ec9d-4285-9fcb-3ac06330ea0a" by "nova.context.set_target_cell..get_or_set_cached_cell_and_set_connections" {{(pid=65250) inner /opt/stack/data/venv/lib/python3.10/site-packages/oslo_concurrency/lockutils.py:404}}
Dec 06 12:43:19 user devstack@n-api.service[65250]: DEBUG oslo_concurrency.lockutils [req-45d47a7e-f108-410c-8f8b-fb032da67513 req-509f3c1a-e57c-43ad-b8d3-72f4b1aa8b25 service nova] Lock "3865375f-ec9d-4285-9fcb-3ac06330ea0a" acquired by "nova.context.set_target_cell..get_or_set_cached_cell_and_set_connections" :: waited 0.001s {{(pid=65250) inner /opt/stack/data/venv/lib/python3.10/site-packages/oslo_concurrency/lockutils.py:409}}
Dec 06 12:43:19 user devstack@n-api.service[65249]: DEBUG nova.policy [None req-0ab1524b-dad2-45ff-bf1a-780e77b9a89b tempest-TaggedBootDevicesTest-1984999958 tempest-TaggedBootDevicesTest-1984999958-project-member] Policy check for os_compute_api:os-extended-server-attributes failed with credentials {'is_admin': False, 'user_id': '5b81d6b6eeb741bc9c76444729f6d6f2', 'user_domain_id': 'default', 'system_scope': None, 'domain_id': None, 'project_id': 'c5f2611cfbe440d98fc54a3c186152be', 'project_domain_id': 'default', 'roles': ['reader', 'member'], 'is_admin_project': True, 'service_user_id': None, 'service_user_domain_id': None, 'service_project_id': None, 'service_project_domain_id': None, 'service_roles': []} {{(pid=65249) authorize /opt/stack/nova/nova/policy.py:203}}
Dec 06 12:43:19 user devstack@n-api.service[65250]: DEBUG oslo_concurrency.lockutils [req-45d47a7e-f108-410c-8f8b-fb032da67513 req-509f3c1a-e57c-43ad-b8d3-72f4b1aa8b25 service nova] Lock "3865375f-ec9d-4285-9fcb-3ac06330ea0a" "released" by "nova.context.set_target_cell..get_or_set_cached_cell_and_set_connections" :: held 0.000s {{(pid=65250) inner /opt/stack/data/venv/lib/python3.10/site-packages/oslo_concurrency/lockutils.py:423}}
Dec 06 12:43:19 user devstack@n-api.service[65249]: DEBUG nova.policy [None req-0ab1524b-dad2-45ff-bf1a-780e77b9a89b tempest-TaggedBootDevicesTest-1984999958 tempest-TaggedBootDevicesTest-1984999958-project-member] Policy check for os_compute_api:servers:show:host_status failed with credentials {'is_admin': False, 'user_id': '5b81d6b6eeb741bc9c76444729f6d6f2', 'user_domain_id': 'default', 'system_scope': None, 'domain_id': None, 'project_id': 'c5f2611cfbe440d98fc54a3c186152be', 'project_domain_id': 'default', 'roles': ['reader', 'member'], 'is_admin_project': True, 'service_user_id': None, 'service_user_domain_id': None, 'service_project_id': None, 'service_project_domain_id': None, 'service_roles': []} {{(pid=65249) authorize /opt/stack/nova/nova/policy.py:203}}
Dec 06 12:43:19 user devstack@n-api.service[65249]: DEBUG nova.policy [None req-0ab1524b-dad2-45ff-bf1a-780e77b9a89b tempest-TaggedBootDevicesTest-1984999958 tempest-TaggedBootDevicesTest-1984999958-project-member] Policy check for os_compute_api:servers:show:host_status:unknown-only failed with credentials {'is_admin': False, 'user_id': '5b81d6b6eeb741bc9c76444729f6d6f2', 'user_domain_id': 'default', 'system_scope': None, 'domain_id': None, 'project_id': 'c5f2611cfbe440d98fc54a3c186152be', 'project_domain_id': 'default', 'roles': ['reader', 'member'], 'is_admin_project': True, 'service_user_id': None, 'service_user_domain_id': None, 'service_project_id': None, 'service_project_domain_id': None, 'service_roles': []} {{(pid=65249) authorize /opt/stack/nova/nova/policy.py:203}}
Dec 06 12:43:19 user devstack@n-api.service[65249]: INFO nova.api.openstack.requestlog [None req-0ab1524b-dad2-45ff-bf1a-780e77b9a89b tempest-TaggedBootDevicesTest-1984999958 tempest-TaggedBootDevicesTest-1984999958-project-member] 10.0.0.210 "GET /compute/v2.1/servers/51c56231-9ff5-45a6-ad38-e7ac68124ed4" status: 200 len: 2947 microversion: 2.32 time: 0.446824
Dec 06 12:43:19 user devstack@n-api.service[65249]: [pid: 65249|app: 0|req: 70/210] 10.0.0.210 () {64 vars in 1354 bytes} [Wed Dec 6 12:43:19 2023] GET /compute/v2.1/servers/51c56231-9ff5-45a6-ad38-e7ac68124ed4 => generated 2947 bytes in 449 msecs (HTTP/1.1 200) 9 headers in 360 bytes (1 switches on core 0)
Dec 06 12:43:19 user devstack@n-api.service[65250]: INFO nova.api.openstack.compute.server_external_events [req-45d47a7e-f108-410c-8f8b-fb032da67513 req-509f3c1a-e57c-43ad-b8d3-72f4b1aa8b25 service nova] Creating event volume-reimaged:f5d30437-2abd-41f4-9626-a1ce202bacb0 for instance ed721541-3a94-496f-8b9d-88c74ac83ef7 on user
Dec 06 12:43:19 user devstack@n-api.service[65250]: INFO nova.api.openstack.requestlog [req-45d47a7e-f108-410c-8f8b-fb032da67513 req-509f3c1a-e57c-43ad-b8d3-72f4b1aa8b25 service nova] 10.0.0.210 "POST /compute/v2.1/os-server-external-events" status: 200 len: 179 microversion: 2.93 time: 0.108388
Dec 06 12:43:19 user devstack@n-api.service[65250]: [pid: 65250|app: 0|req: 73/211] 10.0.0.210 () {70 vars in 1437 bytes} [Wed Dec 6 12:43:19 2023] POST /compute/v2.1/os-server-external-events => generated 179 bytes in 114 msecs (HTTP/1.1 200) 9 headers in 359 bytes (2 switches on core 0)
Dec 06 12:43:20 user devstack@n-api.service[65251]: DEBUG nova.api.openstack.wsgi [req-fd66f543-38ef-4825-8875-fd91254b393e req-6556007d-b8ee-4b45-915a-ee580e0dfb43 service nova] Action: 'create', calling method: >, body: {"events": [{"server_uuid": "51c56231-9ff5-45a6-ad38-e7ac68124ed4", "name": "network-vif-unplugged", "status": "completed", "tag": "3d9b37b6-a28d-4028-ac06-9cd7685d403f"}, {"server_uuid": "51c56231-9ff5-45a6-ad38-e7ac68124ed4", "name": "network-vif-plugged", "status": "completed", "tag": "3d9b37b6-a28d-4028-ac06-9cd7685d403f"}]} {{(pid=65251) _process_stack /opt/stack/nova/nova/api/openstack/wsgi.py:511}}
Dec 06 12:43:20 user devstack@n-api.service[65251]: DEBUG oslo_concurrency.lockutils [req-fd66f543-38ef-4825-8875-fd91254b393e req-6556007d-b8ee-4b45-915a-ee580e0dfb43 service nova] Acquiring lock "3865375f-ec9d-4285-9fcb-3ac06330ea0a" by "nova.context.set_target_cell..get_or_set_cached_cell_and_set_connections" {{(pid=65251) inner /opt/stack/data/venv/lib/python3.10/site-packages/oslo_concurrency/lockutils.py:404}}
Dec 06 12:43:20 user devstack@n-api.service[65251]: DEBUG oslo_concurrency.lockutils [req-fd66f543-38ef-4825-8875-fd91254b393e req-6556007d-b8ee-4b45-915a-ee580e0dfb43 service nova] Lock "3865375f-ec9d-4285-9fcb-3ac06330ea0a" acquired by "nova.context.set_target_cell..get_or_set_cached_cell_and_set_connections" :: waited 0.001s {{(pid=65251) inner /opt/stack/data/venv/lib/python3.10/site-packages/oslo_concurrency/lockutils.py:409}}
Dec 06 12:43:20 user devstack@n-api.service[65251]: DEBUG oslo_concurrency.lockutils [req-fd66f543-38ef-4825-8875-fd91254b393e req-6556007d-b8ee-4b45-915a-ee580e0dfb43 service nova] Lock "3865375f-ec9d-4285-9fcb-3ac06330ea0a" "released" by "nova.context.set_target_cell..get_or_set_cached_cell_and_set_connections" :: held 0.001s {{(pid=65251) inner /opt/stack/data/venv/lib/python3.10/site-packages/oslo_concurrency/lockutils.py:423}}
Dec 06 12:43:20 user devstack@n-api.service[65251]: INFO nova.api.openstack.compute.server_external_events [req-fd66f543-38ef-4825-8875-fd91254b393e req-6556007d-b8ee-4b45-915a-ee580e0dfb43 service nova] Creating event network-vif-unplugged:3d9b37b6-a28d-4028-ac06-9cd7685d403f for instance 51c56231-9ff5-45a6-ad38-e7ac68124ed4 on user
Dec 06 12:43:20 user devstack@n-api.service[65251]: INFO nova.api.openstack.compute.server_external_events [req-fd66f543-38ef-4825-8875-fd91254b393e req-6556007d-b8ee-4b45-915a-ee580e0dfb43 service nova] Creating event network-vif-plugged:3d9b37b6-a28d-4028-ac06-9cd7685d403f for instance 51c56231-9ff5-45a6-ad38-e7ac68124ed4 on user
Dec 06 12:43:20 user devstack@n-api.service[65251]: INFO nova.api.openstack.requestlog [req-fd66f543-38ef-4825-8875-fd91254b393e req-6556007d-b8ee-4b45-915a-ee580e0dfb43 service nova] 10.0.0.210 "POST /compute/v2.1/os-server-external-events" status: 200 len: 356 microversion: 2.1 time: 0.094253
Dec 06 12:43:20 user devstack@n-api.service[65251]: [pid: 65251|app: 0|req: 69/212] 10.0.0.210 () {68 vars in 1394 bytes} [Wed Dec 6 12:43:20 2023] POST /compute/v2.1/os-server-external-events => generated 356 bytes in 117 msecs (HTTP/1.1 200) 9 headers in 357 bytes (1 switches on core 0)
Dec 06 12:43:20 user devstack@n-api.service[65249]: DEBUG nova.api.openstack.wsgi [req-d55a6e8f-c9b4-4845-9dd5-63469bbd2eb0 req-2b4c4ce6-257a-4ee3-987a-cbbd2fe7f70f service nova] Action: 'create', calling method: >, body: {"events": [{"server_uuid": "f2e75618-9164-4527-a6a3-5f5195effccf", "name": "network-vif-plugged", "status": "completed", "tag": "4b46350b-531d-4f9c-89eb-1ebab7067497"}, {"server_uuid": "51c56231-9ff5-45a6-ad38-e7ac68124ed4", "name": "network-vif-unplugged", "status": "completed", "tag": "650ff76d-5da3-40b6-a2f7-3c9bcfa49a51"}, {"server_uuid": "51c56231-9ff5-45a6-ad38-e7ac68124ed4", "name": "network-vif-plugged", "status": "completed", "tag": "650ff76d-5da3-40b6-a2f7-3c9bcfa49a51"}, {"server_uuid": "51c56231-9ff5-45a6-ad38-e7ac68124ed4", "name": "network-vif-unplugged", "status": "completed", "tag": "7fa60734-d8a6-4ae3-8c08-5ff499e5b4b6"}, {"server_uuid": "51c56231-9ff5-45a6-ad38-e7ac68124ed4", "name": "network-vif-plugged", "status": "completed", "tag": "7fa60734-d8a6-4ae3-8c08-5ff499e5b4b6"}]} {{(pid=65249) _process_stack /opt/stack/nova/nova/api/openstack/wsgi.py:511}}
Dec 06 12:43:20 user devstack@n-api.service[65249]: DEBUG oslo_concurrency.lockutils [req-d55a6e8f-c9b4-4845-9dd5-63469bbd2eb0 req-2b4c4ce6-257a-4ee3-987a-cbbd2fe7f70f service nova] Acquiring lock "3865375f-ec9d-4285-9fcb-3ac06330ea0a" by "nova.context.set_target_cell..get_or_set_cached_cell_and_set_connections" {{(pid=65249) inner /opt/stack/data/venv/lib/python3.10/site-packages/oslo_concurrency/lockutils.py:404}}
Dec 06 12:43:20 user devstack@n-api.service[65249]: DEBUG oslo_concurrency.lockutils [req-d55a6e8f-c9b4-4845-9dd5-63469bbd2eb0 req-2b4c4ce6-257a-4ee3-987a-cbbd2fe7f70f service nova] Lock "3865375f-ec9d-4285-9fcb-3ac06330ea0a" acquired by "nova.context.set_target_cell..get_or_set_cached_cell_and_set_connections" :: waited 0.001s {{(pid=65249) inner /opt/stack/data/venv/lib/python3.10/site-packages/oslo_concurrency/lockutils.py:409}}
Dec 06 12:43:20 user devstack@n-api.service[65249]: DEBUG oslo_concurrency.lockutils [req-d55a6e8f-c9b4-4845-9dd5-63469bbd2eb0 req-2b4c4ce6-257a-4ee3-987a-cbbd2fe7f70f service nova] Lock "3865375f-ec9d-4285-9fcb-3ac06330ea0a" "released" by "nova.context.set_target_cell..get_or_set_cached_cell_and_set_connections" :: held 0.000s {{(pid=65249) inner /opt/stack/data/venv/lib/python3.10/site-packages/oslo_concurrency/lockutils.py:423}}
Dec 06 12:43:20 user devstack@n-api.service[65249]: INFO nova.api.openstack.compute.server_external_events [req-d55a6e8f-c9b4-4845-9dd5-63469bbd2eb0 req-2b4c4ce6-257a-4ee3-987a-cbbd2fe7f70f service nova] Creating event network-vif-plugged:4b46350b-531d-4f9c-89eb-1ebab7067497 for instance f2e75618-9164-4527-a6a3-5f5195effccf on user
Dec 06 12:43:20 user devstack@n-api.service[65249]: INFO nova.api.openstack.compute.server_external_events [req-d55a6e8f-c9b4-4845-9dd5-63469bbd2eb0 req-2b4c4ce6-257a-4ee3-987a-cbbd2fe7f70f service nova] Creating event network-vif-unplugged:650ff76d-5da3-40b6-a2f7-3c9bcfa49a51 for instance 51c56231-9ff5-45a6-ad38-e7ac68124ed4 on user
Dec 06 12:43:20 user devstack@n-api.service[65249]: INFO nova.api.openstack.compute.server_external_events [req-d55a6e8f-c9b4-4845-9dd5-63469bbd2eb0 req-2b4c4ce6-257a-4ee3-987a-cbbd2fe7f70f service nova] Creating event network-vif-plugged:650ff76d-5da3-40b6-a2f7-3c9bcfa49a51 for instance 51c56231-9ff5-45a6-ad38-e7ac68124ed4 on user
Dec 06 12:43:20 user devstack@n-api.service[65249]: INFO nova.api.openstack.compute.server_external_events [req-d55a6e8f-c9b4-4845-9dd5-63469bbd2eb0 req-2b4c4ce6-257a-4ee3-987a-cbbd2fe7f70f service nova] Creating event network-vif-unplugged:7fa60734-d8a6-4ae3-8c08-5ff499e5b4b6 for instance 51c56231-9ff5-45a6-ad38-e7ac68124ed4 on user
Dec 06 12:43:20 user devstack@n-api.service[65249]: INFO nova.api.openstack.compute.server_external_events [req-d55a6e8f-c9b4-4845-9dd5-63469bbd2eb0 req-2b4c4ce6-257a-4ee3-987a-cbbd2fe7f70f service nova] Creating event network-vif-plugged:7fa60734-d8a6-4ae3-8c08-5ff499e5b4b6 for instance 51c56231-9ff5-45a6-ad38-e7ac68124ed4 on user
Dec 06 12:43:20 user devstack@n-api.service[65249]: INFO nova.api.openstack.requestlog [req-d55a6e8f-c9b4-4845-9dd5-63469bbd2eb0 req-2b4c4ce6-257a-4ee3-987a-cbbd2fe7f70f service nova] 10.0.0.210 "POST /compute/v2.1/os-server-external-events" status: 200 len: 871 microversion: 2.1 time: 0.040697
Dec 06 12:43:20 user devstack@n-api.service[65249]: [pid: 65249|app: 0|req: 71/213] 10.0.0.210 () {68 vars in 1394 bytes} [Wed Dec 6 12:43:20 2023] POST /compute/v2.1/os-server-external-events => generated 871 bytes in 43 msecs (HTTP/1.1 200) 9 headers in 357 bytes (2 switches on core 0)
Dec 06 12:43:21 user devstack@n-api.service[65250]: DEBUG nova.api.openstack.wsgi [req-71cd9fcc-72fa-4b10-8a64-fbd074224515 req-12ddbf4e-13c4-411c-83a8-91da8c78bcfe service nova] Action: 'create', calling method: >, body: {"events": [{"server_uuid": "51c56231-9ff5-45a6-ad38-e7ac68124ed4", "name": "network-vif-plugged", "status": "completed", "tag": "ce9cf139-5123-474a-b4ea-0880d5b48d27"}, {"server_uuid": "51c56231-9ff5-45a6-ad38-e7ac68124ed4", "name": "network-vif-unplugged", "status": "completed", "tag": "a20eb2f0-1219-4738-9733-7bf8618ac75d"}, {"server_uuid": "51c56231-9ff5-45a6-ad38-e7ac68124ed4", "name": "network-vif-plugged", "status": "completed", "tag": "a20eb2f0-1219-4738-9733-7bf8618ac75d"}, {"server_uuid": "51c56231-9ff5-45a6-ad38-e7ac68124ed4", "name": "network-vif-unplugged", "status": "completed", "tag": "f9384778-27c0-459c-90f1-512f3f1bbda5"}, {"server_uuid": "51c56231-9ff5-45a6-ad38-e7ac68124ed4", "name": "network-vif-plugged", "status": "completed", "tag": "f9384778-27c0-459c-90f1-512f3f1bbda5"}, {"server_uuid": "51c56231-9ff5-45a6-ad38-e7ac68124ed4", "name": "network-vif-unplugged", "status": "completed", "tag": "0b94c5e7-0a3d-43d9-9c8a-35badae08754"}, {"server_uuid": "51c56231-9ff5-45a6-ad38-e7ac68124ed4", "name": "network-vif-plugged", "status": "completed", "tag": "0b94c5e7-0a3d-43d9-9c8a-35badae08754"}]} {{(pid=65250) _process_stack /opt/stack/nova/nova/api/openstack/wsgi.py:511}}
Dec 06 12:43:21 user devstack@n-api.service[65250]: DEBUG oslo_concurrency.lockutils [req-71cd9fcc-72fa-4b10-8a64-fbd074224515 req-12ddbf4e-13c4-411c-83a8-91da8c78bcfe service nova] Acquiring lock "3865375f-ec9d-4285-9fcb-3ac06330ea0a" by "nova.context.set_target_cell..get_or_set_cached_cell_and_set_connections" {{(pid=65250) inner /opt/stack/data/venv/lib/python3.10/site-packages/oslo_concurrency/lockutils.py:404}}
Dec 06 12:43:21 user devstack@n-api.service[65250]: DEBUG oslo_concurrency.lockutils [req-71cd9fcc-72fa-4b10-8a64-fbd074224515 req-12ddbf4e-13c4-411c-83a8-91da8c78bcfe service nova] Lock "3865375f-ec9d-4285-9fcb-3ac06330ea0a" acquired by "nova.context.set_target_cell..get_or_set_cached_cell_and_set_connections" :: waited 0.001s {{(pid=65250) inner /opt/stack/data/venv/lib/python3.10/site-packages/oslo_concurrency/lockutils.py:409}}
Dec 06 12:43:21 user devstack@n-api.service[65250]: DEBUG oslo_concurrency.lockutils [req-71cd9fcc-72fa-4b10-8a64-fbd074224515 req-12ddbf4e-13c4-411c-83a8-91da8c78bcfe service nova] Lock "3865375f-ec9d-4285-9fcb-3ac06330ea0a" "released" by "nova.context.set_target_cell..get_or_set_cached_cell_and_set_connections" :: held 0.000s {{(pid=65250) inner /opt/stack/data/venv/lib/python3.10/site-packages/oslo_concurrency/lockutils.py:423}}
Dec 06 12:43:21 user devstack@n-api.service[65250]: INFO nova.api.openstack.compute.server_external_events [req-71cd9fcc-72fa-4b10-8a64-fbd074224515 req-12ddbf4e-13c4-411c-83a8-91da8c78bcfe service nova] Creating event network-vif-plugged:ce9cf139-5123-474a-b4ea-0880d5b48d27 for instance 51c56231-9ff5-45a6-ad38-e7ac68124ed4 on user
Dec 06 12:43:21 user devstack@n-api.service[65250]: INFO nova.api.openstack.compute.server_external_events [req-71cd9fcc-72fa-4b10-8a64-fbd074224515 req-12ddbf4e-13c4-411c-83a8-91da8c78bcfe service nova] Creating event network-vif-unplugged:a20eb2f0-1219-4738-9733-7bf8618ac75d for instance 51c56231-9ff5-45a6-ad38-e7ac68124ed4 on user
Dec 06 12:43:21 user devstack@n-api.service[65250]: INFO nova.api.openstack.compute.server_external_events [req-71cd9fcc-72fa-4b10-8a64-fbd074224515 req-12ddbf4e-13c4-411c-83a8-91da8c78bcfe service nova] Creating event network-vif-plugged:a20eb2f0-1219-4738-9733-7bf8618ac75d for instance 51c56231-9ff5-45a6-ad38-e7ac68124ed4 on user
Dec 06 12:43:21 user devstack@n-api.service[65250]: INFO nova.api.openstack.compute.server_external_events [req-71cd9fcc-72fa-4b10-8a64-fbd074224515 req-12ddbf4e-13c4-411c-83a8-91da8c78bcfe service nova] Creating event network-vif-unplugged:f9384778-27c0-459c-90f1-512f3f1bbda5 for instance 51c56231-9ff5-45a6-ad38-e7ac68124ed4 on user
Dec 06 12:43:21 user devstack@n-api.service[65250]: INFO nova.api.openstack.compute.server_external_events [req-71cd9fcc-72fa-4b10-8a64-fbd074224515 req-12ddbf4e-13c4-411c-83a8-91da8c78bcfe service nova] Creating event network-vif-plugged:f9384778-27c0-459c-90f1-512f3f1bbda5 for instance 51c56231-9ff5-45a6-ad38-e7ac68124ed4 on user
