Aug 17 21:05:23 user devstack@keystone.service[44208]: DEBUG keystone.server.flask.request_processing.middleware.auth_context [None req-3b3c27df-eb26-4d65-856e-7549ff977f99 None admin] Validating token access rules against request {{(pid=44208) validate_allowed_request /opt/stack/data/venv/lib/python3.10/site-packages/keystonemiddleware/auth_token/__init__.py:544}}
Aug 17 21:05:23 user devstack@keystone.service[44207]: DEBUG keystone.server.flask.request_processing.middleware.auth_context [None req-5a1277a6-1841-4cc4-bc23-e6b35dd44814 None admin] Authenticating user token {{(pid=44207) process_request /opt/stack/data/venv/lib/python3.10/site-packages/keystonemiddleware/auth_token/__init__.py:406}}
Aug 17 21:05:23 user devstack@keystone.service[44209]: DEBUG keystone.server.flask.request_processing.middleware.auth_context [None req-f20d90cb-0654-417c-9130-1e96de31e2ea None admin] Validating token access rules against request {{(pid=44209) validate_allowed_request /opt/stack/data/venv/lib/python3.10/site-packages/keystonemiddleware/auth_token/__init__.py:544}}
Aug 17 21:05:23 user devstack@keystone.service[44208]: DEBUG keystone.server.flask.request_processing.middleware.auth_context [None req-7debfe82-5504-4819-8e00-7a731008172c None admin] RBAC: auth_context: {'token': , 'domain_id': None, 'trust_id': None, 'trustor_id': None, 'trustee_id': None, 'domain_name': None, 'group_ids': [], 'user_id': 'fc5cc905635f4bdea29bcfc240385d35', 'user_domain_id': 'default', 'system_scope': 'all', 'project_id': None, 'project_domain_id': None, 'roles': ['admin', 'member', 'reader'], 'is_admin_project': True, 'service_user_id': None, 'service_user_domain_id': None, 'service_project_id': None, 'service_project_domain_id': None, 'service_roles': []} {{(pid=44208) fill_context /opt/stack/keystone/keystone/server/flask/request_processing/middleware/auth_context.py:480}}
Aug 17 21:05:23 user devstack@keystone.service[44208]: DEBUG keystone.server.flask.request_processing.req_logging [None req-7debfe82-5504-4819-8e00-7a731008172c None admin] REQUEST_METHOD: `GET` {{(pid=44208) log_request_info /opt/stack/keystone/keystone/server/flask/request_processing/req_logging.py:27}}
Aug 17 21:05:23 user devstack@keystone.service[44208]: DEBUG keystone.server.flask.request_processing.req_logging [None req-7debfe82-5504-4819-8e00-7a731008172c None admin] SCRIPT_NAME: `/identity` {{(pid=44208) log_request_info /opt/stack/keystone/keystone/server/flask/request_processing/req_logging.py:28}}
Aug 17 21:05:23 user devstack@keystone.service[44208]: DEBUG keystone.server.flask.request_processing.req_logging [None req-7debfe82-5504-4819-8e00-7a731008172c None admin] PATH_INFO: `/v3/roles` {{(pid=44208) log_request_info /opt/stack/keystone/keystone/server/flask/request_processing/req_logging.py:29}}
Aug 17 21:05:23 user devstack@keystone.service[44208]: DEBUG keystone.common.rbac_enforcer.enforcer [None req-7debfe82-5504-4819-8e00-7a731008172c None admin] RBAC: Adding query filter params (name=anotherrole) {{(pid=44208) _extract_filter_values /opt/stack/keystone/keystone/common/rbac_enforcer/enforcer.py:167}}
Aug 17 21:05:23 user devstack@keystone.service[44208]: DEBUG keystone.common.rbac_enforcer.enforcer [None req-7debfe82-5504-4819-8e00-7a731008172c None admin] RBAC: Authorizing `identity:list_roles()` {{(pid=44208) enforce_call /opt/stack/keystone/keystone/common/rbac_enforcer/enforcer.py:449}}
Aug 17 21:05:23 user devstack@keystone.service[44208]: DEBUG keystone.common.rbac_enforcer.enforcer [None req-7debfe82-5504-4819-8e00-7a731008172c None admin] RBAC: Authorization granted {{(pid=44208) enforce_call /opt/stack/keystone/keystone/common/rbac_enforcer/enforcer.py:457}}
Aug 17 21:05:23 user devstack@keystone.service[44208]: [pid: 44208|app: 0|req: 106/325] 10.0.0.210 () {56 vars in 1106 bytes} [Thu Aug 17 21:05:23 2023] GET /identity/v3/roles?name=anotherrole => generated 332 bytes in 125 msecs (HTTP/1.1 200) 5 headers in 177 bytes (1 switches on core 0)
Aug 17 21:05:23 user devstack@keystone.service[44208]: DEBUG keystone.server.flask.request_processing.middleware.auth_context [None req-7debfe82-5504-4819-8e00-7a731008172c None admin] Authenticating user token {{(pid=44208) process_request /opt/stack/data/venv/lib/python3.10/site-packages/keystonemiddleware/auth_token/__init__.py:406}}
Aug 17 21:05:23 user devstack@keystone.service[44209]: DEBUG keystone.server.flask.request_processing.middleware.auth_context [None req-b97487e7-572a-4be7-ac95-216b17d58c96 None admin] RBAC: auth_context: {'token': , 'domain_id': None, 'trust_id': None, 'trustor_id': None, 'trustee_id': None, 'domain_name': None, 'group_ids': [], 'user_id': 'fc5cc905635f4bdea29bcfc240385d35', 'user_domain_id': 'default', 'system_scope': 'all', 'project_id': None, 'project_domain_id': None, 'roles': ['admin', 'member', 'reader'], 'is_admin_project': True, 'service_user_id': None, 'service_user_domain_id': None, 'service_project_id': None, 'service_project_domain_id': None, 'service_roles': []} {{(pid=44209) fill_context /opt/stack/keystone/keystone/server/flask/request_processing/middleware/auth_context.py:480}}
Aug 17 21:05:23 user devstack@keystone.service[44209]: DEBUG keystone.server.flask.request_processing.req_logging [None req-b97487e7-572a-4be7-ac95-216b17d58c96 None admin] REQUEST_METHOD: `GET` {{(pid=44209) log_request_info /opt/stack/keystone/keystone/server/flask/request_processing/req_logging.py:27}}
Aug 17 21:05:23 user devstack@keystone.service[44209]: DEBUG keystone.server.flask.request_processing.req_logging [None req-b97487e7-572a-4be7-ac95-216b17d58c96 None admin] SCRIPT_NAME: `/identity` {{(pid=44209) log_request_info /opt/stack/keystone/keystone/server/flask/request_processing/req_logging.py:28}}
Aug 17 21:05:23 user devstack@keystone.service[44209]: DEBUG keystone.server.flask.request_processing.req_logging [None req-b97487e7-572a-4be7-ac95-216b17d58c96 None admin] PATH_INFO: `/v3/projects/a744a3916ee84aeaa0cd6b6877e1dda9` {{(pid=44209) log_request_info /opt/stack/keystone/keystone/server/flask/request_processing/req_logging.py:29}}
Aug 17 21:05:23 user devstack@keystone.service[44209]: DEBUG keystone.common.rbac_enforcer.enforcer [None req-b97487e7-572a-4be7-ac95-216b17d58c96 None admin] RBAC: Authorizing `identity:get_project(project_id=a744a3916ee84aeaa0cd6b6877e1dda9)` {{(pid=44209) enforce_call /opt/stack/keystone/keystone/common/rbac_enforcer/enforcer.py:449}}
Aug 17 21:05:23 user devstack@keystone.service[44209]: DEBUG keystone.common.rbac_enforcer.enforcer [None req-b97487e7-572a-4be7-ac95-216b17d58c96 None admin] RBAC: Authorization granted {{(pid=44209) enforce_call /opt/stack/keystone/keystone/common/rbac_enforcer/enforcer.py:457}}
Aug 17 21:05:23 user devstack@keystone.service[44209]: [pid: 44209|app: 0|req: 109/326] 10.0.0.210 () {56 vars in 1181 bytes} [Thu Aug 17 21:05:23 2023] GET /identity/v3/projects/a744a3916ee84aeaa0cd6b6877e1dda9 => generated 301 bytes in 160 msecs (HTTP/1.1 200) 5 headers in 177 bytes (1 switches on core 0)
Aug 17 21:05:23 user devstack@keystone.service[44209]: DEBUG keystone.server.flask.request_processing.middleware.auth_context [None req-b97487e7-572a-4be7-ac95-216b17d58c96 None admin] Authenticating user token {{(pid=44209) process_request /opt/stack/data/venv/lib/python3.10/site-packages/keystonemiddleware/auth_token/__init__.py:406}}
Aug 17 21:05:23 user devstack@keystone.service[44207]: DEBUG keystone.server.flask.request_processing.middleware.auth_context [None req-5a1277a6-1841-4cc4-bc23-e6b35dd44814 None admin] Validating token access rules against request {{(pid=44207) validate_allowed_request /opt/stack/data/venv/lib/python3.10/site-packages/keystonemiddleware/auth_token/__init__.py:544}}
Aug 17 21:05:23 user devstack@keystone.service[44207]: DEBUG keystone.server.flask.request_processing.middleware.auth_context [None req-6a6b466c-6fa2-47dd-af3d-f07425739fcf None admin] RBAC: auth_context: {'token': , 'domain_id': None, 'trust_id': None, 'trustor_id': None, 'trustee_id': None, 'domain_name': None, 'group_ids': [], 'user_id': 'fc5cc905635f4bdea29bcfc240385d35', 'user_domain_id': 'default', 'system_scope': 'all', 'project_id': None, 'project_domain_id': None, 'roles': ['admin', 'member', 'reader'], 'is_admin_project': True, 'service_user_id': None, 'service_user_domain_id': None, 'service_project_id': None, 'service_project_domain_id': None, 'service_roles': []} {{(pid=44207) fill_context /opt/stack/keystone/keystone/server/flask/request_processing/middleware/auth_context.py:480}}
Aug 17 21:05:23 user devstack@keystone.service[44207]: DEBUG keystone.server.flask.request_processing.req_logging [None req-6a6b466c-6fa2-47dd-af3d-f07425739fcf None admin] REQUEST_METHOD: `GET` {{(pid=44207) log_request_info /opt/stack/keystone/keystone/server/flask/request_processing/req_logging.py:27}}
Aug 17 21:05:23 user devstack@keystone.service[44207]: DEBUG keystone.server.flask.request_processing.req_logging [None req-6a6b466c-6fa2-47dd-af3d-f07425739fcf None admin] SCRIPT_NAME: `/identity` {{(pid=44207) log_request_info /opt/stack/keystone/keystone/server/flask/request_processing/req_logging.py:28}}
Aug 17 21:05:23 user devstack@keystone.service[44207]: DEBUG keystone.server.flask.request_processing.req_logging [None req-6a6b466c-6fa2-47dd-af3d-f07425739fcf None admin] PATH_INFO: `/v3/roles/admin` {{(pid=44207) log_request_info /opt/stack/keystone/keystone/server/flask/request_processing/req_logging.py:29}}
Aug 17 21:05:23 user devstack@keystone.service[44208]: DEBUG keystone.server.flask.request_processing.middleware.auth_context [None req-7debfe82-5504-4819-8e00-7a731008172c None admin] Validating token access rules against request {{(pid=44208) validate_allowed_request /opt/stack/data/venv/lib/python3.10/site-packages/keystonemiddleware/auth_token/__init__.py:544}}
Aug 17 21:05:23 user devstack@keystone.service[44207]: DEBUG keystone.common.rbac_enforcer.enforcer [None req-6a6b466c-6fa2-47dd-af3d-f07425739fcf None admin] Extracting inferred target data resulted in "NOT FOUND (404)". {{(pid=44207) enforce_call /opt/stack/keystone/keystone/common/rbac_enforcer/enforcer.py:409}}
Aug 17 21:05:23 user devstack@keystone.service[44207]: ERROR keystone.server.flask.application [None req-6a6b466c-6fa2-47dd-af3d-f07425739fcf None admin] Could not find role: admin.: keystone.exception.RoleNotFound: Could not find role: admin.
Aug 17 21:05:23 user devstack@keystone.service[44207]: ERROR keystone.server.flask.application
Traceback (most recent call last):
Aug 17 21:05:23 user devstack@keystone.service[44207]: ERROR keystone.server.flask.application
File "/opt/stack/data/venv/lib/python3.10/site-packages/flask/app.py", line 1823, in full_dispatch_request
Aug 17 21:05:23 user devstack@keystone.service[44207]: ERROR keystone.server.flask.application rv = self.dispatch_request()
Aug 17 21:05:23 user devstack@keystone.service[44207]: ERROR keystone.server.flask.application
File "/opt/stack/data/venv/lib/python3.10/site-packages/flask/app.py", line 1799, in dispatch_request
Aug 17 21:05:23 user devstack@keystone.service[44207]: ERROR keystone.server.flask.application return self.ensure_sync(self.view_functions[rule.endpoint])(**view_args)
Aug 17 21:05:23 user devstack@keystone.service[44207]: ERROR keystone.server.flask.application
File "/opt/stack/data/venv/lib/python3.10/site-packages/flask_restful/__init__.py", line 467, in wrapper
Aug 17 21:05:23 user devstack@keystone.service[44207]: ERROR keystone.server.flask.application resp = resource(*args, **kwargs)
Aug 17 21:05:23 user devstack@keystone.service[44207]: ERROR keystone.server.flask.application
File "/opt/stack/data/venv/lib/python3.10/site-packages/flask/views.py", line 107, in view
Aug 17 21:05:23 user devstack@keystone.service[44207]: ERROR keystone.server.flask.application return current_app.ensure_sync(self.dispatch_request)(**kwargs)
Aug 17 21:05:23 user devstack@keystone.service[44207]: ERROR keystone.server.flask.application
File "/opt/stack/data/venv/lib/python3.10/site-packages/flask_restful/__init__.py", line 582, in dispatch_request
Aug 17 21:05:23 user devstack@keystone.service[44207]: ERROR keystone.server.flask.application resp = meth(*args, **kwargs)
Aug 17 21:05:23 user devstack@keystone.service[44207]: ERROR keystone.server.flask.application
File "/opt/stack/keystone/keystone/api/roles.py", line 50, in get
Aug 17 21:05:23 user devstack@keystone.service[44207]: ERROR keystone.server.flask.application return self._get_role(role_id)
Aug 17 21:05:23 user devstack@keystone.service[44207]: ERROR keystone.server.flask.application
File "/opt/stack/keystone/keystone/api/roles.py", line 70, in _get_role
Aug 17 21:05:23 user devstack@keystone.service[44207]: ERROR keystone.server.flask.application ENFORCER.enforce_call(action='identity:get_role')
Aug 17 21:05:23 user devstack@keystone.service[44207]: ERROR keystone.server.flask.application
File "/opt/stack/keystone/keystone/common/rbac_enforcer/enforcer.py", line 402, in enforce_call
Aug 17 21:05:23 user devstack@keystone.service[44207]: ERROR keystone.server.flask.application policy_dict.update(cls._extract_member_target_data(
Aug 17 21:05:23 user devstack@keystone.service[44207]: ERROR keystone.server.flask.application
File "/opt/stack/keystone/keystone/common/rbac_enforcer/enforcer.py", line 234, in _extract_member_target_data
Aug 17 21:05:23 user devstack@keystone.service[44207]: ERROR keystone.server.flask.application member_name: func(flask.request.view_args[key])
Aug 17 21:05:23 user devstack@keystone.service[44207]: ERROR keystone.server.flask.application
File "/opt/stack/keystone/keystone/common/manager.py", line 115, in wrapped
Aug 17 21:05:23 user devstack@keystone.service[44207]: ERROR keystone.server.flask.application __ret_val = __f(*args, **kwargs)
Aug 17 21:05:23 user devstack@keystone.service[44207]: ERROR keystone.server.flask.application
File "/opt/stack/data/venv/lib/python3.10/site-packages/decorator.py", line 232, in fun
Aug 17 21:05:23 user devstack@keystone.service[44207]: ERROR keystone.server.flask.application return caller(func, *(extras + args), **kw)
Aug 17 21:05:23 user devstack@keystone.service[44207]: ERROR keystone.server.flask.application
File "/opt/stack/data/venv/lib/python3.10/site-packages/dogpile/cache/region.py", line 1577, in get_or_create_for_user_func
Aug 17 21:05:23 user devstack@keystone.service[44207]: ERROR keystone.server.flask.application return self.get_or_create(
Aug 17 21:05:23 user devstack@keystone.service[44207]: ERROR keystone.server.flask.application
File "/opt/stack/data/venv/lib/python3.10/site-packages/dogpile/cache/region.py", line 1042, in get_or_create
Aug 17 21:05:23 user devstack@keystone.service[44207]: ERROR keystone.server.flask.application with Lock(
Aug 17 21:05:23 user devstack@keystone.service[44207]: ERROR keystone.server.flask.application
File "/opt/stack/data/venv/lib/python3.10/site-packages/dogpile/lock.py", line 185, in __enter__
Aug 17 21:05:23 user devstack@keystone.service[44207]: ERROR keystone.server.flask.application return self._enter()
Aug 17 21:05:23 user devstack@keystone.service[44207]: ERROR keystone.server.flask.application
File "/opt/stack/data/venv/lib/python3.10/site-packages/dogpile/lock.py", line 94, in _enter
Aug 17 21:05:23 user devstack@keystone.service[44207]: ERROR keystone.server.flask.application generated = self._enter_create(value, createdtime)
Aug 17 21:05:23 user devstack@keystone.service[44207]: ERROR keystone.server.flask.application
File "/opt/stack/data/venv/lib/python3.10/site-packages/dogpile/lock.py", line 178, in _enter_create
Aug 17 21:05:23 user devstack@keystone.service[44207]: ERROR keystone.server.flask.application return self.creator()
Aug 17 21:05:23 user devstack@keystone.service[44207]: ERROR keystone.server.flask.application
File "/opt/stack/data/venv/lib/python3.10/site-packages/dogpile/cache/region.py", line 995, in gen_value
Aug 17 21:05:23 user devstack@keystone.service[44207]: ERROR keystone.server.flask.application created_value = creator(
Aug 17 21:05:23 user devstack@keystone.service[44207]: ERROR keystone.server.flask.application
File "/opt/stack/keystone/keystone/assignment/core.py", line 1276, in get_role
Aug 17 21:05:23 user devstack@keystone.service[44207]: ERROR keystone.server.flask.application return self.driver.get_role(role_id)
Aug 17 21:05:23 user devstack@keystone.service[44207]: ERROR keystone.server.flask.application
File "/opt/stack/keystone/keystone/assignment/role_backends/sql.py", line 70, in get_role
Aug 17 21:05:23 user devstack@keystone.service[44207]: ERROR keystone.server.flask.application return self._get_role(session, role_id).to_dict()
Aug 17 21:05:23 user devstack@keystone.service[44207]: ERROR keystone.server.flask.application
File "/opt/stack/keystone/keystone/assignment/role_backends/sql.py", line 65, in _get_role
Aug 17 21:05:23 user devstack@keystone.service[44207]: ERROR keystone.server.flask.application raise exception.RoleNotFound(role_id=role_id)
Aug 17 21:05:23 user devstack@keystone.service[44207]: ERROR keystone.server.flask.application keystone.exception.RoleNotFound: Could not find role: admin.
Aug 17 21:05:23 user devstack@keystone.service[44207]: ERROR keystone.server.flask.application
Aug 17 21:05:23 user devstack@keystone.service[44207]: [pid: 44207|app: 0|req: 112/327] 10.0.0.210 () {56 vars in 1091 bytes} [Thu Aug 17 21:05:23 2023] GET /identity/v3/roles/admin => generated 83 bytes in 140 msecs (HTTP/1.1 404) 5 headers in 183 bytes (1 switches on core 0)
Aug 17 21:05:23 user devstack@keystone.service[44207]: DEBUG keystone.server.flask.request_processing.middleware.auth_context [None req-6a6b466c-6fa2-47dd-af3d-f07425739fcf None admin] Authenticating user token {{(pid=44207) process_request /opt/stack/data/venv/lib/python3.10/site-packages/keystonemiddleware/auth_token/__init__.py:406}}
Aug 17 21:05:23 user devstack@keystone.service[44208]: DEBUG keystone.server.flask.request_processing.middleware.auth_context [None req-abd7cb8d-fe01-428f-939e-b3aa74ecb325 None admin] RBAC: auth_context: {'token': , 'domain_id': None, 'trust_id': None, 'trustor_id': None, 'trustee_id': None, 'domain_name': None, 'group_ids': [], 'user_id': 'fc5cc905635f4bdea29bcfc240385d35', 'user_domain_id': 'default', 'system_scope': 'all', 'project_id': None, 'project_domain_id': None, 'roles': ['admin', 'member', 'reader'], 'is_admin_project': True, 'service_user_id': None, 'service_user_domain_id': None, 'service_project_id': None, 'service_project_domain_id': None, 'service_roles': []} {{(pid=44208) fill_context /opt/stack/keystone/keystone/server/flask/request_processing/middleware/auth_context.py:480}}
Aug 17 21:05:23 user devstack@keystone.service[44208]: DEBUG keystone.server.flask.request_processing.req_logging [None req-abd7cb8d-fe01-428f-939e-b3aa74ecb325 None admin] REQUEST_METHOD: `GET` {{(pid=44208) log_request_info /opt/stack/keystone/keystone/server/flask/request_processing/req_logging.py:27}}
Aug 17 21:05:23 user devstack@keystone.service[44208]: DEBUG keystone.server.flask.request_processing.req_logging [None req-abd7cb8d-fe01-428f-939e-b3aa74ecb325 None admin] SCRIPT_NAME: `/identity` {{(pid=44208) log_request_info /opt/stack/keystone/keystone/server/flask/request_processing/req_logging.py:28}}
Aug 17 21:05:23 user devstack@keystone.service[44208]: DEBUG keystone.server.flask.request_processing.req_logging [None req-abd7cb8d-fe01-428f-939e-b3aa74ecb325 None admin] PATH_INFO: `/v3/auth/tokens` {{(pid=44208) log_request_info /opt/stack/keystone/keystone/server/flask/request_processing/req_logging.py:29}}
Aug 17 21:05:23 user devstack@keystone.service[44209]: DEBUG keystone.server.flask.request_processing.middleware.auth_context [None req-b97487e7-572a-4be7-ac95-216b17d58c96 None admin] Validating token access rules against request {{(pid=44209) validate_allowed_request /opt/stack/data/venv/lib/python3.10/site-packages/keystonemiddleware/auth_token/__init__.py:544}}
Aug 17 21:05:23 user devstack@keystone.service[44209]: DEBUG keystone.server.flask.request_processing.middleware.auth_context [None req-a3dfaadb-9e49-41cf-a5cb-6123295bee8c None admin] RBAC: auth_context: {'token': , 'domain_id': None, 'trust_id': None, 'trustor_id': None, 'trustee_id': None, 'domain_name': None, 'group_ids': [], 'user_id': 'fc5cc905635f4bdea29bcfc240385d35', 'user_domain_id': 'default', 'system_scope': 'all', 'project_id': None, 'project_domain_id': None, 'roles': ['admin', 'member', 'reader'], 'is_admin_project': True, 'service_user_id': None, 'service_user_domain_id': None, 'service_project_id': None, 'service_project_domain_id': None, 'service_roles': []} {{(pid=44209) fill_context /opt/stack/keystone/keystone/server/flask/request_processing/middleware/auth_context.py:480}}
Aug 17 21:05:23 user devstack@keystone.service[44209]: DEBUG keystone.server.flask.request_processing.req_logging [None req-a3dfaadb-9e49-41cf-a5cb-6123295bee8c None admin] REQUEST_METHOD: `GET` {{(pid=44209) log_request_info /opt/stack/keystone/keystone/server/flask/request_processing/req_logging.py:27}}
Aug 17 21:05:23 user devstack@keystone.service[44209]: DEBUG keystone.server.flask.request_processing.req_logging [None req-a3dfaadb-9e49-41cf-a5cb-6123295bee8c None admin] SCRIPT_NAME: `/identity` {{(pid=44209) log_request_info /opt/stack/keystone/keystone/server/flask/request_processing/req_logging.py:28}}
Aug 17 21:05:23 user devstack@keystone.service[44209]: DEBUG keystone.server.flask.request_processing.req_logging [None req-a3dfaadb-9e49-41cf-a5cb-6123295bee8c None admin] PATH_INFO: `/v3/groups/18c49d39557c4ddabf7c91e0d7df20a9` {{(pid=44209) log_request_info /opt/stack/keystone/keystone/server/flask/request_processing/req_logging.py:29}}
Aug 17 21:05:23 user devstack@keystone.service[44209]: DEBUG keystone.common.rbac_enforcer.enforcer [None req-a3dfaadb-9e49-41cf-a5cb-6123295bee8c None admin] RBAC: Authorizing `identity:get_group(group_id=18c49d39557c4ddabf7c91e0d7df20a9)` {{(pid=44209) enforce_call /opt/stack/keystone/keystone/common/rbac_enforcer/enforcer.py:449}}
Aug 17 21:05:23 user devstack@keystone.service[44209]: DEBUG keystone.common.rbac_enforcer.enforcer [None req-a3dfaadb-9e49-41cf-a5cb-6123295bee8c None admin] RBAC: Authorization granted {{(pid=44209) enforce_call /opt/stack/keystone/keystone/common/rbac_enforcer/enforcer.py:457}}
Aug 17 21:05:23 user devstack@keystone.service[44209]: [pid: 44209|app: 0|req: 110/328] 10.0.0.210 () {56 vars in 1175 bytes} [Thu Aug 17 21:05:23 2023] GET /identity/v3/groups/18c49d39557c4ddabf7c91e0d7df20a9 => generated 225 bytes in 155 msecs (HTTP/1.1 200) 5 headers in 177 bytes (1 switches on core 0)
Aug 17 21:05:23 user devstack@keystone.service[44209]: DEBUG keystone.server.flask.request_processing.middleware.auth_context [None req-a3dfaadb-9e49-41cf-a5cb-6123295bee8c None admin] Authenticating user token {{(pid=44209) process_request /opt/stack/data/venv/lib/python3.10/site-packages/keystonemiddleware/auth_token/__init__.py:406}}
Aug 17 21:05:23 user devstack@keystone.service[44208]: DEBUG keystone.common.rbac_enforcer.enforcer [None req-abd7cb8d-fe01-428f-939e-b3aa74ecb325 None admin] RBAC: Authorizing `identity:validate_token()` {{(pid=44208) enforce_call /opt/stack/keystone/keystone/common/rbac_enforcer/enforcer.py:449}}
Aug 17 21:05:23 user devstack@keystone.service[44207]: DEBUG keystone.server.flask.request_processing.middleware.auth_context [None req-6a6b466c-6fa2-47dd-af3d-f07425739fcf None admin] Validating token access rules against request {{(pid=44207) validate_allowed_request /opt/stack/data/venv/lib/python3.10/site-packages/keystonemiddleware/auth_token/__init__.py:544}}
Aug 17 21:05:23 user devstack@keystone.service[44208]: DEBUG keystone.common.rbac_enforcer.enforcer [None req-abd7cb8d-fe01-428f-939e-b3aa74ecb325 None admin] RBAC: Authorization granted {{(pid=44208) enforce_call /opt/stack/keystone/keystone/common/rbac_enforcer/enforcer.py:457}}
Aug 17 21:05:23 user devstack@keystone.service[44207]: DEBUG keystone.server.flask.request_processing.middleware.auth_context [None req-8fa98f08-65ce-4295-887f-e485d66f475d None admin] RBAC: auth_context: {'token': , 'domain_id': None, 'trust_id': None, 'trustor_id': None, 'trustee_id': None, 'domain_name': None, 'group_ids': [], 'user_id': 'fc5cc905635f4bdea29bcfc240385d35', 'user_domain_id': 'default', 'system_scope': 'all', 'project_id': None, 'project_domain_id': None, 'roles': ['admin', 'member', 'reader'], 'is_admin_project': True, 'service_user_id': None, 'service_user_domain_id': None, 'service_project_id': None, 'service_project_domain_id': None, 'service_roles': []} {{(pid=44207) fill_context /opt/stack/keystone/keystone/server/flask/request_processing/middleware/auth_context.py:480}}
Aug 17 21:05:23 user devstack@keystone.service[44207]: DEBUG keystone.server.flask.request_processing.req_logging [None req-8fa98f08-65ce-4295-887f-e485d66f475d None admin] REQUEST_METHOD: `GET` {{(pid=44207) log_request_info /opt/stack/keystone/keystone/server/flask/request_processing/req_logging.py:27}}
Aug 17 21:05:23 user devstack@keystone.service[44207]: DEBUG keystone.server.flask.request_processing.req_logging [None req-8fa98f08-65ce-4295-887f-e485d66f475d None admin] SCRIPT_NAME: `/identity` {{(pid=44207) log_request_info /opt/stack/keystone/keystone/server/flask/request_processing/req_logging.py:28}}
Aug 17 21:05:23 user devstack@keystone.service[44207]: DEBUG keystone.server.flask.request_processing.req_logging [None req-8fa98f08-65ce-4295-887f-e485d66f475d None admin] PATH_INFO: `/v3/roles` {{(pid=44207) log_request_info /opt/stack/keystone/keystone/server/flask/request_processing/req_logging.py:29}}
Aug 17 21:05:23 user devstack@keystone.service[44207]: DEBUG keystone.common.rbac_enforcer.enforcer [None req-8fa98f08-65ce-4295-887f-e485d66f475d None admin] RBAC: Adding query filter params (name=admin) {{(pid=44207) _extract_filter_values /opt/stack/keystone/keystone/common/rbac_enforcer/enforcer.py:167}}
Aug 17 21:05:23 user devstack@keystone.service[44207]: DEBUG keystone.common.rbac_enforcer.enforcer [None req-8fa98f08-65ce-4295-887f-e485d66f475d None admin] RBAC: Authorizing `identity:list_roles()` {{(pid=44207) enforce_call /opt/stack/keystone/keystone/common/rbac_enforcer/enforcer.py:449}}
Aug 17 21:05:23 user devstack@keystone.service[44207]: DEBUG keystone.common.rbac_enforcer.enforcer [None req-8fa98f08-65ce-4295-887f-e485d66f475d None admin] RBAC: Authorization granted {{(pid=44207) enforce_call /opt/stack/keystone/keystone/common/rbac_enforcer/enforcer.py:457}}
Aug 17 21:05:23 user devstack@keystone.service[44207]: [pid: 44207|app: 0|req: 113/329] 10.0.0.210 () {56 vars in 1094 bytes} [Thu Aug 17 21:05:23 2023] GET /identity/v3/roles?name=admin => generated 337 bytes in 149 msecs (HTTP/1.1 200) 5 headers in 177 bytes (1 switches on core 0)
Aug 17 21:05:23 user devstack@keystone.service[44207]: DEBUG keystone.server.flask.request_processing.middleware.auth_context [None req-8fa98f08-65ce-4295-887f-e485d66f475d None admin] Authenticating user token {{(pid=44207) process_request /opt/stack/data/venv/lib/python3.10/site-packages/keystonemiddleware/auth_token/__init__.py:406}}
Aug 17 21:05:23 user devstack@keystone.service[44209]: DEBUG keystone.server.flask.request_processing.middleware.auth_context [None req-a3dfaadb-9e49-41cf-a5cb-6123295bee8c None admin] Validating token access rules against request {{(pid=44209) validate_allowed_request /opt/stack/data/venv/lib/python3.10/site-packages/keystonemiddleware/auth_token/__init__.py:544}}
Aug 17 21:05:24 user devstack@keystone.service[44208]: [pid: 44208|app: 0|req: 107/330] 10.0.0.210 () {58 vars in 1277 bytes} [Thu Aug 17 21:05:23 2023] GET /identity/v3/auth/tokens => generated 798 bytes in 302 msecs (HTTP/1.1 200) 6 headers in 358 bytes (2 switches on core 0)
Aug 17 21:05:24 user devstack@keystone.service[44208]: DEBUG keystone.server.flask.request_processing.middleware.auth_context [None req-abd7cb8d-fe01-428f-939e-b3aa74ecb325 None admin] Authenticating user token {{(pid=44208) process_request /opt/stack/data/venv/lib/python3.10/site-packages/keystonemiddleware/auth_token/__init__.py:406}}
Aug 17 21:05:24 user devstack@keystone.service[44209]: DEBUG keystone.server.flask.request_processing.middleware.auth_context [None req-8d4007cd-0721-4dd8-b102-09a180f252d2 None admin] RBAC: auth_context: {'token': , 'domain_id': None, 'trust_id': None, 'trustor_id': None, 'trustee_id': None, 'domain_name': None, 'group_ids': [], 'user_id': 'fc5cc905635f4bdea29bcfc240385d35', 'user_domain_id': 'default', 'system_scope': 'all', 'project_id': None, 'project_domain_id': None, 'roles': ['admin', 'member', 'reader'], 'is_admin_project': True, 'service_user_id': None, 'service_user_domain_id': None, 'service_project_id': None, 'service_project_domain_id': None, 'service_roles': []} {{(pid=44209) fill_context /opt/stack/keystone/keystone/server/flask/request_processing/middleware/auth_context.py:480}}
Aug 17 21:05:24 user devstack@keystone.service[44209]: DEBUG keystone.server.flask.request_processing.req_logging [None req-8d4007cd-0721-4dd8-b102-09a180f252d2 None admin] REQUEST_METHOD: `GET` {{(pid=44209) log_request_info /opt/stack/keystone/keystone/server/flask/request_processing/req_logging.py:27}}
Aug 17 21:05:24 user devstack@keystone.service[44209]: DEBUG keystone.server.flask.request_processing.req_logging [None req-8d4007cd-0721-4dd8-b102-09a180f252d2 None admin] SCRIPT_NAME: `/identity` {{(pid=44209) log_request_info /opt/stack/keystone/keystone/server/flask/request_processing/req_logging.py:28}}
Aug 17 21:05:24 user devstack@keystone.service[44209]: DEBUG keystone.server.flask.request_processing.req_logging [None req-8d4007cd-0721-4dd8-b102-09a180f252d2 None admin] PATH_INFO: `/v3/role_assignments` {{(pid=44209) log_request_info /opt/stack/keystone/keystone/server/flask/request_processing/req_logging.py:29}}
Aug 17 21:05:24 user devstack@keystone.service[44209]: DEBUG keystone.common.rbac_enforcer.enforcer [None req-8d4007cd-0721-4dd8-b102-09a180f252d2 None admin] RBAC: Adding query filter params (group.id=18c49d39557c4ddabf7c91e0d7df20a9, role.id=4f1f5b7d90ea4c8ea5e7313b0ae96338, scope.project.id=a744a3916ee84aeaa0cd6b6877e1dda9) {{(pid=44209) _extract_filter_values /opt/stack/keystone/keystone/common/rbac_enforcer/enforcer.py:167}}
Aug 17 21:05:24 user devstack@keystone.service[44209]: DEBUG keystone.common.rbac_enforcer.enforcer [None req-8d4007cd-0721-4dd8-b102-09a180f252d2 None admin] RBAC: Authorizing `identity:list_role_assignments()` {{(pid=44209) enforce_call /opt/stack/keystone/keystone/common/rbac_enforcer/enforcer.py:449}}
Aug 17 21:05:24 user devstack@keystone.service[44209]: DEBUG keystone.common.rbac_enforcer.enforcer [None req-8d4007cd-0721-4dd8-b102-09a180f252d2 None admin] RBAC: Authorization granted {{(pid=44209) enforce_call /opt/stack/keystone/keystone/common/rbac_enforcer/enforcer.py:457}}
Aug 17 21:05:24 user devstack@keystone.service[44209]: [pid: 44209|app: 0|req: 111/331] 10.0.0.210 () {56 vars in 1371 bytes} [Thu Aug 17 21:05:23 2023] GET /identity/v3/role_assignments?group.id=18c49d39557c4ddabf7c91e0d7df20a9&scope.project.id=a744a3916ee84aeaa0cd6b6877e1dda9&role.id=4f1f5b7d90ea4c8ea5e7313b0ae96338 => generated 609 bytes in 150 msecs (HTTP/1.1 200) 5 headers in 177 bytes (2 switches on core 0)
Aug 17 21:05:24 user devstack@keystone.service[44207]: DEBUG keystone.server.flask.request_processing.middleware.auth_context [None req-8fa98f08-65ce-4295-887f-e485d66f475d None admin] Validating token access rules against request {{(pid=44207) validate_allowed_request /opt/stack/data/venv/lib/python3.10/site-packages/keystonemiddleware/auth_token/__init__.py:544}}
Aug 17 21:05:24 user devstack@keystone.service[44207]: DEBUG keystone.server.flask.request_processing.middleware.auth_context [None req-4f00095d-d4f6-460d-9867-3bf7dc39b391 None admin] RBAC: auth_context: {'token': , 'domain_id': None, 'trust_id': None, 'trustor_id': None, 'trustee_id': None, 'domain_name': None, 'group_ids': [], 'user_id': 'fc5cc905635f4bdea29bcfc240385d35', 'user_domain_id': 'default', 'system_scope': 'all', 'project_id': None, 'project_domain_id': None, 'roles': ['admin', 'member', 'reader'], 'is_admin_project': True, 'service_user_id': None, 'service_user_domain_id': None, 'service_project_id': None, 'service_project_domain_id': None, 'service_roles': []} {{(pid=44207) fill_context /opt/stack/keystone/keystone/server/flask/request_processing/middleware/auth_context.py:480}}
Aug 17 21:05:24 user devstack@keystone.service[44207]: DEBUG keystone.server.flask.request_processing.req_logging [None req-4f00095d-d4f6-460d-9867-3bf7dc39b391 None admin] REQUEST_METHOD: `GET` {{(pid=44207) log_request_info /opt/stack/keystone/keystone/server/flask/request_processing/req_logging.py:27}}
Aug 17 21:05:24 user devstack@keystone.service[44207]: DEBUG keystone.server.flask.request_processing.req_logging [None req-4f00095d-d4f6-460d-9867-3bf7dc39b391 None admin] SCRIPT_NAME: `/identity` {{(pid=44207) log_request_info /opt/stack/keystone/keystone/server/flask/request_processing/req_logging.py:28}}
Aug 17 21:05:24 user devstack@keystone.service[44207]: DEBUG keystone.server.flask.request_processing.req_logging [None req-4f00095d-d4f6-460d-9867-3bf7dc39b391 None admin] PATH_INFO: `/v3/auth/tokens` {{(pid=44207) log_request_info /opt/stack/keystone/keystone/server/flask/request_processing/req_logging.py:29}}
Aug 17 21:05:24 user devstack@keystone.service[44208]: DEBUG keystone.server.flask.request_processing.middleware.auth_context [None req-abd7cb8d-fe01-428f-939e-b3aa74ecb325 None admin] Validating token access rules against request {{(pid=44208) validate_allowed_request /opt/stack/data/venv/lib/python3.10/site-packages/keystonemiddleware/auth_token/__init__.py:544}}
Aug 17 21:05:24 user devstack@keystone.service[44208]: DEBUG keystone.server.flask.request_processing.middleware.auth_context [None req-d6cde206-483f-43d9-8c12-f0178f5748eb None admin] RBAC: auth_context: {'token': , 'domain_id': None, 'trust_id': None, 'trustor_id': None, 'trustee_id': None, 'domain_name': None, 'group_ids': [], 'user_id': 'fc5cc905635f4bdea29bcfc240385d35', 'user_domain_id': 'default', 'system_scope': 'all', 'project_id': None, 'project_domain_id': None, 'roles': ['admin', 'member', 'reader'], 'is_admin_project': True, 'service_user_id': None, 'service_user_domain_id': None, 'service_project_id': None, 'service_project_domain_id': None, 'service_roles': []} {{(pid=44208) fill_context /opt/stack/keystone/keystone/server/flask/request_processing/middleware/auth_context.py:480}}
Aug 17 21:05:24 user devstack@keystone.service[44208]: DEBUG keystone.server.flask.request_processing.req_logging [None req-d6cde206-483f-43d9-8c12-f0178f5748eb None admin] REQUEST_METHOD: `GET` {{(pid=44208) log_request_info /opt/stack/keystone/keystone/server/flask/request_processing/req_logging.py:27}}
Aug 17 21:05:24 user devstack@keystone.service[44208]: DEBUG keystone.server.flask.request_processing.req_logging [None req-d6cde206-483f-43d9-8c12-f0178f5748eb None admin] SCRIPT_NAME: `/identity` {{(pid=44208) log_request_info /opt/stack/keystone/keystone/server/flask/request_processing/req_logging.py:28}}
Aug 17 21:05:24 user devstack@keystone.service[44208]: DEBUG keystone.server.flask.request_processing.req_logging [None req-d6cde206-483f-43d9-8c12-f0178f5748eb None admin] PATH_INFO: `/v3/projects/a744a3916ee84aeaa0cd6b6877e1dda9` {{(pid=44208) log_request_info /opt/stack/keystone/keystone/server/flask/request_processing/req_logging.py:29}}
Aug 17 21:05:24 user devstack@keystone.service[44208]: DEBUG keystone.common.rbac_enforcer.enforcer [None req-d6cde206-483f-43d9-8c12-f0178f5748eb None admin] RBAC: Authorizing `identity:get_project(project_id=a744a3916ee84aeaa0cd6b6877e1dda9)` {{(pid=44208) enforce_call /opt/stack/keystone/keystone/common/rbac_enforcer/enforcer.py:449}}
Aug 17 21:05:24 user devstack@keystone.service[44208]: DEBUG keystone.common.rbac_enforcer.enforcer [None req-d6cde206-483f-43d9-8c12-f0178f5748eb None admin] RBAC: Authorization granted {{(pid=44208) enforce_call /opt/stack/keystone/keystone/common/rbac_enforcer/enforcer.py:457}}
Aug 17 21:05:24 user devstack@keystone.service[44208]: [pid: 44208|app: 0|req: 108/332] 10.0.0.210 () {56 vars in 1181 bytes} [Thu Aug 17 21:05:24 2023] GET /identity/v3/projects/a744a3916ee84aeaa0cd6b6877e1dda9 => generated 301 bytes in 124 msecs (HTTP/1.1 200) 5 headers in 177 bytes (1 switches on core 0)
Aug 17 21:05:24 user devstack@keystone.service[44209]: DEBUG keystone.server.flask.request_processing.middleware.auth_context [None req-8d4007cd-0721-4dd8-b102-09a180f252d2 None admin] Authenticating user token {{(pid=44209) process_request /opt/stack/data/venv/lib/python3.10/site-packages/keystonemiddleware/auth_token/__init__.py:406}}
Aug 17 21:05:24 user devstack@keystone.service[44207]: DEBUG keystone.common.rbac_enforcer.enforcer [None req-4f00095d-d4f6-460d-9867-3bf7dc39b391 None admin] RBAC: Authorizing `identity:validate_token()` {{(pid=44207) enforce_call /opt/stack/keystone/keystone/common/rbac_enforcer/enforcer.py:449}}
Aug 17 21:05:24 user devstack@keystone.service[44207]: DEBUG keystone.common.rbac_enforcer.enforcer [None req-4f00095d-d4f6-460d-9867-3bf7dc39b391 None admin] RBAC: Authorization granted {{(pid=44207) enforce_call /opt/stack/keystone/keystone/common/rbac_enforcer/enforcer.py:457}}
Aug 17 21:05:24 user devstack@keystone.service[44209]: DEBUG keystone.server.flask.request_processing.middleware.auth_context [None req-8d4007cd-0721-4dd8-b102-09a180f252d2 None admin] Validating token access rules against request {{(pid=44209) validate_allowed_request /opt/stack/data/venv/lib/python3.10/site-packages/keystonemiddleware/auth_token/__init__.py:544}}
Aug 17 21:05:24 user devstack@keystone.service[44207]: [pid: 44207|app: 0|req: 114/333] 10.0.0.210 () {58 vars in 1277 bytes} [Thu Aug 17 21:05:23 2023] GET /identity/v3/auth/tokens => generated 798 bytes in 283 msecs (HTTP/1.1 200) 6 headers in 358 bytes (2 switches on core 0)
Aug 17 21:05:24 user devstack@keystone.service[44208]: DEBUG keystone.server.flask.request_processing.middleware.auth_context [None req-d6cde206-483f-43d9-8c12-f0178f5748eb None admin] Authenticating user token {{(pid=44208) process_request /opt/stack/data/venv/lib/python3.10/site-packages/keystonemiddleware/auth_token/__init__.py:406}}
Aug 17 21:05:24 user devstack@keystone.service[44209]: DEBUG keystone.server.flask.request_processing.middleware.auth_context [None req-b3ba1432-d69e-4c78-b84e-17e0775e730a None admin] RBAC: auth_context: {'token': , 'domain_id': None, 'trust_id': None, 'trustor_id': None, 'trustee_id': None, 'domain_name': None, 'group_ids': [], 'user_id': 'fc5cc905635f4bdea29bcfc240385d35', 'user_domain_id': 'default', 'system_scope': 'all', 'project_id': None, 'project_domain_id': None, 'roles': ['admin', 'member', 'reader'], 'is_admin_project': True, 'service_user_id': None, 'service_user_domain_id': None, 'service_project_id': None, 'service_project_domain_id': None, 'service_roles': []} {{(pid=44209) fill_context /opt/stack/keystone/keystone/server/flask/request_processing/middleware/auth_context.py:480}}
Aug 17 21:05:24 user devstack@keystone.service[44209]: DEBUG keystone.server.flask.request_processing.req_logging [None req-b3ba1432-d69e-4c78-b84e-17e0775e730a None admin] REQUEST_METHOD: `GET` {{(pid=44209) log_request_info /opt/stack/keystone/keystone/server/flask/request_processing/req_logging.py:27}}
Aug 17 21:05:24 user devstack@keystone.service[44209]: DEBUG keystone.server.flask.request_processing.req_logging [None req-b3ba1432-d69e-4c78-b84e-17e0775e730a None admin] SCRIPT_NAME: `/identity` {{(pid=44209) log_request_info /opt/stack/keystone/keystone/server/flask/request_processing/req_logging.py:28}}
Aug 17 21:05:24 user devstack@keystone.service[44209]: DEBUG keystone.server.flask.request_processing.req_logging [None req-b3ba1432-d69e-4c78-b84e-17e0775e730a None admin] PATH_INFO: `/v3/groups/18c49d39557c4ddabf7c91e0d7df20a9` {{(pid=44209) log_request_info /opt/stack/keystone/keystone/server/flask/request_processing/req_logging.py:29}}
Aug 17 21:05:24 user devstack@keystone.service[44209]: DEBUG keystone.common.rbac_enforcer.enforcer [None req-b3ba1432-d69e-4c78-b84e-17e0775e730a None admin] RBAC: Authorizing `identity:get_group(group_id=18c49d39557c4ddabf7c91e0d7df20a9)` {{(pid=44209) enforce_call /opt/stack/keystone/keystone/common/rbac_enforcer/enforcer.py:449}}
Aug 17 21:05:24 user devstack@keystone.service[44209]: DEBUG keystone.common.rbac_enforcer.enforcer [None req-b3ba1432-d69e-4c78-b84e-17e0775e730a None admin] RBAC: Authorization granted {{(pid=44209) enforce_call /opt/stack/keystone/keystone/common/rbac_enforcer/enforcer.py:457}}
Aug 17 21:05:24 user devstack@keystone.service[44209]: [pid: 44209|app: 0|req: 112/334] 10.0.0.210 () {56 vars in 1175 bytes} [Thu Aug 17 21:05:24 2023] GET /identity/v3/groups/18c49d39557c4ddabf7c91e0d7df20a9 => generated 225 bytes in 122 msecs (HTTP/1.1 200) 5 headers in 177 bytes (1 switches on core 0)
Aug 17 21:05:24 user devstack@keystone.service[44207]: DEBUG keystone.server.flask.request_processing.middleware.auth_context [None req-4f00095d-d4f6-460d-9867-3bf7dc39b391 None admin] Authenticating user token {{(pid=44207) process_request /opt/stack/data/venv/lib/python3.10/site-packages/keystonemiddleware/auth_token/__init__.py:406}}
Aug 17 21:05:24 user devstack@keystone.service[44208]: DEBUG keystone.server.flask.request_processing.middleware.auth_context [None req-d6cde206-483f-43d9-8c12-f0178f5748eb None admin] Validating token access rules against request {{(pid=44208) validate_allowed_request /opt/stack/data/venv/lib/python3.10/site-packages/keystonemiddleware/auth_token/__init__.py:544}}
Aug 17 21:05:24 user devstack@keystone.service[44207]: DEBUG keystone.server.flask.request_processing.middleware.auth_context [None req-4f00095d-d4f6-460d-9867-3bf7dc39b391 None admin] Validating token access rules against request {{(pid=44207) validate_allowed_request /opt/stack/data/venv/lib/python3.10/site-packages/keystonemiddleware/auth_token/__init__.py:544}}
Aug 17 21:05:24 user devstack@keystone.service[44208]: DEBUG keystone.server.flask.request_processing.middleware.auth_context [None req-4239284a-e015-463e-8a00-19252869e8bf None admin] RBAC: auth_context: {'token': , 'domain_id': None, 'trust_id': None, 'trustor_id': None, 'trustee_id': None, 'domain_name': None, 'group_ids': [], 'user_id': 'fc5cc905635f4bdea29bcfc240385d35', 'user_domain_id': 'default', 'system_scope': 'all', 'project_id': None, 'project_domain_id': None, 'roles': ['admin', 'member', 'reader'], 'is_admin_project': True, 'service_user_id': None, 'service_user_domain_id': None, 'service_project_id': None, 'service_project_domain_id': None, 'service_roles': []} {{(pid=44208) fill_context /opt/stack/keystone/keystone/server/flask/request_processing/middleware/auth_context.py:480}}
Aug 17 21:05:24 user devstack@keystone.service[44208]: DEBUG keystone.server.flask.request_processing.req_logging [None req-4239284a-e015-463e-8a00-19252869e8bf None admin] REQUEST_METHOD: `GET` {{(pid=44208) log_request_info /opt/stack/keystone/keystone/server/flask/request_processing/req_logging.py:27}}
Aug 17 21:05:24 user devstack@keystone.service[44208]: DEBUG keystone.server.flask.request_processing.req_logging [None req-4239284a-e015-463e-8a00-19252869e8bf None admin] SCRIPT_NAME: `/identity` {{(pid=44208) log_request_info /opt/stack/keystone/keystone/server/flask/request_processing/req_logging.py:28}}
Aug 17 21:05:24 user devstack@keystone.service[44208]: DEBUG keystone.server.flask.request_processing.req_logging [None req-4239284a-e015-463e-8a00-19252869e8bf None admin] PATH_INFO: `/v3/projects/6438a8b236d74a9585300eb2b1ce044f` {{(pid=44208) log_request_info /opt/stack/keystone/keystone/server/flask/request_processing/req_logging.py:29}}
Aug 17 21:05:24 user devstack@keystone.service[44208]: DEBUG keystone.common.rbac_enforcer.enforcer [None req-4239284a-e015-463e-8a00-19252869e8bf None admin] RBAC: Authorizing `identity:get_project(project_id=6438a8b236d74a9585300eb2b1ce044f)` {{(pid=44208) enforce_call /opt/stack/keystone/keystone/common/rbac_enforcer/enforcer.py:449}}
Aug 17 21:05:24 user devstack@keystone.service[44208]: DEBUG keystone.common.rbac_enforcer.enforcer [None req-4239284a-e015-463e-8a00-19252869e8bf None admin] RBAC: Authorization granted {{(pid=44208) enforce_call /opt/stack/keystone/keystone/common/rbac_enforcer/enforcer.py:457}}
Aug 17 21:05:24 user devstack@keystone.service[44208]: [pid: 44208|app: 0|req: 109/335] 10.0.0.210 () {56 vars in 1181 bytes} [Thu Aug 17 21:05:24 2023] GET /identity/v3/projects/6438a8b236d74a9585300eb2b1ce044f => generated 343 bytes in 125 msecs (HTTP/1.1 200) 5 headers in 177 bytes (1 switches on core 0)
Aug 17 21:05:24 user devstack@keystone.service[44209]: DEBUG keystone.server.flask.request_processing.middleware.auth_context [None req-b3ba1432-d69e-4c78-b84e-17e0775e730a None admin] Authenticating user token {{(pid=44209) process_request /opt/stack/data/venv/lib/python3.10/site-packages/keystonemiddleware/auth_token/__init__.py:406}}
Aug 17 21:05:24 user devstack@keystone.service[44207]: DEBUG keystone.server.flask.request_processing.middleware.auth_context [None req-d9b34f76-9bda-45d8-bec3-23f883640b69 None admin] RBAC: auth_context: {'token': , 'domain_id': None, 'trust_id': None, 'trustor_id': None, 'trustee_id': None, 'domain_name': None, 'group_ids': [], 'user_id': 'fc5cc905635f4bdea29bcfc240385d35', 'user_domain_id': 'default', 'system_scope': 'all', 'project_id': None, 'project_domain_id': None, 'roles': ['admin', 'member', 'reader'], 'is_admin_project': True, 'service_user_id': None, 'service_user_domain_id': None, 'service_project_id': None, 'service_project_domain_id': None, 'service_roles': []} {{(pid=44207) fill_context /opt/stack/keystone/keystone/server/flask/request_processing/middleware/auth_context.py:480}}
Aug 17 21:05:24 user devstack@keystone.service[44207]: DEBUG keystone.server.flask.request_processing.req_logging [None req-d9b34f76-9bda-45d8-bec3-23f883640b69 None admin] REQUEST_METHOD: `GET` {{(pid=44207) log_request_info /opt/stack/keystone/keystone/server/flask/request_processing/req_logging.py:27}}
Aug 17 21:05:24 user devstack@keystone.service[44207]: DEBUG keystone.server.flask.request_processing.req_logging [None req-d9b34f76-9bda-45d8-bec3-23f883640b69 None admin] SCRIPT_NAME: `/identity` {{(pid=44207) log_request_info /opt/stack/keystone/keystone/server/flask/request_processing/req_logging.py:28}}
Aug 17 21:05:24 user devstack@keystone.service[44207]: DEBUG keystone.server.flask.request_processing.req_logging [None req-d9b34f76-9bda-45d8-bec3-23f883640b69 None admin] PATH_INFO: `/v3/role_assignments` {{(pid=44207) log_request_info /opt/stack/keystone/keystone/server/flask/request_processing/req_logging.py:29}}
Aug 17 21:05:24 user devstack@keystone.service[44207]: DEBUG keystone.common.rbac_enforcer.enforcer [None req-d9b34f76-9bda-45d8-bec3-23f883640b69 None admin] RBAC: Adding query filter params (group.id=18c49d39557c4ddabf7c91e0d7df20a9, role.id=e44ceb9b019544c5a83c93a469565f89, scope.project.id=a744a3916ee84aeaa0cd6b6877e1dda9) {{(pid=44207) _extract_filter_values /opt/stack/keystone/keystone/common/rbac_enforcer/enforcer.py:167}}
Aug 17 21:05:24 user devstack@keystone.service[44207]: DEBUG keystone.common.rbac_enforcer.enforcer [None req-d9b34f76-9bda-45d8-bec3-23f883640b69 None admin] RBAC: Authorizing `identity:list_role_assignments()` {{(pid=44207) enforce_call /opt/stack/keystone/keystone/common/rbac_enforcer/enforcer.py:449}}
Aug 17 21:05:24 user devstack@keystone.service[44207]: DEBUG keystone.common.rbac_enforcer.enforcer [None req-d9b34f76-9bda-45d8-bec3-23f883640b69 None admin] RBAC: Authorization granted {{(pid=44207) enforce_call /opt/stack/keystone/keystone/common/rbac_enforcer/enforcer.py:457}}
Aug 17 21:05:24 user devstack@keystone.service[44207]: [pid: 44207|app: 0|req: 115/336] 10.0.0.210 () {56 vars in 1371 bytes} [Thu Aug 17 21:05:24 2023] GET /identity/v3/role_assignments?group.id=18c49d39557c4ddabf7c91e0d7df20a9&scope.project.id=a744a3916ee84aeaa0cd6b6877e1dda9&role.id=e44ceb9b019544c5a83c93a469565f89 => generated 609 bytes in 135 msecs (HTTP/1.1 200) 5 headers in 177 bytes (1 switches on core 0)
Aug 17 21:05:24 user devstack@keystone.service[44209]: DEBUG keystone.server.flask.request_processing.middleware.auth_context [None req-b3ba1432-d69e-4c78-b84e-17e0775e730a None admin] Validating token access rules against request {{(pid=44209) validate_allowed_request /opt/stack/data/venv/lib/python3.10/site-packages/keystonemiddleware/auth_token/__init__.py:544}}
Aug 17 21:05:24 user devstack@keystone.service[44209]: DEBUG keystone.server.flask.request_processing.middleware.auth_context [None req-6ea457fc-bc6b-4eb8-84c0-87bdaafa6bac None admin] RBAC: auth_context: {'token': , 'domain_id': None, 'trust_id': None, 'trustor_id': None, 'trustee_id': None, 'domain_name': None, 'group_ids': [], 'user_id': 'fc5cc905635f4bdea29bcfc240385d35', 'user_domain_id': 'default', 'system_scope': 'all', 'project_id': None, 'project_domain_id': None, 'roles': ['admin', 'member', 'reader'], 'is_admin_project': True, 'service_user_id': None, 'service_user_domain_id': None, 'service_project_id': None, 'service_project_domain_id': None, 'service_roles': []} {{(pid=44209) fill_context /opt/stack/keystone/keystone/server/flask/request_processing/middleware/auth_context.py:480}}
Aug 17 21:05:24 user devstack@keystone.service[44209]: DEBUG keystone.server.flask.request_processing.req_logging [None req-6ea457fc-bc6b-4eb8-84c0-87bdaafa6bac None admin] REQUEST_METHOD: `GET` {{(pid=44209) log_request_info /opt/stack/keystone/keystone/server/flask/request_processing/req_logging.py:27}}
