Aug 16 08:56:32 user devstack@keystone.service[44582]: [pid: 44582|app: 0|req: 69/209] 10.0.0.210 () {54 vars in 921 bytes} [Wed Aug 16 08:56:32 2023] GET /identity => generated 269 bytes in 7 msecs (HTTP/1.1 300) 6 headers in 233 bytes (1 switches on core 0)
Aug 16 08:56:32 user devstack@keystone.service[44583]: DEBUG keystone.server.flask.request_processing.req_logging [None req-e71d1e1d-54a8-4ad3-8ccf-5eb60ce20fd9 None None] REQUEST_METHOD: `POST` {{(pid=44583) log_request_info /opt/stack/keystone/keystone/server/flask/request_processing/req_logging.py:27}}
Aug 16 08:56:32 user devstack@keystone.service[44583]: DEBUG keystone.server.flask.request_processing.req_logging [None req-e71d1e1d-54a8-4ad3-8ccf-5eb60ce20fd9 None None] SCRIPT_NAME: `/identity` {{(pid=44583) log_request_info /opt/stack/keystone/keystone/server/flask/request_processing/req_logging.py:28}}
Aug 16 08:56:32 user devstack@keystone.service[44583]: DEBUG keystone.server.flask.request_processing.req_logging [None req-e71d1e1d-54a8-4ad3-8ccf-5eb60ce20fd9 None None] PATH_INFO: `/v3/auth/tokens` {{(pid=44583) log_request_info /opt/stack/keystone/keystone/server/flask/request_processing/req_logging.py:29}}
Aug 16 08:56:32 user devstack@keystone.service[44583]: WARNING keystone.common.password_hashing [None req-e71d1e1d-54a8-4ad3-8ccf-5eb60ce20fd9 None None] Truncating password to algorithm specific maximum length 72 characters.
Aug 16 08:56:32 user devstack@keystone.service[44583]: DEBUG keystone.auth.core [None req-e71d1e1d-54a8-4ad3-8ccf-5eb60ce20fd9 None None] MFA Rules not processed for user `d19e23bfeca0497c87a4ce5f60cd6e0d`. Rule list: `[]` (Enabled: `True`). {{(pid=44583) check_auth_methods_against_rules /opt/stack/keystone/keystone/auth/core.py:438}}
Aug 16 08:56:32 user devstack@keystone.service[44583]: DEBUG keystone.common.fernet_utils [None req-e71d1e1d-54a8-4ad3-8ccf-5eb60ce20fd9 None None] Loaded 2 Fernet keys from /etc/keystone/fernet-keys/, but `[fernet_tokens] max_active_keys = 3`; perhaps there have not been enough key rotations to reach `max_active_keys` yet? {{(pid=44583) load_keys /opt/stack/keystone/keystone/common/fernet_utils.py:286}}
Aug 16 08:56:32 user devstack@keystone.service[44583]: [pid: 44583|app: 0|req: 73/210] 10.0.0.210 () {58 vars in 1018 bytes} [Wed Aug 16 08:56:32 2023] POST /identity/v3/auth/tokens => generated 798 bytes in 73 msecs (HTTP/1.1 201) 6 headers in 363 bytes (1 switches on core 0)
Aug 16 08:56:32 user devstack@keystone.service[44581]: [pid: 44581|app: 0|req: 69/211] 10.0.0.210 () {58 vars in 1018 bytes} [Wed Aug 16 08:56:32 2023] POST /identity/v3/auth/tokens => generated 798 bytes in 99 msecs (HTTP/1.1 201) 6 headers in 363 bytes (1 switches on core 0)
Aug 16 08:56:32 user devstack@keystone.service[44582]: DEBUG keystone.server.flask.request_processing.req_logging [None req-11021f34-ed7f-49ff-9ddc-0a62c1d59991 None None] REQUEST_METHOD: `GET` {{(pid=44582) log_request_info /opt/stack/keystone/keystone/server/flask/request_processing/req_logging.py:27}}
Aug 16 08:56:32 user devstack@keystone.service[44582]: DEBUG keystone.server.flask.request_processing.req_logging [None req-11021f34-ed7f-49ff-9ddc-0a62c1d59991 None None] SCRIPT_NAME: `/identity` {{(pid=44582) log_request_info /opt/stack/keystone/keystone/server/flask/request_processing/req_logging.py:28}}
Aug 16 08:56:32 user devstack@keystone.service[44582]: DEBUG keystone.server.flask.request_processing.req_logging [None req-11021f34-ed7f-49ff-9ddc-0a62c1d59991 None None] PATH_INFO: `/` {{(pid=44582) log_request_info /opt/stack/keystone/keystone/server/flask/request_processing/req_logging.py:29}}
Aug 16 08:56:32 user devstack@keystone.service[44582]: [pid: 44582|app: 0|req: 70/212] 10.0.0.210 () {54 vars in 921 bytes} [Wed Aug 16 08:56:32 2023] GET /identity => generated 269 bytes in 3 msecs (HTTP/1.1 300) 6 headers in 233 bytes (1 switches on core 0)
Aug 16 08:56:32 user devstack@keystone.service[44583]: DEBUG keystone.server.flask.request_processing.req_logging [None req-2b004111-d717-4ef3-8983-6935580c0cf6 None None] REQUEST_METHOD: `POST` {{(pid=44583) log_request_info /opt/stack/keystone/keystone/server/flask/request_processing/req_logging.py:27}}
Aug 16 08:56:32 user devstack@keystone.service[44583]: DEBUG keystone.server.flask.request_processing.req_logging [None req-2b004111-d717-4ef3-8983-6935580c0cf6 None None] SCRIPT_NAME: `/identity` {{(pid=44583) log_request_info /opt/stack/keystone/keystone/server/flask/request_processing/req_logging.py:28}}
Aug 16 08:56:32 user devstack@keystone.service[44583]: DEBUG keystone.server.flask.request_processing.req_logging [None req-2b004111-d717-4ef3-8983-6935580c0cf6 None None] PATH_INFO: `/v3/auth/tokens` {{(pid=44583) log_request_info /opt/stack/keystone/keystone/server/flask/request_processing/req_logging.py:29}}
Aug 16 08:56:32 user devstack@keystone.service[44583]: WARNING keystone.common.password_hashing [None req-2b004111-d717-4ef3-8983-6935580c0cf6 None None] Truncating password to algorithm specific maximum length 72 characters.
Aug 16 08:56:32 user devstack@keystone.service[44583]: DEBUG keystone.auth.core [None req-2b004111-d717-4ef3-8983-6935580c0cf6 None None] MFA Rules not processed for user `d19e23bfeca0497c87a4ce5f60cd6e0d`. Rule list: `[]` (Enabled: `True`). {{(pid=44583) check_auth_methods_against_rules /opt/stack/keystone/keystone/auth/core.py:438}}
Aug 16 08:56:32 user devstack@keystone.service[44583]: DEBUG keystone.common.fernet_utils [None req-2b004111-d717-4ef3-8983-6935580c0cf6 None None] Loaded 2 Fernet keys from /etc/keystone/fernet-keys/, but `[fernet_tokens] max_active_keys = 3`; perhaps there have not been enough key rotations to reach `max_active_keys` yet? {{(pid=44583) load_keys /opt/stack/keystone/keystone/common/fernet_utils.py:286}}
Aug 16 08:56:32 user devstack@keystone.service[44582]: DEBUG keystone.server.flask.request_processing.middleware.auth_context [None req-11021f34-ed7f-49ff-9ddc-0a62c1d59991 None None] Authenticating user token {{(pid=44582) process_request /opt/stack/data/venv/lib/python3.10/site-packages/keystonemiddleware/auth_token/__init__.py:406}}
Aug 16 08:56:32 user devstack@keystone.service[44581]: DEBUG keystone.server.flask.request_processing.middleware.auth_context [None req-8682e07c-5c1d-4347-9bbd-68001feda44e None None] Authenticating user token {{(pid=44581) process_request /opt/stack/data/venv/lib/python3.10/site-packages/keystonemiddleware/auth_token/__init__.py:406}}
Aug 16 08:56:32 user devstack@keystone.service[44583]: [pid: 44583|app: 0|req: 74/213] 10.0.0.210 () {58 vars in 1018 bytes} [Wed Aug 16 08:56:32 2023] POST /identity/v3/auth/tokens => generated 798 bytes in 73 msecs (HTTP/1.1 201) 6 headers in 363 bytes (1 switches on core 0)
Aug 16 08:56:32 user devstack@keystone.service[44582]: DEBUG keystone.server.flask.request_processing.middleware.auth_context [None req-11021f34-ed7f-49ff-9ddc-0a62c1d59991 None None] Validating token access rules against request {{(pid=44582) validate_allowed_request /opt/stack/data/venv/lib/python3.10/site-packages/keystonemiddleware/auth_token/__init__.py:544}}
Aug 16 08:56:32 user devstack@keystone.service[44581]: DEBUG keystone.server.flask.request_processing.middleware.auth_context [None req-8682e07c-5c1d-4347-9bbd-68001feda44e None None] Validating token access rules against request {{(pid=44581) validate_allowed_request /opt/stack/data/venv/lib/python3.10/site-packages/keystonemiddleware/auth_token/__init__.py:544}}
Aug 16 08:56:32 user devstack@keystone.service[44582]: DEBUG keystone.server.flask.request_processing.middleware.auth_context [None req-7986130b-1a75-4530-ae7d-1ba6a7df8a38 None admin] RBAC: auth_context: {'token': , 'domain_id': None, 'trust_id': None, 'trustor_id': None, 'trustee_id': None, 'domain_name': None, 'group_ids': [], 'user_id': 'd19e23bfeca0497c87a4ce5f60cd6e0d', 'user_domain_id': 'default', 'system_scope': 'all', 'project_id': None, 'project_domain_id': None, 'roles': ['admin', 'member', 'reader'], 'is_admin_project': True, 'service_user_id': None, 'service_user_domain_id': None, 'service_project_id': None, 'service_project_domain_id': None, 'service_roles': []} {{(pid=44582) fill_context /opt/stack/keystone/keystone/server/flask/request_processing/middleware/auth_context.py:480}}
Aug 16 08:56:32 user devstack@keystone.service[44582]: DEBUG keystone.server.flask.request_processing.req_logging [None req-7986130b-1a75-4530-ae7d-1ba6a7df8a38 None admin] REQUEST_METHOD: `GET` {{(pid=44582) log_request_info /opt/stack/keystone/keystone/server/flask/request_processing/req_logging.py:27}}
Aug 16 08:56:32 user devstack@keystone.service[44582]: DEBUG keystone.server.flask.request_processing.req_logging [None req-7986130b-1a75-4530-ae7d-1ba6a7df8a38 None admin] SCRIPT_NAME: `/identity` {{(pid=44582) log_request_info /opt/stack/keystone/keystone/server/flask/request_processing/req_logging.py:28}}
Aug 16 08:56:32 user devstack@keystone.service[44582]: DEBUG keystone.server.flask.request_processing.req_logging [None req-7986130b-1a75-4530-ae7d-1ba6a7df8a38 None admin] PATH_INFO: `/v3/domains/default` {{(pid=44582) log_request_info /opt/stack/keystone/keystone/server/flask/request_processing/req_logging.py:29}}
Aug 16 08:56:32 user devstack@keystone.service[44582]: DEBUG keystone.common.rbac_enforcer.enforcer [None req-7986130b-1a75-4530-ae7d-1ba6a7df8a38 None admin] RBAC: Authorizing `identity:get_domain(domain_id=default)` {{(pid=44582) enforce_call /opt/stack/keystone/keystone/common/rbac_enforcer/enforcer.py:449}}
Aug 16 08:56:32 user devstack@keystone.service[44582]: DEBUG keystone.common.rbac_enforcer.enforcer [None req-7986130b-1a75-4530-ae7d-1ba6a7df8a38 None admin] RBAC: Authorization granted {{(pid=44582) enforce_call /opt/stack/keystone/keystone/common/rbac_enforcer/enforcer.py:457}}
Aug 16 08:56:32 user devstack@keystone.service[44582]: [pid: 44582|app: 0|req: 71/214] 10.0.0.210 () {56 vars in 1103 bytes} [Wed Aug 16 08:56:32 2023] GET /identity/v3/domains/default => generated 198 bytes in 131 msecs (HTTP/1.1 200) 5 headers in 177 bytes (1 switches on core 0)
Aug 16 08:56:32 user devstack@keystone.service[44581]: DEBUG keystone.server.flask.request_processing.middleware.auth_context [None req-cc67137d-78b6-4e9a-bbfd-7f6b24ce5886 None admin] RBAC: auth_context: {'token': , 'domain_id': None, 'trust_id': None, 'trustor_id': None, 'trustee_id': None, 'domain_name': None, 'group_ids': [], 'user_id': 'd19e23bfeca0497c87a4ce5f60cd6e0d', 'user_domain_id': 'default', 'system_scope': 'all', 'project_id': None, 'project_domain_id': None, 'roles': ['admin', 'member', 'reader'], 'is_admin_project': True, 'service_user_id': None, 'service_user_domain_id': None, 'service_project_id': None, 'service_project_domain_id': None, 'service_roles': []} {{(pid=44581) fill_context /opt/stack/keystone/keystone/server/flask/request_processing/middleware/auth_context.py:480}}
Aug 16 08:56:32 user devstack@keystone.service[44583]: DEBUG keystone.server.flask.request_processing.middleware.auth_context [None req-2b004111-d717-4ef3-8983-6935580c0cf6 None None] Authenticating user token {{(pid=44583) process_request /opt/stack/data/venv/lib/python3.10/site-packages/keystonemiddleware/auth_token/__init__.py:406}}
Aug 16 08:56:32 user devstack@keystone.service[44581]: DEBUG keystone.server.flask.request_processing.req_logging [None req-cc67137d-78b6-4e9a-bbfd-7f6b24ce5886 None admin] REQUEST_METHOD: `GET` {{(pid=44581) log_request_info /opt/stack/keystone/keystone/server/flask/request_processing/req_logging.py:27}}
Aug 16 08:56:32 user devstack@keystone.service[44581]: DEBUG keystone.server.flask.request_processing.req_logging [None req-cc67137d-78b6-4e9a-bbfd-7f6b24ce5886 None admin] SCRIPT_NAME: `/identity` {{(pid=44581) log_request_info /opt/stack/keystone/keystone/server/flask/request_processing/req_logging.py:28}}
Aug 16 08:56:32 user devstack@keystone.service[44581]: DEBUG keystone.server.flask.request_processing.req_logging [None req-cc67137d-78b6-4e9a-bbfd-7f6b24ce5886 None admin] PATH_INFO: `/v3/roles/member` {{(pid=44581) log_request_info /opt/stack/keystone/keystone/server/flask/request_processing/req_logging.py:29}}
Aug 16 08:56:32 user devstack@keystone.service[44581]: DEBUG keystone.common.rbac_enforcer.enforcer [None req-cc67137d-78b6-4e9a-bbfd-7f6b24ce5886 None admin] Extracting inferred target data resulted in "NOT FOUND (404)". {{(pid=44581) enforce_call /opt/stack/keystone/keystone/common/rbac_enforcer/enforcer.py:409}}
Aug 16 08:56:32 user devstack@keystone.service[44581]: ERROR keystone.server.flask.application [None req-cc67137d-78b6-4e9a-bbfd-7f6b24ce5886 None admin] Could not find role: member.: keystone.exception.RoleNotFound: Could not find role: member.
Aug 16 08:56:32 user devstack@keystone.service[44581]: ERROR keystone.server.flask.application
Traceback (most recent call last):
Aug 16 08:56:32 user devstack@keystone.service[44581]: ERROR keystone.server.flask.application
File "/opt/stack/data/venv/lib/python3.10/site-packages/flask/app.py", line 1823, in full_dispatch_request
Aug 16 08:56:32 user devstack@keystone.service[44581]: ERROR keystone.server.flask.application rv = self.dispatch_request()
Aug 16 08:56:32 user devstack@keystone.service[44581]: ERROR keystone.server.flask.application
File "/opt/stack/data/venv/lib/python3.10/site-packages/flask/app.py", line 1799, in dispatch_request
Aug 16 08:56:32 user devstack@keystone.service[44581]: ERROR keystone.server.flask.application return self.ensure_sync(self.view_functions[rule.endpoint])(**view_args)
Aug 16 08:56:32 user devstack@keystone.service[44581]: ERROR keystone.server.flask.application
File "/opt/stack/data/venv/lib/python3.10/site-packages/flask_restful/__init__.py", line 467, in wrapper
Aug 16 08:56:32 user devstack@keystone.service[44581]: ERROR keystone.server.flask.application resp = resource(*args, **kwargs)
Aug 16 08:56:32 user devstack@keystone.service[44581]: ERROR keystone.server.flask.application
File "/opt/stack/data/venv/lib/python3.10/site-packages/flask/views.py", line 107, in view
Aug 16 08:56:32 user devstack@keystone.service[44581]: ERROR keystone.server.flask.application return current_app.ensure_sync(self.dispatch_request)(**kwargs)
Aug 16 08:56:32 user devstack@keystone.service[44581]: ERROR keystone.server.flask.application
File "/opt/stack/data/venv/lib/python3.10/site-packages/flask_restful/__init__.py", line 582, in dispatch_request
Aug 16 08:56:32 user devstack@keystone.service[44581]: ERROR keystone.server.flask.application resp = meth(*args, **kwargs)
Aug 16 08:56:32 user devstack@keystone.service[44581]: ERROR keystone.server.flask.application
File "/opt/stack/keystone/keystone/api/roles.py", line 50, in get
Aug 16 08:56:32 user devstack@keystone.service[44581]: ERROR keystone.server.flask.application return self._get_role(role_id)
Aug 16 08:56:32 user devstack@keystone.service[44581]: ERROR keystone.server.flask.application
File "/opt/stack/keystone/keystone/api/roles.py", line 70, in _get_role
Aug 16 08:56:32 user devstack@keystone.service[44581]: ERROR keystone.server.flask.application ENFORCER.enforce_call(action='identity:get_role')
Aug 16 08:56:32 user devstack@keystone.service[44581]: ERROR keystone.server.flask.application
File "/opt/stack/keystone/keystone/common/rbac_enforcer/enforcer.py", line 402, in enforce_call
Aug 16 08:56:32 user devstack@keystone.service[44581]: ERROR keystone.server.flask.application policy_dict.update(cls._extract_member_target_data(
Aug 16 08:56:32 user devstack@keystone.service[44581]: ERROR keystone.server.flask.application
File "/opt/stack/keystone/keystone/common/rbac_enforcer/enforcer.py", line 234, in _extract_member_target_data
Aug 16 08:56:32 user devstack@keystone.service[44581]: ERROR keystone.server.flask.application member_name: func(flask.request.view_args[key])
Aug 16 08:56:32 user devstack@keystone.service[44581]: ERROR keystone.server.flask.application
File "/opt/stack/keystone/keystone/common/manager.py", line 115, in wrapped
Aug 16 08:56:32 user devstack@keystone.service[44581]: ERROR keystone.server.flask.application __ret_val = __f(*args, **kwargs)
Aug 16 08:56:32 user devstack@keystone.service[44581]: ERROR keystone.server.flask.application
File "/opt/stack/data/venv/lib/python3.10/site-packages/decorator.py", line 232, in fun
Aug 16 08:56:32 user devstack@keystone.service[44581]: ERROR keystone.server.flask.application return caller(func, *(extras + args), **kw)
Aug 16 08:56:32 user devstack@keystone.service[44581]: ERROR keystone.server.flask.application
File "/opt/stack/data/venv/lib/python3.10/site-packages/dogpile/cache/region.py", line 1577, in get_or_create_for_user_func
Aug 16 08:56:32 user devstack@keystone.service[44581]: ERROR keystone.server.flask.application return self.get_or_create(
Aug 16 08:56:32 user devstack@keystone.service[44581]: ERROR keystone.server.flask.application
File "/opt/stack/data/venv/lib/python3.10/site-packages/dogpile/cache/region.py", line 1042, in get_or_create
Aug 16 08:56:32 user devstack@keystone.service[44581]: ERROR keystone.server.flask.application with Lock(
Aug 16 08:56:32 user devstack@keystone.service[44581]: ERROR keystone.server.flask.application
File "/opt/stack/data/venv/lib/python3.10/site-packages/dogpile/lock.py", line 185, in __enter__
Aug 16 08:56:32 user devstack@keystone.service[44581]: ERROR keystone.server.flask.application return self._enter()
Aug 16 08:56:32 user devstack@keystone.service[44581]: ERROR keystone.server.flask.application
File "/opt/stack/data/venv/lib/python3.10/site-packages/dogpile/lock.py", line 94, in _enter
Aug 16 08:56:32 user devstack@keystone.service[44581]: ERROR keystone.server.flask.application generated = self._enter_create(value, createdtime)
Aug 16 08:56:32 user devstack@keystone.service[44581]: ERROR keystone.server.flask.application
File "/opt/stack/data/venv/lib/python3.10/site-packages/dogpile/lock.py", line 178, in _enter_create
Aug 16 08:56:32 user devstack@keystone.service[44581]: ERROR keystone.server.flask.application return self.creator()
Aug 16 08:56:32 user devstack@keystone.service[44581]: ERROR keystone.server.flask.application
File "/opt/stack/data/venv/lib/python3.10/site-packages/dogpile/cache/region.py", line 995, in gen_value
Aug 16 08:56:32 user devstack@keystone.service[44581]: ERROR keystone.server.flask.application created_value = creator(
Aug 16 08:56:32 user devstack@keystone.service[44581]: ERROR keystone.server.flask.application
File "/opt/stack/keystone/keystone/assignment/core.py", line 1276, in get_role
Aug 16 08:56:32 user devstack@keystone.service[44581]: ERROR keystone.server.flask.application return self.driver.get_role(role_id)
Aug 16 08:56:32 user devstack@keystone.service[44581]: ERROR keystone.server.flask.application
File "/opt/stack/keystone/keystone/assignment/role_backends/sql.py", line 70, in get_role
Aug 16 08:56:32 user devstack@keystone.service[44581]: ERROR keystone.server.flask.application return self._get_role(session, role_id).to_dict()
Aug 16 08:56:32 user devstack@keystone.service[44581]: ERROR keystone.server.flask.application
File "/opt/stack/keystone/keystone/assignment/role_backends/sql.py", line 65, in _get_role
Aug 16 08:56:32 user devstack@keystone.service[44581]: ERROR keystone.server.flask.application raise exception.RoleNotFound(role_id=role_id)
Aug 16 08:56:32 user devstack@keystone.service[44581]: ERROR keystone.server.flask.application keystone.exception.RoleNotFound: Could not find role: member.
Aug 16 08:56:32 user devstack@keystone.service[44581]: ERROR keystone.server.flask.application
Aug 16 08:56:32 user devstack@keystone.service[44581]: [pid: 44581|app: 0|req: 70/215] 10.0.0.210 () {56 vars in 1094 bytes} [Wed Aug 16 08:56:32 2023] GET /identity/v3/roles/member => generated 84 bytes in 159 msecs (HTTP/1.1 404) 5 headers in 183 bytes (1 switches on core 0)
Aug 16 08:56:32 user devstack@keystone.service[44582]: DEBUG keystone.server.flask.request_processing.middleware.auth_context [None req-7986130b-1a75-4530-ae7d-1ba6a7df8a38 None admin] Authenticating user token {{(pid=44582) process_request /opt/stack/data/venv/lib/python3.10/site-packages/keystonemiddleware/auth_token/__init__.py:406}}
Aug 16 08:56:32 user devstack@keystone.service[44583]: DEBUG keystone.server.flask.request_processing.middleware.auth_context [None req-2b004111-d717-4ef3-8983-6935580c0cf6 None None] Validating token access rules against request {{(pid=44583) validate_allowed_request /opt/stack/data/venv/lib/python3.10/site-packages/keystonemiddleware/auth_token/__init__.py:544}}
Aug 16 08:56:32 user devstack@keystone.service[44582]: DEBUG keystone.server.flask.request_processing.middleware.auth_context [None req-7986130b-1a75-4530-ae7d-1ba6a7df8a38 None admin] Validating token access rules against request {{(pid=44582) validate_allowed_request /opt/stack/data/venv/lib/python3.10/site-packages/keystonemiddleware/auth_token/__init__.py:544}}
Aug 16 08:56:32 user devstack@keystone.service[44581]: DEBUG keystone.server.flask.request_processing.middleware.auth_context [None req-cc67137d-78b6-4e9a-bbfd-7f6b24ce5886 None admin] Authenticating user token {{(pid=44581) process_request /opt/stack/data/venv/lib/python3.10/site-packages/keystonemiddleware/auth_token/__init__.py:406}}
Aug 16 08:56:32 user devstack@keystone.service[44583]: DEBUG keystone.server.flask.request_processing.middleware.auth_context [None req-f2d5c453-029c-4c24-8e30-3ef2bb25cd28 None admin] RBAC: auth_context: {'token': , 'domain_id': None, 'trust_id': None, 'trustor_id': None, 'trustee_id': None, 'domain_name': None, 'group_ids': [], 'user_id': 'd19e23bfeca0497c87a4ce5f60cd6e0d', 'user_domain_id': 'default', 'system_scope': 'all', 'project_id': None, 'project_domain_id': None, 'roles': ['admin', 'member', 'reader'], 'is_admin_project': True, 'service_user_id': None, 'service_user_domain_id': None, 'service_project_id': None, 'service_project_domain_id': None, 'service_roles': []} {{(pid=44583) fill_context /opt/stack/keystone/keystone/server/flask/request_processing/middleware/auth_context.py:480}}
Aug 16 08:56:32 user devstack@keystone.service[44583]: DEBUG keystone.server.flask.request_processing.req_logging [None req-f2d5c453-029c-4c24-8e30-3ef2bb25cd28 None admin] REQUEST_METHOD: `POST` {{(pid=44583) log_request_info /opt/stack/keystone/keystone/server/flask/request_processing/req_logging.py:27}}
Aug 16 08:56:32 user devstack@keystone.service[44583]: DEBUG keystone.server.flask.request_processing.req_logging [None req-f2d5c453-029c-4c24-8e30-3ef2bb25cd28 None admin] SCRIPT_NAME: `/identity` {{(pid=44583) log_request_info /opt/stack/keystone/keystone/server/flask/request_processing/req_logging.py:28}}
Aug 16 08:56:32 user devstack@keystone.service[44583]: DEBUG keystone.server.flask.request_processing.req_logging [None req-f2d5c453-029c-4c24-8e30-3ef2bb25cd28 None admin] PATH_INFO: `/v3/users` {{(pid=44583) log_request_info /opt/stack/keystone/keystone/server/flask/request_processing/req_logging.py:29}}
Aug 16 08:56:32 user devstack@keystone.service[44583]: DEBUG keystone.common.rbac_enforcer.enforcer [None req-f2d5c453-029c-4c24-8e30-3ef2bb25cd28 None admin] RBAC: Authorizing `identity:create_user()` {{(pid=44583) enforce_call /opt/stack/keystone/keystone/common/rbac_enforcer/enforcer.py:449}}
Aug 16 08:56:32 user devstack@keystone.service[44583]: DEBUG keystone.common.rbac_enforcer.enforcer [None req-f2d5c453-029c-4c24-8e30-3ef2bb25cd28 None admin] RBAC: Authorization granted {{(pid=44583) enforce_call /opt/stack/keystone/keystone/common/rbac_enforcer/enforcer.py:457}}
Aug 16 08:56:32 user devstack@keystone.service[44583]: WARNING keystone.common.password_hashing [None req-f2d5c453-029c-4c24-8e30-3ef2bb25cd28 None admin] Truncating password to algorithm specific maximum length 72 characters.
Aug 16 08:56:32 user devstack@keystone.service[44582]: DEBUG keystone.server.flask.request_processing.middleware.auth_context [None req-c8bb1cee-48c4-4cf6-99e8-410090bb4b0a None admin] RBAC: auth_context: {'token': , 'domain_id': None, 'trust_id': None, 'trustor_id': None, 'trustee_id': None, 'domain_name': None, 'group_ids': [], 'user_id': 'd19e23bfeca0497c87a4ce5f60cd6e0d', 'user_domain_id': 'default', 'system_scope': 'all', 'project_id': None, 'project_domain_id': None, 'roles': ['admin', 'member', 'reader'], 'is_admin_project': True, 'service_user_id': None, 'service_user_domain_id': None, 'service_project_id': None, 'service_project_domain_id': None, 'service_roles': []} {{(pid=44582) fill_context /opt/stack/keystone/keystone/server/flask/request_processing/middleware/auth_context.py:480}}
Aug 16 08:56:32 user devstack@keystone.service[44582]: DEBUG keystone.server.flask.request_processing.req_logging [None req-c8bb1cee-48c4-4cf6-99e8-410090bb4b0a None admin] REQUEST_METHOD: `GET` {{(pid=44582) log_request_info /opt/stack/keystone/keystone/server/flask/request_processing/req_logging.py:27}}
Aug 16 08:56:32 user devstack@keystone.service[44582]: DEBUG keystone.server.flask.request_processing.req_logging [None req-c8bb1cee-48c4-4cf6-99e8-410090bb4b0a None admin] SCRIPT_NAME: `/identity` {{(pid=44582) log_request_info /opt/stack/keystone/keystone/server/flask/request_processing/req_logging.py:28}}
Aug 16 08:56:32 user devstack@keystone.service[44582]: DEBUG keystone.server.flask.request_processing.req_logging [None req-c8bb1cee-48c4-4cf6-99e8-410090bb4b0a None admin] PATH_INFO: `/v3/roles` {{(pid=44582) log_request_info /opt/stack/keystone/keystone/server/flask/request_processing/req_logging.py:29}}
Aug 16 08:56:32 user devstack@keystone.service[44582]: DEBUG keystone.common.rbac_enforcer.enforcer [None req-c8bb1cee-48c4-4cf6-99e8-410090bb4b0a None admin] RBAC: Adding query filter params (name=member) {{(pid=44582) _extract_filter_values /opt/stack/keystone/keystone/common/rbac_enforcer/enforcer.py:167}}
Aug 16 08:56:32 user devstack@keystone.service[44582]: DEBUG keystone.common.rbac_enforcer.enforcer [None req-c8bb1cee-48c4-4cf6-99e8-410090bb4b0a None admin] RBAC: Authorizing `identity:list_roles()` {{(pid=44582) enforce_call /opt/stack/keystone/keystone/common/rbac_enforcer/enforcer.py:449}}
Aug 16 08:56:32 user devstack@keystone.service[44582]: DEBUG keystone.common.rbac_enforcer.enforcer [None req-c8bb1cee-48c4-4cf6-99e8-410090bb4b0a None admin] RBAC: Authorization granted {{(pid=44582) enforce_call /opt/stack/keystone/keystone/common/rbac_enforcer/enforcer.py:457}}
Aug 16 08:56:32 user devstack@keystone.service[44582]: [pid: 44582|app: 0|req: 72/216] 10.0.0.210 () {56 vars in 1096 bytes} [Wed Aug 16 08:56:32 2023] GET /identity/v3/roles?name=member => generated 339 bytes in 122 msecs (HTTP/1.1 200) 5 headers in 177 bytes (1 switches on core 0)
Aug 16 08:56:32 user devstack@keystone.service[44582]: DEBUG keystone.server.flask.request_processing.middleware.auth_context [None req-c8bb1cee-48c4-4cf6-99e8-410090bb4b0a None admin] Authenticating user token {{(pid=44582) process_request /opt/stack/data/venv/lib/python3.10/site-packages/keystonemiddleware/auth_token/__init__.py:406}}
Aug 16 08:56:32 user devstack@keystone.service[44583]: [pid: 44583|app: 0|req: 75/217] 10.0.0.210 () {60 vars in 1127 bytes} [Wed Aug 16 08:56:32 2023] POST /identity/v3/users => generated 292 bytes in 158 msecs (HTTP/1.1 201) 5 headers in 182 bytes (1 switches on core 0)
Aug 16 08:56:32 user devstack@keystone.service[44581]: DEBUG keystone.server.flask.request_processing.middleware.auth_context [None req-cc67137d-78b6-4e9a-bbfd-7f6b24ce5886 None admin] Validating token access rules against request {{(pid=44581) validate_allowed_request /opt/stack/data/venv/lib/python3.10/site-packages/keystonemiddleware/auth_token/__init__.py:544}}
Aug 16 08:56:32 user devstack@keystone.service[44581]: DEBUG keystone.server.flask.request_processing.middleware.auth_context [None req-169cba7b-e7b2-41e4-a305-2e2eaeb45f2e None admin] RBAC: auth_context: {'token': , 'domain_id': None, 'trust_id': None, 'trustor_id': None, 'trustee_id': None, 'domain_name': None, 'group_ids': [], 'user_id': 'd19e23bfeca0497c87a4ce5f60cd6e0d', 'user_domain_id': 'default', 'system_scope': 'all', 'project_id': None, 'project_domain_id': None, 'roles': ['admin', 'member', 'reader'], 'is_admin_project': True, 'service_user_id': None, 'service_user_domain_id': None, 'service_project_id': None, 'service_project_domain_id': None, 'service_roles': []} {{(pid=44581) fill_context /opt/stack/keystone/keystone/server/flask/request_processing/middleware/auth_context.py:480}}
Aug 16 08:56:32 user devstack@keystone.service[44581]: DEBUG keystone.server.flask.request_processing.req_logging [None req-169cba7b-e7b2-41e4-a305-2e2eaeb45f2e None admin] REQUEST_METHOD: `GET` {{(pid=44581) log_request_info /opt/stack/keystone/keystone/server/flask/request_processing/req_logging.py:27}}
Aug 16 08:56:32 user devstack@keystone.service[44581]: DEBUG keystone.server.flask.request_processing.req_logging [None req-169cba7b-e7b2-41e4-a305-2e2eaeb45f2e None admin] SCRIPT_NAME: `/identity` {{(pid=44581) log_request_info /opt/stack/keystone/keystone/server/flask/request_processing/req_logging.py:28}}
Aug 16 08:56:32 user devstack@keystone.service[44581]: DEBUG keystone.server.flask.request_processing.req_logging [None req-169cba7b-e7b2-41e4-a305-2e2eaeb45f2e None admin] PATH_INFO: `/v3/roles/reader` {{(pid=44581) log_request_info /opt/stack/keystone/keystone/server/flask/request_processing/req_logging.py:29}}
Aug 16 08:56:32 user devstack@keystone.service[44582]: DEBUG keystone.server.flask.request_processing.middleware.auth_context [None req-c8bb1cee-48c4-4cf6-99e8-410090bb4b0a None admin] Validating token access rules against request {{(pid=44582) validate_allowed_request /opt/stack/data/venv/lib/python3.10/site-packages/keystonemiddleware/auth_token/__init__.py:544}}
Aug 16 08:56:32 user devstack@keystone.service[44581]: DEBUG keystone.common.rbac_enforcer.enforcer [None req-169cba7b-e7b2-41e4-a305-2e2eaeb45f2e None admin] Extracting inferred target data resulted in "NOT FOUND (404)". {{(pid=44581) enforce_call /opt/stack/keystone/keystone/common/rbac_enforcer/enforcer.py:409}}
Aug 16 08:56:32 user devstack@keystone.service[44581]: ERROR keystone.server.flask.application [None req-169cba7b-e7b2-41e4-a305-2e2eaeb45f2e None admin] Could not find role: reader.: keystone.exception.RoleNotFound: Could not find role: reader.
Aug 16 08:56:32 user devstack@keystone.service[44581]: ERROR keystone.server.flask.application
Traceback (most recent call last):
Aug 16 08:56:32 user devstack@keystone.service[44581]: ERROR keystone.server.flask.application
File "/opt/stack/data/venv/lib/python3.10/site-packages/flask/app.py", line 1823, in full_dispatch_request
Aug 16 08:56:32 user devstack@keystone.service[44581]: ERROR keystone.server.flask.application rv = self.dispatch_request()
Aug 16 08:56:32 user devstack@keystone.service[44581]: ERROR keystone.server.flask.application
File "/opt/stack/data/venv/lib/python3.10/site-packages/flask/app.py", line 1799, in dispatch_request
Aug 16 08:56:32 user devstack@keystone.service[44581]: ERROR keystone.server.flask.application return self.ensure_sync(self.view_functions[rule.endpoint])(**view_args)
Aug 16 08:56:32 user devstack@keystone.service[44581]: ERROR keystone.server.flask.application
File "/opt/stack/data/venv/lib/python3.10/site-packages/flask_restful/__init__.py", line 467, in wrapper
Aug 16 08:56:32 user devstack@keystone.service[44581]: ERROR keystone.server.flask.application resp = resource(*args, **kwargs)
Aug 16 08:56:32 user devstack@keystone.service[44581]: ERROR keystone.server.flask.application
File "/opt/stack/data/venv/lib/python3.10/site-packages/flask/views.py", line 107, in view
Aug 16 08:56:32 user devstack@keystone.service[44581]: ERROR keystone.server.flask.application return current_app.ensure_sync(self.dispatch_request)(**kwargs)
Aug 16 08:56:32 user devstack@keystone.service[44581]: ERROR keystone.server.flask.application
File "/opt/stack/data/venv/lib/python3.10/site-packages/flask_restful/__init__.py", line 582, in dispatch_request
Aug 16 08:56:32 user devstack@keystone.service[44581]: ERROR keystone.server.flask.application resp = meth(*args, **kwargs)
Aug 16 08:56:32 user devstack@keystone.service[44581]: ERROR keystone.server.flask.application
File "/opt/stack/keystone/keystone/api/roles.py", line 50, in get
Aug 16 08:56:32 user devstack@keystone.service[44581]: ERROR keystone.server.flask.application return self._get_role(role_id)
Aug 16 08:56:32 user devstack@keystone.service[44581]: ERROR keystone.server.flask.application
File "/opt/stack/keystone/keystone/api/roles.py", line 70, in _get_role
Aug 16 08:56:32 user devstack@keystone.service[44581]: ERROR keystone.server.flask.application ENFORCER.enforce_call(action='identity:get_role')
Aug 16 08:56:32 user devstack@keystone.service[44581]: ERROR keystone.server.flask.application
File "/opt/stack/keystone/keystone/common/rbac_enforcer/enforcer.py", line 402, in enforce_call
Aug 16 08:56:32 user devstack@keystone.service[44581]: ERROR keystone.server.flask.application policy_dict.update(cls._extract_member_target_data(
Aug 16 08:56:32 user devstack@keystone.service[44581]: ERROR keystone.server.flask.application
File "/opt/stack/keystone/keystone/common/rbac_enforcer/enforcer.py", line 234, in _extract_member_target_data
Aug 16 08:56:32 user devstack@keystone.service[44581]: ERROR keystone.server.flask.application member_name: func(flask.request.view_args[key])
Aug 16 08:56:32 user devstack@keystone.service[44581]: ERROR keystone.server.flask.application
File "/opt/stack/keystone/keystone/common/manager.py", line 115, in wrapped
Aug 16 08:56:32 user devstack@keystone.service[44581]: ERROR keystone.server.flask.application __ret_val = __f(*args, **kwargs)
Aug 16 08:56:32 user devstack@keystone.service[44581]: ERROR keystone.server.flask.application
File "/opt/stack/data/venv/lib/python3.10/site-packages/decorator.py", line 232, in fun
Aug 16 08:56:32 user devstack@keystone.service[44581]: ERROR keystone.server.flask.application return caller(func, *(extras + args), **kw)
Aug 16 08:56:32 user devstack@keystone.service[44581]: ERROR keystone.server.flask.application
File "/opt/stack/data/venv/lib/python3.10/site-packages/dogpile/cache/region.py", line 1577, in get_or_create_for_user_func
Aug 16 08:56:32 user devstack@keystone.service[44581]: ERROR keystone.server.flask.application return self.get_or_create(
Aug 16 08:56:32 user devstack@keystone.service[44581]: ERROR keystone.server.flask.application
File "/opt/stack/data/venv/lib/python3.10/site-packages/dogpile/cache/region.py", line 1042, in get_or_create
Aug 16 08:56:32 user devstack@keystone.service[44581]: ERROR keystone.server.flask.application with Lock(
Aug 16 08:56:32 user devstack@keystone.service[44581]: ERROR keystone.server.flask.application
File "/opt/stack/data/venv/lib/python3.10/site-packages/dogpile/lock.py", line 185, in __enter__
Aug 16 08:56:32 user devstack@keystone.service[44581]: ERROR keystone.server.flask.application return self._enter()
Aug 16 08:56:32 user devstack@keystone.service[44581]: ERROR keystone.server.flask.application
File "/opt/stack/data/venv/lib/python3.10/site-packages/dogpile/lock.py", line 94, in _enter
Aug 16 08:56:32 user devstack@keystone.service[44581]: ERROR keystone.server.flask.application generated = self._enter_create(value, createdtime)
Aug 16 08:56:32 user devstack@keystone.service[44581]: ERROR keystone.server.flask.application
File "/opt/stack/data/venv/lib/python3.10/site-packages/dogpile/lock.py", line 178, in _enter_create
Aug 16 08:56:32 user devstack@keystone.service[44581]: ERROR keystone.server.flask.application return self.creator()
Aug 16 08:56:32 user devstack@keystone.service[44581]: ERROR keystone.server.flask.application
File "/opt/stack/data/venv/lib/python3.10/site-packages/dogpile/cache/region.py", line 995, in gen_value
Aug 16 08:56:32 user devstack@keystone.service[44581]: ERROR keystone.server.flask.application created_value = creator(
Aug 16 08:56:32 user devstack@keystone.service[44581]: ERROR keystone.server.flask.application
File "/opt/stack/keystone/keystone/assignment/core.py", line 1276, in get_role
Aug 16 08:56:32 user devstack@keystone.service[44581]: ERROR keystone.server.flask.application return self.driver.get_role(role_id)
Aug 16 08:56:32 user devstack@keystone.service[44581]: ERROR keystone.server.flask.application
File "/opt/stack/keystone/keystone/assignment/role_backends/sql.py", line 70, in get_role
Aug 16 08:56:32 user devstack@keystone.service[44581]: ERROR keystone.server.flask.application return self._get_role(session, role_id).to_dict()
Aug 16 08:56:32 user devstack@keystone.service[44581]: ERROR keystone.server.flask.application
File "/opt/stack/keystone/keystone/assignment/role_backends/sql.py", line 65, in _get_role
Aug 16 08:56:32 user devstack@keystone.service[44581]: ERROR keystone.server.flask.application raise exception.RoleNotFound(role_id=role_id)
Aug 16 08:56:32 user devstack@keystone.service[44581]: ERROR keystone.server.flask.application keystone.exception.RoleNotFound: Could not find role: reader.
Aug 16 08:56:32 user devstack@keystone.service[44581]: ERROR keystone.server.flask.application
Aug 16 08:56:32 user devstack@keystone.service[44581]: [pid: 44581|app: 0|req: 71/218] 10.0.0.210 () {56 vars in 1094 bytes} [Wed Aug 16 08:56:32 2023] GET /identity/v3/roles/reader => generated 84 bytes in 136 msecs (HTTP/1.1 404) 5 headers in 183 bytes (1 switches on core 0)
Aug 16 08:56:32 user devstack@keystone.service[44583]: DEBUG keystone.server.flask.request_processing.middleware.auth_context [None req-f2d5c453-029c-4c24-8e30-3ef2bb25cd28 None admin] Authenticating user token {{(pid=44583) process_request /opt/stack/data/venv/lib/python3.10/site-packages/keystonemiddleware/auth_token/__init__.py:406}}
Aug 16 08:56:32 user devstack@keystone.service[44582]: DEBUG keystone.server.flask.request_processing.middleware.auth_context [None req-c4136c07-aac1-4c8f-8562-d8a18d42ed26 None admin] RBAC: auth_context: {'token': , 'domain_id': None, 'trust_id': None, 'trustor_id': None, 'trustee_id': None, 'domain_name': None, 'group_ids': [], 'user_id': 'd19e23bfeca0497c87a4ce5f60cd6e0d', 'user_domain_id': 'default', 'system_scope': 'all', 'project_id': None, 'project_domain_id': None, 'roles': ['admin', 'member', 'reader'], 'is_admin_project': True, 'service_user_id': None, 'service_user_domain_id': None, 'service_project_id': None, 'service_project_domain_id': None, 'service_roles': []} {{(pid=44582) fill_context /opt/stack/keystone/keystone/server/flask/request_processing/middleware/auth_context.py:480}}
Aug 16 08:56:32 user devstack@keystone.service[44582]: DEBUG keystone.server.flask.request_processing.req_logging [None req-c4136c07-aac1-4c8f-8562-d8a18d42ed26 None admin] REQUEST_METHOD: `GET` {{(pid=44582) log_request_info /opt/stack/keystone/keystone/server/flask/request_processing/req_logging.py:27}}
Aug 16 08:56:32 user devstack@keystone.service[44582]: DEBUG keystone.server.flask.request_processing.req_logging [None req-c4136c07-aac1-4c8f-8562-d8a18d42ed26 None admin] SCRIPT_NAME: `/identity` {{(pid=44582) log_request_info /opt/stack/keystone/keystone/server/flask/request_processing/req_logging.py:28}}
Aug 16 08:56:32 user devstack@keystone.service[44582]: DEBUG keystone.server.flask.request_processing.req_logging [None req-c4136c07-aac1-4c8f-8562-d8a18d42ed26 None admin] PATH_INFO: `/v3/users/a7973bea87b9432b89d2a22662e6cf40` {{(pid=44582) log_request_info /opt/stack/keystone/keystone/server/flask/request_processing/req_logging.py:29}}
Aug 16 08:56:33 user devstack@keystone.service[44582]: DEBUG keystone.common.rbac_enforcer.enforcer [None req-c4136c07-aac1-4c8f-8562-d8a18d42ed26 None admin] RBAC: Authorizing `identity:get_user(user_id=a7973bea87b9432b89d2a22662e6cf40)` {{(pid=44582) enforce_call /opt/stack/keystone/keystone/common/rbac_enforcer/enforcer.py:449}}
Aug 16 08:56:33 user devstack@keystone.service[44582]: DEBUG keystone.common.rbac_enforcer.enforcer [None req-c4136c07-aac1-4c8f-8562-d8a18d42ed26 None admin] RBAC: Authorization granted {{(pid=44582) enforce_call /opt/stack/keystone/keystone/common/rbac_enforcer/enforcer.py:457}}
Aug 16 08:56:33 user devstack@keystone.service[44582]: [pid: 44582|app: 0|req: 73/219] 10.0.0.210 () {56 vars in 1172 bytes} [Wed Aug 16 08:56:32 2023] GET /identity/v3/users/a7973bea87b9432b89d2a22662e6cf40 => generated 292 bytes in 132 msecs (HTTP/1.1 200) 5 headers in 177 bytes (2 switches on core 0)
Aug 16 08:56:33 user devstack@keystone.service[44581]: DEBUG keystone.server.flask.request_processing.middleware.auth_context [None req-169cba7b-e7b2-41e4-a305-2e2eaeb45f2e None admin] Authenticating user token {{(pid=44581) process_request /opt/stack/data/venv/lib/python3.10/site-packages/keystonemiddleware/auth_token/__init__.py:406}}
Aug 16 08:56:33 user devstack@keystone.service[44583]: DEBUG keystone.server.flask.request_processing.middleware.auth_context [None req-f2d5c453-029c-4c24-8e30-3ef2bb25cd28 None admin] Validating token access rules against request {{(pid=44583) validate_allowed_request /opt/stack/data/venv/lib/python3.10/site-packages/keystonemiddleware/auth_token/__init__.py:544}}
Aug 16 08:56:33 user devstack@keystone.service[44583]: DEBUG keystone.server.flask.request_processing.middleware.auth_context [None req-91bae9df-e619-438b-9418-279333616b54 None admin] RBAC: auth_context: {'token': , 'domain_id': None, 'trust_id': None, 'trustor_id': None, 'trustee_id': None, 'domain_name': None, 'group_ids': [], 'user_id': 'd19e23bfeca0497c87a4ce5f60cd6e0d', 'user_domain_id': 'default', 'system_scope': 'all', 'project_id': None, 'project_domain_id': None, 'roles': ['admin', 'member', 'reader'], 'is_admin_project': True, 'service_user_id': None, 'service_user_domain_id': None, 'service_project_id': None, 'service_project_domain_id': None, 'service_roles': []} {{(pid=44583) fill_context /opt/stack/keystone/keystone/server/flask/request_processing/middleware/auth_context.py:480}}
Aug 16 08:56:33 user devstack@keystone.service[44583]: DEBUG keystone.server.flask.request_processing.req_logging [None req-91bae9df-e619-438b-9418-279333616b54 None admin] REQUEST_METHOD: `GET` {{(pid=44583) log_request_info /opt/stack/keystone/keystone/server/flask/request_processing/req_logging.py:27}}
Aug 16 08:56:33 user devstack@keystone.service[44583]: DEBUG keystone.server.flask.request_processing.req_logging [None req-91bae9df-e619-438b-9418-279333616b54 None admin] SCRIPT_NAME: `/identity` {{(pid=44583) log_request_info /opt/stack/keystone/keystone/server/flask/request_processing/req_logging.py:28}}
Aug 16 08:56:33 user devstack@keystone.service[44583]: DEBUG keystone.server.flask.request_processing.req_logging [None req-91bae9df-e619-438b-9418-279333616b54 None admin] PATH_INFO: `/v3/roles` {{(pid=44583) log_request_info /opt/stack/keystone/keystone/server/flask/request_processing/req_logging.py:29}}
Aug 16 08:56:33 user devstack@keystone.service[44583]: DEBUG keystone.common.rbac_enforcer.enforcer [None req-91bae9df-e619-438b-9418-279333616b54 None admin] RBAC: Adding query filter params (name=reader) {{(pid=44583) _extract_filter_values /opt/stack/keystone/keystone/common/rbac_enforcer/enforcer.py:167}}
Aug 16 08:56:33 user devstack@keystone.service[44583]: DEBUG keystone.common.rbac_enforcer.enforcer [None req-91bae9df-e619-438b-9418-279333616b54 None admin] RBAC: Authorizing `identity:list_roles()` {{(pid=44583) enforce_call /opt/stack/keystone/keystone/common/rbac_enforcer/enforcer.py:449}}
Aug 16 08:56:33 user devstack@keystone.service[44583]: DEBUG keystone.common.rbac_enforcer.enforcer [None req-91bae9df-e619-438b-9418-279333616b54 None admin] RBAC: Authorization granted {{(pid=44583) enforce_call /opt/stack/keystone/keystone/common/rbac_enforcer/enforcer.py:457}}
Aug 16 08:56:33 user devstack@keystone.service[44581]: DEBUG keystone.server.flask.request_processing.middleware.auth_context [None req-169cba7b-e7b2-41e4-a305-2e2eaeb45f2e None admin] Validating token access rules against request {{(pid=44581) validate_allowed_request /opt/stack/data/venv/lib/python3.10/site-packages/keystonemiddleware/auth_token/__init__.py:544}}
Aug 16 08:56:33 user devstack@keystone.service[44583]: [pid: 44583|app: 0|req: 76/220] 10.0.0.210 () {56 vars in 1096 bytes} [Wed Aug 16 08:56:32 2023] GET /identity/v3/roles?name=reader => generated 339 bytes in 134 msecs (HTTP/1.1 200) 5 headers in 177 bytes (1 switches on core 0)
Aug 16 08:56:33 user devstack@keystone.service[44582]: DEBUG keystone.server.flask.request_processing.middleware.auth_context [None req-c4136c07-aac1-4c8f-8562-d8a18d42ed26 None admin] Authenticating user token {{(pid=44582) process_request /opt/stack/data/venv/lib/python3.10/site-packages/keystonemiddleware/auth_token/__init__.py:406}}
Aug 16 08:56:33 user devstack@keystone.service[44581]: DEBUG keystone.server.flask.request_processing.middleware.auth_context [None req-336b777e-8d03-4f79-b489-efd73438705b None admin] RBAC: auth_context: {'token': , 'domain_id': None, 'trust_id': None, 'trustor_id': None, 'trustee_id': None, 'domain_name': None, 'group_ids': [], 'user_id': 'd19e23bfeca0497c87a4ce5f60cd6e0d', 'user_domain_id': 'default', 'system_scope': 'all', 'project_id': None, 'project_domain_id': None, 'roles': ['admin', 'member', 'reader'], 'is_admin_project': True, 'service_user_id': None, 'service_user_domain_id': None, 'service_project_id': None, 'service_project_domain_id': None, 'service_roles': []} {{(pid=44581) fill_context /opt/stack/keystone/keystone/server/flask/request_processing/middleware/auth_context.py:480}}
Aug 16 08:56:33 user devstack@keystone.service[44581]: DEBUG keystone.server.flask.request_processing.req_logging [None req-336b777e-8d03-4f79-b489-efd73438705b None admin] REQUEST_METHOD: `GET` {{(pid=44581) log_request_info /opt/stack/keystone/keystone/server/flask/request_processing/req_logging.py:27}}
Aug 16 08:56:33 user devstack@keystone.service[44581]: DEBUG keystone.server.flask.request_processing.req_logging [None req-336b777e-8d03-4f79-b489-efd73438705b None admin] SCRIPT_NAME: `/identity` {{(pid=44581) log_request_info /opt/stack/keystone/keystone/server/flask/request_processing/req_logging.py:28}}
Aug 16 08:56:33 user devstack@keystone.service[44581]: DEBUG keystone.server.flask.request_processing.req_logging [None req-336b777e-8d03-4f79-b489-efd73438705b None admin] PATH_INFO: `/v3/role_assignments` {{(pid=44581) log_request_info /opt/stack/keystone/keystone/server/flask/request_processing/req_logging.py:29}}
Aug 16 08:56:33 user devstack@keystone.service[44581]: DEBUG keystone.common.rbac_enforcer.enforcer [None req-336b777e-8d03-4f79-b489-efd73438705b None admin] RBAC: Adding query filter params (role.id=f200766e078f4423afc8a9f082ea96ea, user.id=a7973bea87b9432b89d2a22662e6cf40, scope.system=all) {{(pid=44581) _extract_filter_values /opt/stack/keystone/keystone/common/rbac_enforcer/enforcer.py:167}}
Aug 16 08:56:33 user devstack@keystone.service[44581]: DEBUG keystone.common.rbac_enforcer.enforcer [None req-336b777e-8d03-4f79-b489-efd73438705b None admin] RBAC: Authorizing `identity:list_role_assignments()` {{(pid=44581) enforce_call /opt/stack/keystone/keystone/common/rbac_enforcer/enforcer.py:449}}
Aug 16 08:56:33 user devstack@keystone.service[44581]: DEBUG keystone.common.rbac_enforcer.enforcer [None req-336b777e-8d03-4f79-b489-efd73438705b None admin] RBAC: Authorization granted {{(pid=44581) enforce_call /opt/stack/keystone/keystone/common/rbac_enforcer/enforcer.py:457}}
Aug 16 08:56:33 user devstack@keystone.service[44581]: [pid: 44581|app: 0|req: 72/221] 10.0.0.210 () {56 vars in 1303 bytes} [Wed Aug 16 08:56:33 2023] GET /identity/v3/role_assignments?user.id=a7973bea87b9432b89d2a22662e6cf40&scope.system=all&role.id=f200766e078f4423afc8a9f082ea96ea => generated 225 bytes in 136 msecs (HTTP/1.1 200) 5 headers in 177 bytes (1 switches on core 0)
Aug 16 08:56:33 user devstack@keystone.service[44582]: DEBUG keystone.server.flask.request_processing.middleware.auth_context [None req-c4136c07-aac1-4c8f-8562-d8a18d42ed26 None admin] Validating token access rules against request {{(pid=44582) validate_allowed_request /opt/stack/data/venv/lib/python3.10/site-packages/keystonemiddleware/auth_token/__init__.py:544}}
Aug 16 08:56:33 user devstack@keystone.service[44582]: DEBUG keystone.server.flask.request_processing.middleware.auth_context [None req-9ad65cf0-8bea-4a64-b8b6-3beae8e3760d None admin] RBAC: auth_context: {'token': , 'domain_id': None, 'trust_id': None, 'trustor_id': None, 'trustee_id': None, 'domain_name': None, 'group_ids': [], 'user_id': 'd19e23bfeca0497c87a4ce5f60cd6e0d', 'user_domain_id': 'default', 'system_scope': 'all', 'project_id': None, 'project_domain_id': None, 'roles': ['admin', 'member', 'reader'], 'is_admin_project': True, 'service_user_id': None, 'service_user_domain_id': None, 'service_project_id': None, 'service_project_domain_id': None, 'service_roles': []} {{(pid=44582) fill_context /opt/stack/keystone/keystone/server/flask/request_processing/middleware/auth_context.py:480}}
Aug 16 08:56:33 user devstack@keystone.service[44582]: DEBUG keystone.server.flask.request_processing.req_logging [None req-9ad65cf0-8bea-4a64-b8b6-3beae8e3760d None admin] REQUEST_METHOD: `GET` {{(pid=44582) log_request_info /opt/stack/keystone/keystone/server/flask/request_processing/req_logging.py:27}}
Aug 16 08:56:33 user devstack@keystone.service[44582]: DEBUG keystone.server.flask.request_processing.req_logging [None req-9ad65cf0-8bea-4a64-b8b6-3beae8e3760d None admin] SCRIPT_NAME: `/identity` {{(pid=44582) log_request_info /opt/stack/keystone/keystone/server/flask/request_processing/req_logging.py:28}}
