Aug 22 02:42:30 user devstack@keystone.service[44472]: DEBUG keystone.server.flask.request_processing.middleware.auth_context [None req-773cad96-d3fd-41d5-ad3a-3c921c7c619d None admin] RBAC: auth_context: {'token': , 'domain_id': None, 'trust_id': None, 'trustor_id': None, 'trustee_id': None, 'domain_name': None, 'group_ids': [], 'user_id': '4c57670e6e0c4eb3a63b029a4902f2ff', 'user_domain_id': 'default', 'system_scope': 'all', 'project_id': None, 'project_domain_id': None, 'roles': ['admin', 'member', 'reader'], 'is_admin_project': True, 'service_user_id': None, 'service_user_domain_id': None, 'service_project_id': None, 'service_project_domain_id': None, 'service_roles': []} {{(pid=44472) fill_context /opt/stack/keystone/keystone/server/flask/request_processing/middleware/auth_context.py:480}}
Aug 22 02:42:30 user devstack@keystone.service[44472]: DEBUG keystone.server.flask.request_processing.req_logging [None req-773cad96-d3fd-41d5-ad3a-3c921c7c619d None admin] REQUEST_METHOD: `PUT` {{(pid=44472) log_request_info /opt/stack/keystone/keystone/server/flask/request_processing/req_logging.py:27}}
Aug 22 02:42:30 user devstack@keystone.service[44472]: DEBUG keystone.server.flask.request_processing.req_logging [None req-773cad96-d3fd-41d5-ad3a-3c921c7c619d None admin] SCRIPT_NAME: `/identity` {{(pid=44472) log_request_info /opt/stack/keystone/keystone/server/flask/request_processing/req_logging.py:28}}
Aug 22 02:42:30 user devstack@keystone.service[44472]: DEBUG keystone.server.flask.request_processing.req_logging [None req-773cad96-d3fd-41d5-ad3a-3c921c7c619d None admin] PATH_INFO: `/v3/domains/default/users/4c57670e6e0c4eb3a63b029a4902f2ff/roles/4ecb261e654e440ead92fb412187509a` {{(pid=44472) log_request_info /opt/stack/keystone/keystone/server/flask/request_processing/req_logging.py:29}}
Aug 22 02:42:30 user devstack@keystone.service[44472]: DEBUG keystone.common.rbac_enforcer.enforcer [None req-773cad96-d3fd-41d5-ad3a-3c921c7c619d None admin] RBAC: Authorizing `identity:create_grant(domain_id=default, user_id=4c57670e6e0c4eb3a63b029a4902f2ff, role_id=4ecb261e654e440ead92fb412187509a)` {{(pid=44472) enforce_call /opt/stack/keystone/keystone/common/rbac_enforcer/enforcer.py:449}}
Aug 22 02:42:30 user devstack@keystone.service[44472]: DEBUG keystone.common.rbac_enforcer.enforcer [None req-773cad96-d3fd-41d5-ad3a-3c921c7c619d None admin] RBAC: Authorization granted {{(pid=44472) enforce_call /opt/stack/keystone/keystone/common/rbac_enforcer/enforcer.py:457}}
Aug 22 02:42:30 user devstack@keystone.service[44472]: [pid: 44472|app: 0|req: 7/21] 10.0.0.210 () {58 vars in 1356 bytes} [Tue Aug 22 02:42:30 2023] PUT /identity/v3/domains/default/users/4c57670e6e0c4eb3a63b029a4902f2ff/roles/4ecb261e654e440ead92fb412187509a => generated 0 bytes in 227 msecs (HTTP/1.1 204) 3 headers in 132 bytes (0 switches on core 0)
Aug 22 02:42:31 user devstack@keystone.service[44473]: DEBUG keystone.server.flask.request_processing.req_logging [None req-84bc3ccb-be90-46e9-97d3-2b4e609d1e9f None None] REQUEST_METHOD: `GET` {{(pid=44473) log_request_info /opt/stack/keystone/keystone/server/flask/request_processing/req_logging.py:27}}
Aug 22 02:42:31 user devstack@keystone.service[44473]: DEBUG keystone.server.flask.request_processing.req_logging [None req-84bc3ccb-be90-46e9-97d3-2b4e609d1e9f None None] SCRIPT_NAME: `/identity` {{(pid=44473) log_request_info /opt/stack/keystone/keystone/server/flask/request_processing/req_logging.py:28}}
Aug 22 02:42:31 user devstack@keystone.service[44473]: DEBUG keystone.server.flask.request_processing.req_logging [None req-84bc3ccb-be90-46e9-97d3-2b4e609d1e9f None None] PATH_INFO: `/` {{(pid=44473) log_request_info /opt/stack/keystone/keystone/server/flask/request_processing/req_logging.py:29}}
Aug 22 02:42:31 user devstack@keystone.service[44473]: [pid: 44473|app: 0|req: 8/22] 10.0.0.210 () {54 vars in 921 bytes} [Tue Aug 22 02:42:31 2023] GET /identity => generated 269 bytes in 3 msecs (HTTP/1.1 300) 6 headers in 233 bytes (1 switches on core 0)
Aug 22 02:42:31 user devstack@keystone.service[44471]: DEBUG keystone.server.flask.request_processing.req_logging [None req-b505a5b4-381d-443e-a2ab-6fb52270f3d6 None None] REQUEST_METHOD: `POST` {{(pid=44471) log_request_info /opt/stack/keystone/keystone/server/flask/request_processing/req_logging.py:27}}
Aug 22 02:42:31 user devstack@keystone.service[44471]: DEBUG keystone.server.flask.request_processing.req_logging [None req-b505a5b4-381d-443e-a2ab-6fb52270f3d6 None None] SCRIPT_NAME: `/identity` {{(pid=44471) log_request_info /opt/stack/keystone/keystone/server/flask/request_processing/req_logging.py:28}}
Aug 22 02:42:31 user devstack@keystone.service[44471]: DEBUG keystone.server.flask.request_processing.req_logging [None req-b505a5b4-381d-443e-a2ab-6fb52270f3d6 None None] PATH_INFO: `/v3/auth/tokens` {{(pid=44471) log_request_info /opt/stack/keystone/keystone/server/flask/request_processing/req_logging.py:29}}
Aug 22 02:42:31 user devstack@keystone.service[44471]: WARNING keystone.common.password_hashing [None req-b505a5b4-381d-443e-a2ab-6fb52270f3d6 None None] Truncating password to algorithm specific maximum length 72 characters.
Aug 22 02:42:31 user devstack@keystone.service[44471]: DEBUG keystone.auth.core [None req-b505a5b4-381d-443e-a2ab-6fb52270f3d6 None None] MFA Rules not processed for user `4c57670e6e0c4eb3a63b029a4902f2ff`. Rule list: `[]` (Enabled: `True`). {{(pid=44471) check_auth_methods_against_rules /opt/stack/keystone/keystone/auth/core.py:438}}
Aug 22 02:42:31 user devstack@keystone.service[44471]: DEBUG keystone.common.fernet_utils [None req-b505a5b4-381d-443e-a2ab-6fb52270f3d6 None None] Loaded 2 Fernet keys from /etc/keystone/fernet-keys/, but `[fernet_tokens] max_active_keys = 3`; perhaps there have not been enough key rotations to reach `max_active_keys` yet? {{(pid=44471) load_keys /opt/stack/keystone/keystone/common/fernet_utils.py:286}}
Aug 22 02:42:31 user devstack@keystone.service[44471]: [pid: 44471|app: 0|req: 8/23] 10.0.0.210 () {58 vars in 1018 bytes} [Tue Aug 22 02:42:31 2023] POST /identity/v3/auth/tokens => generated 798 bytes in 84 msecs (HTTP/1.1 201) 6 headers in 363 bytes (1 switches on core 0)
Aug 22 02:42:32 user devstack@keystone.service[44473]: DEBUG keystone.server.flask.request_processing.middleware.auth_context [None req-84bc3ccb-be90-46e9-97d3-2b4e609d1e9f None None] Authenticating user token {{(pid=44473) process_request /opt/stack/data/venv/lib/python3.10/site-packages/keystonemiddleware/auth_token/__init__.py:406}}
Aug 22 02:42:32 user devstack@keystone.service[44472]: DEBUG keystone.server.flask.request_processing.req_logging [None req-4a01ebd5-8d6d-4873-872c-abaf4c34250b None None] REQUEST_METHOD: `GET` {{(pid=44472) log_request_info /opt/stack/keystone/keystone/server/flask/request_processing/req_logging.py:27}}
Aug 22 02:42:32 user devstack@keystone.service[44472]: DEBUG keystone.server.flask.request_processing.req_logging [None req-4a01ebd5-8d6d-4873-872c-abaf4c34250b None None] SCRIPT_NAME: `/identity` {{(pid=44472) log_request_info /opt/stack/keystone/keystone/server/flask/request_processing/req_logging.py:28}}
Aug 22 02:42:32 user devstack@keystone.service[44472]: DEBUG keystone.server.flask.request_processing.req_logging [None req-4a01ebd5-8d6d-4873-872c-abaf4c34250b None None] PATH_INFO: `/` {{(pid=44472) log_request_info /opt/stack/keystone/keystone/server/flask/request_processing/req_logging.py:29}}
Aug 22 02:42:32 user devstack@keystone.service[44471]: DEBUG keystone.server.flask.request_processing.req_logging [None req-88844832-0069-46a3-a1a2-5fe44784c59e None None] REQUEST_METHOD: `GET` {{(pid=44471) log_request_info /opt/stack/keystone/keystone/server/flask/request_processing/req_logging.py:27}}
Aug 22 02:42:32 user devstack@keystone.service[44471]: DEBUG keystone.server.flask.request_processing.req_logging [None req-88844832-0069-46a3-a1a2-5fe44784c59e None None] SCRIPT_NAME: `/identity` {{(pid=44471) log_request_info /opt/stack/keystone/keystone/server/flask/request_processing/req_logging.py:28}}
Aug 22 02:42:32 user devstack@keystone.service[44471]: DEBUG keystone.server.flask.request_processing.req_logging [None req-88844832-0069-46a3-a1a2-5fe44784c59e None None] PATH_INFO: `/` {{(pid=44471) log_request_info /opt/stack/keystone/keystone/server/flask/request_processing/req_logging.py:29}}
Aug 22 02:42:32 user devstack@keystone.service[44471]: [pid: 44471|app: 0|req: 9/24] 10.0.0.210 () {54 vars in 921 bytes} [Tue Aug 22 02:42:32 2023] GET /identity => generated 269 bytes in 3 msecs (HTTP/1.1 300) 6 headers in 233 bytes (1 switches on core 0)
Aug 22 02:42:32 user devstack@keystone.service[44472]: [pid: 44472|app: 0|req: 8/25] 10.0.0.210 () {54 vars in 921 bytes} [Tue Aug 22 02:42:31 2023] GET /identity => generated 269 bytes in 13 msecs (HTTP/1.1 300) 6 headers in 233 bytes (1 switches on core 0)
Aug 22 02:42:32 user devstack@keystone.service[44471]: DEBUG keystone.server.flask.request_processing.req_logging [None req-b6c4b791-6869-47c8-b378-09f1099e3a0a None None] REQUEST_METHOD: `POST` {{(pid=44471) log_request_info /opt/stack/keystone/keystone/server/flask/request_processing/req_logging.py:27}}
Aug 22 02:42:32 user devstack@keystone.service[44471]: DEBUG keystone.server.flask.request_processing.req_logging [None req-b6c4b791-6869-47c8-b378-09f1099e3a0a None None] SCRIPT_NAME: `/identity` {{(pid=44471) log_request_info /opt/stack/keystone/keystone/server/flask/request_processing/req_logging.py:28}}
Aug 22 02:42:32 user devstack@keystone.service[44471]: DEBUG keystone.server.flask.request_processing.req_logging [None req-b6c4b791-6869-47c8-b378-09f1099e3a0a None None] PATH_INFO: `/v3/auth/tokens` {{(pid=44471) log_request_info /opt/stack/keystone/keystone/server/flask/request_processing/req_logging.py:29}}
Aug 22 02:42:32 user devstack@keystone.service[44472]: DEBUG keystone.server.flask.request_processing.req_logging [None req-93af9965-7c47-464e-81c4-4931a33d5b13 None None] REQUEST_METHOD: `POST` {{(pid=44472) log_request_info /opt/stack/keystone/keystone/server/flask/request_processing/req_logging.py:27}}
Aug 22 02:42:32 user devstack@keystone.service[44472]: DEBUG keystone.server.flask.request_processing.req_logging [None req-93af9965-7c47-464e-81c4-4931a33d5b13 None None] SCRIPT_NAME: `/identity` {{(pid=44472) log_request_info /opt/stack/keystone/keystone/server/flask/request_processing/req_logging.py:28}}
Aug 22 02:42:32 user devstack@keystone.service[44472]: DEBUG keystone.server.flask.request_processing.req_logging [None req-93af9965-7c47-464e-81c4-4931a33d5b13 None None] PATH_INFO: `/v3/auth/tokens` {{(pid=44472) log_request_info /opt/stack/keystone/keystone/server/flask/request_processing/req_logging.py:29}}
Aug 22 02:42:32 user devstack@keystone.service[44471]: WARNING keystone.common.password_hashing [None req-b6c4b791-6869-47c8-b378-09f1099e3a0a None None] Truncating password to algorithm specific maximum length 72 characters.
Aug 22 02:42:32 user devstack@keystone.service[44471]: DEBUG keystone.auth.core [None req-b6c4b791-6869-47c8-b378-09f1099e3a0a None None] MFA Rules not processed for user `4c57670e6e0c4eb3a63b029a4902f2ff`. Rule list: `[]` (Enabled: `True`). {{(pid=44471) check_auth_methods_against_rules /opt/stack/keystone/keystone/auth/core.py:438}}
Aug 22 02:42:32 user devstack@keystone.service[44471]: DEBUG keystone.common.fernet_utils [None req-b6c4b791-6869-47c8-b378-09f1099e3a0a None None] Loaded 2 Fernet keys from /etc/keystone/fernet-keys/, but `[fernet_tokens] max_active_keys = 3`; perhaps there have not been enough key rotations to reach `max_active_keys` yet? {{(pid=44471) load_keys /opt/stack/keystone/keystone/common/fernet_utils.py:286}}
Aug 22 02:42:32 user devstack@keystone.service[44472]: WARNING keystone.common.password_hashing [None req-93af9965-7c47-464e-81c4-4931a33d5b13 None None] Truncating password to algorithm specific maximum length 72 characters.
Aug 22 02:42:32 user devstack@keystone.service[44472]: DEBUG keystone.auth.core [None req-93af9965-7c47-464e-81c4-4931a33d5b13 None None] MFA Rules not processed for user `4c57670e6e0c4eb3a63b029a4902f2ff`. Rule list: `[]` (Enabled: `True`). {{(pid=44472) check_auth_methods_against_rules /opt/stack/keystone/keystone/auth/core.py:438}}
Aug 22 02:42:32 user devstack@keystone.service[44472]: DEBUG keystone.common.fernet_utils [None req-93af9965-7c47-464e-81c4-4931a33d5b13 None None] Loaded 2 Fernet keys from /etc/keystone/fernet-keys/, but `[fernet_tokens] max_active_keys = 3`; perhaps there have not been enough key rotations to reach `max_active_keys` yet? {{(pid=44472) load_keys /opt/stack/keystone/keystone/common/fernet_utils.py:286}}
Aug 22 02:42:32 user devstack@keystone.service[44473]: DEBUG keystone.server.flask.request_processing.middleware.auth_context [None req-84bc3ccb-be90-46e9-97d3-2b4e609d1e9f None None] Validating token access rules against request {{(pid=44473) validate_allowed_request /opt/stack/data/venv/lib/python3.10/site-packages/keystonemiddleware/auth_token/__init__.py:544}}
Aug 22 02:42:32 user devstack@keystone.service[44472]: [pid: 44472|app: 0|req: 9/26] 10.0.0.210 () {58 vars in 1018 bytes} [Tue Aug 22 02:42:32 2023] POST /identity/v3/auth/tokens => generated 798 bytes in 91 msecs (HTTP/1.1 201) 6 headers in 363 bytes (1 switches on core 0)
Aug 22 02:42:32 user devstack@keystone.service[44472]: DEBUG keystone.server.flask.request_processing.req_logging [None req-ace73433-7073-4fae-a96a-098ac5cf5343 None None] REQUEST_METHOD: `GET` {{(pid=44472) log_request_info /opt/stack/keystone/keystone/server/flask/request_processing/req_logging.py:27}}
Aug 22 02:42:32 user devstack@keystone.service[44472]: DEBUG keystone.server.flask.request_processing.req_logging [None req-ace73433-7073-4fae-a96a-098ac5cf5343 None None] SCRIPT_NAME: `/identity` {{(pid=44472) log_request_info /opt/stack/keystone/keystone/server/flask/request_processing/req_logging.py:28}}
Aug 22 02:42:32 user devstack@keystone.service[44472]: DEBUG keystone.server.flask.request_processing.req_logging [None req-ace73433-7073-4fae-a96a-098ac5cf5343 None None] PATH_INFO: `/` {{(pid=44472) log_request_info /opt/stack/keystone/keystone/server/flask/request_processing/req_logging.py:29}}
Aug 22 02:42:32 user devstack@keystone.service[44472]: [pid: 44472|app: 0|req: 10/27] 10.0.0.210 () {54 vars in 921 bytes} [Tue Aug 22 02:42:32 2023] GET /identity => generated 269 bytes in 2 msecs (HTTP/1.1 300) 6 headers in 233 bytes (1 switches on core 0)
Aug 22 02:42:32 user devstack@keystone.service[44472]: DEBUG keystone.server.flask.request_processing.req_logging [None req-95d7463a-9866-4111-b7b3-684ada36964e None None] REQUEST_METHOD: `POST` {{(pid=44472) log_request_info /opt/stack/keystone/keystone/server/flask/request_processing/req_logging.py:27}}
Aug 22 02:42:32 user devstack@keystone.service[44472]: DEBUG keystone.server.flask.request_processing.req_logging [None req-95d7463a-9866-4111-b7b3-684ada36964e None None] SCRIPT_NAME: `/identity` {{(pid=44472) log_request_info /opt/stack/keystone/keystone/server/flask/request_processing/req_logging.py:28}}
Aug 22 02:42:32 user devstack@keystone.service[44472]: DEBUG keystone.server.flask.request_processing.req_logging [None req-95d7463a-9866-4111-b7b3-684ada36964e None None] PATH_INFO: `/v3/auth/tokens` {{(pid=44472) log_request_info /opt/stack/keystone/keystone/server/flask/request_processing/req_logging.py:29}}
Aug 22 02:42:32 user devstack@keystone.service[44473]: DEBUG keystone.server.flask.request_processing.middleware.auth_context [None req-0d2c340c-2422-4ca4-a225-9116c4cab7fa None admin] RBAC: auth_context: {'token': , 'domain_id': None, 'trust_id': None, 'trustor_id': None, 'trustee_id': None, 'domain_name': None, 'group_ids': [], 'user_id': '4c57670e6e0c4eb3a63b029a4902f2ff', 'user_domain_id': 'default', 'system_scope': 'all', 'project_id': None, 'project_domain_id': None, 'roles': ['admin', 'member', 'reader'], 'is_admin_project': True, 'service_user_id': None, 'service_user_domain_id': None, 'service_project_id': None, 'service_project_domain_id': None, 'service_roles': []} {{(pid=44473) fill_context /opt/stack/keystone/keystone/server/flask/request_processing/middleware/auth_context.py:480}}
Aug 22 02:42:32 user devstack@keystone.service[44473]: DEBUG keystone.server.flask.request_processing.req_logging [None req-0d2c340c-2422-4ca4-a225-9116c4cab7fa None admin] REQUEST_METHOD: `GET` {{(pid=44473) log_request_info /opt/stack/keystone/keystone/server/flask/request_processing/req_logging.py:27}}
Aug 22 02:42:32 user devstack@keystone.service[44473]: DEBUG keystone.server.flask.request_processing.req_logging [None req-0d2c340c-2422-4ca4-a225-9116c4cab7fa None admin] SCRIPT_NAME: `/identity` {{(pid=44473) log_request_info /opt/stack/keystone/keystone/server/flask/request_processing/req_logging.py:28}}
Aug 22 02:42:32 user devstack@keystone.service[44473]: DEBUG keystone.server.flask.request_processing.req_logging [None req-0d2c340c-2422-4ca4-a225-9116c4cab7fa None admin] PATH_INFO: `/v3/domains/Default` {{(pid=44473) log_request_info /opt/stack/keystone/keystone/server/flask/request_processing/req_logging.py:29}}
Aug 22 02:42:32 user devstack@keystone.service[44472]: WARNING keystone.common.password_hashing [None req-95d7463a-9866-4111-b7b3-684ada36964e None None] Truncating password to algorithm specific maximum length 72 characters.
Aug 22 02:42:32 user devstack@keystone.service[44472]: DEBUG keystone.auth.core [None req-95d7463a-9866-4111-b7b3-684ada36964e None None] MFA Rules not processed for user `4c57670e6e0c4eb3a63b029a4902f2ff`. Rule list: `[]` (Enabled: `True`). {{(pid=44472) check_auth_methods_against_rules /opt/stack/keystone/keystone/auth/core.py:438}}
Aug 22 02:42:32 user devstack@keystone.service[44472]: DEBUG keystone.common.fernet_utils [None req-95d7463a-9866-4111-b7b3-684ada36964e None None] Loaded 2 Fernet keys from /etc/keystone/fernet-keys/, but `[fernet_tokens] max_active_keys = 3`; perhaps there have not been enough key rotations to reach `max_active_keys` yet? {{(pid=44472) load_keys /opt/stack/keystone/keystone/common/fernet_utils.py:286}}
Aug 22 02:42:32 user devstack@keystone.service[44473]: DEBUG keystone.common.rbac_enforcer.enforcer [None req-0d2c340c-2422-4ca4-a225-9116c4cab7fa None admin] RBAC: Authorizing `identity:get_domain(domain_id=Default)` {{(pid=44473) enforce_call /opt/stack/keystone/keystone/common/rbac_enforcer/enforcer.py:449}}
Aug 22 02:42:32 user devstack@keystone.service[44473]: DEBUG keystone.common.rbac_enforcer.enforcer [None req-0d2c340c-2422-4ca4-a225-9116c4cab7fa None admin] RBAC: Authorization granted {{(pid=44473) enforce_call /opt/stack/keystone/keystone/common/rbac_enforcer/enforcer.py:457}}
Aug 22 02:42:32 user devstack@keystone.service[44473]: ERROR keystone.server.flask.application [None req-0d2c340c-2422-4ca4-a225-9116c4cab7fa None admin] Could not find domain: Default.: keystone.exception.DomainNotFound: Could not find domain: Default.
Aug 22 02:42:32 user devstack@keystone.service[44473]: ERROR keystone.server.flask.application
Traceback (most recent call last):
Aug 22 02:42:32 user devstack@keystone.service[44473]: ERROR keystone.server.flask.application
File "/opt/stack/data/venv/lib/python3.10/site-packages/flask/app.py", line 1823, in full_dispatch_request
Aug 22 02:42:32 user devstack@keystone.service[44473]: ERROR keystone.server.flask.application rv = self.dispatch_request()
Aug 22 02:42:32 user devstack@keystone.service[44473]: ERROR keystone.server.flask.application
File "/opt/stack/data/venv/lib/python3.10/site-packages/flask/app.py", line 1799, in dispatch_request
Aug 22 02:42:32 user devstack@keystone.service[44473]: ERROR keystone.server.flask.application return self.ensure_sync(self.view_functions[rule.endpoint])(**view_args)
Aug 22 02:42:32 user devstack@keystone.service[44473]: ERROR keystone.server.flask.application
File "/opt/stack/data/venv/lib/python3.10/site-packages/flask_restful/__init__.py", line 467, in wrapper
Aug 22 02:42:32 user devstack@keystone.service[44473]: ERROR keystone.server.flask.application resp = resource(*args, **kwargs)
Aug 22 02:42:32 user devstack@keystone.service[44473]: ERROR keystone.server.flask.application
File "/opt/stack/data/venv/lib/python3.10/site-packages/flask/views.py", line 107, in view
Aug 22 02:42:32 user devstack@keystone.service[44473]: ERROR keystone.server.flask.application return current_app.ensure_sync(self.dispatch_request)(**kwargs)
Aug 22 02:42:32 user devstack@keystone.service[44473]: ERROR keystone.server.flask.application
File "/opt/stack/data/venv/lib/python3.10/site-packages/flask_restful/__init__.py", line 582, in dispatch_request
Aug 22 02:42:32 user devstack@keystone.service[44473]: ERROR keystone.server.flask.application resp = meth(*args, **kwargs)
Aug 22 02:42:32 user devstack@keystone.service[44473]: ERROR keystone.server.flask.application
File "/opt/stack/keystone/keystone/api/domains.py", line 89, in get
Aug 22 02:42:32 user devstack@keystone.service[44473]: ERROR keystone.server.flask.application return self._get_domain(domain_id)
Aug 22 02:42:32 user devstack@keystone.service[44473]: ERROR keystone.server.flask.application
File "/opt/stack/keystone/keystone/api/domains.py", line 97, in _get_domain
Aug 22 02:42:32 user devstack@keystone.service[44473]: ERROR keystone.server.flask.application domain = PROVIDERS.resource_api.get_domain(domain_id)
Aug 22 02:42:32 user devstack@keystone.service[44473]: ERROR keystone.server.flask.application
File "/opt/stack/keystone/keystone/common/manager.py", line 115, in wrapped
Aug 22 02:42:32 user devstack@keystone.service[44473]: ERROR keystone.server.flask.application __ret_val = __f(*args, **kwargs)
Aug 22 02:42:32 user devstack@keystone.service[44473]: ERROR keystone.server.flask.application
File "/opt/stack/data/venv/lib/python3.10/site-packages/decorator.py", line 232, in fun
Aug 22 02:42:32 user devstack@keystone.service[44473]: ERROR keystone.server.flask.application return caller(func, *(extras + args), **kw)
Aug 22 02:42:32 user devstack@keystone.service[44473]: ERROR keystone.server.flask.application
File "/opt/stack/data/venv/lib/python3.10/site-packages/dogpile/cache/region.py", line 1577, in get_or_create_for_user_func
Aug 22 02:42:32 user devstack@keystone.service[44473]: ERROR keystone.server.flask.application return self.get_or_create(
Aug 22 02:42:32 user devstack@keystone.service[44473]: ERROR keystone.server.flask.application
File "/opt/stack/data/venv/lib/python3.10/site-packages/dogpile/cache/region.py", line 1042, in get_or_create
Aug 22 02:42:32 user devstack@keystone.service[44473]: ERROR keystone.server.flask.application with Lock(
Aug 22 02:42:32 user devstack@keystone.service[44473]: ERROR keystone.server.flask.application
File "/opt/stack/data/venv/lib/python3.10/site-packages/dogpile/lock.py", line 185, in __enter__
Aug 22 02:42:32 user devstack@keystone.service[44473]: ERROR keystone.server.flask.application return self._enter()
Aug 22 02:42:32 user devstack@keystone.service[44473]: ERROR keystone.server.flask.application
File "/opt/stack/data/venv/lib/python3.10/site-packages/dogpile/lock.py", line 94, in _enter
Aug 22 02:42:32 user devstack@keystone.service[44473]: ERROR keystone.server.flask.application generated = self._enter_create(value, createdtime)
Aug 22 02:42:32 user devstack@keystone.service[44473]: ERROR keystone.server.flask.application
File "/opt/stack/data/venv/lib/python3.10/site-packages/dogpile/lock.py", line 178, in _enter_create
Aug 22 02:42:32 user devstack@keystone.service[44473]: ERROR keystone.server.flask.application return self.creator()
Aug 22 02:42:32 user devstack@keystone.service[44473]: ERROR keystone.server.flask.application
File "/opt/stack/data/venv/lib/python3.10/site-packages/dogpile/cache/region.py", line 995, in gen_value
Aug 22 02:42:32 user devstack@keystone.service[44473]: ERROR keystone.server.flask.application created_value = creator(
Aug 22 02:42:32 user devstack@keystone.service[44473]: ERROR keystone.server.flask.application
File "/opt/stack/keystone/keystone/resource/core.py", line 716, in get_domain
Aug 22 02:42:32 user devstack@keystone.service[44473]: ERROR keystone.server.flask.application raise exception.DomainNotFound(domain_id=domain_id)
Aug 22 02:42:32 user devstack@keystone.service[44473]: ERROR keystone.server.flask.application keystone.exception.DomainNotFound: Could not find domain: Default.
Aug 22 02:42:32 user devstack@keystone.service[44473]: ERROR keystone.server.flask.application
Aug 22 02:42:32 user devstack@keystone.service[44473]: [pid: 44473|app: 0|req: 9/28] 10.0.0.210 () {56 vars in 1103 bytes} [Tue Aug 22 02:42:32 2023] GET /identity/v3/domains/Default => generated 87 bytes in 158 msecs (HTTP/1.1 404) 5 headers in 183 bytes (1 switches on core 0)
Aug 22 02:42:32 user devstack@keystone.service[44473]: DEBUG keystone.server.flask.request_processing.middleware.auth_context [None req-0d2c340c-2422-4ca4-a225-9116c4cab7fa None admin] Authenticating user token {{(pid=44473) process_request /opt/stack/data/venv/lib/python3.10/site-packages/keystonemiddleware/auth_token/__init__.py:406}}
Aug 22 02:42:32 user devstack@keystone.service[44471]: [pid: 44471|app: 0|req: 10/29] 10.0.0.210 () {58 vars in 1018 bytes} [Tue Aug 22 02:42:32 2023] POST /identity/v3/auth/tokens => generated 798 bytes in 155 msecs (HTTP/1.1 201) 6 headers in 363 bytes (1 switches on core 0)
Aug 22 02:42:32 user devstack@keystone.service[44472]: [pid: 44472|app: 0|req: 11/30] 10.0.0.210 () {58 vars in 1018 bytes} [Tue Aug 22 02:42:32 2023] POST /identity/v3/auth/tokens => generated 798 bytes in 79 msecs (HTTP/1.1 201) 6 headers in 363 bytes (2 switches on core 0)
Aug 22 02:42:32 user devstack@keystone.service[44473]: DEBUG keystone.server.flask.request_processing.middleware.auth_context [None req-0d2c340c-2422-4ca4-a225-9116c4cab7fa None admin] Validating token access rules against request {{(pid=44473) validate_allowed_request /opt/stack/data/venv/lib/python3.10/site-packages/keystonemiddleware/auth_token/__init__.py:544}}
Aug 22 02:42:32 user devstack@keystone.service[44473]: DEBUG keystone.server.flask.request_processing.middleware.auth_context [None req-7273b46c-04d5-4622-a519-0d6d062d19e7 None admin] RBAC: auth_context: {'token': , 'domain_id': None, 'trust_id': None, 'trustor_id': None, 'trustee_id': None, 'domain_name': None, 'group_ids': [], 'user_id': '4c57670e6e0c4eb3a63b029a4902f2ff', 'user_domain_id': 'default', 'system_scope': 'all', 'project_id': None, 'project_domain_id': None, 'roles': ['admin', 'member', 'reader'], 'is_admin_project': True, 'service_user_id': None, 'service_user_domain_id': None, 'service_project_id': None, 'service_project_domain_id': None, 'service_roles': []} {{(pid=44473) fill_context /opt/stack/keystone/keystone/server/flask/request_processing/middleware/auth_context.py:480}}
Aug 22 02:42:32 user devstack@keystone.service[44473]: DEBUG keystone.server.flask.request_processing.req_logging [None req-7273b46c-04d5-4622-a519-0d6d062d19e7 None admin] REQUEST_METHOD: `GET` {{(pid=44473) log_request_info /opt/stack/keystone/keystone/server/flask/request_processing/req_logging.py:27}}
Aug 22 02:42:32 user devstack@keystone.service[44473]: DEBUG keystone.server.flask.request_processing.req_logging [None req-7273b46c-04d5-4622-a519-0d6d062d19e7 None admin] SCRIPT_NAME: `/identity` {{(pid=44473) log_request_info /opt/stack/keystone/keystone/server/flask/request_processing/req_logging.py:28}}
Aug 22 02:42:32 user devstack@keystone.service[44473]: DEBUG keystone.server.flask.request_processing.req_logging [None req-7273b46c-04d5-4622-a519-0d6d062d19e7 None admin] PATH_INFO: `/v3/domains` {{(pid=44473) log_request_info /opt/stack/keystone/keystone/server/flask/request_processing/req_logging.py:29}}
Aug 22 02:42:32 user devstack@keystone.service[44473]: DEBUG keystone.common.rbac_enforcer.enforcer [None req-7273b46c-04d5-4622-a519-0d6d062d19e7 None admin] RBAC: Adding query filter params (name=Default) {{(pid=44473) _extract_filter_values /opt/stack/keystone/keystone/common/rbac_enforcer/enforcer.py:167}}
Aug 22 02:42:32 user devstack@keystone.service[44473]: DEBUG keystone.common.rbac_enforcer.enforcer [None req-7273b46c-04d5-4622-a519-0d6d062d19e7 None admin] RBAC: Authorizing `identity:list_domains()` {{(pid=44473) enforce_call /opt/stack/keystone/keystone/common/rbac_enforcer/enforcer.py:449}}
Aug 22 02:42:32 user devstack@keystone.service[44471]: DEBUG keystone.server.flask.request_processing.req_logging [None req-3323b5f8-0b2c-4154-a677-bc8ee9274236 None None] REQUEST_METHOD: `GET` {{(pid=44471) log_request_info /opt/stack/keystone/keystone/server/flask/request_processing/req_logging.py:27}}
Aug 22 02:42:32 user devstack@keystone.service[44473]: DEBUG keystone.common.rbac_enforcer.enforcer [None req-7273b46c-04d5-4622-a519-0d6d062d19e7 None admin] RBAC: Authorization granted {{(pid=44473) enforce_call /opt/stack/keystone/keystone/common/rbac_enforcer/enforcer.py:457}}
Aug 22 02:42:32 user devstack@keystone.service[44471]: DEBUG keystone.server.flask.request_processing.req_logging [None req-3323b5f8-0b2c-4154-a677-bc8ee9274236 None None] SCRIPT_NAME: `/identity` {{(pid=44471) log_request_info /opt/stack/keystone/keystone/server/flask/request_processing/req_logging.py:28}}
Aug 22 02:42:32 user devstack@keystone.service[44471]: DEBUG keystone.server.flask.request_processing.req_logging [None req-3323b5f8-0b2c-4154-a677-bc8ee9274236 None None] PATH_INFO: `/` {{(pid=44471) log_request_info /opt/stack/keystone/keystone/server/flask/request_processing/req_logging.py:29}}
Aug 22 02:42:32 user devstack@keystone.service[44471]: [pid: 44471|app: 0|req: 11/31] 10.0.0.210 () {54 vars in 921 bytes} [Tue Aug 22 02:42:32 2023] GET /identity => generated 269 bytes in 18 msecs (HTTP/1.1 300) 6 headers in 233 bytes (1 switches on core 0)
Aug 22 02:42:32 user devstack@keystone.service[44472]: DEBUG keystone.server.flask.request_processing.req_logging [None req-5b60f71b-fb3c-4739-8d81-2c77242b22d1 None None] REQUEST_METHOD: `POST` {{(pid=44472) log_request_info /opt/stack/keystone/keystone/server/flask/request_processing/req_logging.py:27}}
Aug 22 02:42:32 user devstack@keystone.service[44472]: DEBUG keystone.server.flask.request_processing.req_logging [None req-5b60f71b-fb3c-4739-8d81-2c77242b22d1 None None] SCRIPT_NAME: `/identity` {{(pid=44472) log_request_info /opt/stack/keystone/keystone/server/flask/request_processing/req_logging.py:28}}
Aug 22 02:42:32 user devstack@keystone.service[44472]: DEBUG keystone.server.flask.request_processing.req_logging [None req-5b60f71b-fb3c-4739-8d81-2c77242b22d1 None None] PATH_INFO: `/v3/auth/tokens` {{(pid=44472) log_request_info /opt/stack/keystone/keystone/server/flask/request_processing/req_logging.py:29}}
Aug 22 02:42:32 user devstack@keystone.service[44473]: [pid: 44473|app: 0|req: 10/32] 10.0.0.210 () {56 vars in 1104 bytes} [Tue Aug 22 02:42:32 2023] GET /identity/v3/domains?name=Default => generated 306 bytes in 142 msecs (HTTP/1.1 200) 5 headers in 177 bytes (2 switches on core 0)
Aug 22 02:42:32 user devstack@keystone.service[44471]: DEBUG keystone.server.flask.request_processing.middleware.auth_context [None req-3323b5f8-0b2c-4154-a677-bc8ee9274236 None None] Authenticating user token {{(pid=44471) process_request /opt/stack/data/venv/lib/python3.10/site-packages/keystonemiddleware/auth_token/__init__.py:406}}
Aug 22 02:42:32 user devstack@keystone.service[44472]: WARNING keystone.common.password_hashing [None req-5b60f71b-fb3c-4739-8d81-2c77242b22d1 None None] Truncating password to algorithm specific maximum length 72 characters.
Aug 22 02:42:32 user devstack@keystone.service[44472]: DEBUG keystone.auth.core [None req-5b60f71b-fb3c-4739-8d81-2c77242b22d1 None None] MFA Rules not processed for user `4c57670e6e0c4eb3a63b029a4902f2ff`. Rule list: `[]` (Enabled: `True`). {{(pid=44472) check_auth_methods_against_rules /opt/stack/keystone/keystone/auth/core.py:438}}
Aug 22 02:42:32 user devstack@keystone.service[44472]: DEBUG keystone.common.fernet_utils [None req-5b60f71b-fb3c-4739-8d81-2c77242b22d1 None None] Loaded 2 Fernet keys from /etc/keystone/fernet-keys/, but `[fernet_tokens] max_active_keys = 3`; perhaps there have not been enough key rotations to reach `max_active_keys` yet? {{(pid=44472) load_keys /opt/stack/keystone/keystone/common/fernet_utils.py:286}}
Aug 22 02:42:32 user devstack@keystone.service[44473]: DEBUG keystone.server.flask.request_processing.middleware.auth_context [None req-7273b46c-04d5-4622-a519-0d6d062d19e7 None admin] Authenticating user token {{(pid=44473) process_request /opt/stack/data/venv/lib/python3.10/site-packages/keystonemiddleware/auth_token/__init__.py:406}}
Aug 22 02:42:32 user devstack@keystone.service[44472]: [pid: 44472|app: 0|req: 12/33] 10.0.0.210 () {58 vars in 1018 bytes} [Tue Aug 22 02:42:32 2023] POST /identity/v3/auth/tokens => generated 798 bytes in 82 msecs (HTTP/1.1 201) 6 headers in 363 bytes (1 switches on core 0)
Aug 22 02:42:32 user devstack@keystone.service[44472]: DEBUG keystone.server.flask.request_processing.middleware.auth_context [None req-5b60f71b-fb3c-4739-8d81-2c77242b22d1 None None] Authenticating user token {{(pid=44472) process_request /opt/stack/data/venv/lib/python3.10/site-packages/keystonemiddleware/auth_token/__init__.py:406}}
Aug 22 02:42:32 user devstack@keystone.service[44471]: DEBUG keystone.server.flask.request_processing.middleware.auth_context [None req-3323b5f8-0b2c-4154-a677-bc8ee9274236 None None] Validating token access rules against request {{(pid=44471) validate_allowed_request /opt/stack/data/venv/lib/python3.10/site-packages/keystonemiddleware/auth_token/__init__.py:544}}
Aug 22 02:42:32 user devstack@keystone.service[44473]: DEBUG keystone.server.flask.request_processing.middleware.auth_context [None req-7273b46c-04d5-4622-a519-0d6d062d19e7 None admin] Validating token access rules against request {{(pid=44473) validate_allowed_request /opt/stack/data/venv/lib/python3.10/site-packages/keystonemiddleware/auth_token/__init__.py:544}}
Aug 22 02:42:32 user devstack@keystone.service[44471]: DEBUG keystone.server.flask.request_processing.middleware.auth_context [None req-4b44e4a5-c710-4a25-a869-b3d02bc9586e None admin] RBAC: auth_context: {'token': , 'domain_id': None, 'trust_id': None, 'trustor_id': None, 'trustee_id': None, 'domain_name': None, 'group_ids': [], 'user_id': '4c57670e6e0c4eb3a63b029a4902f2ff', 'user_domain_id': 'default', 'system_scope': 'all', 'project_id': None, 'project_domain_id': None, 'roles': ['admin', 'member', 'reader'], 'is_admin_project': True, 'service_user_id': None, 'service_user_domain_id': None, 'service_project_id': None, 'service_project_domain_id': None, 'service_roles': []} {{(pid=44471) fill_context /opt/stack/keystone/keystone/server/flask/request_processing/middleware/auth_context.py:480}}
Aug 22 02:42:32 user devstack@keystone.service[44471]: DEBUG keystone.server.flask.request_processing.req_logging [None req-4b44e4a5-c710-4a25-a869-b3d02bc9586e None admin] REQUEST_METHOD: `POST` {{(pid=44471) log_request_info /opt/stack/keystone/keystone/server/flask/request_processing/req_logging.py:27}}
Aug 22 02:42:32 user devstack@keystone.service[44471]: DEBUG keystone.server.flask.request_processing.req_logging [None req-4b44e4a5-c710-4a25-a869-b3d02bc9586e None admin] SCRIPT_NAME: `/identity` {{(pid=44471) log_request_info /opt/stack/keystone/keystone/server/flask/request_processing/req_logging.py:28}}
Aug 22 02:42:32 user devstack@keystone.service[44471]: DEBUG keystone.server.flask.request_processing.req_logging [None req-4b44e4a5-c710-4a25-a869-b3d02bc9586e None admin] PATH_INFO: `/v3/projects` {{(pid=44471) log_request_info /opt/stack/keystone/keystone/server/flask/request_processing/req_logging.py:29}}
Aug 22 02:42:32 user devstack@keystone.service[44471]: DEBUG keystone.common.rbac_enforcer.enforcer [None req-4b44e4a5-c710-4a25-a869-b3d02bc9586e None admin] RBAC: Authorizing `identity:create_project()` {{(pid=44471) enforce_call /opt/stack/keystone/keystone/common/rbac_enforcer/enforcer.py:449}}
Aug 22 02:42:32 user devstack@keystone.service[44471]: DEBUG keystone.common.rbac_enforcer.enforcer [None req-4b44e4a5-c710-4a25-a869-b3d02bc9586e None admin] RBAC: Authorization granted {{(pid=44471) enforce_call /opt/stack/keystone/keystone/common/rbac_enforcer/enforcer.py:457}}
Aug 22 02:42:32 user devstack@keystone.service[44473]: DEBUG keystone.server.flask.request_processing.middleware.auth_context [None req-cfca7f23-231b-45f6-b6ef-754931dbe066 None admin] RBAC: auth_context: {'token': , 'domain_id': None, 'trust_id': None, 'trustor_id': None, 'trustee_id': None, 'domain_name': None, 'group_ids': [], 'user_id': '4c57670e6e0c4eb3a63b029a4902f2ff', 'user_domain_id': 'default', 'system_scope': 'all', 'project_id': None, 'project_domain_id': None, 'roles': ['admin', 'member', 'reader'], 'is_admin_project': True, 'service_user_id': None, 'service_user_domain_id': None, 'service_project_id': None, 'service_project_domain_id': None, 'service_roles': []} {{(pid=44473) fill_context /opt/stack/keystone/keystone/server/flask/request_processing/middleware/auth_context.py:480}}
Aug 22 02:42:32 user devstack@keystone.service[44473]: DEBUG keystone.server.flask.request_processing.req_logging [None req-cfca7f23-231b-45f6-b6ef-754931dbe066 None admin] REQUEST_METHOD: `POST` {{(pid=44473) log_request_info /opt/stack/keystone/keystone/server/flask/request_processing/req_logging.py:27}}
Aug 22 02:42:32 user devstack@keystone.service[44473]: DEBUG keystone.server.flask.request_processing.req_logging [None req-cfca7f23-231b-45f6-b6ef-754931dbe066 None admin] SCRIPT_NAME: `/identity` {{(pid=44473) log_request_info /opt/stack/keystone/keystone/server/flask/request_processing/req_logging.py:28}}
Aug 22 02:42:32 user devstack@keystone.service[44473]: DEBUG keystone.server.flask.request_processing.req_logging [None req-cfca7f23-231b-45f6-b6ef-754931dbe066 None admin] PATH_INFO: `/v3/roles` {{(pid=44473) log_request_info /opt/stack/keystone/keystone/server/flask/request_processing/req_logging.py:29}}
Aug 22 02:42:32 user devstack@keystone.service[44473]: DEBUG keystone.common.rbac_enforcer.enforcer [None req-cfca7f23-231b-45f6-b6ef-754931dbe066 None admin] RBAC: Authorizing `identity:create_role()` {{(pid=44473) enforce_call /opt/stack/keystone/keystone/common/rbac_enforcer/enforcer.py:449}}
Aug 22 02:42:32 user devstack@keystone.service[44473]: DEBUG keystone.common.rbac_enforcer.enforcer [None req-cfca7f23-231b-45f6-b6ef-754931dbe066 None admin] RBAC: Authorization granted {{(pid=44473) enforce_call /opt/stack/keystone/keystone/common/rbac_enforcer/enforcer.py:457}}
Aug 22 02:42:32 user devstack@keystone.service[44473]: DEBUG keystone.common.sql.core [None req-cfca7f23-231b-45f6-b6ef-754931dbe066 None admin] Conflict role: (pymysql.err.IntegrityError) (1062, "Duplicate entry 'service-<>' for key 'role.ixu_role_name_domain_id'")
Aug 22 02:42:32 user devstack@keystone.service[44473]: [SQL: INSERT INTO `role` (id, name, description, extra) VALUES (%(id)s, %(name)s, %(description)s, %(extra)s)]
Aug 22 02:42:32 user devstack@keystone.service[44473]: [parameters: {'id': '2ad5bd2898aa43a4bf34b2f42a8fff08', 'name': 'service', 'description': None, 'extra': '{}'}]
Aug 22 02:42:32 user devstack@keystone.service[44473]: (Background on this error at: https://sqlalche.me/e/14/gkpj) {{(pid=44473) wrapper /opt/stack/keystone/keystone/common/sql/core.py:533}}
Aug 22 02:42:32 user devstack@keystone.service[44472]: DEBUG keystone.server.flask.request_processing.middleware.auth_context [None req-5b60f71b-fb3c-4739-8d81-2c77242b22d1 None None] Validating token access rules against request {{(pid=44472) validate_allowed_request /opt/stack/data/venv/lib/python3.10/site-packages/keystonemiddleware/auth_token/__init__.py:544}}
Aug 22 02:42:32 user devstack@keystone.service[44473]: ERROR keystone.server.flask.application [None req-cfca7f23-231b-45f6-b6ef-754931dbe066 None admin] Conflict occurred attempting to store role - Duplicate entry found with name service.: keystone.exception.Conflict: Conflict occurred attempting to store role - Duplicate entry found with name service.
Aug 22 02:42:32 user devstack@keystone.service[44473]: ERROR keystone.server.flask.application
Traceback (most recent call last):
Aug 22 02:42:32 user devstack@keystone.service[44473]: ERROR keystone.server.flask.application
File "/opt/stack/data/venv/lib/python3.10/site-packages/sqlalchemy/engine/base.py", line 1900, in _execute_context
Aug 22 02:42:32 user devstack@keystone.service[44473]: ERROR keystone.server.flask.application self.dialect.do_execute(
Aug 22 02:42:32 user devstack@keystone.service[44473]: ERROR keystone.server.flask.application
File "/opt/stack/data/venv/lib/python3.10/site-packages/sqlalchemy/engine/default.py", line 736, in do_execute
Aug 22 02:42:32 user devstack@keystone.service[44473]: ERROR keystone.server.flask.application cursor.execute(statement, parameters)
Aug 22 02:42:32 user devstack@keystone.service[44473]: ERROR keystone.server.flask.application
File "/opt/stack/data/venv/lib/python3.10/site-packages/pymysql/cursors.py", line 158, in execute
Aug 22 02:42:32 user devstack@keystone.service[44473]: ERROR keystone.server.flask.application result = self._query(query)
Aug 22 02:42:32 user devstack@keystone.service[44473]: ERROR keystone.server.flask.application
File "/opt/stack/data/venv/lib/python3.10/site-packages/pymysql/cursors.py", line 325, in _query
Aug 22 02:42:32 user devstack@keystone.service[44473]: ERROR keystone.server.flask.application conn.query(q)
Aug 22 02:42:32 user devstack@keystone.service[44473]: ERROR keystone.server.flask.application
File "/opt/stack/data/venv/lib/python3.10/site-packages/pymysql/connections.py", line 549, in query
Aug 22 02:42:32 user devstack@keystone.service[44473]: ERROR keystone.server.flask.application self._affected_rows = self._read_query_result(unbuffered=unbuffered)
Aug 22 02:42:32 user devstack@keystone.service[44473]: ERROR keystone.server.flask.application
File "/opt/stack/data/venv/lib/python3.10/site-packages/pymysql/connections.py", line 779, in _read_query_result
Aug 22 02:42:32 user devstack@keystone.service[44473]: ERROR keystone.server.flask.application result.read()
Aug 22 02:42:32 user devstack@keystone.service[44473]: ERROR keystone.server.flask.application
File "/opt/stack/data/venv/lib/python3.10/site-packages/pymysql/connections.py", line 1157, in read
Aug 22 02:42:32 user devstack@keystone.service[44473]: ERROR keystone.server.flask.application first_packet = self.connection._read_packet()
Aug 22 02:42:32 user devstack@keystone.service[44473]: ERROR keystone.server.flask.application
File "/opt/stack/data/venv/lib/python3.10/site-packages/pymysql/connections.py", line 729, in _read_packet
Aug 22 02:42:32 user devstack@keystone.service[44473]: ERROR keystone.server.flask.application packet.raise_for_error()
Aug 22 02:42:32 user devstack@keystone.service[44473]: ERROR keystone.server.flask.application
File "/opt/stack/data/venv/lib/python3.10/site-packages/pymysql/protocol.py", line 221, in raise_for_error
Aug 22 02:42:32 user devstack@keystone.service[44473]: ERROR keystone.server.flask.application err.raise_mysql_exception(self._data)
Aug 22 02:42:32 user devstack@keystone.service[44473]: ERROR keystone.server.flask.application
File "/opt/stack/data/venv/lib/python3.10/site-packages/pymysql/err.py", line 143, in raise_mysql_exception
Aug 22 02:42:32 user devstack@keystone.service[44473]: ERROR keystone.server.flask.application raise errorclass(errno, errval)
Aug 22 02:42:32 user devstack@keystone.service[44473]: ERROR keystone.server.flask.application pymysql.err.IntegrityError: (1062, "Duplicate entry 'service-<>' for key 'role.ixu_role_name_domain_id'")
Aug 22 02:42:32 user devstack@keystone.service[44473]: ERROR keystone.server.flask.application
Aug 22 02:42:32 user devstack@keystone.service[44473]: ERROR keystone.server.flask.application The above exception was the direct cause of the following exception:
Aug 22 02:42:32 user devstack@keystone.service[44473]: ERROR keystone.server.flask.application
Aug 22 02:42:32 user devstack@keystone.service[44473]: ERROR keystone.server.flask.application
Traceback (most recent call last):
Aug 22 02:42:32 user devstack@keystone.service[44473]: ERROR keystone.server.flask.application
File "/opt/stack/keystone/keystone/common/sql/core.py", line 528, in wrapper
Aug 22 02:42:32 user devstack@keystone.service[44473]: ERROR keystone.server.flask.application return method(*args, **kwargs)
Aug 22 02:42:32 user devstack@keystone.service[44473]: ERROR keystone.server.flask.application
File "/opt/stack/keystone/keystone/assignment/role_backends/sql.py", line 26, in create_role
Aug 22 02:42:32 user devstack@keystone.service[44473]: ERROR keystone.server.flask.application with sql.session_for_write() as session:
Aug 22 02:42:32 user devstack@keystone.service[44473]: ERROR keystone.server.flask.application
File "/usr/lib/python3.10/contextlib.py", line 142, in __exit__
Aug 22 02:42:32 user devstack@keystone.service[44473]: ERROR keystone.server.flask.application next(self.gen)
Aug 22 02:42:32 user devstack@keystone.service[44473]: ERROR keystone.server.flask.application
File "/opt/stack/data/venv/lib/python3.10/site-packages/oslo_db/sqlalchemy/enginefacade.py", line 1088, in _transaction_scope
Aug 22 02:42:32 user devstack@keystone.service[44473]: ERROR keystone.server.flask.application with current._produce_block(
Aug 22 02:42:32 user devstack@keystone.service[44473]: ERROR keystone.server.flask.application
File "/usr/lib/python3.10/contextlib.py", line 142, in __exit__
Aug 22 02:42:32 user devstack@keystone.service[44473]: ERROR keystone.server.flask.application next(self.gen)
Aug 22 02:42:32 user devstack@keystone.service[44473]: ERROR keystone.server.flask.application
File "/opt/stack/data/venv/lib/python3.10/site-packages/oslo_db/sqlalchemy/enginefacade.py", line 695, in _session
Aug 22 02:42:32 user devstack@keystone.service[44473]: ERROR keystone.server.flask.application with excutils.save_and_reraise_exception():
Aug 22 02:42:32 user devstack@keystone.service[44473]: ERROR keystone.server.flask.application
File "/opt/stack/data/venv/lib/python3.10/site-packages/oslo_utils/excutils.py", line 227, in __exit__
Aug 22 02:42:32 user devstack@keystone.service[44473]: ERROR keystone.server.flask.application self.force_reraise()
Aug 22 02:42:32 user devstack@keystone.service[44473]: ERROR keystone.server.flask.application
File "/opt/stack/data/venv/lib/python3.10/site-packages/oslo_utils/excutils.py", line 200, in force_reraise
Aug 22 02:42:32 user devstack@keystone.service[44473]: ERROR keystone.server.flask.application raise self.value
Aug 22 02:42:32 user devstack@keystone.service[44473]: ERROR keystone.server.flask.application
File "/opt/stack/data/venv/lib/python3.10/site-packages/oslo_db/sqlalchemy/enginefacade.py", line 693, in _session
Aug 22 02:42:32 user devstack@keystone.service[44473]: ERROR keystone.server.flask.application self._end_session_transaction(self.session)
Aug 22 02:42:32 user devstack@keystone.service[44473]: ERROR keystone.server.flask.application
File "/opt/stack/data/venv/lib/python3.10/site-packages/oslo_db/sqlalchemy/enginefacade.py", line 721, in _end_session_transaction
Aug 22 02:42:32 user devstack@keystone.service[44473]: ERROR keystone.server.flask.application session.commit()
Aug 22 02:42:32 user devstack@keystone.service[44473]: ERROR keystone.server.flask.application
File "/opt/stack/data/venv/lib/python3.10/site-packages/sqlalchemy/orm/session.py", line 1451, in commit
Aug 22 02:42:32 user devstack@keystone.service[44473]: ERROR keystone.server.flask.application self._transaction.commit(_to_root=self.future)
Aug 22 02:42:32 user devstack@keystone.service[44473]: ERROR keystone.server.flask.application
File "/opt/stack/data/venv/lib/python3.10/site-packages/sqlalchemy/orm/session.py", line 829, in commit
Aug 22 02:42:32 user devstack@keystone.service[44473]: ERROR keystone.server.flask.application self._prepare_impl()
Aug 22 02:42:32 user devstack@keystone.service[44473]: ERROR keystone.server.flask.application
File "/opt/stack/data/venv/lib/python3.10/site-packages/sqlalchemy/orm/session.py", line 808, in _prepare_impl
Aug 22 02:42:32 user devstack@keystone.service[44473]: ERROR keystone.server.flask.application self.session.flush()
Aug 22 02:42:32 user devstack@keystone.service[44473]: ERROR keystone.server.flask.application
File "/opt/stack/data/venv/lib/python3.10/site-packages/sqlalchemy/orm/session.py", line 3386, in flush
Aug 22 02:42:32 user devstack@keystone.service[44473]: ERROR keystone.server.flask.application self._flush(objects)
Aug 22 02:42:32 user devstack@keystone.service[44473]: ERROR keystone.server.flask.application
File "/opt/stack/data/venv/lib/python3.10/site-packages/sqlalchemy/orm/session.py", line 3525, in _flush
Aug 22 02:42:32 user devstack@keystone.service[44473]: ERROR keystone.server.flask.application with util.safe_reraise():
Aug 22 02:42:32 user devstack@keystone.service[44473]: ERROR keystone.server.flask.application
File "/opt/stack/data/venv/lib/python3.10/site-packages/sqlalchemy/util/langhelpers.py", line 70, in __exit__
Aug 22 02:42:32 user devstack@keystone.service[44473]: ERROR keystone.server.flask.application compat.raise_(
Aug 22 02:42:32 user devstack@keystone.service[44473]: ERROR keystone.server.flask.application
File "/opt/stack/data/venv/lib/python3.10/site-packages/sqlalchemy/util/compat.py", line 208, in raise_
Aug 22 02:42:32 user devstack@keystone.service[44473]: ERROR keystone.server.flask.application raise exception
Aug 22 02:42:32 user devstack@keystone.service[44473]: ERROR keystone.server.flask.application
File "/opt/stack/data/venv/lib/python3.10/site-packages/sqlalchemy/orm/session.py", line 3486, in _flush
