Nov 29 10:05:33 user devstack@g-api.service[78004]: DEBUG glance.common.config [None req-7536e482-4e66-4b13-837e-4761073a1220 None None] barbican.insecure = False {{(pid=78004) log_opt_values /opt/stack/data/venv/lib/python3.10/site-packages/oslo_config/cfg.py:2609}}
Nov 29 10:05:33 user devstack@g-api.service[78004]: DEBUG glance.common.config [None req-7536e482-4e66-4b13-837e-4761073a1220 None None] barbican.keyfile = None {{(pid=78004) log_opt_values /opt/stack/data/venv/lib/python3.10/site-packages/oslo_config/cfg.py:2609}}
Nov 29 10:05:33 user devstack@g-api.service[78004]: DEBUG glance.common.config [None req-7536e482-4e66-4b13-837e-4761073a1220 None None] barbican.number_of_retries = 60 {{(pid=78004) log_opt_values /opt/stack/data/venv/lib/python3.10/site-packages/oslo_config/cfg.py:2609}}
Nov 29 10:05:33 user devstack@g-api.service[78004]: DEBUG glance.common.config [None req-7536e482-4e66-4b13-837e-4761073a1220 None None] barbican.retry_delay = 1 {{(pid=78004) log_opt_values /opt/stack/data/venv/lib/python3.10/site-packages/oslo_config/cfg.py:2609}}
Nov 29 10:05:33 user devstack@g-api.service[78004]: DEBUG glance.common.config [None req-7536e482-4e66-4b13-837e-4761073a1220 None None] barbican.send_service_user_token = False {{(pid=78004) log_opt_values /opt/stack/data/venv/lib/python3.10/site-packages/oslo_config/cfg.py:2609}}
Nov 29 10:05:33 user devstack@g-api.service[78004]: DEBUG glance.common.config [None req-7536e482-4e66-4b13-837e-4761073a1220 None None] barbican.split_loggers = False {{(pid=78004) log_opt_values /opt/stack/data/venv/lib/python3.10/site-packages/oslo_config/cfg.py:2609}}
Nov 29 10:05:33 user devstack@g-api.service[78004]: DEBUG glance.common.config [None req-7536e482-4e66-4b13-837e-4761073a1220 None None] barbican.timeout = None {{(pid=78004) log_opt_values /opt/stack/data/venv/lib/python3.10/site-packages/oslo_config/cfg.py:2609}}
Nov 29 10:05:33 user devstack@g-api.service[78004]: DEBUG glance.common.config [None req-7536e482-4e66-4b13-837e-4761073a1220 None None] barbican.verify_ssl = True {{(pid=78004) log_opt_values /opt/stack/data/venv/lib/python3.10/site-packages/oslo_config/cfg.py:2609}}
Nov 29 10:05:33 user devstack@g-api.service[78004]: DEBUG glance.common.config [None req-7536e482-4e66-4b13-837e-4761073a1220 None None] barbican.verify_ssl_path = None {{(pid=78004) log_opt_values /opt/stack/data/venv/lib/python3.10/site-packages/oslo_config/cfg.py:2609}}
Nov 29 10:05:33 user devstack@g-api.service[78004]: DEBUG glance.common.config [None req-7536e482-4e66-4b13-837e-4761073a1220 None None] barbican_service_user.auth_section = None {{(pid=78004) log_opt_values /opt/stack/data/venv/lib/python3.10/site-packages/oslo_config/cfg.py:2609}}
Nov 29 10:05:33 user devstack@g-api.service[78004]: DEBUG glance.common.config [None req-7536e482-4e66-4b13-837e-4761073a1220 None None] barbican_service_user.auth_type = None {{(pid=78004) log_opt_values /opt/stack/data/venv/lib/python3.10/site-packages/oslo_config/cfg.py:2609}}
Nov 29 10:05:33 user devstack@g-api.service[78004]: DEBUG glance.common.config [None req-7536e482-4e66-4b13-837e-4761073a1220 None None] barbican_service_user.cafile = None {{(pid=78004) log_opt_values /opt/stack/data/venv/lib/python3.10/site-packages/oslo_config/cfg.py:2609}}
Nov 29 10:05:33 user devstack@g-api.service[78004]: DEBUG glance.common.config [None req-7536e482-4e66-4b13-837e-4761073a1220 None None] barbican_service_user.certfile = None {{(pid=78004) log_opt_values /opt/stack/data/venv/lib/python3.10/site-packages/oslo_config/cfg.py:2609}}
Nov 29 10:05:33 user devstack@g-api.service[78004]: DEBUG glance.common.config [None req-7536e482-4e66-4b13-837e-4761073a1220 None None] barbican_service_user.collect_timing = False {{(pid=78004) log_opt_values /opt/stack/data/venv/lib/python3.10/site-packages/oslo_config/cfg.py:2609}}
Nov 29 10:05:33 user devstack@g-api.service[78004]: DEBUG glance.common.config [None req-7536e482-4e66-4b13-837e-4761073a1220 None None] barbican_service_user.insecure = False {{(pid=78004) log_opt_values /opt/stack/data/venv/lib/python3.10/site-packages/oslo_config/cfg.py:2609}}
Nov 29 10:05:33 user devstack@g-api.service[78004]: DEBUG glance.common.config [None req-7536e482-4e66-4b13-837e-4761073a1220 None None] barbican_service_user.keyfile = None {{(pid=78004) log_opt_values /opt/stack/data/venv/lib/python3.10/site-packages/oslo_config/cfg.py:2609}}
Nov 29 10:05:33 user devstack@g-api.service[78004]: DEBUG glance.common.config [None req-7536e482-4e66-4b13-837e-4761073a1220 None None] barbican_service_user.split_loggers = False {{(pid=78004) log_opt_values /opt/stack/data/venv/lib/python3.10/site-packages/oslo_config/cfg.py:2609}}
Nov 29 10:05:33 user devstack@g-api.service[78004]: DEBUG glance.common.config [None req-7536e482-4e66-4b13-837e-4761073a1220 None None] barbican_service_user.timeout = None {{(pid=78004) log_opt_values /opt/stack/data/venv/lib/python3.10/site-packages/oslo_config/cfg.py:2609}}
Nov 29 10:05:33 user devstack@g-api.service[78004]: DEBUG glance.common.config [None req-7536e482-4e66-4b13-837e-4761073a1220 None None] healthcheck.backends = ['disable_by_file'] {{(pid=78004) log_opt_values /opt/stack/data/venv/lib/python3.10/site-packages/oslo_config/cfg.py:2609}}
Nov 29 10:05:33 user devstack@g-api.service[78004]: DEBUG glance.common.config [None req-7536e482-4e66-4b13-837e-4761073a1220 None None] healthcheck.detailed = False {{(pid=78004) log_opt_values /opt/stack/data/venv/lib/python3.10/site-packages/oslo_config/cfg.py:2609}}
Nov 29 10:05:33 user devstack@g-api.service[78004]: DEBUG glance.common.config [None req-7536e482-4e66-4b13-837e-4761073a1220 None None] healthcheck.disable_by_file_path = None {{(pid=78004) log_opt_values /opt/stack/data/venv/lib/python3.10/site-packages/oslo_config/cfg.py:2609}}
Nov 29 10:05:33 user devstack@g-api.service[78004]: DEBUG glance.common.config [None req-7536e482-4e66-4b13-837e-4761073a1220 None None] healthcheck.path = /healthcheck {{(pid=78004) log_opt_values /opt/stack/data/venv/lib/python3.10/site-packages/oslo_config/cfg.py:2609}}
Nov 29 10:05:33 user devstack@g-api.service[78004]: DEBUG glance.common.config [None req-7536e482-4e66-4b13-837e-4761073a1220 None None] ******************************************************************************** {{(pid=78004) log_opt_values /opt/stack/data/venv/lib/python3.10/site-packages/oslo_config/cfg.py:2613}}
Nov 29 10:05:33 user devstack@g-api.service[78004]: WSGI app 0 (mountpoint='') ready in 4 seconds on interpreter 0x5653107c60a0 pid: 78004 (default app)
Nov 29 10:05:37 user devstack@g-api.service[78006]: DEBUG glance.api.middleware.version_negotiation [None req-8de81293-e540-4e0d-9a8c-79711c3574cb None None] Determining version of request: GET / Accept: application/json {{(pid=78006) process_request /opt/stack/glance/glance/api/middleware/version_negotiation.py:44}}
Nov 29 10:05:37 user devstack@g-api.service[78006]: DEBUG glance.api.middleware.version_negotiation [None req-8de81293-e540-4e0d-9a8c-79711c3574cb None None] Using url versioning {{(pid=78006) process_request /opt/stack/glance/glance/api/middleware/version_negotiation.py:57}}
Nov 29 10:05:37 user devstack@g-api.service[78006]: DEBUG glance.api.middleware.version_negotiation [None req-8de81293-e540-4e0d-9a8c-79711c3574cb None None] Unknown version. Returning version choices. {{(pid=78006) process_request /opt/stack/glance/glance/api/middleware/version_negotiation.py:64}}
Nov 29 10:05:37 user devstack@g-api.service[78006]: [pid: 78006|app: 0|req: 2/2] 127.0.0.1 () {34 vars in 498 bytes} [Wed Nov 29 10:05:37 2023] GET / => generated 1287 bytes in 2 msecs (HTTP/1.1 300) 3 headers in 106 bytes (1 switches on core 0)
Nov 29 10:05:37 user devstack@g-api.service[78005]: DEBUG glance.api.middleware.version_negotiation [None req-6f9bc983-6731-4a0f-94fc-872242f1c436 None None] Determining version of request: POST /v2/images Accept: */* {{(pid=78005) process_request /opt/stack/glance/glance/api/middleware/version_negotiation.py:44}}
Nov 29 10:05:37 user devstack@g-api.service[78005]: DEBUG glance.api.middleware.version_negotiation [None req-6f9bc983-6731-4a0f-94fc-872242f1c436 None None] Using url versioning {{(pid=78005) process_request /opt/stack/glance/glance/api/middleware/version_negotiation.py:57}}
Nov 29 10:05:37 user devstack@g-api.service[78005]: DEBUG glance.api.middleware.version_negotiation [None req-6f9bc983-6731-4a0f-94fc-872242f1c436 None None] Matched version: v2 {{(pid=78005) process_request /opt/stack/glance/glance/api/middleware/version_negotiation.py:69}}
Nov 29 10:05:37 user devstack@g-api.service[78005]: DEBUG glance.api.middleware.version_negotiation [None req-6f9bc983-6731-4a0f-94fc-872242f1c436 None None] new path /v2/images {{(pid=78005) process_request /opt/stack/glance/glance/api/middleware/version_negotiation.py:70}}
Nov 29 10:05:38 user devstack@g-api.service[78005]: INFO dbcounter [None req-785f3d6a-bcac-43ea-a52e-53068f68fba6 admin admin] Registered counter for database glance
Nov 29 10:05:38 user devstack@g-api.service[78005]: DEBUG oslo_db.sqlalchemy.engines [None req-785f3d6a-bcac-43ea-a52e-53068f68fba6 admin admin] MySQL server mode set to STRICT_TRANS_TABLES,STRICT_ALL_TABLES,NO_ZERO_IN_DATE,NO_ZERO_DATE,ERROR_FOR_DIVISION_BY_ZERO,TRADITIONAL,NO_ENGINE_SUBSTITUTION {{(pid=78005) _check_effective_sql_mode /opt/stack/data/venv/lib/python3.10/site-packages/oslo_db/sqlalchemy/engines.py:342}}
Nov 29 10:05:38 user devstack@g-api.service[78005]: DEBUG dbcounter [-] [78005] Writer thread running {{(pid=78005) stat_writer /opt/stack/data/venv/lib/python3.10/site-packages/dbcounter.py:102}}
Nov 29 10:05:38 user devstack@g-api.service[78005]: [pid: 78005|app: 0|req: 1/3] 127.0.0.1 () {40 vars in 761 bytes} [Wed Nov 29 10:05:37 2023] POST /v2/images => generated 807 bytes in 1022 msecs (HTTP/1.1 201) 6 headers in 314 bytes (1 switches on core 0)
Nov 29 10:05:38 user devstack@g-api.service[78004]: DEBUG glance.api.middleware.version_negotiation [None req-7536e482-4e66-4b13-837e-4761073a1220 None None] Determining version of request: PUT /v2/images/67ff7a45-6b80-41f3-b049-a35789491edf/file Accept: {{(pid=78004) process_request /opt/stack/glance/glance/api/middleware/version_negotiation.py:44}}
Nov 29 10:05:38 user devstack@g-api.service[78004]: DEBUG glance.api.middleware.version_negotiation [None req-7536e482-4e66-4b13-837e-4761073a1220 None None] Using url versioning {{(pid=78004) process_request /opt/stack/glance/glance/api/middleware/version_negotiation.py:57}}
Nov 29 10:05:38 user devstack@g-api.service[78004]: DEBUG glance.api.middleware.version_negotiation [None req-7536e482-4e66-4b13-837e-4761073a1220 None None] Matched version: v2 {{(pid=78004) process_request /opt/stack/glance/glance/api/middleware/version_negotiation.py:69}}
Nov 29 10:05:38 user devstack@g-api.service[78004]: DEBUG glance.api.middleware.version_negotiation [None req-7536e482-4e66-4b13-837e-4761073a1220 None None] new path /v2/images/67ff7a45-6b80-41f3-b049-a35789491edf/file {{(pid=78004) process_request /opt/stack/glance/glance/api/middleware/version_negotiation.py:70}}
Nov 29 10:05:39 user devstack@g-api.service[78004]: INFO dbcounter [None req-8021c114-f058-4057-8667-3ce30a86b791 admin admin] Registered counter for database glance
Nov 29 10:05:39 user devstack@g-api.service[78004]: DEBUG oslo_db.sqlalchemy.engines [None req-8021c114-f058-4057-8667-3ce30a86b791 admin admin] MySQL server mode set to STRICT_TRANS_TABLES,STRICT_ALL_TABLES,NO_ZERO_IN_DATE,NO_ZERO_DATE,ERROR_FOR_DIVISION_BY_ZERO,TRADITIONAL,NO_ENGINE_SUBSTITUTION {{(pid=78004) _check_effective_sql_mode /opt/stack/data/venv/lib/python3.10/site-packages/oslo_db/sqlalchemy/engines.py:342}}
Nov 29 10:05:39 user devstack@g-api.service[78004]: DEBUG dbcounter [-] [78004] Writer thread running {{(pid=78004) stat_writer /opt/stack/data/venv/lib/python3.10/site-packages/dbcounter.py:102}}
Nov 29 10:05:39 user devstack@g-api.service[78004]: INFO glance.api.v2.image_data [None req-8021c114-f058-4057-8667-3ce30a86b791 admin admin] Unable to create trust: no such option collect_timing in group [keystone_authtoken] Use the existing user token.
Nov 29 10:05:40 user devstack@g-api.service[78004]: DEBUG glance.location [None req-8021c114-f058-4057-8667-3ce30a86b791 admin admin] Enabling in-flight format inspection for qcow2 {{(pid=78004) set_data /opt/stack/glance/glance/location.py:581}}
Nov 29 10:05:40 user devstack@g-api.service[78004]: DEBUG glance_store._drivers.filesystem [None req-8021c114-f058-4057-8667-3ce30a86b791 admin admin] Wrote 21430272 bytes to /opt/stack/data/glance/images/67ff7a45-6b80-41f3-b049-a35789491edf with checksum c8fc807773e5354afe61636071771906 and multihash 1103b92ce8ad966e41235a4de260deb791ff571670c0342666c8582fbb9caefe6af07ebb11d34f44f8414b609b29c1bdf1d72ffa6faa39c88e8721d09847952b {{(pid=78004) add /opt/stack/data/venv/lib/python3.10/site-packages/glance_store/_drivers/filesystem.py:773}}
Nov 29 10:05:40 user devstack@g-api.service[78004]: INFO glance.location [None req-8021c114-f058-4057-8667-3ce30a86b791 admin admin] Image format matched and virtual size computed: 117440512
Nov 29 10:05:40 user devstack@g-api.service[78004]: DEBUG glance_store.backend [None req-8021c114-f058-4057-8667-3ce30a86b791 admin admin] Skipping store.set_acls... not implemented. {{(pid=78004) set_acls /opt/stack/data/venv/lib/python3.10/site-packages/glance_store/backend.py:508}}
Nov 29 10:05:40 user devstack@g-api.service[78004]: [pid: 78004|app: 0|req: 1/4] 127.0.0.1 () {40 vars in 854 bytes} [Wed Nov 29 10:05:38 2023] PUT /v2/images/67ff7a45-6b80-41f3-b049-a35789491edf/file => generated 0 bytes in 1502 msecs (HTTP/1.1 204) 4 headers in 171 bytes (1 switches on core 0)
Nov 29 10:05:48 user devstack@g-api.service[78005]: DEBUG dbcounter [-] [78005] Writing DB stats glance:SELECT=10,glance:INSERT=5 {{(pid=78005) stat_writer /opt/stack/data/venv/lib/python3.10/site-packages/dbcounter.py:115}}
Nov 29 10:05:50 user devstack@g-api.service[78004]: DEBUG dbcounter [-] [78004] Writing DB stats glance:SELECT=29,glance:UPDATE=2,glance:INSERT=1 {{(pid=78004) stat_writer /opt/stack/data/venv/lib/python3.10/site-packages/dbcounter.py:115}}
Nov 29 10:06:34 user devstack@g-api.service[78006]: DEBUG glance.api.middleware.version_negotiation [None req-8de81293-e540-4e0d-9a8c-79711c3574cb None None] Determining version of request: GET / Accept: application/json {{(pid=78006) process_request /opt/stack/glance/glance/api/middleware/version_negotiation.py:44}}
Nov 29 10:06:34 user devstack@g-api.service[78006]: DEBUG glance.api.middleware.version_negotiation [None req-8de81293-e540-4e0d-9a8c-79711c3574cb None None] Using url versioning {{(pid=78006) process_request /opt/stack/glance/glance/api/middleware/version_negotiation.py:57}}
Nov 29 10:06:34 user devstack@g-api.service[78006]: DEBUG glance.api.middleware.version_negotiation [None req-8de81293-e540-4e0d-9a8c-79711c3574cb None None] Unknown version. Returning version choices. {{(pid=78006) process_request /opt/stack/glance/glance/api/middleware/version_negotiation.py:64}}
Nov 29 10:06:34 user devstack@g-api.service[78006]: [pid: 78006|app: 0|req: 3/5] 127.0.0.1 () {34 vars in 498 bytes} [Wed Nov 29 10:06:34 2023] GET / => generated 1287 bytes in 2 msecs (HTTP/1.1 300) 3 headers in 106 bytes (1 switches on core 0)
Nov 29 10:06:34 user devstack@g-api.service[78005]: DEBUG glance.api.middleware.version_negotiation [None req-785f3d6a-bcac-43ea-a52e-53068f68fba6 admin admin] Determining version of request: GET /v2/images Accept: application/json {{(pid=78005) process_request /opt/stack/glance/glance/api/middleware/version_negotiation.py:44}}
Nov 29 10:06:34 user devstack@g-api.service[78005]: DEBUG glance.api.middleware.version_negotiation [None req-785f3d6a-bcac-43ea-a52e-53068f68fba6 admin admin] Using url versioning {{(pid=78005) process_request /opt/stack/glance/glance/api/middleware/version_negotiation.py:57}}
Nov 29 10:06:34 user devstack@g-api.service[78005]: DEBUG glance.api.middleware.version_negotiation [None req-785f3d6a-bcac-43ea-a52e-53068f68fba6 admin admin] Matched version: v2 {{(pid=78005) process_request /opt/stack/glance/glance/api/middleware/version_negotiation.py:69}}
Nov 29 10:06:34 user devstack@g-api.service[78005]: DEBUG glance.api.middleware.version_negotiation [None req-785f3d6a-bcac-43ea-a52e-53068f68fba6 admin admin] new path /v2/images {{(pid=78005) process_request /opt/stack/glance/glance/api/middleware/version_negotiation.py:70}}
Nov 29 10:06:34 user devstack@g-api.service[78005]: [pid: 78005|app: 0|req: 2/6] 127.0.0.1 () {36 vars in 720 bytes} [Wed Nov 29 10:06:34 2023] GET /v2/images => generated 1045 bytes in 74 msecs (HTTP/1.1 200) 4 headers in 158 bytes (1 switches on core 0)
Nov 29 10:06:44 user devstack@g-api.service[78005]: DEBUG dbcounter [-] [78005] Writing DB stats glance:SELECT=2 {{(pid=78005) stat_writer /opt/stack/data/venv/lib/python3.10/site-packages/dbcounter.py:115}}
Nov 29 10:08:11 user devstack@g-api.service[78004]: DEBUG glance.api.middleware.version_negotiation [None req-8021c114-f058-4057-8667-3ce30a86b791 admin admin] Determining version of request: GET / Accept: application/json {{(pid=78004) process_request /opt/stack/glance/glance/api/middleware/version_negotiation.py:44}}
Nov 29 10:08:11 user devstack@g-api.service[78004]: DEBUG glance.api.middleware.version_negotiation [None req-8021c114-f058-4057-8667-3ce30a86b791 admin admin] Using url versioning {{(pid=78004) process_request /opt/stack/glance/glance/api/middleware/version_negotiation.py:57}}
Nov 29 10:08:11 user devstack@g-api.service[78004]: DEBUG glance.api.middleware.version_negotiation [None req-8021c114-f058-4057-8667-3ce30a86b791 admin admin] Unknown version. Returning version choices. {{(pid=78004) process_request /opt/stack/glance/glance/api/middleware/version_negotiation.py:64}}
Nov 29 10:08:11 user devstack@g-api.service[78004]: [pid: 78004|app: 0|req: 2/7] 127.0.0.1 () {36 vars in 470 bytes} [Wed Nov 29 10:08:11 2023] GET / => generated 1287 bytes in 4 msecs (HTTP/1.1 300) 3 headers in 106 bytes (1 switches on core 0)
Nov 29 10:09:17 user devstack@g-api.service[78006]: DEBUG glance.api.middleware.version_negotiation [None req-8de81293-e540-4e0d-9a8c-79711c3574cb None None] Determining version of request: GET / Accept: application/json {{(pid=78006) process_request /opt/stack/glance/glance/api/middleware/version_negotiation.py:44}}
Nov 29 10:09:17 user devstack@g-api.service[78006]: DEBUG glance.api.middleware.version_negotiation [None req-8de81293-e540-4e0d-9a8c-79711c3574cb None None] Using url versioning {{(pid=78006) process_request /opt/stack/glance/glance/api/middleware/version_negotiation.py:57}}
Nov 29 10:09:17 user devstack@g-api.service[78006]: DEBUG glance.api.middleware.version_negotiation [None req-8de81293-e540-4e0d-9a8c-79711c3574cb None None] Unknown version. Returning version choices. {{(pid=78006) process_request /opt/stack/glance/glance/api/middleware/version_negotiation.py:64}}
Nov 29 10:09:17 user devstack@g-api.service[78006]: [pid: 78006|app: 0|req: 4/8] 127.0.0.1 () {34 vars in 485 bytes} [Wed Nov 29 10:09:17 2023] GET / => generated 1287 bytes in 3 msecs (HTTP/1.1 300) 3 headers in 106 bytes (1 switches on core 0)
Nov 29 10:09:17 user devstack@g-api.service[78005]: DEBUG glance.api.middleware.version_negotiation [None req-dc8b2934-91e4-4889-b533-89d876ca789d admin admin] Determining version of request: GET /v2/images/67ff7a45-6b80-41f3-b049-a35789491edf Accept: */* {{(pid=78005) process_request /opt/stack/glance/glance/api/middleware/version_negotiation.py:44}}
Nov 29 10:09:17 user devstack@g-api.service[78005]: DEBUG glance.api.middleware.version_negotiation [None req-dc8b2934-91e4-4889-b533-89d876ca789d admin admin] Using url versioning {{(pid=78005) process_request /opt/stack/glance/glance/api/middleware/version_negotiation.py:57}}
Nov 29 10:09:17 user devstack@g-api.service[78005]: DEBUG glance.api.middleware.version_negotiation [None req-dc8b2934-91e4-4889-b533-89d876ca789d admin admin] Matched version: v2 {{(pid=78005) process_request /opt/stack/glance/glance/api/middleware/version_negotiation.py:69}}
Nov 29 10:09:17 user devstack@g-api.service[78005]: DEBUG glance.api.middleware.version_negotiation [None req-dc8b2934-91e4-4889-b533-89d876ca789d admin admin] new path /v2/images/67ff7a45-6b80-41f3-b049-a35789491edf {{(pid=78005) process_request /opt/stack/glance/glance/api/middleware/version_negotiation.py:70}}
Nov 29 10:09:17 user devstack@g-api.service[78005]: WARNING keystonemiddleware.auth_token [None req-dc8b2934-91e4-4889-b533-89d876ca789d admin admin] A valid token was submitted as a service token, but it was not a valid service token. This is incorrect but backwards compatible behaviour. This will be removed in future releases.
Nov 29 10:09:17 user devstack@g-api.service[78005]: [pid: 78005|app: 0|req: 3/9] 127.0.0.1 () {42 vars in 1041 bytes} [Wed Nov 29 10:09:17 2023] GET /v2/images/67ff7a45-6b80-41f3-b049-a35789491edf => generated 976 bytes in 31 msecs (HTTP/1.1 200) 4 headers in 157 bytes (1 switches on core 0)
Nov 29 10:09:17 user devstack@g-api.service[78004]: DEBUG glance.api.middleware.version_negotiation [None req-8021c114-f058-4057-8667-3ce30a86b791 admin admin] Determining version of request: GET /v2/schemas/image Accept: */* {{(pid=78004) process_request /opt/stack/glance/glance/api/middleware/version_negotiation.py:44}}
Nov 29 10:09:17 user devstack@g-api.service[78004]: DEBUG glance.api.middleware.version_negotiation [None req-8021c114-f058-4057-8667-3ce30a86b791 admin admin] Using url versioning {{(pid=78004) process_request /opt/stack/glance/glance/api/middleware/version_negotiation.py:57}}
Nov 29 10:09:17 user devstack@g-api.service[78004]: DEBUG glance.api.middleware.version_negotiation [None req-8021c114-f058-4057-8667-3ce30a86b791 admin admin] Matched version: v2 {{(pid=78004) process_request /opt/stack/glance/glance/api/middleware/version_negotiation.py:69}}
Nov 29 10:09:17 user devstack@g-api.service[78004]: DEBUG glance.api.middleware.version_negotiation [None req-8021c114-f058-4057-8667-3ce30a86b791 admin admin] new path /v2/schemas/image {{(pid=78004) process_request /opt/stack/glance/glance/api/middleware/version_negotiation.py:70}}
Nov 29 10:09:17 user devstack@g-api.service[78004]: WARNING keystonemiddleware.auth_token [None req-8021c114-f058-4057-8667-3ce30a86b791 admin admin] A valid token was submitted as a service token, but it was not a valid service token. This is incorrect but backwards compatible behaviour. This will be removed in future releases.
Nov 29 10:09:17 user devstack@g-api.service[78004]: [pid: 78004|app: 0|req: 3/10] 127.0.0.1 () {42 vars in 981 bytes} [Wed Nov 29 10:09:17 2023] GET /v2/schemas/image => generated 6083 bytes in 7 msecs (HTTP/1.1 200) 4 headers in 158 bytes (1 switches on core 0)
Nov 29 10:09:18 user devstack@g-api.service[78006]: DEBUG glance.api.middleware.version_negotiation [None req-8de81293-e540-4e0d-9a8c-79711c3574cb None None] Determining version of request: GET / Accept: application/json {{(pid=78006) process_request /opt/stack/glance/glance/api/middleware/version_negotiation.py:44}}
Nov 29 10:09:18 user devstack@g-api.service[78006]: DEBUG glance.api.middleware.version_negotiation [None req-8de81293-e540-4e0d-9a8c-79711c3574cb None None] Using url versioning {{(pid=78006) process_request /opt/stack/glance/glance/api/middleware/version_negotiation.py:57}}
Nov 29 10:09:18 user devstack@g-api.service[78006]: DEBUG glance.api.middleware.version_negotiation [None req-8de81293-e540-4e0d-9a8c-79711c3574cb None None] Unknown version. Returning version choices. {{(pid=78006) process_request /opt/stack/glance/glance/api/middleware/version_negotiation.py:64}}
Nov 29 10:09:18 user devstack@g-api.service[78006]: [pid: 78006|app: 0|req: 5/11] 127.0.0.1 () {34 vars in 485 bytes} [Wed Nov 29 10:09:18 2023] GET / => generated 1287 bytes in 2 msecs (HTTP/1.1 300) 3 headers in 106 bytes (1 switches on core 0)
Nov 29 10:09:18 user devstack@g-api.service[78005]: DEBUG glance.api.middleware.version_negotiation [None req-95e0c9b3-56c1-40e7-b3e7-540fb23ea237 tempest-ServersNegativeTestJSON-1097229796 tempest-ServersNegativeTestJSON-1097229796-project-member] Determining version of request: GET /v2/images/67ff7a45-6b80-41f3-b049-a35789491edf Accept: */* {{(pid=78005) process_request /opt/stack/glance/glance/api/middleware/version_negotiation.py:44}}
Nov 29 10:09:18 user devstack@g-api.service[78005]: DEBUG glance.api.middleware.version_negotiation [None req-95e0c9b3-56c1-40e7-b3e7-540fb23ea237 tempest-ServersNegativeTestJSON-1097229796 tempest-ServersNegativeTestJSON-1097229796-project-member] Using url versioning {{(pid=78005) process_request /opt/stack/glance/glance/api/middleware/version_negotiation.py:57}}
Nov 29 10:09:18 user devstack@g-api.service[78005]: DEBUG glance.api.middleware.version_negotiation [None req-95e0c9b3-56c1-40e7-b3e7-540fb23ea237 tempest-ServersNegativeTestJSON-1097229796 tempest-ServersNegativeTestJSON-1097229796-project-member] Matched version: v2 {{(pid=78005) process_request /opt/stack/glance/glance/api/middleware/version_negotiation.py:69}}
Nov 29 10:09:18 user devstack@g-api.service[78005]: DEBUG glance.api.middleware.version_negotiation [None req-95e0c9b3-56c1-40e7-b3e7-540fb23ea237 tempest-ServersNegativeTestJSON-1097229796 tempest-ServersNegativeTestJSON-1097229796-project-member] new path /v2/images/67ff7a45-6b80-41f3-b049-a35789491edf {{(pid=78005) process_request /opt/stack/glance/glance/api/middleware/version_negotiation.py:70}}
Nov 29 10:09:18 user devstack@g-api.service[78004]: DEBUG glance.api.middleware.version_negotiation [None req-95e0c9b3-56c1-40e7-b3e7-540fb23ea237 tempest-ServersNegativeTestJSON-1097229796 tempest-ServersNegativeTestJSON-1097229796-project-member] Determining version of request: GET / Accept: application/json {{(pid=78004) process_request /opt/stack/glance/glance/api/middleware/version_negotiation.py:44}}
Nov 29 10:09:18 user devstack@g-api.service[78004]: DEBUG glance.api.middleware.version_negotiation [None req-95e0c9b3-56c1-40e7-b3e7-540fb23ea237 tempest-ServersNegativeTestJSON-1097229796 tempest-ServersNegativeTestJSON-1097229796-project-member] Using url versioning {{(pid=78004) process_request /opt/stack/glance/glance/api/middleware/version_negotiation.py:57}}
Nov 29 10:09:18 user devstack@g-api.service[78004]: DEBUG glance.api.middleware.version_negotiation [None req-95e0c9b3-56c1-40e7-b3e7-540fb23ea237 tempest-ServersNegativeTestJSON-1097229796 tempest-ServersNegativeTestJSON-1097229796-project-member] Unknown version. Returning version choices. {{(pid=78004) process_request /opt/stack/glance/glance/api/middleware/version_negotiation.py:64}}
Nov 29 10:09:18 user devstack@g-api.service[78004]: [pid: 78004|app: 0|req: 4/12] 127.0.0.1 () {34 vars in 485 bytes} [Wed Nov 29 10:09:18 2023] GET / => generated 1287 bytes in 7 msecs (HTTP/1.1 300) 3 headers in 106 bytes (1 switches on core 0)
Nov 29 10:09:18 user devstack@g-api.service[78005]: [pid: 78005|app: 0|req: 4/13] 127.0.0.1 () {42 vars in 1041 bytes} [Wed Nov 29 10:09:18 2023] GET /v2/images/67ff7a45-6b80-41f3-b049-a35789491edf => generated 976 bytes in 34 msecs (HTTP/1.1 200) 4 headers in 157 bytes (1 switches on core 0)
Nov 29 10:09:18 user devstack@g-api.service[78006]: DEBUG glance.api.middleware.version_negotiation [None req-8de81293-e540-4e0d-9a8c-79711c3574cb None None] Determining version of request: GET /v2/images/67ff7a45-6b80-41f3-b049-a35789491edf Accept: */* {{(pid=78006) process_request /opt/stack/glance/glance/api/middleware/version_negotiation.py:44}}
Nov 29 10:09:18 user devstack@g-api.service[78006]: DEBUG glance.api.middleware.version_negotiation [None req-8de81293-e540-4e0d-9a8c-79711c3574cb None None] Using url versioning {{(pid=78006) process_request /opt/stack/glance/glance/api/middleware/version_negotiation.py:57}}
Nov 29 10:09:18 user devstack@g-api.service[78006]: DEBUG glance.api.middleware.version_negotiation [None req-8de81293-e540-4e0d-9a8c-79711c3574cb None None] Matched version: v2 {{(pid=78006) process_request /opt/stack/glance/glance/api/middleware/version_negotiation.py:69}}
Nov 29 10:09:18 user devstack@g-api.service[78006]: DEBUG glance.api.middleware.version_negotiation [None req-8de81293-e540-4e0d-9a8c-79711c3574cb None None] new path /v2/images/67ff7a45-6b80-41f3-b049-a35789491edf {{(pid=78006) process_request /opt/stack/glance/glance/api/middleware/version_negotiation.py:70}}
Nov 29 10:09:18 user devstack@g-api.service[78004]: DEBUG glance.api.middleware.version_negotiation [None req-95e0c9b3-56c1-40e7-b3e7-540fb23ea237 tempest-ServersNegativeTestJSON-1097229796 tempest-ServersNegativeTestJSON-1097229796-project-member] Determining version of request: GET /v2/schemas/image Accept: */* {{(pid=78004) process_request /opt/stack/glance/glance/api/middleware/version_negotiation.py:44}}
Nov 29 10:09:18 user devstack@g-api.service[78004]: DEBUG glance.api.middleware.version_negotiation [None req-95e0c9b3-56c1-40e7-b3e7-540fb23ea237 tempest-ServersNegativeTestJSON-1097229796 tempest-ServersNegativeTestJSON-1097229796-project-member] Using url versioning {{(pid=78004) process_request /opt/stack/glance/glance/api/middleware/version_negotiation.py:57}}
Nov 29 10:09:18 user devstack@g-api.service[78006]: WARNING keystonemiddleware.auth_token [None req-8de81293-e540-4e0d-9a8c-79711c3574cb None None] A valid token was submitted as a service token, but it was not a valid service token. This is incorrect but backwards compatible behaviour. This will be removed in future releases.
Nov 29 10:09:18 user devstack@g-api.service[78004]: DEBUG glance.api.middleware.version_negotiation [None req-95e0c9b3-56c1-40e7-b3e7-540fb23ea237 tempest-ServersNegativeTestJSON-1097229796 tempest-ServersNegativeTestJSON-1097229796-project-member] Matched version: v2 {{(pid=78004) process_request /opt/stack/glance/glance/api/middleware/version_negotiation.py:69}}
Nov 29 10:09:18 user devstack@g-api.service[78004]: DEBUG glance.api.middleware.version_negotiation [None req-95e0c9b3-56c1-40e7-b3e7-540fb23ea237 tempest-ServersNegativeTestJSON-1097229796 tempest-ServersNegativeTestJSON-1097229796-project-member] new path /v2/schemas/image {{(pid=78004) process_request /opt/stack/glance/glance/api/middleware/version_negotiation.py:70}}
Nov 29 10:09:18 user devstack@g-api.service[78004]: [pid: 78004|app: 0|req: 5/14] 127.0.0.1 () {42 vars in 981 bytes} [Wed Nov 29 10:09:18 2023] GET /v2/schemas/image => generated 6083 bytes in 14 msecs (HTTP/1.1 200) 4 headers in 158 bytes (1 switches on core 0)
Nov 29 10:09:18 user devstack@g-api.service[78006]: INFO dbcounter [None req-d02b4153-e20c-4f74-b3c7-6cef959f8891 tempest-ServerBootFromVolumeStableRescueTest-963087896 tempest-ServerBootFromVolumeStableRescueTest-963087896-project-member] Registered counter for database glance
Nov 29 10:09:18 user devstack@g-api.service[78006]: DEBUG oslo_db.sqlalchemy.engines [None req-d02b4153-e20c-4f74-b3c7-6cef959f8891 tempest-ServerBootFromVolumeStableRescueTest-963087896 tempest-ServerBootFromVolumeStableRescueTest-963087896-project-member] MySQL server mode set to STRICT_TRANS_TABLES,STRICT_ALL_TABLES,NO_ZERO_IN_DATE,NO_ZERO_DATE,ERROR_FOR_DIVISION_BY_ZERO,TRADITIONAL,NO_ENGINE_SUBSTITUTION {{(pid=78006) _check_effective_sql_mode /opt/stack/data/venv/lib/python3.10/site-packages/oslo_db/sqlalchemy/engines.py:342}}
Nov 29 10:09:18 user devstack@g-api.service[78006]: DEBUG dbcounter [-] [78006] Writer thread running {{(pid=78006) stat_writer /opt/stack/data/venv/lib/python3.10/site-packages/dbcounter.py:102}}
Nov 29 10:09:18 user devstack@g-api.service[78006]: [pid: 78006|app: 0|req: 6/15] 127.0.0.1 () {42 vars in 1041 bytes} [Wed Nov 29 10:09:18 2023] GET /v2/images/67ff7a45-6b80-41f3-b049-a35789491edf => generated 976 bytes in 231 msecs (HTTP/1.1 200) 4 headers in 157 bytes (1 switches on core 0)
Nov 29 10:09:18 user devstack@g-api.service[78005]: DEBUG glance.api.middleware.version_negotiation [None req-f630ead8-b26f-4ee1-be3a-b0412e5f6adf tempest-ServerRescueNegativeTestJSON-2056495219 tempest-ServerRescueNegativeTestJSON-2056495219-project-member] Determining version of request: GET /v2/schemas/image Accept: */* {{(pid=78005) process_request /opt/stack/glance/glance/api/middleware/version_negotiation.py:44}}
Nov 29 10:09:18 user devstack@g-api.service[78005]: DEBUG glance.api.middleware.version_negotiation [None req-f630ead8-b26f-4ee1-be3a-b0412e5f6adf tempest-ServerRescueNegativeTestJSON-2056495219 tempest-ServerRescueNegativeTestJSON-2056495219-project-member] Using url versioning {{(pid=78005) process_request /opt/stack/glance/glance/api/middleware/version_negotiation.py:57}}
Nov 29 10:09:18 user devstack@g-api.service[78005]: DEBUG glance.api.middleware.version_negotiation [None req-f630ead8-b26f-4ee1-be3a-b0412e5f6adf tempest-ServerRescueNegativeTestJSON-2056495219 tempest-ServerRescueNegativeTestJSON-2056495219-project-member] Matched version: v2 {{(pid=78005) process_request /opt/stack/glance/glance/api/middleware/version_negotiation.py:69}}
Nov 29 10:09:18 user devstack@g-api.service[78005]: DEBUG glance.api.middleware.version_negotiation [None req-f630ead8-b26f-4ee1-be3a-b0412e5f6adf tempest-ServerRescueNegativeTestJSON-2056495219 tempest-ServerRescueNegativeTestJSON-2056495219-project-member] new path /v2/schemas/image {{(pid=78005) process_request /opt/stack/glance/glance/api/middleware/version_negotiation.py:70}}
Nov 29 10:09:18 user devstack@g-api.service[78005]: [pid: 78005|app: 0|req: 5/16] 127.0.0.1 () {42 vars in 981 bytes} [Wed Nov 29 10:09:18 2023] GET /v2/schemas/image => generated 6083 bytes in 12 msecs (HTTP/1.1 200) 4 headers in 158 bytes (1 switches on core 0)
Nov 29 10:09:20 user devstack@g-api.service[78004]: DEBUG glance.api.middleware.version_negotiation [None req-f630ead8-b26f-4ee1-be3a-b0412e5f6adf tempest-ServerRescueNegativeTestJSON-2056495219 tempest-ServerRescueNegativeTestJSON-2056495219-project-member] Determining version of request: GET /v2/images/67ff7a45-6b80-41f3-b049-a35789491edf Accept: */* {{(pid=78004) process_request /opt/stack/glance/glance/api/middleware/version_negotiation.py:44}}
Nov 29 10:09:20 user devstack@g-api.service[78004]: DEBUG glance.api.middleware.version_negotiation [None req-f630ead8-b26f-4ee1-be3a-b0412e5f6adf tempest-ServerRescueNegativeTestJSON-2056495219 tempest-ServerRescueNegativeTestJSON-2056495219-project-member] Using url versioning {{(pid=78004) process_request /opt/stack/glance/glance/api/middleware/version_negotiation.py:57}}
Nov 29 10:09:20 user devstack@g-api.service[78004]: DEBUG glance.api.middleware.version_negotiation [None req-f630ead8-b26f-4ee1-be3a-b0412e5f6adf tempest-ServerRescueNegativeTestJSON-2056495219 tempest-ServerRescueNegativeTestJSON-2056495219-project-member] Matched version: v2 {{(pid=78004) process_request /opt/stack/glance/glance/api/middleware/version_negotiation.py:69}}
Nov 29 10:09:20 user devstack@g-api.service[78004]: DEBUG glance.api.middleware.version_negotiation [None req-f630ead8-b26f-4ee1-be3a-b0412e5f6adf tempest-ServerRescueNegativeTestJSON-2056495219 tempest-ServerRescueNegativeTestJSON-2056495219-project-member] new path /v2/images/67ff7a45-6b80-41f3-b049-a35789491edf {{(pid=78004) process_request /opt/stack/glance/glance/api/middleware/version_negotiation.py:70}}
Nov 29 10:09:20 user devstack@g-api.service[78004]: [pid: 78004|app: 0|req: 6/17] 127.0.0.1 () {42 vars in 1041 bytes} [Wed Nov 29 10:09:20 2023] GET /v2/images/67ff7a45-6b80-41f3-b049-a35789491edf => generated 976 bytes in 27 msecs (HTTP/1.1 200) 4 headers in 157 bytes (1 switches on core 0)
Nov 29 10:09:20 user devstack@g-api.service[78006]: DEBUG glance.api.middleware.version_negotiation [None req-d02b4153-e20c-4f74-b3c7-6cef959f8891 tempest-ServerBootFromVolumeStableRescueTest-963087896 tempest-ServerBootFromVolumeStableRescueTest-963087896-project-member] Determining version of request: GET /v2/schemas/image Accept: */* {{(pid=78006) process_request /opt/stack/glance/glance/api/middleware/version_negotiation.py:44}}
Nov 29 10:09:20 user devstack@g-api.service[78006]: DEBUG glance.api.middleware.version_negotiation [None req-d02b4153-e20c-4f74-b3c7-6cef959f8891 tempest-ServerBootFromVolumeStableRescueTest-963087896 tempest-ServerBootFromVolumeStableRescueTest-963087896-project-member] Using url versioning {{(pid=78006) process_request /opt/stack/glance/glance/api/middleware/version_negotiation.py:57}}
Nov 29 10:09:20 user devstack@g-api.service[78006]: DEBUG glance.api.middleware.version_negotiation [None req-d02b4153-e20c-4f74-b3c7-6cef959f8891 tempest-ServerBootFromVolumeStableRescueTest-963087896 tempest-ServerBootFromVolumeStableRescueTest-963087896-project-member] Matched version: v2 {{(pid=78006) process_request /opt/stack/glance/glance/api/middleware/version_negotiation.py:69}}
Nov 29 10:09:20 user devstack@g-api.service[78006]: DEBUG glance.api.middleware.version_negotiation [None req-d02b4153-e20c-4f74-b3c7-6cef959f8891 tempest-ServerBootFromVolumeStableRescueTest-963087896 tempest-ServerBootFromVolumeStableRescueTest-963087896-project-member] new path /v2/schemas/image {{(pid=78006) process_request /opt/stack/glance/glance/api/middleware/version_negotiation.py:70}}
Nov 29 10:09:20 user devstack@g-api.service[78006]: [pid: 78006|app: 0|req: 7/18] 127.0.0.1 () {42 vars in 981 bytes} [Wed Nov 29 10:09:20 2023] GET /v2/schemas/image => generated 6083 bytes in 9 msecs (HTTP/1.1 200) 4 headers in 158 bytes (1 switches on core 0)
Nov 29 10:09:21 user devstack@g-api.service[78005]: DEBUG glance.api.middleware.version_negotiation [None req-d02b4153-e20c-4f74-b3c7-6cef959f8891 tempest-ServerBootFromVolumeStableRescueTest-963087896 tempest-ServerBootFromVolumeStableRescueTest-963087896-project-member] Determining version of request: GET /v2/images/67ff7a45-6b80-41f3-b049-a35789491edf Accept: */* {{(pid=78005) process_request /opt/stack/glance/glance/api/middleware/version_negotiation.py:44}}
Nov 29 10:09:21 user devstack@g-api.service[78005]: DEBUG glance.api.middleware.version_negotiation [None req-d02b4153-e20c-4f74-b3c7-6cef959f8891 tempest-ServerBootFromVolumeStableRescueTest-963087896 tempest-ServerBootFromVolumeStableRescueTest-963087896-project-member] Using url versioning {{(pid=78005) process_request /opt/stack/glance/glance/api/middleware/version_negotiation.py:57}}
Nov 29 10:09:21 user devstack@g-api.service[78005]: DEBUG glance.api.middleware.version_negotiation [None req-d02b4153-e20c-4f74-b3c7-6cef959f8891 tempest-ServerBootFromVolumeStableRescueTest-963087896 tempest-ServerBootFromVolumeStableRescueTest-963087896-project-member] Matched version: v2 {{(pid=78005) process_request /opt/stack/glance/glance/api/middleware/version_negotiation.py:69}}
Nov 29 10:09:21 user devstack@g-api.service[78005]: DEBUG glance.api.middleware.version_negotiation [None req-d02b4153-e20c-4f74-b3c7-6cef959f8891 tempest-ServerBootFromVolumeStableRescueTest-963087896 tempest-ServerBootFromVolumeStableRescueTest-963087896-project-member] new path /v2/images/67ff7a45-6b80-41f3-b049-a35789491edf {{(pid=78005) process_request /opt/stack/glance/glance/api/middleware/version_negotiation.py:70}}
Nov 29 10:09:21 user devstack@g-api.service[78005]: [pid: 78005|app: 0|req: 6/19] 127.0.0.1 () {42 vars in 1041 bytes} [Wed Nov 29 10:09:21 2023] GET /v2/images/67ff7a45-6b80-41f3-b049-a35789491edf => generated 976 bytes in 21 msecs (HTTP/1.1 200) 4 headers in 157 bytes (1 switches on core 0)
Nov 29 10:09:21 user devstack@g-api.service[78004]: DEBUG glance.api.middleware.version_negotiation [None req-e8f9e77b-799b-4830-a2ed-aa00e4046357 tempest-ServerRescueNegativeTestJSON-2056495219 tempest-ServerRescueNegativeTestJSON-2056495219-project-member] Determining version of request: GET /v2/schemas/image Accept: */* {{(pid=78004) process_request /opt/stack/glance/glance/api/middleware/version_negotiation.py:44}}
Nov 29 10:09:21 user devstack@g-api.service[78004]: DEBUG glance.api.middleware.version_negotiation [None req-e8f9e77b-799b-4830-a2ed-aa00e4046357 tempest-ServerRescueNegativeTestJSON-2056495219 tempest-ServerRescueNegativeTestJSON-2056495219-project-member] Using url versioning {{(pid=78004) process_request /opt/stack/glance/glance/api/middleware/version_negotiation.py:57}}
Nov 29 10:09:21 user devstack@g-api.service[78004]: DEBUG glance.api.middleware.version_negotiation [None req-e8f9e77b-799b-4830-a2ed-aa00e4046357 tempest-ServerRescueNegativeTestJSON-2056495219 tempest-ServerRescueNegativeTestJSON-2056495219-project-member] Matched version: v2 {{(pid=78004) process_request /opt/stack/glance/glance/api/middleware/version_negotiation.py:69}}
Nov 29 10:09:21 user devstack@g-api.service[78004]: DEBUG glance.api.middleware.version_negotiation [None req-e8f9e77b-799b-4830-a2ed-aa00e4046357 tempest-ServerRescueNegativeTestJSON-2056495219 tempest-ServerRescueNegativeTestJSON-2056495219-project-member] new path /v2/schemas/image {{(pid=78004) process_request /opt/stack/glance/glance/api/middleware/version_negotiation.py:70}}
Nov 29 10:09:21 user devstack@g-api.service[78004]: [pid: 78004|app: 0|req: 7/20] 127.0.0.1 () {42 vars in 981 bytes} [Wed Nov 29 10:09:21 2023] GET /v2/schemas/image => generated 6083 bytes in 8 msecs (HTTP/1.1 200) 4 headers in 158 bytes (1 switches on core 0)
Nov 29 10:09:22 user devstack@g-api.service[78006]: DEBUG glance.api.middleware.version_negotiation [None req-e8f9e77b-799b-4830-a2ed-aa00e4046357 tempest-ServerRescueNegativeTestJSON-2056495219 tempest-ServerRescueNegativeTestJSON-2056495219-project-member] Determining version of request: GET /v2/images/67ff7a45-6b80-41f3-b049-a35789491edf Accept: */* {{(pid=78006) process_request /opt/stack/glance/glance/api/middleware/version_negotiation.py:44}}
Nov 29 10:09:22 user devstack@g-api.service[78006]: DEBUG glance.api.middleware.version_negotiation [None req-e8f9e77b-799b-4830-a2ed-aa00e4046357 tempest-ServerRescueNegativeTestJSON-2056495219 tempest-ServerRescueNegativeTestJSON-2056495219-project-member] Using url versioning {{(pid=78006) process_request /opt/stack/glance/glance/api/middleware/version_negotiation.py:57}}
Nov 29 10:09:22 user devstack@g-api.service[78006]: DEBUG glance.api.middleware.version_negotiation [None req-e8f9e77b-799b-4830-a2ed-aa00e4046357 tempest-ServerRescueNegativeTestJSON-2056495219 tempest-ServerRescueNegativeTestJSON-2056495219-project-member] Matched version: v2 {{(pid=78006) process_request /opt/stack/glance/glance/api/middleware/version_negotiation.py:69}}
Nov 29 10:09:22 user devstack@g-api.service[78006]: DEBUG glance.api.middleware.version_negotiation [None req-e8f9e77b-799b-4830-a2ed-aa00e4046357 tempest-ServerRescueNegativeTestJSON-2056495219 tempest-ServerRescueNegativeTestJSON-2056495219-project-member] new path /v2/images/67ff7a45-6b80-41f3-b049-a35789491edf {{(pid=78006) process_request /opt/stack/glance/glance/api/middleware/version_negotiation.py:70}}
Nov 29 10:09:22 user devstack@g-api.service[78006]: [pid: 78006|app: 0|req: 8/21] 127.0.0.1 () {42 vars in 1041 bytes} [Wed Nov 29 10:09:22 2023] GET /v2/images/67ff7a45-6b80-41f3-b049-a35789491edf => generated 976 bytes in 192 msecs (HTTP/1.1 200) 4 headers in 157 bytes (1 switches on core 0)
Nov 29 10:09:22 user devstack@g-api.service[78005]: DEBUG glance.api.middleware.version_negotiation [None req-c0ba401b-9f07-4913-a9b2-02aecd032cdb tempest-ServerActionsTestOtherB-1460661515 tempest-ServerActionsTestOtherB-1460661515-project-member] Determining version of request: GET /v2/images/67ff7a45-6b80-41f3-b049-a35789491edf/file Accept: */* {{(pid=78005) process_request /opt/stack/glance/glance/api/middleware/version_negotiation.py:44}}
Nov 29 10:09:22 user devstack@g-api.service[78005]: DEBUG glance.api.middleware.version_negotiation [None req-c0ba401b-9f07-4913-a9b2-02aecd032cdb tempest-ServerActionsTestOtherB-1460661515 tempest-ServerActionsTestOtherB-1460661515-project-member] Using url versioning {{(pid=78005) process_request /opt/stack/glance/glance/api/middleware/version_negotiation.py:57}}
Nov 29 10:09:22 user devstack@g-api.service[78005]: DEBUG glance.api.middleware.version_negotiation [None req-c0ba401b-9f07-4913-a9b2-02aecd032cdb tempest-ServerActionsTestOtherB-1460661515 tempest-ServerActionsTestOtherB-1460661515-project-member] Matched version: v2 {{(pid=78005) process_request /opt/stack/glance/glance/api/middleware/version_negotiation.py:69}}
Nov 29 10:09:22 user devstack@g-api.service[78005]: DEBUG glance.api.middleware.version_negotiation [None req-c0ba401b-9f07-4913-a9b2-02aecd032cdb tempest-ServerActionsTestOtherB-1460661515 tempest-ServerActionsTestOtherB-1460661515-project-member] new path /v2/images/67ff7a45-6b80-41f3-b049-a35789491edf/file {{(pid=78005) process_request /opt/stack/glance/glance/api/middleware/version_negotiation.py:70}}
Nov 29 10:09:22 user devstack@g-api.service[78005]: DEBUG glance_store._drivers.filesystem [None req-f630ead8-b26f-4ee1-be3a-b0412e5f6adf tempest-ServerRescueNegativeTestJSON-2056495219 tempest-ServerRescueNegativeTestJSON-2056495219-project-member] Found image at /opt/stack/data/glance/images/67ff7a45-6b80-41f3-b049-a35789491edf. Returning in ChunkedFile. {{(pid=78005) get /opt/stack/data/venv/lib/python3.10/site-packages/glance_store/_drivers/filesystem.py:614}}
Nov 29 10:09:22 user devstack@g-api.service[78005]: DEBUG glance.image_cache [None req-f630ead8-b26f-4ee1-be3a-b0412e5f6adf tempest-ServerRescueNegativeTestJSON-2056495219 tempest-ServerRescueNegativeTestJSON-2056495219-project-member] Tee'ing image '67ff7a45-6b80-41f3-b049-a35789491edf' into cache {{(pid=78005) get_caching_iter /opt/stack/glance/glance/image_cache/__init__.py:343}}
Nov 29 10:09:22 user devstack@g-api.service[78005]: DEBUG glance.image_cache.drivers.sqlite [None req-f630ead8-b26f-4ee1-be3a-b0412e5f6adf tempest-ServerRescueNegativeTestJSON-2056495219 tempest-ServerRescueNegativeTestJSON-2056495219-project-member] Fetch finished, moving '/opt/stack/data/glance/cache/incomplete/67ff7a45-6b80-41f3-b049-a35789491edf' to '/opt/stack/data/glance/cache/67ff7a45-6b80-41f3-b049-a35789491edf' {{(pid=78005) commit /opt/stack/glance/glance/image_cache/drivers/sqlite.py:324}}
Nov 29 10:09:22 user devstack@g-api.service[78005]: [pid: 78005|app: 0|req: 7/22] 127.0.0.1 () {42 vars in 1051 bytes} [Wed Nov 29 10:09:22 2023] GET /v2/images/67ff7a45-6b80-41f3-b049-a35789491edf/file => generated 21430272 bytes in 234 msecs (HTTP/1.1 200) 4 headers in 191 bytes (328 switches on core 0)
Nov 29 10:09:30 user devstack@g-api.service[78004]: DEBUG dbcounter [-] [78004] Writing DB stats glance:SELECT=4 {{(pid=78004) stat_writer /opt/stack/data/venv/lib/python3.10/site-packages/dbcounter.py:115}}
Nov 29 10:09:32 user devstack@g-api.service[78006]: DEBUG dbcounter [-] [78006] Writing DB stats glance:SELECT=9 {{(pid=78006) stat_writer /opt/stack/data/venv/lib/python3.10/site-packages/dbcounter.py:115}}
Nov 29 10:09:32 user devstack@g-api.service[78005]: DEBUG dbcounter [-] [78005] Writing DB stats glance:SELECT=20 {{(pid=78005) stat_writer /opt/stack/data/venv/lib/python3.10/site-packages/dbcounter.py:115}}
Nov 29 10:09:37 user devstack@g-api.service[78004]: DEBUG glance.api.middleware.version_negotiation [None req-c0ba401b-9f07-4913-a9b2-02aecd032cdb tempest-ServerActionsTestOtherB-1460661515 tempest-ServerActionsTestOtherB-1460661515-project-member] Determining version of request: GET /v2/images/67ff7a45-6b80-41f3-b049-a35789491edf Accept: */* {{(pid=78004) process_request /opt/stack/glance/glance/api/middleware/version_negotiation.py:44}}
Nov 29 10:09:37 user devstack@g-api.service[78004]: DEBUG glance.api.middleware.version_negotiation [None req-c0ba401b-9f07-4913-a9b2-02aecd032cdb tempest-ServerActionsTestOtherB-1460661515 tempest-ServerActionsTestOtherB-1460661515-project-member] Using url versioning {{(pid=78004) process_request /opt/stack/glance/glance/api/middleware/version_negotiation.py:57}}
Nov 29 10:09:37 user devstack@g-api.service[78004]: DEBUG glance.api.middleware.version_negotiation [None req-c0ba401b-9f07-4913-a9b2-02aecd032cdb tempest-ServerActionsTestOtherB-1460661515 tempest-ServerActionsTestOtherB-1460661515-project-member] Matched version: v2 {{(pid=78004) process_request /opt/stack/glance/glance/api/middleware/version_negotiation.py:69}}
Nov 29 10:09:37 user devstack@g-api.service[78004]: DEBUG glance.api.middleware.version_negotiation [None req-c0ba401b-9f07-4913-a9b2-02aecd032cdb tempest-ServerActionsTestOtherB-1460661515 tempest-ServerActionsTestOtherB-1460661515-project-member] new path /v2/images/67ff7a45-6b80-41f3-b049-a35789491edf {{(pid=78004) process_request /opt/stack/glance/glance/api/middleware/version_negotiation.py:70}}
Nov 29 10:09:37 user devstack@g-api.service[78004]: [pid: 78004|app: 0|req: 8/23] 127.0.0.1 () {40 vars in 834 bytes} [Wed Nov 29 10:09:37 2023] GET /v2/images/67ff7a45-6b80-41f3-b049-a35789491edf => generated 976 bytes in 19 msecs (HTTP/1.1 200) 4 headers in 157 bytes (1 switches on core 0)
Nov 29 10:09:37 user devstack@g-api.service[78006]: DEBUG glance.api.middleware.version_negotiation [None req-f630ead8-b26f-4ee1-be3a-b0412e5f6adf tempest-ServerRescueNegativeTestJSON-2056495219 tempest-ServerRescueNegativeTestJSON-2056495219-project-member] Determining version of request: GET /v2/schemas/image Accept: */* {{(pid=78006) process_request /opt/stack/glance/glance/api/middleware/version_negotiation.py:44}}
Nov 29 10:09:37 user devstack@g-api.service[78006]: DEBUG glance.api.middleware.version_negotiation [None req-f630ead8-b26f-4ee1-be3a-b0412e5f6adf tempest-ServerRescueNegativeTestJSON-2056495219 tempest-ServerRescueNegativeTestJSON-2056495219-project-member] Using url versioning {{(pid=78006) process_request /opt/stack/glance/glance/api/middleware/version_negotiation.py:57}}
