Nov 29 10:09:56 user devstack@n-api.service[65225]: DEBUG oslo_concurrency.lockutils [req-591fc045-1ef8-4121-9997-6adabdc3a0e6 req-4127e69d-77da-4d49-807a-5f21eea12896 service nova] Lock "3f496b59-6642-4f2e-b751-7e59dd8d86b6" acquired by "nova.context.set_target_cell..get_or_set_cached_cell_and_set_connections" :: waited 0.001s {{(pid=65225) inner /opt/stack/data/venv/lib/python3.10/site-packages/oslo_concurrency/lockutils.py:409}}
Nov 29 10:09:56 user devstack@n-api.service[65225]: DEBUG oslo_concurrency.lockutils [req-591fc045-1ef8-4121-9997-6adabdc3a0e6 req-4127e69d-77da-4d49-807a-5f21eea12896 service nova] Lock "3f496b59-6642-4f2e-b751-7e59dd8d86b6" "released" by "nova.context.set_target_cell..get_or_set_cached_cell_and_set_connections" :: held 0.000s {{(pid=65225) inner /opt/stack/data/venv/lib/python3.10/site-packages/oslo_concurrency/lockutils.py:423}}
Nov 29 10:09:56 user devstack@n-api.service[65223]: DEBUG nova.virt.hardware [None req-e9a29b30-78f0-45ad-b70d-9d7acd181bff tempest-VolumesAssistedSnapshotsTest-672821839 tempest-VolumesAssistedSnapshotsTest-672821839-project-member] Flavor limits 0:0:0 {{(pid=65223) get_cpu_topology_constraints /opt/stack/nova/nova/virt/hardware.py:348}}
Nov 29 10:09:56 user devstack@n-api.service[65223]: DEBUG nova.virt.hardware [None req-e9a29b30-78f0-45ad-b70d-9d7acd181bff tempest-VolumesAssistedSnapshotsTest-672821839 tempest-VolumesAssistedSnapshotsTest-672821839-project-member] Image limits 0:0:0 {{(pid=65223) get_cpu_topology_constraints /opt/stack/nova/nova/virt/hardware.py:352}}
Nov 29 10:09:56 user devstack@n-api.service[65223]: DEBUG nova.virt.hardware [None req-e9a29b30-78f0-45ad-b70d-9d7acd181bff tempest-VolumesAssistedSnapshotsTest-672821839 tempest-VolumesAssistedSnapshotsTest-672821839-project-member] Flavor pref 0:0:0 {{(pid=65223) get_cpu_topology_constraints /opt/stack/nova/nova/virt/hardware.py:388}}
Nov 29 10:09:56 user devstack@n-api.service[65223]: DEBUG nova.virt.hardware [None req-e9a29b30-78f0-45ad-b70d-9d7acd181bff tempest-VolumesAssistedSnapshotsTest-672821839 tempest-VolumesAssistedSnapshotsTest-672821839-project-member] Image pref 0:0:0 {{(pid=65223) get_cpu_topology_constraints /opt/stack/nova/nova/virt/hardware.py:392}}
Nov 29 10:09:56 user devstack@n-api.service[65223]: DEBUG nova.virt.hardware [None req-e9a29b30-78f0-45ad-b70d-9d7acd181bff tempest-VolumesAssistedSnapshotsTest-672821839 tempest-VolumesAssistedSnapshotsTest-672821839-project-member] Chose sockets=0, cores=0, threads=0; limits were sockets=65536, cores=65536, threads=65536 {{(pid=65223) get_cpu_topology_constraints /opt/stack/nova/nova/virt/hardware.py:430}}
Nov 29 10:09:56 user devstack@n-api.service[65223]: DEBUG oslo_concurrency.lockutils [None req-e9a29b30-78f0-45ad-b70d-9d7acd181bff tempest-VolumesAssistedSnapshotsTest-672821839 tempest-VolumesAssistedSnapshotsTest-672821839-project-member] Acquiring lock "00000000-0000-0000-0000-000000000000" by "nova.context.set_target_cell..get_or_set_cached_cell_and_set_connections" {{(pid=65223) inner /opt/stack/data/venv/lib/python3.10/site-packages/oslo_concurrency/lockutils.py:404}}
Nov 29 10:09:56 user devstack@n-api.service[65223]: DEBUG oslo_concurrency.lockutils [None req-e9a29b30-78f0-45ad-b70d-9d7acd181bff tempest-VolumesAssistedSnapshotsTest-672821839 tempest-VolumesAssistedSnapshotsTest-672821839-project-member] Lock "00000000-0000-0000-0000-000000000000" acquired by "nova.context.set_target_cell..get_or_set_cached_cell_and_set_connections" :: waited 0.001s {{(pid=65223) inner /opt/stack/data/venv/lib/python3.10/site-packages/oslo_concurrency/lockutils.py:409}}
Nov 29 10:09:56 user devstack@n-api.service[65223]: DEBUG oslo_concurrency.lockutils [None req-e9a29b30-78f0-45ad-b70d-9d7acd181bff tempest-VolumesAssistedSnapshotsTest-672821839 tempest-VolumesAssistedSnapshotsTest-672821839-project-member] Lock "00000000-0000-0000-0000-000000000000" "released" by "nova.context.set_target_cell..get_or_set_cached_cell_and_set_connections" :: held 0.001s {{(pid=65223) inner /opt/stack/data/venv/lib/python3.10/site-packages/oslo_concurrency/lockutils.py:423}}
Nov 29 10:09:56 user devstack@n-api.service[65223]: DEBUG oslo_concurrency.lockutils [None req-e9a29b30-78f0-45ad-b70d-9d7acd181bff tempest-VolumesAssistedSnapshotsTest-672821839 tempest-VolumesAssistedSnapshotsTest-672821839-project-member] Acquiring lock "3f496b59-6642-4f2e-b751-7e59dd8d86b6" by "nova.context.set_target_cell..get_or_set_cached_cell_and_set_connections" {{(pid=65223) inner /opt/stack/data/venv/lib/python3.10/site-packages/oslo_concurrency/lockutils.py:404}}
Nov 29 10:09:56 user devstack@n-api.service[65223]: DEBUG oslo_concurrency.lockutils [None req-e9a29b30-78f0-45ad-b70d-9d7acd181bff tempest-VolumesAssistedSnapshotsTest-672821839 tempest-VolumesAssistedSnapshotsTest-672821839-project-member] Lock "3f496b59-6642-4f2e-b751-7e59dd8d86b6" acquired by "nova.context.set_target_cell..get_or_set_cached_cell_and_set_connections" :: waited 0.001s {{(pid=65223) inner /opt/stack/data/venv/lib/python3.10/site-packages/oslo_concurrency/lockutils.py:409}}
Nov 29 10:09:56 user devstack@n-api.service[65223]: DEBUG oslo_concurrency.lockutils [None req-e9a29b30-78f0-45ad-b70d-9d7acd181bff tempest-VolumesAssistedSnapshotsTest-672821839 tempest-VolumesAssistedSnapshotsTest-672821839-project-member] Lock "3f496b59-6642-4f2e-b751-7e59dd8d86b6" "released" by "nova.context.set_target_cell..get_or_set_cached_cell_and_set_connections" :: held 0.001s {{(pid=65223) inner /opt/stack/data/venv/lib/python3.10/site-packages/oslo_concurrency/lockutils.py:423}}
Nov 29 10:09:56 user devstack@n-api.service[65223]: DEBUG nova.quota [None req-e9a29b30-78f0-45ad-b70d-9d7acd181bff tempest-VolumesAssistedSnapshotsTest-672821839 tempest-VolumesAssistedSnapshotsTest-672821839-project-member] Getting quotas for project fbf978fc280148cebec10bed0ec09dfc. Resources: {'ram', 'instances', 'cores'} {{(pid=65223) _get_quotas /opt/stack/nova/nova/quota.py:393}}
Nov 29 10:09:56 user devstack@n-api.service[65225]: INFO nova.api.openstack.compute.server_external_events [req-591fc045-1ef8-4121-9997-6adabdc3a0e6 req-4127e69d-77da-4d49-807a-5f21eea12896 service nova] Creating event network-changed:15b88e0d-b43b-401d-95a6-19a5a4ff3b73 for instance c8eec498-bb1e-4f92-b5d0-b783c944bad3 on user
Nov 29 10:09:56 user devstack@n-api.service[65223]: DEBUG nova.quota [None req-e9a29b30-78f0-45ad-b70d-9d7acd181bff tempest-VolumesAssistedSnapshotsTest-672821839 tempest-VolumesAssistedSnapshotsTest-672821839-project-member] Getting quotas for user ae690582d9ed43a0aa6a1db1f2bfc241 and project fbf978fc280148cebec10bed0ec09dfc. Resources: {'ram', 'instances', 'cores'} {{(pid=65223) _get_quotas /opt/stack/nova/nova/quota.py:383}}
Nov 29 10:09:57 user devstack@n-api.service[65225]: INFO nova.api.openstack.requestlog [req-591fc045-1ef8-4121-9997-6adabdc3a0e6 req-4127e69d-77da-4d49-807a-5f21eea12896 service nova] 10.0.0.210 "POST /compute/v2.1/os-server-external-events" status: 200 len: 179 microversion: 2.1 time: 0.447039
Nov 29 10:09:57 user devstack@n-api.service[65225]: [pid: 65225|app: 0|req: 39/113] 10.0.0.210 () {68 vars in 1394 bytes} [Wed Nov 29 10:09:56 2023] POST /compute/v2.1/os-server-external-events => generated 179 bytes in 453 msecs (HTTP/1.1 200) 9 headers in 357 bytes (1 switches on core 0)
Nov 29 10:09:57 user devstack@n-api.service[65223]: DEBUG nova.compute.api [None req-e9a29b30-78f0-45ad-b70d-9d7acd181bff tempest-VolumesAssistedSnapshotsTest-672821839 tempest-VolumesAssistedSnapshotsTest-672821839-project-member] Going to run 1 instances... {{(pid=65223) _provision_instances /opt/stack/nova/nova/compute/api.py:1404}}
Nov 29 10:09:57 user devstack@n-api.service[65223]: DEBUG nova.compute.api [None req-e9a29b30-78f0-45ad-b70d-9d7acd181bff tempest-VolumesAssistedSnapshotsTest-672821839 tempest-VolumesAssistedSnapshotsTest-672821839-project-member] [instance: b4b8c7e4-b85d-49e9-a1c0-834ec56ff8a0] block_device_mapping [BlockDeviceMapping(attachment_id=,boot_index=0,connection_info=None,created_at=,delete_on_termination=True,deleted=,deleted_at=,destination_type='local',device_name=None,device_type='disk',disk_bus=None,encrypted=False,encryption_format=None,encryption_options=None,encryption_secret_uuid=None,guest_format=None,id=,image_id='67ff7a45-6b80-41f3-b049-a35789491edf',instance=,instance_uuid=,no_device=False,snapshot_id=None,source_type='image',tag=None,updated_at=,uuid=,volume_id=None,volume_size=None,volume_type=None)] {{(pid=65223) _bdm_validate_set_size_and_instance /opt/stack/nova/nova/compute/api.py:1865}}
Nov 29 10:09:57 user devstack@n-api.service[65223]: INFO nova.api.openstack.requestlog [None req-e9a29b30-78f0-45ad-b70d-9d7acd181bff tempest-VolumesAssistedSnapshotsTest-672821839 tempest-VolumesAssistedSnapshotsTest-672821839-project-member] 10.0.0.210 "POST /compute/v2.1/servers" status: 202 len: 403 microversion: 2.1 time: 2.688909
Nov 29 10:09:57 user devstack@n-api.service[65223]: [pid: 65223|app: 0|req: 35/114] 10.0.0.210 () {64 vars in 1224 bytes} [Wed Nov 29 10:09:54 2023] POST /compute/v2.1/servers => generated 403 bytes in 2690 msecs (HTTP/1.1 202) 10 headers in 450 bytes (1 switches on core 0)
Nov 29 10:09:57 user devstack@n-api.service[65224]: DEBUG nova.api.openstack.wsgi [None req-00dcfe8e-a6ea-45a2-9c68-8b836f87981f tempest-VolumesAssistedSnapshotsTest-672821839 tempest-VolumesAssistedSnapshotsTest-672821839-project-member] Calling method '>' {{(pid=65224) _process_stack /opt/stack/nova/nova/api/openstack/wsgi.py:513}}
Nov 29 10:09:57 user devstack@n-api.service[65224]: DEBUG nova.compute.api [None req-00dcfe8e-a6ea-45a2-9c68-8b836f87981f tempest-VolumesAssistedSnapshotsTest-672821839 tempest-VolumesAssistedSnapshotsTest-672821839-project-member] [instance: b4b8c7e4-b85d-49e9-a1c0-834ec56ff8a0] Fetching instance by UUID {{(pid=65224) get /opt/stack/nova/nova/compute/api.py:2978}}
Nov 29 10:09:57 user devstack@n-api.service[65224]: DEBUG nova.policy [None req-00dcfe8e-a6ea-45a2-9c68-8b836f87981f tempest-VolumesAssistedSnapshotsTest-672821839 tempest-VolumesAssistedSnapshotsTest-672821839-project-member] Policy check for os_compute_api:os-extended-server-attributes failed with credentials {'is_admin': False, 'user_id': 'ae690582d9ed43a0aa6a1db1f2bfc241', 'user_domain_id': 'default', 'system_scope': None, 'domain_id': None, 'project_id': 'fbf978fc280148cebec10bed0ec09dfc', 'project_domain_id': 'default', 'roles': ['reader', 'member'], 'is_admin_project': True, 'service_user_id': None, 'service_user_domain_id': None, 'service_project_id': None, 'service_project_domain_id': None, 'service_roles': []} {{(pid=65224) authorize /opt/stack/nova/nova/policy.py:203}}
Nov 29 10:09:57 user devstack@n-api.service[65224]: INFO nova.api.openstack.requestlog [None req-00dcfe8e-a6ea-45a2-9c68-8b836f87981f tempest-VolumesAssistedSnapshotsTest-672821839 tempest-VolumesAssistedSnapshotsTest-672821839-project-member] 10.0.0.210 "GET /compute/v2.1/servers/b4b8c7e4-b85d-49e9-a1c0-834ec56ff8a0" status: 200 len: 1238 microversion: 2.1 time: 0.188643
Nov 29 10:09:57 user devstack@n-api.service[65224]: [pid: 65224|app: 0|req: 41/115] 10.0.0.210 () {62 vars in 1313 bytes} [Wed Nov 29 10:09:57 2023] GET /compute/v2.1/servers/b4b8c7e4-b85d-49e9-a1c0-834ec56ff8a0 => generated 1238 bytes in 190 msecs (HTTP/1.1 200) 9 headers in 358 bytes (1 switches on core 0)
Nov 29 10:09:59 user devstack@n-api.service[65225]: DEBUG nova.api.openstack.wsgi [req-bfdab75c-e920-4189-ae2d-cb588ba48d02 req-32b01160-b29f-44f4-bcd0-263d138983a0 service nova] Action: 'create', calling method: >, body: {"events": [{"name": "network-changed", "server_uuid": "01d6a53a-8ec0-4784-a97e-3784a0c09217", "tag": "48c66999-379b-4401-ac7c-e7a52d0a8dc5"}]} {{(pid=65225) _process_stack /opt/stack/nova/nova/api/openstack/wsgi.py:511}}
Nov 29 10:09:59 user devstack@n-api.service[65225]: DEBUG oslo_concurrency.lockutils [req-bfdab75c-e920-4189-ae2d-cb588ba48d02 req-32b01160-b29f-44f4-bcd0-263d138983a0 service nova] Acquiring lock "3f496b59-6642-4f2e-b751-7e59dd8d86b6" by "nova.context.set_target_cell..get_or_set_cached_cell_and_set_connections" {{(pid=65225) inner /opt/stack/data/venv/lib/python3.10/site-packages/oslo_concurrency/lockutils.py:404}}
Nov 29 10:09:59 user devstack@n-api.service[65225]: DEBUG oslo_concurrency.lockutils [req-bfdab75c-e920-4189-ae2d-cb588ba48d02 req-32b01160-b29f-44f4-bcd0-263d138983a0 service nova] Lock "3f496b59-6642-4f2e-b751-7e59dd8d86b6" acquired by "nova.context.set_target_cell..get_or_set_cached_cell_and_set_connections" :: waited 0.001s {{(pid=65225) inner /opt/stack/data/venv/lib/python3.10/site-packages/oslo_concurrency/lockutils.py:409}}
Nov 29 10:09:59 user devstack@n-api.service[65225]: DEBUG oslo_concurrency.lockutils [req-bfdab75c-e920-4189-ae2d-cb588ba48d02 req-32b01160-b29f-44f4-bcd0-263d138983a0 service nova] Lock "3f496b59-6642-4f2e-b751-7e59dd8d86b6" "released" by "nova.context.set_target_cell..get_or_set_cached_cell_and_set_connections" :: held 0.000s {{(pid=65225) inner /opt/stack/data/venv/lib/python3.10/site-packages/oslo_concurrency/lockutils.py:423}}
Nov 29 10:09:59 user devstack@n-api.service[65225]: INFO nova.api.openstack.compute.server_external_events [req-bfdab75c-e920-4189-ae2d-cb588ba48d02 req-32b01160-b29f-44f4-bcd0-263d138983a0 service nova] Creating event network-changed:48c66999-379b-4401-ac7c-e7a52d0a8dc5 for instance 01d6a53a-8ec0-4784-a97e-3784a0c09217 on user
Nov 29 10:09:59 user devstack@n-api.service[65225]: INFO nova.api.openstack.requestlog [req-bfdab75c-e920-4189-ae2d-cb588ba48d02 req-32b01160-b29f-44f4-bcd0-263d138983a0 service nova] 10.0.0.210 "POST /compute/v2.1/os-server-external-events" status: 200 len: 179 microversion: 2.1 time: 0.052799
Nov 29 10:09:59 user devstack@n-api.service[65225]: [pid: 65225|app: 0|req: 40/116] 10.0.0.210 () {68 vars in 1394 bytes} [Wed Nov 29 10:09:59 2023] POST /compute/v2.1/os-server-external-events => generated 179 bytes in 55 msecs (HTTP/1.1 200) 9 headers in 357 bytes (1 switches on core 0)
Nov 29 10:09:59 user devstack@n-api.service[65223]: DEBUG nova.api.openstack.wsgi [req-39c564bd-6fca-4fbd-9a1d-c9db8f0281b5 req-9c807dd2-d38d-4cac-bb53-5f7f61b095f5 service nova] Action: 'create', calling method: >, body: {"events": [{"name": "network-changed", "server_uuid": "a83ae61b-b74e-4aa1-a0e6-77aefc15ef71", "tag": "59a8f5bc-452c-4d9d-ac9e-335576982474"}]} {{(pid=65223) _process_stack /opt/stack/nova/nova/api/openstack/wsgi.py:511}}
Nov 29 10:09:59 user devstack@n-api.service[65223]: DEBUG oslo_concurrency.lockutils [req-39c564bd-6fca-4fbd-9a1d-c9db8f0281b5 req-9c807dd2-d38d-4cac-bb53-5f7f61b095f5 service nova] Acquiring lock "3f496b59-6642-4f2e-b751-7e59dd8d86b6" by "nova.context.set_target_cell..get_or_set_cached_cell_and_set_connections" {{(pid=65223) inner /opt/stack/data/venv/lib/python3.10/site-packages/oslo_concurrency/lockutils.py:404}}
Nov 29 10:09:59 user devstack@n-api.service[65223]: DEBUG oslo_concurrency.lockutils [req-39c564bd-6fca-4fbd-9a1d-c9db8f0281b5 req-9c807dd2-d38d-4cac-bb53-5f7f61b095f5 service nova] Lock "3f496b59-6642-4f2e-b751-7e59dd8d86b6" acquired by "nova.context.set_target_cell..get_or_set_cached_cell_and_set_connections" :: waited 0.001s {{(pid=65223) inner /opt/stack/data/venv/lib/python3.10/site-packages/oslo_concurrency/lockutils.py:409}}
Nov 29 10:09:59 user devstack@n-api.service[65223]: DEBUG oslo_concurrency.lockutils [req-39c564bd-6fca-4fbd-9a1d-c9db8f0281b5 req-9c807dd2-d38d-4cac-bb53-5f7f61b095f5 service nova] Lock "3f496b59-6642-4f2e-b751-7e59dd8d86b6" "released" by "nova.context.set_target_cell..get_or_set_cached_cell_and_set_connections" :: held 0.001s {{(pid=65223) inner /opt/stack/data/venv/lib/python3.10/site-packages/oslo_concurrency/lockutils.py:423}}
Nov 29 10:09:59 user devstack@n-api.service[65223]: INFO nova.api.openstack.compute.server_external_events [req-39c564bd-6fca-4fbd-9a1d-c9db8f0281b5 req-9c807dd2-d38d-4cac-bb53-5f7f61b095f5 service nova] Creating event network-changed:59a8f5bc-452c-4d9d-ac9e-335576982474 for instance a83ae61b-b74e-4aa1-a0e6-77aefc15ef71 on user
Nov 29 10:09:59 user devstack@n-api.service[65223]: INFO nova.api.openstack.requestlog [req-39c564bd-6fca-4fbd-9a1d-c9db8f0281b5 req-9c807dd2-d38d-4cac-bb53-5f7f61b095f5 service nova] 10.0.0.210 "POST /compute/v2.1/os-server-external-events" status: 200 len: 179 microversion: 2.1 time: 0.113212
Nov 29 10:09:59 user devstack@n-api.service[65223]: [pid: 65223|app: 0|req: 36/117] 10.0.0.210 () {68 vars in 1394 bytes} [Wed Nov 29 10:09:59 2023] POST /compute/v2.1/os-server-external-events => generated 179 bytes in 129 msecs (HTTP/1.1 200) 9 headers in 357 bytes (1 switches on core 0)
Nov 29 10:10:01 user devstack@n-api.service[65224]: DEBUG nova.api.openstack.wsgi [req-a71fa2dd-c6f3-406b-8761-f1b701a969d6 req-1fafc462-7d23-43ec-87d6-b2b32556aba1 service nova] Action: 'create', calling method: >, body: {"events": [{"server_uuid": "c8eec498-bb1e-4f92-b5d0-b783c944bad3", "name": "network-vif-plugged", "status": "completed", "tag": "15b88e0d-b43b-401d-95a6-19a5a4ff3b73"}]} {{(pid=65224) _process_stack /opt/stack/nova/nova/api/openstack/wsgi.py:511}}
Nov 29 10:10:01 user devstack@n-api.service[65224]: DEBUG oslo_concurrency.lockutils [req-a71fa2dd-c6f3-406b-8761-f1b701a969d6 req-1fafc462-7d23-43ec-87d6-b2b32556aba1 service nova] Acquiring lock "3f496b59-6642-4f2e-b751-7e59dd8d86b6" by "nova.context.set_target_cell..get_or_set_cached_cell_and_set_connections" {{(pid=65224) inner /opt/stack/data/venv/lib/python3.10/site-packages/oslo_concurrency/lockutils.py:404}}
Nov 29 10:10:01 user devstack@n-api.service[65224]: DEBUG oslo_concurrency.lockutils [req-a71fa2dd-c6f3-406b-8761-f1b701a969d6 req-1fafc462-7d23-43ec-87d6-b2b32556aba1 service nova] Lock "3f496b59-6642-4f2e-b751-7e59dd8d86b6" acquired by "nova.context.set_target_cell..get_or_set_cached_cell_and_set_connections" :: waited 0.002s {{(pid=65224) inner /opt/stack/data/venv/lib/python3.10/site-packages/oslo_concurrency/lockutils.py:409}}
Nov 29 10:10:01 user devstack@n-api.service[65224]: DEBUG oslo_concurrency.lockutils [req-a71fa2dd-c6f3-406b-8761-f1b701a969d6 req-1fafc462-7d23-43ec-87d6-b2b32556aba1 service nova] Lock "3f496b59-6642-4f2e-b751-7e59dd8d86b6" "released" by "nova.context.set_target_cell..get_or_set_cached_cell_and_set_connections" :: held 0.002s {{(pid=65224) inner /opt/stack/data/venv/lib/python3.10/site-packages/oslo_concurrency/lockutils.py:423}}
Nov 29 10:10:01 user devstack@n-api.service[65224]: INFO nova.api.openstack.compute.server_external_events [req-a71fa2dd-c6f3-406b-8761-f1b701a969d6 req-1fafc462-7d23-43ec-87d6-b2b32556aba1 service nova] Creating event network-vif-plugged:15b88e0d-b43b-401d-95a6-19a5a4ff3b73 for instance c8eec498-bb1e-4f92-b5d0-b783c944bad3 on user
Nov 29 10:10:01 user devstack@n-api.service[65224]: INFO nova.api.openstack.requestlog [req-a71fa2dd-c6f3-406b-8761-f1b701a969d6 req-1fafc462-7d23-43ec-87d6-b2b32556aba1 service nova] 10.0.0.210 "POST /compute/v2.1/os-server-external-events" status: 200 len: 183 microversion: 2.1 time: 0.072497
Nov 29 10:10:01 user devstack@n-api.service[65224]: [pid: 65224|app: 0|req: 42/118] 10.0.0.210 () {68 vars in 1394 bytes} [Wed Nov 29 10:10:01 2023] POST /compute/v2.1/os-server-external-events => generated 183 bytes in 75 msecs (HTTP/1.1 200) 9 headers in 357 bytes (1 switches on core 0)
Nov 29 10:10:03 user devstack@n-api.service[65225]: DEBUG dbcounter [-] [65225] Writing DB stats nova_cell0:SELECT=2 {{(pid=65225) stat_writer /opt/stack/data/venv/lib/python3.10/site-packages/dbcounter.py:115}}
Nov 29 10:10:03 user devstack@n-api.service[65225]: DEBUG dbcounter [-] [65225] Writing DB stats nova_cell0:SELECT=14 {{(pid=65225) stat_writer /opt/stack/data/venv/lib/python3.10/site-packages/dbcounter.py:115}}
Nov 29 10:10:03 user devstack@n-api.service[65225]: DEBUG nova.api.openstack.wsgi [req-ac5ab4c4-c5e9-435d-94ad-428e887a890c req-b841e9e3-9ccf-42d2-a0e4-4ce01fa3f0cb service nova] Action: 'create', calling method: >, body: {"events": [{"server_uuid": "c8eec498-bb1e-4f92-b5d0-b783c944bad3", "name": "network-vif-plugged", "status": "completed", "tag": "15b88e0d-b43b-401d-95a6-19a5a4ff3b73"}]} {{(pid=65225) _process_stack /opt/stack/nova/nova/api/openstack/wsgi.py:511}}
Nov 29 10:10:03 user devstack@n-api.service[65225]: DEBUG oslo_concurrency.lockutils [req-ac5ab4c4-c5e9-435d-94ad-428e887a890c req-b841e9e3-9ccf-42d2-a0e4-4ce01fa3f0cb service nova] Acquiring lock "3f496b59-6642-4f2e-b751-7e59dd8d86b6" by "nova.context.set_target_cell..get_or_set_cached_cell_and_set_connections" {{(pid=65225) inner /opt/stack/data/venv/lib/python3.10/site-packages/oslo_concurrency/lockutils.py:404}}
Nov 29 10:10:03 user devstack@n-api.service[65225]: DEBUG oslo_concurrency.lockutils [req-ac5ab4c4-c5e9-435d-94ad-428e887a890c req-b841e9e3-9ccf-42d2-a0e4-4ce01fa3f0cb service nova] Lock "3f496b59-6642-4f2e-b751-7e59dd8d86b6" acquired by "nova.context.set_target_cell..get_or_set_cached_cell_and_set_connections" :: waited 0.004s {{(pid=65225) inner /opt/stack/data/venv/lib/python3.10/site-packages/oslo_concurrency/lockutils.py:409}}
Nov 29 10:10:03 user devstack@n-api.service[65225]: DEBUG oslo_concurrency.lockutils [req-ac5ab4c4-c5e9-435d-94ad-428e887a890c req-b841e9e3-9ccf-42d2-a0e4-4ce01fa3f0cb service nova] Lock "3f496b59-6642-4f2e-b751-7e59dd8d86b6" "released" by "nova.context.set_target_cell..get_or_set_cached_cell_and_set_connections" :: held 0.000s {{(pid=65225) inner /opt/stack/data/venv/lib/python3.10/site-packages/oslo_concurrency/lockutils.py:423}}
Nov 29 10:10:03 user devstack@n-api.service[65225]: INFO nova.api.openstack.compute.server_external_events [req-ac5ab4c4-c5e9-435d-94ad-428e887a890c req-b841e9e3-9ccf-42d2-a0e4-4ce01fa3f0cb service nova] Creating event network-vif-plugged:15b88e0d-b43b-401d-95a6-19a5a4ff3b73 for instance c8eec498-bb1e-4f92-b5d0-b783c944bad3 on user
Nov 29 10:10:03 user devstack@n-api.service[65225]: INFO nova.api.openstack.requestlog [req-ac5ab4c4-c5e9-435d-94ad-428e887a890c req-b841e9e3-9ccf-42d2-a0e4-4ce01fa3f0cb service nova] 10.0.0.210 "POST /compute/v2.1/os-server-external-events" status: 200 len: 183 microversion: 2.1 time: 0.090474
Nov 29 10:10:03 user devstack@n-api.service[65225]: [pid: 65225|app: 0|req: 41/119] 10.0.0.210 () {68 vars in 1394 bytes} [Wed Nov 29 10:10:03 2023] POST /compute/v2.1/os-server-external-events => generated 183 bytes in 93 msecs (HTTP/1.1 200) 9 headers in 357 bytes (1 switches on core 0)
Nov 29 10:10:04 user devstack@n-api.service[65223]: DEBUG nova.api.openstack.wsgi [req-c53fdf2e-f496-4f8a-b539-30dccdab3b13 req-92a7e673-9789-42fc-b426-aa8f83601565 service nova] Action: 'create', calling method: >, body: {"events": [{"name": "network-changed", "server_uuid": "b4b8c7e4-b85d-49e9-a1c0-834ec56ff8a0", "tag": "8b27957c-cd32-4043-b2bd-d96b7a9562b6"}]} {{(pid=65223) _process_stack /opt/stack/nova/nova/api/openstack/wsgi.py:511}}
Nov 29 10:10:04 user devstack@n-api.service[65223]: DEBUG oslo_concurrency.lockutils [req-c53fdf2e-f496-4f8a-b539-30dccdab3b13 req-92a7e673-9789-42fc-b426-aa8f83601565 service nova] Acquiring lock "3f496b59-6642-4f2e-b751-7e59dd8d86b6" by "nova.context.set_target_cell..get_or_set_cached_cell_and_set_connections" {{(pid=65223) inner /opt/stack/data/venv/lib/python3.10/site-packages/oslo_concurrency/lockutils.py:404}}
Nov 29 10:10:04 user devstack@n-api.service[65223]: DEBUG oslo_concurrency.lockutils [req-c53fdf2e-f496-4f8a-b539-30dccdab3b13 req-92a7e673-9789-42fc-b426-aa8f83601565 service nova] Lock "3f496b59-6642-4f2e-b751-7e59dd8d86b6" acquired by "nova.context.set_target_cell..get_or_set_cached_cell_and_set_connections" :: waited 0.001s {{(pid=65223) inner /opt/stack/data/venv/lib/python3.10/site-packages/oslo_concurrency/lockutils.py:409}}
Nov 29 10:10:04 user devstack@n-api.service[65223]: DEBUG oslo_concurrency.lockutils [req-c53fdf2e-f496-4f8a-b539-30dccdab3b13 req-92a7e673-9789-42fc-b426-aa8f83601565 service nova] Lock "3f496b59-6642-4f2e-b751-7e59dd8d86b6" "released" by "nova.context.set_target_cell..get_or_set_cached_cell_and_set_connections" :: held 0.000s {{(pid=65223) inner /opt/stack/data/venv/lib/python3.10/site-packages/oslo_concurrency/lockutils.py:423}}
Nov 29 10:10:05 user devstack@n-api.service[65223]: INFO nova.api.openstack.compute.server_external_events [req-c53fdf2e-f496-4f8a-b539-30dccdab3b13 req-92a7e673-9789-42fc-b426-aa8f83601565 service nova] Creating event network-changed:8b27957c-cd32-4043-b2bd-d96b7a9562b6 for instance b4b8c7e4-b85d-49e9-a1c0-834ec56ff8a0 on user
Nov 29 10:10:05 user devstack@n-api.service[65223]: INFO nova.api.openstack.requestlog [req-c53fdf2e-f496-4f8a-b539-30dccdab3b13 req-92a7e673-9789-42fc-b426-aa8f83601565 service nova] 10.0.0.210 "POST /compute/v2.1/os-server-external-events" status: 200 len: 179 microversion: 2.1 time: 0.297093
Nov 29 10:10:05 user devstack@n-api.service[65223]: [pid: 65223|app: 0|req: 37/120] 10.0.0.210 () {68 vars in 1394 bytes} [Wed Nov 29 10:10:04 2023] POST /compute/v2.1/os-server-external-events => generated 179 bytes in 299 msecs (HTTP/1.1 200) 9 headers in 357 bytes (1 switches on core 0)
Nov 29 10:10:05 user devstack@n-api.service[65224]: DEBUG nova.api.openstack.wsgi [req-c6c15e03-2f5a-474c-903e-584a5d46a340 req-d52cd87e-a7db-42b4-bb76-055700a45ae6 service nova] Action: 'create', calling method: >, body: {"events": [{"server_uuid": "1e27dd9e-68e1-4315-a31b-484ccc48fb4e", "name": "network-vif-plugged", "status": "completed", "tag": "c3bafe6d-6e49-436e-bb67-1f6c90763abd"}]} {{(pid=65224) _process_stack /opt/stack/nova/nova/api/openstack/wsgi.py:511}}
Nov 29 10:10:05 user devstack@n-api.service[65224]: DEBUG oslo_concurrency.lockutils [req-c6c15e03-2f5a-474c-903e-584a5d46a340 req-d52cd87e-a7db-42b4-bb76-055700a45ae6 service nova] Acquiring lock "3f496b59-6642-4f2e-b751-7e59dd8d86b6" by "nova.context.set_target_cell..get_or_set_cached_cell_and_set_connections" {{(pid=65224) inner /opt/stack/data/venv/lib/python3.10/site-packages/oslo_concurrency/lockutils.py:404}}
Nov 29 10:10:05 user devstack@n-api.service[65224]: DEBUG oslo_concurrency.lockutils [req-c6c15e03-2f5a-474c-903e-584a5d46a340 req-d52cd87e-a7db-42b4-bb76-055700a45ae6 service nova] Lock "3f496b59-6642-4f2e-b751-7e59dd8d86b6" acquired by "nova.context.set_target_cell..get_or_set_cached_cell_and_set_connections" :: waited 0.001s {{(pid=65224) inner /opt/stack/data/venv/lib/python3.10/site-packages/oslo_concurrency/lockutils.py:409}}
Nov 29 10:10:05 user devstack@n-api.service[65224]: DEBUG oslo_concurrency.lockutils [req-c6c15e03-2f5a-474c-903e-584a5d46a340 req-d52cd87e-a7db-42b4-bb76-055700a45ae6 service nova] Lock "3f496b59-6642-4f2e-b751-7e59dd8d86b6" "released" by "nova.context.set_target_cell..get_or_set_cached_cell_and_set_connections" :: held 0.000s {{(pid=65224) inner /opt/stack/data/venv/lib/python3.10/site-packages/oslo_concurrency/lockutils.py:423}}
Nov 29 10:10:05 user devstack@n-api.service[65224]: INFO nova.api.openstack.compute.server_external_events [req-c6c15e03-2f5a-474c-903e-584a5d46a340 req-d52cd87e-a7db-42b4-bb76-055700a45ae6 service nova] Creating event network-vif-plugged:c3bafe6d-6e49-436e-bb67-1f6c90763abd for instance 1e27dd9e-68e1-4315-a31b-484ccc48fb4e on user
Nov 29 10:10:05 user devstack@n-api.service[65224]: INFO nova.api.openstack.requestlog [req-c6c15e03-2f5a-474c-903e-584a5d46a340 req-d52cd87e-a7db-42b4-bb76-055700a45ae6 service nova] 10.0.0.210 "POST /compute/v2.1/os-server-external-events" status: 200 len: 183 microversion: 2.1 time: 0.038003
Nov 29 10:10:05 user devstack@n-api.service[65224]: [pid: 65224|app: 0|req: 43/121] 10.0.0.210 () {68 vars in 1394 bytes} [Wed Nov 29 10:10:05 2023] POST /compute/v2.1/os-server-external-events => generated 183 bytes in 40 msecs (HTTP/1.1 200) 9 headers in 357 bytes (2 switches on core 0)
Nov 29 10:10:07 user devstack@n-api.service[65225]: DEBUG nova.api.openstack.wsgi [req-5cada854-7f0c-422a-a6c8-c69d01ba34ce req-04823ffb-95ca-4965-8a8f-0c93e495d971 service nova] Action: 'create', calling method: >, body: {"events": [{"server_uuid": "1e27dd9e-68e1-4315-a31b-484ccc48fb4e", "name": "network-vif-plugged", "status": "completed", "tag": "c3bafe6d-6e49-436e-bb67-1f6c90763abd"}, {"server_uuid": "f056ff49-0b96-4a59-b9ff-c7a00f53630c", "name": "network-vif-plugged", "status": "completed", "tag": "4e184bcf-4155-42bb-ac80-0e2aa294465f"}, {"server_uuid": "f056ff49-0b96-4a59-b9ff-c7a00f53630c", "name": "network-vif-plugged", "status": "completed", "tag": "4e184bcf-4155-42bb-ac80-0e2aa294465f"}]} {{(pid=65225) _process_stack /opt/stack/nova/nova/api/openstack/wsgi.py:511}}
Nov 29 10:10:07 user devstack@n-api.service[65223]: DEBUG dbcounter [-] [65223] Writing DB stats nova_cell0:SELECT=8 {{(pid=65223) stat_writer /opt/stack/data/venv/lib/python3.10/site-packages/dbcounter.py:115}}
Nov 29 10:10:07 user devstack@n-api.service[65223]: DEBUG dbcounter [-] [65223] Writing DB stats nova_cell0:SELECT=28 {{(pid=65223) stat_writer /opt/stack/data/venv/lib/python3.10/site-packages/dbcounter.py:115}}
Nov 29 10:10:07 user devstack@n-api.service[65223]: DEBUG nova.api.openstack.wsgi [req-62f93d0c-8e6e-48af-bac2-d2a3d744c832 req-1b2e72f3-9db2-4e6e-b5c0-8fe77449805e service nova] Action: 'create', calling method: >, body: {"events": [{"server_uuid": "01d6a53a-8ec0-4784-a97e-3784a0c09217", "name": "network-vif-plugged", "status": "completed", "tag": "48c66999-379b-4401-ac7c-e7a52d0a8dc5"}]} {{(pid=65223) _process_stack /opt/stack/nova/nova/api/openstack/wsgi.py:511}}
Nov 29 10:10:08 user devstack@n-api.service[65223]: DEBUG oslo_concurrency.lockutils [req-62f93d0c-8e6e-48af-bac2-d2a3d744c832 req-1b2e72f3-9db2-4e6e-b5c0-8fe77449805e service nova] Acquiring lock "3f496b59-6642-4f2e-b751-7e59dd8d86b6" by "nova.context.set_target_cell..get_or_set_cached_cell_and_set_connections" {{(pid=65223) inner /opt/stack/data/venv/lib/python3.10/site-packages/oslo_concurrency/lockutils.py:404}}
Nov 29 10:10:08 user devstack@n-api.service[65223]: DEBUG oslo_concurrency.lockutils [req-62f93d0c-8e6e-48af-bac2-d2a3d744c832 req-1b2e72f3-9db2-4e6e-b5c0-8fe77449805e service nova] Lock "3f496b59-6642-4f2e-b751-7e59dd8d86b6" acquired by "nova.context.set_target_cell..get_or_set_cached_cell_and_set_connections" :: waited 0.001s {{(pid=65223) inner /opt/stack/data/venv/lib/python3.10/site-packages/oslo_concurrency/lockutils.py:409}}
Nov 29 10:10:08 user devstack@n-api.service[65223]: DEBUG oslo_concurrency.lockutils [req-62f93d0c-8e6e-48af-bac2-d2a3d744c832 req-1b2e72f3-9db2-4e6e-b5c0-8fe77449805e service nova] Lock "3f496b59-6642-4f2e-b751-7e59dd8d86b6" "released" by "nova.context.set_target_cell..get_or_set_cached_cell_and_set_connections" :: held 0.001s {{(pid=65223) inner /opt/stack/data/venv/lib/python3.10/site-packages/oslo_concurrency/lockutils.py:423}}
Nov 29 10:10:08 user devstack@n-api.service[65225]: DEBUG oslo_concurrency.lockutils [req-5cada854-7f0c-422a-a6c8-c69d01ba34ce req-04823ffb-95ca-4965-8a8f-0c93e495d971 service nova] Acquiring lock "3f496b59-6642-4f2e-b751-7e59dd8d86b6" by "nova.context.set_target_cell..get_or_set_cached_cell_and_set_connections" {{(pid=65225) inner /opt/stack/data/venv/lib/python3.10/site-packages/oslo_concurrency/lockutils.py:404}}
Nov 29 10:10:08 user devstack@n-api.service[65225]: DEBUG oslo_concurrency.lockutils [req-5cada854-7f0c-422a-a6c8-c69d01ba34ce req-04823ffb-95ca-4965-8a8f-0c93e495d971 service nova] Lock "3f496b59-6642-4f2e-b751-7e59dd8d86b6" acquired by "nova.context.set_target_cell..get_or_set_cached_cell_and_set_connections" :: waited 0.001s {{(pid=65225) inner /opt/stack/data/venv/lib/python3.10/site-packages/oslo_concurrency/lockutils.py:409}}
Nov 29 10:10:08 user devstack@n-api.service[65225]: DEBUG oslo_concurrency.lockutils [req-5cada854-7f0c-422a-a6c8-c69d01ba34ce req-04823ffb-95ca-4965-8a8f-0c93e495d971 service nova] Lock "3f496b59-6642-4f2e-b751-7e59dd8d86b6" "released" by "nova.context.set_target_cell..get_or_set_cached_cell_and_set_connections" :: held 0.000s {{(pid=65225) inner /opt/stack/data/venv/lib/python3.10/site-packages/oslo_concurrency/lockutils.py:423}}
Nov 29 10:10:08 user devstack@n-api.service[65223]: INFO nova.api.openstack.compute.server_external_events [req-62f93d0c-8e6e-48af-bac2-d2a3d744c832 req-1b2e72f3-9db2-4e6e-b5c0-8fe77449805e service nova] Creating event network-vif-plugged:48c66999-379b-4401-ac7c-e7a52d0a8dc5 for instance 01d6a53a-8ec0-4784-a97e-3784a0c09217 on user
Nov 29 10:10:08 user devstack@n-api.service[65223]: INFO nova.api.openstack.requestlog [req-62f93d0c-8e6e-48af-bac2-d2a3d744c832 req-1b2e72f3-9db2-4e6e-b5c0-8fe77449805e service nova] 10.0.0.210 "POST /compute/v2.1/os-server-external-events" status: 200 len: 183 microversion: 2.1 time: 0.040586
Nov 29 10:10:08 user devstack@n-api.service[65223]: [pid: 65223|app: 0|req: 38/122] 10.0.0.210 () {68 vars in 1394 bytes} [Wed Nov 29 10:10:07 2023] POST /compute/v2.1/os-server-external-events => generated 183 bytes in 42 msecs (HTTP/1.1 200) 9 headers in 357 bytes (1 switches on core 0)
Nov 29 10:10:08 user devstack@n-api.service[65225]: INFO nova.api.openstack.compute.server_external_events [req-5cada854-7f0c-422a-a6c8-c69d01ba34ce req-04823ffb-95ca-4965-8a8f-0c93e495d971 service nova] Creating event network-vif-plugged:c3bafe6d-6e49-436e-bb67-1f6c90763abd for instance 1e27dd9e-68e1-4315-a31b-484ccc48fb4e on user
Nov 29 10:10:08 user devstack@n-api.service[65225]: INFO nova.api.openstack.compute.server_external_events [req-5cada854-7f0c-422a-a6c8-c69d01ba34ce req-04823ffb-95ca-4965-8a8f-0c93e495d971 service nova] Creating event network-vif-plugged:4e184bcf-4155-42bb-ac80-0e2aa294465f for instance f056ff49-0b96-4a59-b9ff-c7a00f53630c on user
Nov 29 10:10:08 user devstack@n-api.service[65225]: INFO nova.api.openstack.compute.server_external_events [req-5cada854-7f0c-422a-a6c8-c69d01ba34ce req-04823ffb-95ca-4965-8a8f-0c93e495d971 service nova] Creating event network-vif-plugged:4e184bcf-4155-42bb-ac80-0e2aa294465f for instance f056ff49-0b96-4a59-b9ff-c7a00f53630c on user
Nov 29 10:10:08 user devstack@n-api.service[65225]: INFO nova.api.openstack.requestlog [req-5cada854-7f0c-422a-a6c8-c69d01ba34ce req-04823ffb-95ca-4965-8a8f-0c93e495d971 service nova] 10.0.0.210 "POST /compute/v2.1/os-server-external-events" status: 200 len: 525 microversion: 2.1 time: 0.096101
Nov 29 10:10:08 user devstack@n-api.service[65225]: [pid: 65225|app: 0|req: 42/123] 10.0.0.210 () {68 vars in 1394 bytes} [Wed Nov 29 10:10:07 2023] POST /compute/v2.1/os-server-external-events => generated 525 bytes in 100 msecs (HTTP/1.1 200) 9 headers in 357 bytes (1 switches on core 0)
Nov 29 10:10:09 user devstack@n-api.service[65224]: DEBUG dbcounter [-] [65224] Writing DB stats nova_cell0:SELECT=14 {{(pid=65224) stat_writer /opt/stack/data/venv/lib/python3.10/site-packages/dbcounter.py:115}}
Nov 29 10:10:09 user devstack@n-api.service[65224]: DEBUG nova.api.openstack.wsgi [None req-f4f059e5-c2b0-4522-a514-826d8d4de859 tempest-ServersNegativeTestJSON-1097229796 tempest-ServersNegativeTestJSON-1097229796-project-member] Calling method '>' {{(pid=65224) _process_stack /opt/stack/nova/nova/api/openstack/wsgi.py:513}}
Nov 29 10:10:09 user devstack@n-api.service[65224]: DEBUG nova.compute.api [None req-f4f059e5-c2b0-4522-a514-826d8d4de859 tempest-ServersNegativeTestJSON-1097229796 tempest-ServersNegativeTestJSON-1097229796-project-member] [instance: 9db16be6-1126-4d97-9c20-b16bc5796bfc] Fetching instance by UUID {{(pid=65224) get /opt/stack/nova/nova/compute/api.py:2978}}
Nov 29 10:10:09 user devstack@n-api.service[65224]: DEBUG oslo_concurrency.lockutils [None req-f4f059e5-c2b0-4522-a514-826d8d4de859 tempest-ServersNegativeTestJSON-1097229796 tempest-ServersNegativeTestJSON-1097229796-project-member] Acquiring lock "3f496b59-6642-4f2e-b751-7e59dd8d86b6" by "nova.context.set_target_cell..get_or_set_cached_cell_and_set_connections" {{(pid=65224) inner /opt/stack/data/venv/lib/python3.10/site-packages/oslo_concurrency/lockutils.py:404}}
Nov 29 10:10:09 user devstack@n-api.service[65224]: DEBUG oslo_concurrency.lockutils [None req-f4f059e5-c2b0-4522-a514-826d8d4de859 tempest-ServersNegativeTestJSON-1097229796 tempest-ServersNegativeTestJSON-1097229796-project-member] Lock "3f496b59-6642-4f2e-b751-7e59dd8d86b6" acquired by "nova.context.set_target_cell..get_or_set_cached_cell_and_set_connections" :: waited 0.001s {{(pid=65224) inner /opt/stack/data/venv/lib/python3.10/site-packages/oslo_concurrency/lockutils.py:409}}
Nov 29 10:10:09 user devstack@n-api.service[65224]: DEBUG oslo_concurrency.lockutils [None req-f4f059e5-c2b0-4522-a514-826d8d4de859 tempest-ServersNegativeTestJSON-1097229796 tempest-ServersNegativeTestJSON-1097229796-project-member] Lock "3f496b59-6642-4f2e-b751-7e59dd8d86b6" "released" by "nova.context.set_target_cell..get_or_set_cached_cell_and_set_connections" :: held 0.001s {{(pid=65224) inner /opt/stack/data/venv/lib/python3.10/site-packages/oslo_concurrency/lockutils.py:423}}
Nov 29 10:10:09 user devstack@n-api.service[65224]: DEBUG oslo_concurrency.lockutils [None req-f4f059e5-c2b0-4522-a514-826d8d4de859 tempest-ServersNegativeTestJSON-1097229796 tempest-ServersNegativeTestJSON-1097229796-project-member] Acquiring lock "3f496b59-6642-4f2e-b751-7e59dd8d86b6" by "nova.context.set_target_cell..get_or_set_cached_cell_and_set_connections" {{(pid=65224) inner /opt/stack/data/venv/lib/python3.10/site-packages/oslo_concurrency/lockutils.py:404}}
Nov 29 10:10:09 user devstack@n-api.service[65224]: DEBUG oslo_concurrency.lockutils [None req-f4f059e5-c2b0-4522-a514-826d8d4de859 tempest-ServersNegativeTestJSON-1097229796 tempest-ServersNegativeTestJSON-1097229796-project-member] Lock "3f496b59-6642-4f2e-b751-7e59dd8d86b6" acquired by "nova.context.set_target_cell..get_or_set_cached_cell_and_set_connections" :: waited 0.000s {{(pid=65224) inner /opt/stack/data/venv/lib/python3.10/site-packages/oslo_concurrency/lockutils.py:409}}
Nov 29 10:10:09 user devstack@n-api.service[65224]: DEBUG oslo_concurrency.lockutils [None req-f4f059e5-c2b0-4522-a514-826d8d4de859 tempest-ServersNegativeTestJSON-1097229796 tempest-ServersNegativeTestJSON-1097229796-project-member] Lock "3f496b59-6642-4f2e-b751-7e59dd8d86b6" "released" by "nova.context.set_target_cell..get_or_set_cached_cell_and_set_connections" :: held 0.000s {{(pid=65224) inner /opt/stack/data/venv/lib/python3.10/site-packages/oslo_concurrency/lockutils.py:423}}
Nov 29 10:10:10 user devstack@n-api.service[65223]: DEBUG nova.api.openstack.wsgi [req-314071c5-5c4b-4159-9552-d7c5183e608e req-74510513-8a8e-457b-8a80-a062bb49000a service nova] Action: 'create', calling method: >, body: {"events": [{"server_uuid": "01d6a53a-8ec0-4784-a97e-3784a0c09217", "name": "network-vif-plugged", "status": "completed", "tag": "48c66999-379b-4401-ac7c-e7a52d0a8dc5"}]} {{(pid=65223) _process_stack /opt/stack/nova/nova/api/openstack/wsgi.py:511}}
Nov 29 10:10:10 user devstack@n-api.service[65223]: DEBUG oslo_concurrency.lockutils [req-314071c5-5c4b-4159-9552-d7c5183e608e req-74510513-8a8e-457b-8a80-a062bb49000a service nova] Acquiring lock "3f496b59-6642-4f2e-b751-7e59dd8d86b6" by "nova.context.set_target_cell..get_or_set_cached_cell_and_set_connections" {{(pid=65223) inner /opt/stack/data/venv/lib/python3.10/site-packages/oslo_concurrency/lockutils.py:404}}
Nov 29 10:10:10 user devstack@n-api.service[65223]: DEBUG oslo_concurrency.lockutils [req-314071c5-5c4b-4159-9552-d7c5183e608e req-74510513-8a8e-457b-8a80-a062bb49000a service nova] Lock "3f496b59-6642-4f2e-b751-7e59dd8d86b6" acquired by "nova.context.set_target_cell..get_or_set_cached_cell_and_set_connections" :: waited 0.002s {{(pid=65223) inner /opt/stack/data/venv/lib/python3.10/site-packages/oslo_concurrency/lockutils.py:409}}
Nov 29 10:10:10 user devstack@n-api.service[65223]: DEBUG oslo_concurrency.lockutils [req-314071c5-5c4b-4159-9552-d7c5183e608e req-74510513-8a8e-457b-8a80-a062bb49000a service nova] Lock "3f496b59-6642-4f2e-b751-7e59dd8d86b6" "released" by "nova.context.set_target_cell..get_or_set_cached_cell_and_set_connections" :: held 0.001s {{(pid=65223) inner /opt/stack/data/venv/lib/python3.10/site-packages/oslo_concurrency/lockutils.py:423}}
Nov 29 10:10:10 user devstack@n-api.service[65223]: INFO nova.api.openstack.compute.server_external_events [req-314071c5-5c4b-4159-9552-d7c5183e608e req-74510513-8a8e-457b-8a80-a062bb49000a service nova] Creating event network-vif-plugged:48c66999-379b-4401-ac7c-e7a52d0a8dc5 for instance 01d6a53a-8ec0-4784-a97e-3784a0c09217 on user
Nov 29 10:10:10 user devstack@n-api.service[65223]: INFO nova.api.openstack.requestlog [req-314071c5-5c4b-4159-9552-d7c5183e608e req-74510513-8a8e-457b-8a80-a062bb49000a service nova] 10.0.0.210 "POST /compute/v2.1/os-server-external-events" status: 200 len: 183 microversion: 2.1 time: 0.083015
Nov 29 10:10:10 user devstack@n-api.service[65223]: [pid: 65223|app: 0|req: 39/124] 10.0.0.210 () {68 vars in 1394 bytes} [Wed Nov 29 10:10:10 2023] POST /compute/v2.1/os-server-external-events => generated 183 bytes in 85 msecs (HTTP/1.1 200) 9 headers in 357 bytes (1 switches on core 0)
Nov 29 10:10:10 user devstack@n-api.service[65224]: DEBUG nova.policy [None req-f4f059e5-c2b0-4522-a514-826d8d4de859 tempest-ServersNegativeTestJSON-1097229796 tempest-ServersNegativeTestJSON-1097229796-project-member] Policy check for os_compute_api:os-extended-server-attributes failed with credentials {'is_admin': False, 'user_id': '9f75ae300252425cafbb4ed8699faf27', 'user_domain_id': 'default', 'system_scope': None, 'domain_id': None, 'project_id': 'e3dc6a49b73447f3975de1c985ae040d', 'project_domain_id': 'default', 'roles': ['reader', 'member'], 'is_admin_project': True, 'service_user_id': None, 'service_user_domain_id': None, 'service_project_id': None, 'service_project_domain_id': None, 'service_roles': []} {{(pid=65224) authorize /opt/stack/nova/nova/policy.py:203}}
Nov 29 10:10:10 user devstack@n-api.service[65225]: DEBUG nova.api.openstack.wsgi [None req-e8957362-a88c-4db2-bbdd-870b860b415e tempest-ServerBootFromVolumeStableRescueTest-963087896 tempest-ServerBootFromVolumeStableRescueTest-963087896-project-member] Calling method '>' {{(pid=65225) _process_stack /opt/stack/nova/nova/api/openstack/wsgi.py:513}}
Nov 29 10:10:10 user devstack@n-api.service[65225]: DEBUG nova.compute.api [None req-e8957362-a88c-4db2-bbdd-870b860b415e tempest-ServerBootFromVolumeStableRescueTest-963087896 tempest-ServerBootFromVolumeStableRescueTest-963087896-project-member] [instance: f056ff49-0b96-4a59-b9ff-c7a00f53630c] Fetching instance by UUID {{(pid=65225) get /opt/stack/nova/nova/compute/api.py:2978}}
Nov 29 10:10:10 user devstack@n-api.service[65224]: INFO nova.api.openstack.requestlog [None req-f4f059e5-c2b0-4522-a514-826d8d4de859 tempest-ServersNegativeTestJSON-1097229796 tempest-ServersNegativeTestJSON-1097229796-project-member] 10.0.0.210 "GET /compute/v2.1/servers/9db16be6-1126-4d97-9c20-b16bc5796bfc" status: 200 len: 1491 microversion: 2.1 time: 0.773160
Nov 29 10:10:10 user devstack@n-api.service[65225]: DEBUG oslo_concurrency.lockutils [None req-e8957362-a88c-4db2-bbdd-870b860b415e tempest-ServerBootFromVolumeStableRescueTest-963087896 tempest-ServerBootFromVolumeStableRescueTest-963087896-project-member] Acquiring lock "3f496b59-6642-4f2e-b751-7e59dd8d86b6" by "nova.context.set_target_cell..get_or_set_cached_cell_and_set_connections" {{(pid=65225) inner /opt/stack/data/venv/lib/python3.10/site-packages/oslo_concurrency/lockutils.py:404}}
Nov 29 10:10:10 user devstack@n-api.service[65225]: DEBUG oslo_concurrency.lockutils [None req-e8957362-a88c-4db2-bbdd-870b860b415e tempest-ServerBootFromVolumeStableRescueTest-963087896 tempest-ServerBootFromVolumeStableRescueTest-963087896-project-member] Lock "3f496b59-6642-4f2e-b751-7e59dd8d86b6" acquired by "nova.context.set_target_cell..get_or_set_cached_cell_and_set_connections" :: waited 0.001s {{(pid=65225) inner /opt/stack/data/venv/lib/python3.10/site-packages/oslo_concurrency/lockutils.py:409}}
Nov 29 10:10:10 user devstack@n-api.service[65224]: [pid: 65224|app: 0|req: 44/125] 10.0.0.210 () {62 vars in 1313 bytes} [Wed Nov 29 10:10:09 2023] GET /compute/v2.1/servers/9db16be6-1126-4d97-9c20-b16bc5796bfc => generated 1491 bytes in 781 msecs (HTTP/1.1 200) 9 headers in 358 bytes (1 switches on core 0)
Nov 29 10:10:10 user devstack@n-api.service[65225]: DEBUG oslo_concurrency.lockutils [None req-e8957362-a88c-4db2-bbdd-870b860b415e tempest-ServerBootFromVolumeStableRescueTest-963087896 tempest-ServerBootFromVolumeStableRescueTest-963087896-project-member] Lock "3f496b59-6642-4f2e-b751-7e59dd8d86b6" "released" by "nova.context.set_target_cell..get_or_set_cached_cell_and_set_connections" :: held 0.000s {{(pid=65225) inner /opt/stack/data/venv/lib/python3.10/site-packages/oslo_concurrency/lockutils.py:423}}
Nov 29 10:10:10 user devstack@n-api.service[65225]: DEBUG oslo_concurrency.lockutils [None req-e8957362-a88c-4db2-bbdd-870b860b415e tempest-ServerBootFromVolumeStableRescueTest-963087896 tempest-ServerBootFromVolumeStableRescueTest-963087896-project-member] Acquiring lock "3f496b59-6642-4f2e-b751-7e59dd8d86b6" by "nova.context.set_target_cell..get_or_set_cached_cell_and_set_connections" {{(pid=65225) inner /opt/stack/data/venv/lib/python3.10/site-packages/oslo_concurrency/lockutils.py:404}}
Nov 29 10:10:10 user devstack@n-api.service[65225]: DEBUG oslo_concurrency.lockutils [None req-e8957362-a88c-4db2-bbdd-870b860b415e tempest-ServerBootFromVolumeStableRescueTest-963087896 tempest-ServerBootFromVolumeStableRescueTest-963087896-project-member] Lock "3f496b59-6642-4f2e-b751-7e59dd8d86b6" acquired by "nova.context.set_target_cell..get_or_set_cached_cell_and_set_connections" :: waited 0.001s {{(pid=65225) inner /opt/stack/data/venv/lib/python3.10/site-packages/oslo_concurrency/lockutils.py:409}}
Nov 29 10:10:10 user devstack@n-api.service[65225]: DEBUG oslo_concurrency.lockutils [None req-e8957362-a88c-4db2-bbdd-870b860b415e tempest-ServerBootFromVolumeStableRescueTest-963087896 tempest-ServerBootFromVolumeStableRescueTest-963087896-project-member] Lock "3f496b59-6642-4f2e-b751-7e59dd8d86b6" "released" by "nova.context.set_target_cell..get_or_set_cached_cell_and_set_connections" :: held 0.000s {{(pid=65225) inner /opt/stack/data/venv/lib/python3.10/site-packages/oslo_concurrency/lockutils.py:423}}
Nov 29 10:10:11 user devstack@n-api.service[65223]: DEBUG nova.api.openstack.wsgi [req-94fbac7b-da44-431d-84d2-368b3fc1b1d1 req-9277b7ab-e8e5-4d2d-af76-1ca6dac03ad2 service nova] Action: 'create', calling method: >, body: {"events": [{"server_uuid": "0a1137b4-d6ce-43ec-9fe3-a1169cc9688b", "name": "network-vif-plugged", "status": "completed", "tag": "313d1c1f-2155-450d-aef8-02a748d3eb0f"}]} {{(pid=65223) _process_stack /opt/stack/nova/nova/api/openstack/wsgi.py:511}}
Nov 29 10:10:11 user devstack@n-api.service[65223]: DEBUG oslo_concurrency.lockutils [req-94fbac7b-da44-431d-84d2-368b3fc1b1d1 req-9277b7ab-e8e5-4d2d-af76-1ca6dac03ad2 service nova] Acquiring lock "3f496b59-6642-4f2e-b751-7e59dd8d86b6" by "nova.context.set_target_cell..get_or_set_cached_cell_and_set_connections" {{(pid=65223) inner /opt/stack/data/venv/lib/python3.10/site-packages/oslo_concurrency/lockutils.py:404}}
Nov 29 10:10:11 user devstack@n-api.service[65223]: DEBUG oslo_concurrency.lockutils [req-94fbac7b-da44-431d-84d2-368b3fc1b1d1 req-9277b7ab-e8e5-4d2d-af76-1ca6dac03ad2 service nova] Lock "3f496b59-6642-4f2e-b751-7e59dd8d86b6" acquired by "nova.context.set_target_cell..get_or_set_cached_cell_and_set_connections" :: waited 0.001s {{(pid=65223) inner /opt/stack/data/venv/lib/python3.10/site-packages/oslo_concurrency/lockutils.py:409}}
Nov 29 10:10:11 user devstack@n-api.service[65223]: DEBUG oslo_concurrency.lockutils [req-94fbac7b-da44-431d-84d2-368b3fc1b1d1 req-9277b7ab-e8e5-4d2d-af76-1ca6dac03ad2 service nova] Lock "3f496b59-6642-4f2e-b751-7e59dd8d86b6" "released" by "nova.context.set_target_cell..get_or_set_cached_cell_and_set_connections" :: held 0.001s {{(pid=65223) inner /opt/stack/data/venv/lib/python3.10/site-packages/oslo_concurrency/lockutils.py:423}}
Nov 29 10:10:11 user devstack@n-api.service[65223]: INFO nova.api.openstack.compute.server_external_events [req-94fbac7b-da44-431d-84d2-368b3fc1b1d1 req-9277b7ab-e8e5-4d2d-af76-1ca6dac03ad2 service nova] Creating event network-vif-plugged:313d1c1f-2155-450d-aef8-02a748d3eb0f for instance 0a1137b4-d6ce-43ec-9fe3-a1169cc9688b on user
Nov 29 10:10:11 user devstack@n-api.service[65223]: INFO nova.api.openstack.requestlog [req-94fbac7b-da44-431d-84d2-368b3fc1b1d1 req-9277b7ab-e8e5-4d2d-af76-1ca6dac03ad2 service nova] 10.0.0.210 "POST /compute/v2.1/os-server-external-events" status: 200 len: 183 microversion: 2.1 time: 0.061605
Nov 29 10:10:11 user devstack@n-api.service[65223]: [pid: 65223|app: 0|req: 40/126] 10.0.0.210 () {68 vars in 1394 bytes} [Wed Nov 29 10:10:11 2023] POST /compute/v2.1/os-server-external-events => generated 183 bytes in 67 msecs (HTTP/1.1 200) 9 headers in 357 bytes (1 switches on core 0)
Nov 29 10:10:11 user devstack@n-api.service[65225]: DEBUG nova.policy [None req-e8957362-a88c-4db2-bbdd-870b860b415e tempest-ServerBootFromVolumeStableRescueTest-963087896 tempest-ServerBootFromVolumeStableRescueTest-963087896-project-member] Policy check for os_compute_api:os-extended-server-attributes failed with credentials {'is_admin': False, 'user_id': 'b1299b6384214ee9822c2e3c9ff1b99b', 'user_domain_id': 'default', 'system_scope': None, 'domain_id': None, 'project_id': 'c61b89d931dd4ad789d18f4f576238d5', 'project_domain_id': 'default', 'roles': ['reader', 'member'], 'is_admin_project': True, 'service_user_id': None, 'service_user_domain_id': None, 'service_project_id': None, 'service_project_domain_id': None, 'service_roles': []} {{(pid=65225) authorize /opt/stack/nova/nova/policy.py:203}}
