Nov 14 17:39:26 user devstack@keystone.service[47472]: DEBUG keystone.common.rbac_enforcer.enforcer [None req-393d7fef-ca67-4270-a310-a0b777603fa7 None admin] RBAC: Authorizing `identity:list_role_assignments()` {{(pid=47472) enforce_call /opt/stack/keystone/keystone/common/rbac_enforcer/enforcer.py:449}}
Nov 14 17:39:26 user devstack@keystone.service[47472]: DEBUG keystone.common.rbac_enforcer.enforcer [None req-393d7fef-ca67-4270-a310-a0b777603fa7 None admin] RBAC: Authorization granted {{(pid=47472) enforce_call /opt/stack/keystone/keystone/common/rbac_enforcer/enforcer.py:457}}
Nov 14 17:39:26 user devstack@keystone.service[47473]: DEBUG keystone.server.flask.request_processing.middleware.auth_context [None req-85f12663-2c26-4dcd-a512-08042d7b4b9d None admin] RBAC: auth_context: {'token': , 'domain_id': None, 'trust_id': None, 'trustor_id': None, 'trustee_id': None, 'domain_name': None, 'group_ids': [], 'user_id': '3a0b0655c2fc40d5a78d4467b2ecf3fe', 'user_domain_id': 'default', 'system_scope': 'all', 'project_id': None, 'project_domain_id': None, 'roles': ['admin', 'manager', 'member', 'reader'], 'is_admin_project': True, 'service_user_id': None, 'service_user_domain_id': None, 'service_project_id': None, 'service_project_domain_id': None, 'service_roles': []} {{(pid=47473) fill_context /opt/stack/keystone/keystone/server/flask/request_processing/middleware/auth_context.py:480}}
Nov 14 17:39:26 user devstack@keystone.service[47473]: DEBUG keystone.server.flask.request_processing.req_logging [None req-85f12663-2c26-4dcd-a512-08042d7b4b9d None admin] REQUEST_METHOD: `GET` {{(pid=47473) log_request_info /opt/stack/keystone/keystone/server/flask/request_processing/req_logging.py:27}}
Nov 14 17:39:26 user devstack@keystone.service[47473]: DEBUG keystone.server.flask.request_processing.req_logging [None req-85f12663-2c26-4dcd-a512-08042d7b4b9d None admin] SCRIPT_NAME: `/identity` {{(pid=47473) log_request_info /opt/stack/keystone/keystone/server/flask/request_processing/req_logging.py:28}}
Nov 14 17:39:26 user devstack@keystone.service[47473]: DEBUG keystone.server.flask.request_processing.req_logging [None req-85f12663-2c26-4dcd-a512-08042d7b4b9d None admin] PATH_INFO: `/v3/projects/e0a275e182e4457598625cec52b7af98` {{(pid=47473) log_request_info /opt/stack/keystone/keystone/server/flask/request_processing/req_logging.py:29}}
Nov 14 17:39:26 user devstack@keystone.service[47473]: DEBUG keystone.common.rbac_enforcer.enforcer [None req-85f12663-2c26-4dcd-a512-08042d7b4b9d None admin] RBAC: Authorizing `identity:get_project(project_id=e0a275e182e4457598625cec52b7af98)` {{(pid=47473) enforce_call /opt/stack/keystone/keystone/common/rbac_enforcer/enforcer.py:449}}
Nov 14 17:39:26 user devstack@keystone.service[47472]: [pid: 47472|app: 0|req: 33/103] 10.0.0.210 () {56 vars in 1369 bytes} [Tue Nov 14 17:39:26 2023] GET /identity/v3/role_assignments?user.id=3a0b0655c2fc40d5a78d4467b2ecf3fe&scope.project.id=e0a275e182e4457598625cec52b7af98&role.id=4a2f586972714b85b23c51ad09b1ef4e => generated 606 bytes in 153 msecs (HTTP/1.1 200) 5 headers in 177 bytes (1 switches on core 0)
Nov 14 17:39:26 user devstack@keystone.service[47472]: DEBUG keystone.server.flask.request_processing.middleware.auth_context [None req-393d7fef-ca67-4270-a310-a0b777603fa7 None admin] Authenticating user token {{(pid=47472) process_request /opt/stack/data/venv/lib/python3.10/site-packages/keystonemiddleware/auth_token/__init__.py:406}}
Nov 14 17:39:26 user devstack@keystone.service[47473]: DEBUG keystone.common.rbac_enforcer.enforcer [None req-85f12663-2c26-4dcd-a512-08042d7b4b9d None admin] RBAC: Authorization granted {{(pid=47473) enforce_call /opt/stack/keystone/keystone/common/rbac_enforcer/enforcer.py:457}}
Nov 14 17:39:26 user devstack@keystone.service[47473]: [pid: 47473|app: 0|req: 34/104] 10.0.0.210 () {56 vars in 1181 bytes} [Tue Nov 14 17:39:26 2023] GET /identity/v3/projects/e0a275e182e4457598625cec52b7af98 => generated 297 bytes in 146 msecs (HTTP/1.1 200) 5 headers in 177 bytes (1 switches on core 0)
Nov 14 17:39:26 user devstack@keystone.service[47473]: DEBUG keystone.server.flask.request_processing.middleware.auth_context [None req-85f12663-2c26-4dcd-a512-08042d7b4b9d None admin] Authenticating user token {{(pid=47473) process_request /opt/stack/data/venv/lib/python3.10/site-packages/keystonemiddleware/auth_token/__init__.py:406}}
Nov 14 17:39:26 user devstack@keystone.service[47474]: [pid: 47474|app: 0|req: 38/105] 10.0.0.210 () {58 vars in 1277 bytes} [Tue Nov 14 17:39:26 2023] GET /identity/v3/auth/tokens => generated 861 bytes in 446 msecs (HTTP/1.1 200) 6 headers in 358 bytes (1 switches on core 0)
Nov 14 17:39:26 user devstack@keystone.service[47474]: DEBUG keystone.server.flask.request_processing.middleware.auth_context [None req-5b6f4356-291a-4afc-ad22-2babc984effd None admin] Authenticating user token {{(pid=47474) process_request /opt/stack/data/venv/lib/python3.10/site-packages/keystonemiddleware/auth_token/__init__.py:406}}
Nov 14 17:39:27 user devstack@keystone.service[47472]: DEBUG keystone.server.flask.request_processing.middleware.auth_context [None req-393d7fef-ca67-4270-a310-a0b777603fa7 None admin] Validating token access rules against request {{(pid=47472) validate_allowed_request /opt/stack/data/venv/lib/python3.10/site-packages/keystonemiddleware/auth_token/__init__.py:544}}
Nov 14 17:39:27 user devstack@keystone.service[47473]: DEBUG keystone.server.flask.request_processing.middleware.auth_context [None req-85f12663-2c26-4dcd-a512-08042d7b4b9d None admin] Validating token access rules against request {{(pid=47473) validate_allowed_request /opt/stack/data/venv/lib/python3.10/site-packages/keystonemiddleware/auth_token/__init__.py:544}}
Nov 14 17:39:27 user devstack@keystone.service[47474]: DEBUG keystone.server.flask.request_processing.middleware.auth_context [None req-5b6f4356-291a-4afc-ad22-2babc984effd None admin] Validating token access rules against request {{(pid=47474) validate_allowed_request /opt/stack/data/venv/lib/python3.10/site-packages/keystonemiddleware/auth_token/__init__.py:544}}
Nov 14 17:39:27 user devstack@keystone.service[47472]: DEBUG keystone.server.flask.request_processing.middleware.auth_context [None req-0eb8c3e4-38f1-4733-9ea7-082bac66d7cf None admin] RBAC: auth_context: {'token': , 'domain_id': None, 'trust_id': None, 'trustor_id': None, 'trustee_id': None, 'domain_name': None, 'group_ids': [], 'user_id': '3a0b0655c2fc40d5a78d4467b2ecf3fe', 'user_domain_id': 'default', 'system_scope': 'all', 'project_id': None, 'project_domain_id': None, 'roles': ['admin', 'manager', 'member', 'reader'], 'is_admin_project': True, 'service_user_id': None, 'service_user_domain_id': None, 'service_project_id': None, 'service_project_domain_id': None, 'service_roles': []} {{(pid=47472) fill_context /opt/stack/keystone/keystone/server/flask/request_processing/middleware/auth_context.py:480}}
Nov 14 17:39:27 user devstack@keystone.service[47472]: DEBUG keystone.server.flask.request_processing.req_logging [None req-0eb8c3e4-38f1-4733-9ea7-082bac66d7cf None admin] REQUEST_METHOD: `GET` {{(pid=47472) log_request_info /opt/stack/keystone/keystone/server/flask/request_processing/req_logging.py:27}}
Nov 14 17:39:27 user devstack@keystone.service[47473]: DEBUG keystone.server.flask.request_processing.middleware.auth_context [None req-3133ec47-cdc8-4f2c-971d-b1e473b3c4a6 None admin] RBAC: auth_context: {'token': , 'domain_id': None, 'trust_id': None, 'trustor_id': None, 'trustee_id': None, 'domain_name': None, 'group_ids': [], 'user_id': '3a0b0655c2fc40d5a78d4467b2ecf3fe', 'user_domain_id': 'default', 'system_scope': 'all', 'project_id': None, 'project_domain_id': None, 'roles': ['admin', 'manager', 'member', 'reader'], 'is_admin_project': True, 'service_user_id': None, 'service_user_domain_id': None, 'service_project_id': None, 'service_project_domain_id': None, 'service_roles': []} {{(pid=47473) fill_context /opt/stack/keystone/keystone/server/flask/request_processing/middleware/auth_context.py:480}}
Nov 14 17:39:27 user devstack@keystone.service[47472]: DEBUG keystone.server.flask.request_processing.req_logging [None req-0eb8c3e4-38f1-4733-9ea7-082bac66d7cf None admin] SCRIPT_NAME: `/identity` {{(pid=47472) log_request_info /opt/stack/keystone/keystone/server/flask/request_processing/req_logging.py:28}}
Nov 14 17:39:27 user devstack@keystone.service[47472]: DEBUG keystone.server.flask.request_processing.req_logging [None req-0eb8c3e4-38f1-4733-9ea7-082bac66d7cf None admin] PATH_INFO: `/v3/auth/tokens` {{(pid=47472) log_request_info /opt/stack/keystone/keystone/server/flask/request_processing/req_logging.py:29}}
Nov 14 17:39:27 user devstack@keystone.service[47473]: DEBUG keystone.server.flask.request_processing.req_logging [None req-3133ec47-cdc8-4f2c-971d-b1e473b3c4a6 None admin] REQUEST_METHOD: `PUT` {{(pid=47473) log_request_info /opt/stack/keystone/keystone/server/flask/request_processing/req_logging.py:27}}
Nov 14 17:39:27 user devstack@keystone.service[47473]: DEBUG keystone.server.flask.request_processing.req_logging [None req-3133ec47-cdc8-4f2c-971d-b1e473b3c4a6 None admin] SCRIPT_NAME: `/identity` {{(pid=47473) log_request_info /opt/stack/keystone/keystone/server/flask/request_processing/req_logging.py:28}}
Nov 14 17:39:27 user devstack@keystone.service[47473]: DEBUG keystone.server.flask.request_processing.req_logging [None req-3133ec47-cdc8-4f2c-971d-b1e473b3c4a6 None admin] PATH_INFO: `/v3/projects/e0a275e182e4457598625cec52b7af98/users/31438ee0a06f4a32871e4e9287a2fedc/roles/d206685d842b4c13a890c650da8bde48` {{(pid=47473) log_request_info /opt/stack/keystone/keystone/server/flask/request_processing/req_logging.py:29}}
Nov 14 17:39:27 user devstack@keystone.service[47473]: DEBUG keystone.common.rbac_enforcer.enforcer [None req-3133ec47-cdc8-4f2c-971d-b1e473b3c4a6 None admin] RBAC: Authorizing `identity:create_grant(project_id=e0a275e182e4457598625cec52b7af98, user_id=31438ee0a06f4a32871e4e9287a2fedc, role_id=d206685d842b4c13a890c650da8bde48)` {{(pid=47473) enforce_call /opt/stack/keystone/keystone/common/rbac_enforcer/enforcer.py:449}}
Nov 14 17:39:27 user devstack@keystone.service[47473]: DEBUG keystone.common.rbac_enforcer.enforcer [None req-3133ec47-cdc8-4f2c-971d-b1e473b3c4a6 None admin] RBAC: Authorization granted {{(pid=47473) enforce_call /opt/stack/keystone/keystone/common/rbac_enforcer/enforcer.py:457}}
Nov 14 17:39:27 user devstack@keystone.service[47473]: [pid: 47473|app: 0|req: 35/106] 10.0.0.210 () {58 vars in 1434 bytes} [Tue Nov 14 17:39:26 2023] PUT /identity/v3/projects/e0a275e182e4457598625cec52b7af98/users/31438ee0a06f4a32871e4e9287a2fedc/roles/d206685d842b4c13a890c650da8bde48 => generated 0 bytes in 154 msecs (HTTP/1.1 204) 3 headers in 132 bytes (1 switches on core 0)
Nov 14 17:39:27 user devstack@keystone.service[47474]: DEBUG keystone.server.flask.request_processing.middleware.auth_context [None req-894cb179-c948-4c1e-9958-47d4c6b5f539 None admin] RBAC: auth_context: {'token': , 'domain_id': None, 'trust_id': None, 'trustor_id': None, 'trustee_id': None, 'domain_name': None, 'group_ids': [], 'user_id': '3a0b0655c2fc40d5a78d4467b2ecf3fe', 'user_domain_id': 'default', 'system_scope': 'all', 'project_id': None, 'project_domain_id': None, 'roles': ['admin', 'manager', 'member', 'reader'], 'is_admin_project': True, 'service_user_id': None, 'service_user_domain_id': None, 'service_project_id': None, 'service_project_domain_id': None, 'service_roles': []} {{(pid=47474) fill_context /opt/stack/keystone/keystone/server/flask/request_processing/middleware/auth_context.py:480}}
Nov 14 17:39:27 user devstack@keystone.service[47474]: DEBUG keystone.server.flask.request_processing.req_logging [None req-894cb179-c948-4c1e-9958-47d4c6b5f539 None admin] REQUEST_METHOD: `GET` {{(pid=47474) log_request_info /opt/stack/keystone/keystone/server/flask/request_processing/req_logging.py:27}}
Nov 14 17:39:27 user devstack@keystone.service[47474]: DEBUG keystone.server.flask.request_processing.req_logging [None req-894cb179-c948-4c1e-9958-47d4c6b5f539 None admin] SCRIPT_NAME: `/identity` {{(pid=47474) log_request_info /opt/stack/keystone/keystone/server/flask/request_processing/req_logging.py:28}}
Nov 14 17:39:27 user devstack@keystone.service[47474]: DEBUG keystone.server.flask.request_processing.req_logging [None req-894cb179-c948-4c1e-9958-47d4c6b5f539 None admin] PATH_INFO: `/v3/projects/e0a275e182e4457598625cec52b7af98` {{(pid=47474) log_request_info /opt/stack/keystone/keystone/server/flask/request_processing/req_logging.py:29}}
Nov 14 17:39:27 user devstack@keystone.service[47474]: DEBUG keystone.common.rbac_enforcer.enforcer [None req-894cb179-c948-4c1e-9958-47d4c6b5f539 None admin] RBAC: Authorizing `identity:get_project(project_id=e0a275e182e4457598625cec52b7af98)` {{(pid=47474) enforce_call /opt/stack/keystone/keystone/common/rbac_enforcer/enforcer.py:449}}
Nov 14 17:39:27 user devstack@keystone.service[47474]: DEBUG keystone.common.rbac_enforcer.enforcer [None req-894cb179-c948-4c1e-9958-47d4c6b5f539 None admin] RBAC: Authorization granted {{(pid=47474) enforce_call /opt/stack/keystone/keystone/common/rbac_enforcer/enforcer.py:457}}
Nov 14 17:39:27 user devstack@keystone.service[47474]: [pid: 47474|app: 0|req: 39/107] 10.0.0.210 () {56 vars in 1181 bytes} [Tue Nov 14 17:39:26 2023] GET /identity/v3/projects/e0a275e182e4457598625cec52b7af98 => generated 297 bytes in 145 msecs (HTTP/1.1 200) 5 headers in 177 bytes (2 switches on core 0)
Nov 14 17:39:27 user devstack@keystone.service[47473]: DEBUG keystone.server.flask.request_processing.middleware.auth_context [None req-3133ec47-cdc8-4f2c-971d-b1e473b3c4a6 None admin] Authenticating user token {{(pid=47473) process_request /opt/stack/data/venv/lib/python3.10/site-packages/keystonemiddleware/auth_token/__init__.py:406}}
Nov 14 17:39:27 user devstack@keystone.service[47472]: DEBUG keystone.common.rbac_enforcer.enforcer [None req-0eb8c3e4-38f1-4733-9ea7-082bac66d7cf None admin] RBAC: Authorizing `identity:validate_token()` {{(pid=47472) enforce_call /opt/stack/keystone/keystone/common/rbac_enforcer/enforcer.py:449}}
Nov 14 17:39:27 user devstack@keystone.service[47472]: DEBUG keystone.common.rbac_enforcer.enforcer [None req-0eb8c3e4-38f1-4733-9ea7-082bac66d7cf None admin] RBAC: Authorization granted {{(pid=47472) enforce_call /opt/stack/keystone/keystone/common/rbac_enforcer/enforcer.py:457}}
Nov 14 17:39:27 user devstack@keystone.service[47473]: DEBUG keystone.server.flask.request_processing.middleware.auth_context [None req-3133ec47-cdc8-4f2c-971d-b1e473b3c4a6 None admin] Validating token access rules against request {{(pid=47473) validate_allowed_request /opt/stack/data/venv/lib/python3.10/site-packages/keystonemiddleware/auth_token/__init__.py:544}}
Nov 14 17:39:27 user devstack@keystone.service[47473]: DEBUG keystone.server.flask.request_processing.middleware.auth_context [None req-bb8560fb-20af-41ee-91c3-42d12dd11d5c None admin] RBAC: auth_context: {'token': , 'domain_id': None, 'trust_id': None, 'trustor_id': None, 'trustee_id': None, 'domain_name': None, 'group_ids': [], 'user_id': '3a0b0655c2fc40d5a78d4467b2ecf3fe', 'user_domain_id': 'default', 'system_scope': 'all', 'project_id': None, 'project_domain_id': None, 'roles': ['admin', 'manager', 'member', 'reader'], 'is_admin_project': True, 'service_user_id': None, 'service_user_domain_id': None, 'service_project_id': None, 'service_project_domain_id': None, 'service_roles': []} {{(pid=47473) fill_context /opt/stack/keystone/keystone/server/flask/request_processing/middleware/auth_context.py:480}}
Nov 14 17:39:27 user devstack@keystone.service[47473]: DEBUG keystone.server.flask.request_processing.req_logging [None req-bb8560fb-20af-41ee-91c3-42d12dd11d5c None admin] REQUEST_METHOD: `GET` {{(pid=47473) log_request_info /opt/stack/keystone/keystone/server/flask/request_processing/req_logging.py:27}}
Nov 14 17:39:27 user devstack@keystone.service[47473]: DEBUG keystone.server.flask.request_processing.req_logging [None req-bb8560fb-20af-41ee-91c3-42d12dd11d5c None admin] SCRIPT_NAME: `/identity` {{(pid=47473) log_request_info /opt/stack/keystone/keystone/server/flask/request_processing/req_logging.py:28}}
Nov 14 17:39:27 user devstack@keystone.service[47473]: DEBUG keystone.server.flask.request_processing.req_logging [None req-bb8560fb-20af-41ee-91c3-42d12dd11d5c None admin] PATH_INFO: `/v3/role_assignments` {{(pid=47473) log_request_info /opt/stack/keystone/keystone/server/flask/request_processing/req_logging.py:29}}
Nov 14 17:39:27 user devstack@keystone.service[47473]: DEBUG keystone.common.rbac_enforcer.enforcer [None req-bb8560fb-20af-41ee-91c3-42d12dd11d5c None admin] RBAC: Adding query filter params (role.id=528a4da49958464b9e4549a53c6c1be5, scope.project.id=e0a275e182e4457598625cec52b7af98, user.id=631cb14ba8cc4352b19e6e0296df18cc) {{(pid=47473) _extract_filter_values /opt/stack/keystone/keystone/common/rbac_enforcer/enforcer.py:167}}
Nov 14 17:39:27 user devstack@keystone.service[47473]: DEBUG keystone.common.rbac_enforcer.enforcer [None req-bb8560fb-20af-41ee-91c3-42d12dd11d5c None admin] RBAC: Authorizing `identity:list_role_assignments()` {{(pid=47473) enforce_call /opt/stack/keystone/keystone/common/rbac_enforcer/enforcer.py:449}}
Nov 14 17:39:27 user devstack@keystone.service[47472]: [pid: 47472|app: 0|req: 34/108] 10.0.0.210 () {58 vars in 1277 bytes} [Tue Nov 14 17:39:26 2023] GET /identity/v3/auth/tokens => generated 861 bytes in 323 msecs (HTTP/1.1 200) 6 headers in 358 bytes (1 switches on core 0)
Nov 14 17:39:27 user devstack@keystone.service[47473]: DEBUG keystone.common.rbac_enforcer.enforcer [None req-bb8560fb-20af-41ee-91c3-42d12dd11d5c None admin] RBAC: Authorization granted {{(pid=47473) enforce_call /opt/stack/keystone/keystone/common/rbac_enforcer/enforcer.py:457}}
Nov 14 17:39:27 user devstack@keystone.service[47474]: DEBUG keystone.server.flask.request_processing.middleware.auth_context [None req-894cb179-c948-4c1e-9958-47d4c6b5f539 None admin] Authenticating user token {{(pid=47474) process_request /opt/stack/data/venv/lib/python3.10/site-packages/keystonemiddleware/auth_token/__init__.py:406}}
Nov 14 17:39:27 user devstack@keystone.service[47473]: [pid: 47473|app: 0|req: 36/109] 10.0.0.210 () {56 vars in 1369 bytes} [Tue Nov 14 17:39:27 2023] GET /identity/v3/role_assignments?user.id=631cb14ba8cc4352b19e6e0296df18cc&scope.project.id=e0a275e182e4457598625cec52b7af98&role.id=528a4da49958464b9e4549a53c6c1be5 => generated 606 bytes in 148 msecs (HTTP/1.1 200) 5 headers in 177 bytes (1 switches on core 0)
Nov 14 17:39:27 user devstack@keystone.service[47474]: DEBUG keystone.server.flask.request_processing.middleware.auth_context [None req-894cb179-c948-4c1e-9958-47d4c6b5f539 None admin] Validating token access rules against request {{(pid=47474) validate_allowed_request /opt/stack/data/venv/lib/python3.10/site-packages/keystonemiddleware/auth_token/__init__.py:544}}
Nov 14 17:39:27 user devstack@keystone.service[47474]: DEBUG keystone.server.flask.request_processing.middleware.auth_context [None req-82280755-df5d-4272-bbce-0e69cc9098cc None admin] RBAC: auth_context: {'token': , 'domain_id': None, 'trust_id': None, 'trustor_id': None, 'trustee_id': None, 'domain_name': None, 'group_ids': [], 'user_id': '3a0b0655c2fc40d5a78d4467b2ecf3fe', 'user_domain_id': 'default', 'system_scope': 'all', 'project_id': None, 'project_domain_id': None, 'roles': ['admin', 'manager', 'member', 'reader'], 'is_admin_project': True, 'service_user_id': None, 'service_user_domain_id': None, 'service_project_id': None, 'service_project_domain_id': None, 'service_roles': []} {{(pid=47474) fill_context /opt/stack/keystone/keystone/server/flask/request_processing/middleware/auth_context.py:480}}
Nov 14 17:39:27 user devstack@keystone.service[47474]: DEBUG keystone.server.flask.request_processing.req_logging [None req-82280755-df5d-4272-bbce-0e69cc9098cc None admin] REQUEST_METHOD: `GET` {{(pid=47474) log_request_info /opt/stack/keystone/keystone/server/flask/request_processing/req_logging.py:27}}
Nov 14 17:39:27 user devstack@keystone.service[47474]: DEBUG keystone.server.flask.request_processing.req_logging [None req-82280755-df5d-4272-bbce-0e69cc9098cc None admin] SCRIPT_NAME: `/identity` {{(pid=47474) log_request_info /opt/stack/keystone/keystone/server/flask/request_processing/req_logging.py:28}}
Nov 14 17:39:27 user devstack@keystone.service[47474]: DEBUG keystone.server.flask.request_processing.req_logging [None req-82280755-df5d-4272-bbce-0e69cc9098cc None admin] PATH_INFO: `/v3/projects/9997e1ec3e554e6185c282012bf8b7f5` {{(pid=47474) log_request_info /opt/stack/keystone/keystone/server/flask/request_processing/req_logging.py:29}}
Nov 14 17:39:27 user devstack@keystone.service[47474]: DEBUG keystone.common.rbac_enforcer.enforcer [None req-82280755-df5d-4272-bbce-0e69cc9098cc None admin] RBAC: Authorizing `identity:get_project(project_id=9997e1ec3e554e6185c282012bf8b7f5)` {{(pid=47474) enforce_call /opt/stack/keystone/keystone/common/rbac_enforcer/enforcer.py:449}}
Nov 14 17:39:27 user devstack@keystone.service[47474]: DEBUG keystone.common.rbac_enforcer.enforcer [None req-82280755-df5d-4272-bbce-0e69cc9098cc None admin] RBAC: Authorization granted {{(pid=47474) enforce_call /opt/stack/keystone/keystone/common/rbac_enforcer/enforcer.py:457}}
Nov 14 17:39:27 user devstack@keystone.service[47474]: [pid: 47474|app: 0|req: 40/110] 10.0.0.210 () {56 vars in 1181 bytes} [Tue Nov 14 17:39:27 2023] GET /identity/v3/projects/9997e1ec3e554e6185c282012bf8b7f5 => generated 311 bytes in 157 msecs (HTTP/1.1 200) 5 headers in 177 bytes (1 switches on core 0)
Nov 14 17:39:27 user devstack@keystone.service[47472]: DEBUG keystone.server.flask.request_processing.middleware.auth_context [None req-0eb8c3e4-38f1-4733-9ea7-082bac66d7cf None admin] Authenticating user token {{(pid=47472) process_request /opt/stack/data/venv/lib/python3.10/site-packages/keystonemiddleware/auth_token/__init__.py:406}}
Nov 14 17:39:27 user devstack@keystone.service[47472]: DEBUG keystone.server.flask.request_processing.middleware.auth_context [None req-0eb8c3e4-38f1-4733-9ea7-082bac66d7cf None admin] Validating token access rules against request {{(pid=47472) validate_allowed_request /opt/stack/data/venv/lib/python3.10/site-packages/keystonemiddleware/auth_token/__init__.py:544}}
Nov 14 17:39:27 user devstack@keystone.service[47472]: DEBUG keystone.server.flask.request_processing.middleware.auth_context [None req-a70e6fa0-eaf8-49a4-87da-a5f26c99aef2 None admin] RBAC: auth_context: {'token': , 'domain_id': None, 'trust_id': None, 'trustor_id': None, 'trustee_id': None, 'domain_name': None, 'group_ids': [], 'user_id': '3a0b0655c2fc40d5a78d4467b2ecf3fe', 'user_domain_id': 'default', 'system_scope': 'all', 'project_id': None, 'project_domain_id': None, 'roles': ['admin', 'manager', 'member', 'reader'], 'is_admin_project': True, 'service_user_id': None, 'service_user_domain_id': None, 'service_project_id': None, 'service_project_domain_id': None, 'service_roles': []} {{(pid=47472) fill_context /opt/stack/keystone/keystone/server/flask/request_processing/middleware/auth_context.py:480}}
Nov 14 17:39:27 user devstack@keystone.service[47472]: DEBUG keystone.server.flask.request_processing.req_logging [None req-a70e6fa0-eaf8-49a4-87da-a5f26c99aef2 None admin] REQUEST_METHOD: `GET` {{(pid=47472) log_request_info /opt/stack/keystone/keystone/server/flask/request_processing/req_logging.py:27}}
Nov 14 17:39:27 user devstack@keystone.service[47472]: DEBUG keystone.server.flask.request_processing.req_logging [None req-a70e6fa0-eaf8-49a4-87da-a5f26c99aef2 None admin] SCRIPT_NAME: `/identity` {{(pid=47472) log_request_info /opt/stack/keystone/keystone/server/flask/request_processing/req_logging.py:28}}
Nov 14 17:39:27 user devstack@keystone.service[47472]: DEBUG keystone.server.flask.request_processing.req_logging [None req-a70e6fa0-eaf8-49a4-87da-a5f26c99aef2 None admin] PATH_INFO: `/v3/role_assignments` {{(pid=47472) log_request_info /opt/stack/keystone/keystone/server/flask/request_processing/req_logging.py:29}}
Nov 14 17:39:27 user devstack@keystone.service[47472]: DEBUG keystone.common.rbac_enforcer.enforcer [None req-a70e6fa0-eaf8-49a4-87da-a5f26c99aef2 None admin] RBAC: Adding query filter params (role.id=23fb3f08ddec45faa2fa652653a6b9c9, scope.project.id=9997e1ec3e554e6185c282012bf8b7f5, user.id=631cb14ba8cc4352b19e6e0296df18cc) {{(pid=47472) _extract_filter_values /opt/stack/keystone/keystone/common/rbac_enforcer/enforcer.py:167}}
Nov 14 17:39:27 user devstack@keystone.service[47472]: DEBUG keystone.common.rbac_enforcer.enforcer [None req-a70e6fa0-eaf8-49a4-87da-a5f26c99aef2 None admin] RBAC: Authorizing `identity:list_role_assignments()` {{(pid=47472) enforce_call /opt/stack/keystone/keystone/common/rbac_enforcer/enforcer.py:449}}
Nov 14 17:39:27 user devstack@keystone.service[47472]: DEBUG keystone.common.rbac_enforcer.enforcer [None req-a70e6fa0-eaf8-49a4-87da-a5f26c99aef2 None admin] RBAC: Authorization granted {{(pid=47472) enforce_call /opt/stack/keystone/keystone/common/rbac_enforcer/enforcer.py:457}}
Nov 14 17:39:27 user devstack@keystone.service[47472]: [pid: 47472|app: 0|req: 35/111] 10.0.0.210 () {56 vars in 1369 bytes} [Tue Nov 14 17:39:27 2023] GET /identity/v3/role_assignments?user.id=631cb14ba8cc4352b19e6e0296df18cc&scope.project.id=9997e1ec3e554e6185c282012bf8b7f5&role.id=23fb3f08ddec45faa2fa652653a6b9c9 => generated 606 bytes in 137 msecs (HTTP/1.1 200) 5 headers in 177 bytes (1 switches on core 0)
Nov 14 17:39:28 user devstack@keystone.service[47473]: DEBUG keystone.server.flask.request_processing.req_logging [None req-e2a90a66-4fc2-4178-b95a-aaab1686fe0e None None] REQUEST_METHOD: `GET` {{(pid=47473) log_request_info /opt/stack/keystone/keystone/server/flask/request_processing/req_logging.py:27}}
Nov 14 17:39:28 user devstack@keystone.service[47473]: DEBUG keystone.server.flask.request_processing.req_logging [None req-e2a90a66-4fc2-4178-b95a-aaab1686fe0e None None] SCRIPT_NAME: `/identity` {{(pid=47473) log_request_info /opt/stack/keystone/keystone/server/flask/request_processing/req_logging.py:28}}
Nov 14 17:39:28 user devstack@keystone.service[47473]: DEBUG keystone.server.flask.request_processing.req_logging [None req-e2a90a66-4fc2-4178-b95a-aaab1686fe0e None None] PATH_INFO: `/` {{(pid=47473) log_request_info /opt/stack/keystone/keystone/server/flask/request_processing/req_logging.py:29}}
Nov 14 17:39:28 user devstack@keystone.service[47473]: [pid: 47473|app: 0|req: 37/112] 10.0.0.210 () {54 vars in 921 bytes} [Tue Nov 14 17:39:28 2023] GET /identity => generated 269 bytes in 4 msecs (HTTP/1.1 300) 6 headers in 233 bytes (1 switches on core 0)
Nov 14 17:39:28 user devstack@keystone.service[47474]: DEBUG keystone.server.flask.request_processing.middleware.auth_context [None req-82280755-df5d-4272-bbce-0e69cc9098cc None admin] Authenticating user token {{(pid=47474) process_request /opt/stack/data/venv/lib/python3.10/site-packages/keystonemiddleware/auth_token/__init__.py:406}}
Nov 14 17:39:28 user devstack@keystone.service[47474]: DEBUG keystone.server.flask.request_processing.middleware.auth_context [None req-82280755-df5d-4272-bbce-0e69cc9098cc None admin] Validating token access rules against request {{(pid=47474) validate_allowed_request /opt/stack/data/venv/lib/python3.10/site-packages/keystonemiddleware/auth_token/__init__.py:544}}
Nov 14 17:39:28 user devstack@keystone.service[47474]: DEBUG keystone.server.flask.request_processing.middleware.auth_context [None req-0e0e0bc9-39e4-40a0-9468-1f55b53462cf None admin] RBAC: auth_context: {'token': , 'domain_id': None, 'trust_id': None, 'trustor_id': None, 'trustee_id': None, 'domain_name': None, 'group_ids': [], 'user_id': '3a0b0655c2fc40d5a78d4467b2ecf3fe', 'user_domain_id': 'default', 'system_scope': 'all', 'project_id': None, 'project_domain_id': None, 'roles': ['admin', 'manager', 'member', 'reader'], 'is_admin_project': True, 'service_user_id': None, 'service_user_domain_id': None, 'service_project_id': None, 'service_project_domain_id': None, 'service_roles': []} {{(pid=47474) fill_context /opt/stack/keystone/keystone/server/flask/request_processing/middleware/auth_context.py:480}}
Nov 14 17:39:28 user devstack@keystone.service[47474]: DEBUG keystone.server.flask.request_processing.req_logging [None req-0e0e0bc9-39e4-40a0-9468-1f55b53462cf None admin] REQUEST_METHOD: `GET` {{(pid=47474) log_request_info /opt/stack/keystone/keystone/server/flask/request_processing/req_logging.py:27}}
Nov 14 17:39:28 user devstack@keystone.service[47474]: DEBUG keystone.server.flask.request_processing.req_logging [None req-0e0e0bc9-39e4-40a0-9468-1f55b53462cf None admin] SCRIPT_NAME: `/identity` {{(pid=47474) log_request_info /opt/stack/keystone/keystone/server/flask/request_processing/req_logging.py:28}}
Nov 14 17:39:28 user devstack@keystone.service[47474]: DEBUG keystone.server.flask.request_processing.req_logging [None req-0e0e0bc9-39e4-40a0-9468-1f55b53462cf None admin] PATH_INFO: `/v3/domains/default` {{(pid=47474) log_request_info /opt/stack/keystone/keystone/server/flask/request_processing/req_logging.py:29}}
Nov 14 17:39:28 user devstack@keystone.service[47474]: DEBUG keystone.common.rbac_enforcer.enforcer [None req-0e0e0bc9-39e4-40a0-9468-1f55b53462cf None admin] RBAC: Authorizing `identity:get_domain(domain_id=default)` {{(pid=47474) enforce_call /opt/stack/keystone/keystone/common/rbac_enforcer/enforcer.py:449}}
Nov 14 17:39:28 user devstack@keystone.service[47474]: DEBUG keystone.common.rbac_enforcer.enforcer [None req-0e0e0bc9-39e4-40a0-9468-1f55b53462cf None admin] RBAC: Authorization granted {{(pid=47474) enforce_call /opt/stack/keystone/keystone/common/rbac_enforcer/enforcer.py:457}}
Nov 14 17:39:28 user devstack@keystone.service[47474]: [pid: 47474|app: 0|req: 41/113] 10.0.0.210 () {56 vars in 1103 bytes} [Tue Nov 14 17:39:28 2023] GET /identity/v3/domains/default => generated 198 bytes in 145 msecs (HTTP/1.1 200) 5 headers in 177 bytes (1 switches on core 0)
Nov 14 17:39:28 user devstack@keystone.service[47472]: DEBUG keystone.server.flask.request_processing.middleware.auth_context [None req-a70e6fa0-eaf8-49a4-87da-a5f26c99aef2 None admin] Authenticating user token {{(pid=47472) process_request /opt/stack/data/venv/lib/python3.10/site-packages/keystonemiddleware/auth_token/__init__.py:406}}
Nov 14 17:39:28 user devstack@keystone.service[47472]: DEBUG keystone.server.flask.request_processing.middleware.auth_context [None req-a70e6fa0-eaf8-49a4-87da-a5f26c99aef2 None admin] Validating token access rules against request {{(pid=47472) validate_allowed_request /opt/stack/data/venv/lib/python3.10/site-packages/keystonemiddleware/auth_token/__init__.py:544}}
Nov 14 17:39:28 user devstack@keystone.service[47472]: DEBUG keystone.server.flask.request_processing.middleware.auth_context [None req-7ab7e31b-2daf-4355-bffa-162d00c3529f None admin] RBAC: auth_context: {'token': , 'domain_id': None, 'trust_id': None, 'trustor_id': None, 'trustee_id': None, 'domain_name': None, 'group_ids': [], 'user_id': '3a0b0655c2fc40d5a78d4467b2ecf3fe', 'user_domain_id': 'default', 'system_scope': 'all', 'project_id': None, 'project_domain_id': None, 'roles': ['admin', 'manager', 'member', 'reader'], 'is_admin_project': True, 'service_user_id': None, 'service_user_domain_id': None, 'service_project_id': None, 'service_project_domain_id': None, 'service_roles': []} {{(pid=47472) fill_context /opt/stack/keystone/keystone/server/flask/request_processing/middleware/auth_context.py:480}}
Nov 14 17:39:28 user devstack@keystone.service[47472]: DEBUG keystone.server.flask.request_processing.req_logging [None req-7ab7e31b-2daf-4355-bffa-162d00c3529f None admin] REQUEST_METHOD: `POST` {{(pid=47472) log_request_info /opt/stack/keystone/keystone/server/flask/request_processing/req_logging.py:27}}
Nov 14 17:39:28 user devstack@keystone.service[47472]: DEBUG keystone.server.flask.request_processing.req_logging [None req-7ab7e31b-2daf-4355-bffa-162d00c3529f None admin] SCRIPT_NAME: `/identity` {{(pid=47472) log_request_info /opt/stack/keystone/keystone/server/flask/request_processing/req_logging.py:28}}
Nov 14 17:39:28 user devstack@keystone.service[47472]: DEBUG keystone.server.flask.request_processing.req_logging [None req-7ab7e31b-2daf-4355-bffa-162d00c3529f None admin] PATH_INFO: `/v3/users` {{(pid=47472) log_request_info /opt/stack/keystone/keystone/server/flask/request_processing/req_logging.py:29}}
Nov 14 17:39:28 user devstack@keystone.service[47472]: DEBUG keystone.common.rbac_enforcer.enforcer [None req-7ab7e31b-2daf-4355-bffa-162d00c3529f None admin] RBAC: Authorizing `identity:create_user()` {{(pid=47472) enforce_call /opt/stack/keystone/keystone/common/rbac_enforcer/enforcer.py:449}}
Nov 14 17:39:28 user devstack@keystone.service[47472]: DEBUG keystone.common.rbac_enforcer.enforcer [None req-7ab7e31b-2daf-4355-bffa-162d00c3529f None admin] RBAC: Authorization granted {{(pid=47472) enforce_call /opt/stack/keystone/keystone/common/rbac_enforcer/enforcer.py:457}}
Nov 14 17:39:28 user devstack@keystone.service[47472]: WARNING keystone.common.password_hashing [None req-7ab7e31b-2daf-4355-bffa-162d00c3529f None admin] Truncating password to algorithm specific maximum length 72 characters.
Nov 14 17:39:28 user devstack@keystone.service[47472]: DEBUG passlib.handlers.bcrypt [None req-7ab7e31b-2daf-4355-bffa-162d00c3529f None admin] detected 'bcrypt' backend, version '4.0.1' {{(pid=47472) _load_backend_mixin /opt/stack/data/venv/lib/python3.10/site-packages/passlib/handlers/bcrypt.py:625}}
Nov 14 17:39:28 user devstack@keystone.service[47472]: DEBUG passlib.handlers.bcrypt [None req-7ab7e31b-2daf-4355-bffa-162d00c3529f None admin] 'bcrypt' backend lacks $2$ support, enabling workaround {{(pid=47472) _finalize_backend_mixin /opt/stack/data/venv/lib/python3.10/site-packages/passlib/handlers/bcrypt.py:406}}
Nov 14 17:39:28 user devstack@keystone.service[47472]: [pid: 47472|app: 0|req: 36/114] 10.0.0.210 () {60 vars in 1127 bytes} [Tue Nov 14 17:39:28 2023] POST /identity/v3/users => generated 282 bytes in 259 msecs (HTTP/1.1 201) 5 headers in 182 bytes (1 switches on core 0)
Nov 14 17:39:29 user devstack@keystone.service[47473]: DEBUG keystone.server.flask.request_processing.req_logging [None req-7d7aa252-f11f-448c-97fa-e0842ab12ae7 None None] REQUEST_METHOD: `GET` {{(pid=47473) log_request_info /opt/stack/keystone/keystone/server/flask/request_processing/req_logging.py:27}}
Nov 14 17:39:29 user devstack@keystone.service[47473]: DEBUG keystone.server.flask.request_processing.req_logging [None req-7d7aa252-f11f-448c-97fa-e0842ab12ae7 None None] SCRIPT_NAME: `/identity` {{(pid=47473) log_request_info /opt/stack/keystone/keystone/server/flask/request_processing/req_logging.py:28}}
Nov 14 17:39:29 user devstack@keystone.service[47473]: DEBUG keystone.server.flask.request_processing.req_logging [None req-7d7aa252-f11f-448c-97fa-e0842ab12ae7 None None] PATH_INFO: `/` {{(pid=47473) log_request_info /opt/stack/keystone/keystone/server/flask/request_processing/req_logging.py:29}}
Nov 14 17:39:29 user devstack@keystone.service[47473]: [pid: 47473|app: 0|req: 38/115] 10.0.0.210 () {54 vars in 921 bytes} [Tue Nov 14 17:39:29 2023] GET /identity => generated 269 bytes in 3 msecs (HTTP/1.1 300) 6 headers in 233 bytes (1 switches on core 0)
Nov 14 17:39:29 user devstack@keystone.service[47474]: DEBUG keystone.server.flask.request_processing.middleware.auth_context [None req-0e0e0bc9-39e4-40a0-9468-1f55b53462cf None admin] Authenticating user token {{(pid=47474) process_request /opt/stack/data/venv/lib/python3.10/site-packages/keystonemiddleware/auth_token/__init__.py:406}}
Nov 14 17:39:29 user devstack@keystone.service[47474]: DEBUG keystone.server.flask.request_processing.middleware.auth_context [None req-0e0e0bc9-39e4-40a0-9468-1f55b53462cf None admin] Validating token access rules against request {{(pid=47474) validate_allowed_request /opt/stack/data/venv/lib/python3.10/site-packages/keystonemiddleware/auth_token/__init__.py:544}}
Nov 14 17:39:29 user devstack@keystone.service[47474]: DEBUG keystone.server.flask.request_processing.middleware.auth_context [None req-819c0266-66a6-4cab-8769-7f53895b6a77 None admin] RBAC: auth_context: {'token': , 'domain_id': None, 'trust_id': None, 'trustor_id': None, 'trustee_id': None, 'domain_name': None, 'group_ids': [], 'user_id': '3a0b0655c2fc40d5a78d4467b2ecf3fe', 'user_domain_id': 'default', 'system_scope': 'all', 'project_id': None, 'project_domain_id': None, 'roles': ['admin', 'manager', 'member', 'reader'], 'is_admin_project': True, 'service_user_id': None, 'service_user_domain_id': None, 'service_project_id': None, 'service_project_domain_id': None, 'service_roles': []} {{(pid=47474) fill_context /opt/stack/keystone/keystone/server/flask/request_processing/middleware/auth_context.py:480}}
Nov 14 17:39:29 user devstack@keystone.service[47474]: DEBUG keystone.server.flask.request_processing.req_logging [None req-819c0266-66a6-4cab-8769-7f53895b6a77 None admin] REQUEST_METHOD: `GET` {{(pid=47474) log_request_info /opt/stack/keystone/keystone/server/flask/request_processing/req_logging.py:27}}
Nov 14 17:39:29 user devstack@keystone.service[47474]: DEBUG keystone.server.flask.request_processing.req_logging [None req-819c0266-66a6-4cab-8769-7f53895b6a77 None admin] SCRIPT_NAME: `/identity` {{(pid=47474) log_request_info /opt/stack/keystone/keystone/server/flask/request_processing/req_logging.py:28}}
Nov 14 17:39:29 user devstack@keystone.service[47474]: DEBUG keystone.server.flask.request_processing.req_logging [None req-819c0266-66a6-4cab-8769-7f53895b6a77 None admin] PATH_INFO: `/v3/roles/reader` {{(pid=47474) log_request_info /opt/stack/keystone/keystone/server/flask/request_processing/req_logging.py:29}}
Nov 14 17:39:29 user devstack@keystone.service[47474]: DEBUG keystone.common.rbac_enforcer.enforcer [None req-819c0266-66a6-4cab-8769-7f53895b6a77 None admin] Extracting inferred target data resulted in "NOT FOUND (404)". {{(pid=47474) enforce_call /opt/stack/keystone/keystone/common/rbac_enforcer/enforcer.py:409}}
Nov 14 17:39:29 user devstack@keystone.service[47474]: ERROR keystone.server.flask.application [None req-819c0266-66a6-4cab-8769-7f53895b6a77 None admin] Could not find role: reader.: keystone.exception.RoleNotFound: Could not find role: reader.
Nov 14 17:39:29 user devstack@keystone.service[47474]: ERROR keystone.server.flask.application
Traceback (most recent call last):
Nov 14 17:39:29 user devstack@keystone.service[47474]: ERROR keystone.server.flask.application
File "/opt/stack/data/venv/lib/python3.10/site-packages/flask/app.py", line 1823, in full_dispatch_request
Nov 14 17:39:29 user devstack@keystone.service[47474]: ERROR keystone.server.flask.application rv = self.dispatch_request()
Nov 14 17:39:29 user devstack@keystone.service[47474]: ERROR keystone.server.flask.application
File "/opt/stack/data/venv/lib/python3.10/site-packages/flask/app.py", line 1799, in dispatch_request
Nov 14 17:39:29 user devstack@keystone.service[47474]: ERROR keystone.server.flask.application return self.ensure_sync(self.view_functions[rule.endpoint])(**view_args)
Nov 14 17:39:29 user devstack@keystone.service[47474]: ERROR keystone.server.flask.application
File "/opt/stack/data/venv/lib/python3.10/site-packages/flask_restful/__init__.py", line 489, in wrapper
Nov 14 17:39:29 user devstack@keystone.service[47474]: ERROR keystone.server.flask.application resp = resource(*args, **kwargs)
Nov 14 17:39:29 user devstack@keystone.service[47474]: ERROR keystone.server.flask.application
File "/opt/stack/data/venv/lib/python3.10/site-packages/flask/views.py", line 107, in view
Nov 14 17:39:29 user devstack@keystone.service[47474]: ERROR keystone.server.flask.application return current_app.ensure_sync(self.dispatch_request)(**kwargs)
Nov 14 17:39:29 user devstack@keystone.service[47474]: ERROR keystone.server.flask.application
File "/opt/stack/data/venv/lib/python3.10/site-packages/flask_restful/__init__.py", line 604, in dispatch_request
Nov 14 17:39:29 user devstack@keystone.service[47474]: ERROR keystone.server.flask.application resp = meth(*args, **kwargs)
Nov 14 17:39:29 user devstack@keystone.service[47474]: ERROR keystone.server.flask.application
File "/opt/stack/keystone/keystone/api/roles.py", line 50, in get
Nov 14 17:39:29 user devstack@keystone.service[47474]: ERROR keystone.server.flask.application return self._get_role(role_id)
Nov 14 17:39:29 user devstack@keystone.service[47474]: ERROR keystone.server.flask.application
File "/opt/stack/keystone/keystone/api/roles.py", line 70, in _get_role
Nov 14 17:39:29 user devstack@keystone.service[47474]: ERROR keystone.server.flask.application ENFORCER.enforce_call(action='identity:get_role')
Nov 14 17:39:29 user devstack@keystone.service[47474]: ERROR keystone.server.flask.application
File "/opt/stack/keystone/keystone/common/rbac_enforcer/enforcer.py", line 402, in enforce_call
Nov 14 17:39:29 user devstack@keystone.service[47474]: ERROR keystone.server.flask.application policy_dict.update(cls._extract_member_target_data(
Nov 14 17:39:29 user devstack@keystone.service[47474]: ERROR keystone.server.flask.application
File "/opt/stack/keystone/keystone/common/rbac_enforcer/enforcer.py", line 234, in _extract_member_target_data
Nov 14 17:39:29 user devstack@keystone.service[47474]: ERROR keystone.server.flask.application member_name: func(flask.request.view_args[key])
Nov 14 17:39:29 user devstack@keystone.service[47474]: ERROR keystone.server.flask.application
File "/opt/stack/keystone/keystone/common/manager.py", line 115, in wrapped
Nov 14 17:39:29 user devstack@keystone.service[47474]: ERROR keystone.server.flask.application __ret_val = __f(*args, **kwargs)
Nov 14 17:39:29 user devstack@keystone.service[47474]: ERROR keystone.server.flask.application
File "/opt/stack/data/venv/lib/python3.10/site-packages/decorator.py", line 232, in fun
Nov 14 17:39:29 user devstack@keystone.service[47474]: ERROR keystone.server.flask.application return caller(func, *(extras + args), **kw)
Nov 14 17:39:29 user devstack@keystone.service[47474]: ERROR keystone.server.flask.application
File "/opt/stack/data/venv/lib/python3.10/site-packages/dogpile/cache/region.py", line 1594, in get_or_create_for_user_func
Nov 14 17:39:29 user devstack@keystone.service[47474]: ERROR keystone.server.flask.application return self.get_or_create(
Nov 14 17:39:29 user devstack@keystone.service[47474]: ERROR keystone.server.flask.application
File "/opt/stack/data/venv/lib/python3.10/site-packages/dogpile/cache/region.py", line 1054, in get_or_create
Nov 14 17:39:29 user devstack@keystone.service[47474]: ERROR keystone.server.flask.application with Lock(
Nov 14 17:39:29 user devstack@keystone.service[47474]: ERROR keystone.server.flask.application
File "/opt/stack/data/venv/lib/python3.10/site-packages/dogpile/lock.py", line 185, in __enter__
Nov 14 17:39:29 user devstack@keystone.service[47474]: ERROR keystone.server.flask.application return self._enter()
Nov 14 17:39:29 user devstack@keystone.service[47474]: ERROR keystone.server.flask.application
File "/opt/stack/data/venv/lib/python3.10/site-packages/dogpile/lock.py", line 94, in _enter
Nov 14 17:39:29 user devstack@keystone.service[47474]: ERROR keystone.server.flask.application generated = self._enter_create(value, createdtime)
Nov 14 17:39:29 user devstack@keystone.service[47474]: ERROR keystone.server.flask.application
File "/opt/stack/data/venv/lib/python3.10/site-packages/dogpile/lock.py", line 178, in _enter_create
Nov 14 17:39:29 user devstack@keystone.service[47474]: ERROR keystone.server.flask.application return self.creator()
Nov 14 17:39:29 user devstack@keystone.service[47474]: ERROR keystone.server.flask.application
File "/opt/stack/data/venv/lib/python3.10/site-packages/dogpile/cache/region.py", line 1007, in gen_value
Nov 14 17:39:29 user devstack@keystone.service[47474]: ERROR keystone.server.flask.application created_value = creator(
Nov 14 17:39:29 user devstack@keystone.service[47474]: ERROR keystone.server.flask.application
File "/opt/stack/keystone/keystone/assignment/core.py", line 1276, in get_role
Nov 14 17:39:29 user devstack@keystone.service[47474]: ERROR keystone.server.flask.application return self.driver.get_role(role_id)
Nov 14 17:39:29 user devstack@keystone.service[47474]: ERROR keystone.server.flask.application
File "/opt/stack/keystone/keystone/assignment/role_backends/sql.py", line 70, in get_role
Nov 14 17:39:29 user devstack@keystone.service[47474]: ERROR keystone.server.flask.application return self._get_role(session, role_id).to_dict()
Nov 14 17:39:29 user devstack@keystone.service[47474]: ERROR keystone.server.flask.application
File "/opt/stack/keystone/keystone/assignment/role_backends/sql.py", line 65, in _get_role
Nov 14 17:39:29 user devstack@keystone.service[47474]: ERROR keystone.server.flask.application raise exception.RoleNotFound(role_id=role_id)
Nov 14 17:39:29 user devstack@keystone.service[47474]: ERROR keystone.server.flask.application keystone.exception.RoleNotFound: Could not find role: reader.
Nov 14 17:39:29 user devstack@keystone.service[47474]: ERROR keystone.server.flask.application
Nov 14 17:39:29 user devstack@keystone.service[47474]: [pid: 47474|app: 0|req: 42/116] 10.0.0.210 () {56 vars in 1094 bytes} [Tue Nov 14 17:39:29 2023] GET /identity/v3/roles/reader => generated 84 bytes in 143 msecs (HTTP/1.1 404) 5 headers in 183 bytes (1 switches on core 0)
Nov 14 17:39:29 user devstack@keystone.service[47472]: DEBUG keystone.server.flask.request_processing.middleware.auth_context [None req-7ab7e31b-2daf-4355-bffa-162d00c3529f None admin] Authenticating user token {{(pid=47472) process_request /opt/stack/data/venv/lib/python3.10/site-packages/keystonemiddleware/auth_token/__init__.py:406}}
Nov 14 17:39:29 user devstack@keystone.service[47472]: DEBUG keystone.server.flask.request_processing.middleware.auth_context [None req-7ab7e31b-2daf-4355-bffa-162d00c3529f None admin] Validating token access rules against request {{(pid=47472) validate_allowed_request /opt/stack/data/venv/lib/python3.10/site-packages/keystonemiddleware/auth_token/__init__.py:544}}
Nov 14 17:39:29 user devstack@keystone.service[47472]: DEBUG keystone.server.flask.request_processing.middleware.auth_context [None req-4b3b9925-21a4-42c3-a9b4-1ba95c74c311 None admin] RBAC: auth_context: {'token': , 'domain_id': None, 'trust_id': None, 'trustor_id': None, 'trustee_id': None, 'domain_name': None, 'group_ids': [], 'user_id': '3a0b0655c2fc40d5a78d4467b2ecf3fe', 'user_domain_id': 'default', 'system_scope': 'all', 'project_id': None, 'project_domain_id': None, 'roles': ['admin', 'manager', 'member', 'reader'], 'is_admin_project': True, 'service_user_id': None, 'service_user_domain_id': None, 'service_project_id': None, 'service_project_domain_id': None, 'service_roles': []} {{(pid=47472) fill_context /opt/stack/keystone/keystone/server/flask/request_processing/middleware/auth_context.py:480}}
Nov 14 17:39:29 user devstack@keystone.service[47472]: DEBUG keystone.server.flask.request_processing.req_logging [None req-4b3b9925-21a4-42c3-a9b4-1ba95c74c311 None admin] REQUEST_METHOD: `GET` {{(pid=47472) log_request_info /opt/stack/keystone/keystone/server/flask/request_processing/req_logging.py:27}}
Nov 14 17:39:29 user devstack@keystone.service[47472]: DEBUG keystone.server.flask.request_processing.req_logging [None req-4b3b9925-21a4-42c3-a9b4-1ba95c74c311 None admin] SCRIPT_NAME: `/identity` {{(pid=47472) log_request_info /opt/stack/keystone/keystone/server/flask/request_processing/req_logging.py:28}}
Nov 14 17:39:29 user devstack@keystone.service[47472]: DEBUG keystone.server.flask.request_processing.req_logging [None req-4b3b9925-21a4-42c3-a9b4-1ba95c74c311 None admin] PATH_INFO: `/v3/roles` {{(pid=47472) log_request_info /opt/stack/keystone/keystone/server/flask/request_processing/req_logging.py:29}}
Nov 14 17:39:29 user devstack@keystone.service[47472]: DEBUG keystone.common.rbac_enforcer.enforcer [None req-4b3b9925-21a4-42c3-a9b4-1ba95c74c311 None admin] RBAC: Adding query filter params (name=reader) {{(pid=47472) _extract_filter_values /opt/stack/keystone/keystone/common/rbac_enforcer/enforcer.py:167}}
Nov 14 17:39:29 user devstack@keystone.service[47472]: DEBUG keystone.common.rbac_enforcer.enforcer [None req-4b3b9925-21a4-42c3-a9b4-1ba95c74c311 None admin] RBAC: Authorizing `identity:list_roles()` {{(pid=47472) enforce_call /opt/stack/keystone/keystone/common/rbac_enforcer/enforcer.py:449}}
Nov 14 17:39:29 user devstack@keystone.service[47472]: DEBUG keystone.common.rbac_enforcer.enforcer [None req-4b3b9925-21a4-42c3-a9b4-1ba95c74c311 None admin] RBAC: Authorization granted {{(pid=47472) enforce_call /opt/stack/keystone/keystone/common/rbac_enforcer/enforcer.py:457}}
Nov 14 17:39:29 user devstack@keystone.service[47472]: [pid: 47472|app: 0|req: 37/117] 10.0.0.210 () {56 vars in 1096 bytes} [Tue Nov 14 17:39:29 2023] GET /identity/v3/roles?name=reader => generated 339 bytes in 138 msecs (HTTP/1.1 200) 5 headers in 177 bytes (1 switches on core 0)
Nov 14 17:39:29 user devstack@keystone.service[47473]: DEBUG keystone.server.flask.request_processing.middleware.auth_context [None req-7d7aa252-f11f-448c-97fa-e0842ab12ae7 None None] Authenticating user token {{(pid=47473) process_request /opt/stack/data/venv/lib/python3.10/site-packages/keystonemiddleware/auth_token/__init__.py:406}}
Nov 14 17:39:29 user devstack@keystone.service[47473]: DEBUG keystone.server.flask.request_processing.middleware.auth_context [None req-7d7aa252-f11f-448c-97fa-e0842ab12ae7 None None] Validating token access rules against request {{(pid=47473) validate_allowed_request /opt/stack/data/venv/lib/python3.10/site-packages/keystonemiddleware/auth_token/__init__.py:544}}
