Oct 30 07:24:03 user devstack@keystone.service[45605]: DEBUG keystone.server.flask.request_processing.middleware.auth_context [None req-69ad3f38-c92a-4488-a609-d0fb3a2df905 None admin] RBAC: auth_context: {'token': , 'domain_id': None, 'trust_id': None, 'trustor_id': None, 'trustee_id': None, 'domain_name': None, 'group_ids': [], 'user_id': '7c49a46ef91b48d598c66aacf1a96529', 'user_domain_id': 'default', 'system_scope': 'all', 'project_id': None, 'project_domain_id': None, 'roles': ['admin', 'manager', 'member', 'reader'], 'is_admin_project': True, 'service_user_id': None, 'service_user_domain_id': None, 'service_project_id': None, 'service_project_domain_id': None, 'service_roles': []} {{(pid=45605) fill_context /opt/stack/keystone/keystone/server/flask/request_processing/middleware/auth_context.py:480}}
Oct 30 07:24:03 user devstack@keystone.service[45605]: DEBUG keystone.server.flask.request_processing.req_logging [None req-69ad3f38-c92a-4488-a609-d0fb3a2df905 None admin] REQUEST_METHOD: `GET` {{(pid=45605) log_request_info /opt/stack/keystone/keystone/server/flask/request_processing/req_logging.py:27}}
Oct 30 07:24:03 user devstack@keystone.service[45605]: DEBUG keystone.server.flask.request_processing.req_logging [None req-69ad3f38-c92a-4488-a609-d0fb3a2df905 None admin] SCRIPT_NAME: `/identity` {{(pid=45605) log_request_info /opt/stack/keystone/keystone/server/flask/request_processing/req_logging.py:28}}
Oct 30 07:24:03 user devstack@keystone.service[45605]: DEBUG keystone.server.flask.request_processing.req_logging [None req-69ad3f38-c92a-4488-a609-d0fb3a2df905 None admin] PATH_INFO: `/v3/roles/member` {{(pid=45605) log_request_info /opt/stack/keystone/keystone/server/flask/request_processing/req_logging.py:29}}
Oct 30 07:24:03 user devstack@keystone.service[45605]: DEBUG keystone.common.rbac_enforcer.enforcer [None req-69ad3f38-c92a-4488-a609-d0fb3a2df905 None admin] Extracting inferred target data resulted in "NOT FOUND (404)". {{(pid=45605) enforce_call /opt/stack/keystone/keystone/common/rbac_enforcer/enforcer.py:409}}
Oct 30 07:24:03 user devstack@keystone.service[45605]: ERROR keystone.server.flask.application [None req-69ad3f38-c92a-4488-a609-d0fb3a2df905 None admin] Could not find role: member.: keystone.exception.RoleNotFound: Could not find role: member.
Oct 30 07:24:03 user devstack@keystone.service[45605]: ERROR keystone.server.flask.application
Traceback (most recent call last):
Oct 30 07:24:03 user devstack@keystone.service[45605]: ERROR keystone.server.flask.application
File "/opt/stack/data/venv/lib/python3.10/site-packages/flask/app.py", line 1823, in full_dispatch_request
Oct 30 07:24:03 user devstack@keystone.service[45605]: ERROR keystone.server.flask.application rv = self.dispatch_request()
Oct 30 07:24:03 user devstack@keystone.service[45605]: ERROR keystone.server.flask.application
File "/opt/stack/data/venv/lib/python3.10/site-packages/flask/app.py", line 1799, in dispatch_request
Oct 30 07:24:03 user devstack@keystone.service[45605]: ERROR keystone.server.flask.application return self.ensure_sync(self.view_functions[rule.endpoint])(**view_args)
Oct 30 07:24:03 user devstack@keystone.service[45605]: ERROR keystone.server.flask.application
File "/opt/stack/data/venv/lib/python3.10/site-packages/flask_restful/__init__.py", line 489, in wrapper
Oct 30 07:24:03 user devstack@keystone.service[45605]: ERROR keystone.server.flask.application resp = resource(*args, **kwargs)
Oct 30 07:24:03 user devstack@keystone.service[45605]: ERROR keystone.server.flask.application
File "/opt/stack/data/venv/lib/python3.10/site-packages/flask/views.py", line 107, in view
Oct 30 07:24:03 user devstack@keystone.service[45605]: ERROR keystone.server.flask.application return current_app.ensure_sync(self.dispatch_request)(**kwargs)
Oct 30 07:24:03 user devstack@keystone.service[45605]: ERROR keystone.server.flask.application
File "/opt/stack/data/venv/lib/python3.10/site-packages/flask_restful/__init__.py", line 604, in dispatch_request
Oct 30 07:24:03 user devstack@keystone.service[45605]: ERROR keystone.server.flask.application resp = meth(*args, **kwargs)
Oct 30 07:24:03 user devstack@keystone.service[45605]: ERROR keystone.server.flask.application
File "/opt/stack/keystone/keystone/api/roles.py", line 50, in get
Oct 30 07:24:03 user devstack@keystone.service[45605]: ERROR keystone.server.flask.application return self._get_role(role_id)
Oct 30 07:24:03 user devstack@keystone.service[45605]: ERROR keystone.server.flask.application
File "/opt/stack/keystone/keystone/api/roles.py", line 70, in _get_role
Oct 30 07:24:03 user devstack@keystone.service[45605]: ERROR keystone.server.flask.application ENFORCER.enforce_call(action='identity:get_role')
Oct 30 07:24:03 user devstack@keystone.service[45605]: ERROR keystone.server.flask.application
File "/opt/stack/keystone/keystone/common/rbac_enforcer/enforcer.py", line 402, in enforce_call
Oct 30 07:24:03 user devstack@keystone.service[45605]: ERROR keystone.server.flask.application policy_dict.update(cls._extract_member_target_data(
Oct 30 07:24:03 user devstack@keystone.service[45605]: ERROR keystone.server.flask.application
File "/opt/stack/keystone/keystone/common/rbac_enforcer/enforcer.py", line 234, in _extract_member_target_data
Oct 30 07:24:03 user devstack@keystone.service[45605]: ERROR keystone.server.flask.application member_name: func(flask.request.view_args[key])
Oct 30 07:24:03 user devstack@keystone.service[45605]: ERROR keystone.server.flask.application
File "/opt/stack/keystone/keystone/common/manager.py", line 115, in wrapped
Oct 30 07:24:03 user devstack@keystone.service[45605]: ERROR keystone.server.flask.application __ret_val = __f(*args, **kwargs)
Oct 30 07:24:03 user devstack@keystone.service[45605]: ERROR keystone.server.flask.application
File "/opt/stack/data/venv/lib/python3.10/site-packages/decorator.py", line 232, in fun
Oct 30 07:24:03 user devstack@keystone.service[45605]: ERROR keystone.server.flask.application return caller(func, *(extras + args), **kw)
Oct 30 07:24:03 user devstack@keystone.service[45605]: ERROR keystone.server.flask.application
File "/opt/stack/data/venv/lib/python3.10/site-packages/dogpile/cache/region.py", line 1594, in get_or_create_for_user_func
Oct 30 07:24:03 user devstack@keystone.service[45605]: ERROR keystone.server.flask.application return self.get_or_create(
Oct 30 07:24:03 user devstack@keystone.service[45605]: ERROR keystone.server.flask.application
File "/opt/stack/data/venv/lib/python3.10/site-packages/dogpile/cache/region.py", line 1054, in get_or_create
Oct 30 07:24:03 user devstack@keystone.service[45605]: ERROR keystone.server.flask.application with Lock(
Oct 30 07:24:03 user devstack@keystone.service[45605]: ERROR keystone.server.flask.application
File "/opt/stack/data/venv/lib/python3.10/site-packages/dogpile/lock.py", line 185, in __enter__
Oct 30 07:24:03 user devstack@keystone.service[45605]: ERROR keystone.server.flask.application return self._enter()
Oct 30 07:24:03 user devstack@keystone.service[45605]: ERROR keystone.server.flask.application
File "/opt/stack/data/venv/lib/python3.10/site-packages/dogpile/lock.py", line 94, in _enter
Oct 30 07:24:03 user devstack@keystone.service[45605]: ERROR keystone.server.flask.application generated = self._enter_create(value, createdtime)
Oct 30 07:24:03 user devstack@keystone.service[45605]: ERROR keystone.server.flask.application
File "/opt/stack/data/venv/lib/python3.10/site-packages/dogpile/lock.py", line 178, in _enter_create
Oct 30 07:24:03 user devstack@keystone.service[45605]: ERROR keystone.server.flask.application return self.creator()
Oct 30 07:24:03 user devstack@keystone.service[45605]: ERROR keystone.server.flask.application
File "/opt/stack/data/venv/lib/python3.10/site-packages/dogpile/cache/region.py", line 1007, in gen_value
Oct 30 07:24:03 user devstack@keystone.service[45605]: ERROR keystone.server.flask.application created_value = creator(
Oct 30 07:24:03 user devstack@keystone.service[45605]: ERROR keystone.server.flask.application
File "/opt/stack/keystone/keystone/assignment/core.py", line 1276, in get_role
Oct 30 07:24:03 user devstack@keystone.service[45605]: ERROR keystone.server.flask.application return self.driver.get_role(role_id)
Oct 30 07:24:03 user devstack@keystone.service[45605]: ERROR keystone.server.flask.application
File "/opt/stack/keystone/keystone/assignment/role_backends/sql.py", line 70, in get_role
Oct 30 07:24:03 user devstack@keystone.service[45605]: ERROR keystone.server.flask.application return self._get_role(session, role_id).to_dict()
Oct 30 07:24:03 user devstack@keystone.service[45605]: ERROR keystone.server.flask.application
File "/opt/stack/keystone/keystone/assignment/role_backends/sql.py", line 65, in _get_role
Oct 30 07:24:03 user devstack@keystone.service[45605]: ERROR keystone.server.flask.application raise exception.RoleNotFound(role_id=role_id)
Oct 30 07:24:03 user devstack@keystone.service[45605]: ERROR keystone.server.flask.application keystone.exception.RoleNotFound: Could not find role: member.
Oct 30 07:24:03 user devstack@keystone.service[45605]: ERROR keystone.server.flask.application
Oct 30 07:24:03 user devstack@keystone.service[45605]: [pid: 45605|app: 0|req: 65/196] 10.0.0.210 () {56 vars in 1094 bytes} [Mon Oct 30 07:24:03 2023] GET /identity/v3/roles/member => generated 84 bytes in 165 msecs (HTTP/1.1 404) 5 headers in 183 bytes (1 switches on core 0)
Oct 30 07:24:03 user devstack@keystone.service[45605]: DEBUG keystone.server.flask.request_processing.middleware.auth_context [None req-69ad3f38-c92a-4488-a609-d0fb3a2df905 None admin] Authenticating user token {{(pid=45605) process_request /opt/stack/data/venv/lib/python3.10/site-packages/keystonemiddleware/auth_token/__init__.py:406}}
Oct 30 07:24:03 user devstack@keystone.service[45606]: DEBUG keystone.server.flask.request_processing.middleware.auth_context [None req-69d5578e-c7ee-4512-92a7-064bfe1d3ab7 None None] Validating token access rules against request {{(pid=45606) validate_allowed_request /opt/stack/data/venv/lib/python3.10/site-packages/keystonemiddleware/auth_token/__init__.py:544}}
Oct 30 07:24:03 user devstack@keystone.service[45604]: DEBUG keystone.server.flask.request_processing.middleware.auth_context [None req-f3131b67-20bd-49b7-8f53-6473065b7876 None admin] Validating token access rules against request {{(pid=45604) validate_allowed_request /opt/stack/data/venv/lib/python3.10/site-packages/keystonemiddleware/auth_token/__init__.py:544}}
Oct 30 07:24:03 user devstack@keystone.service[45606]: DEBUG keystone.server.flask.request_processing.middleware.auth_context [None req-80bb7c9b-8295-4e2c-9eb0-620840e7da50 None admin] RBAC: auth_context: {'token': , 'domain_id': None, 'trust_id': None, 'trustor_id': None, 'trustee_id': None, 'domain_name': None, 'group_ids': [], 'user_id': '7c49a46ef91b48d598c66aacf1a96529', 'user_domain_id': 'default', 'system_scope': 'all', 'project_id': None, 'project_domain_id': None, 'roles': ['admin', 'manager', 'member', 'reader'], 'is_admin_project': True, 'service_user_id': None, 'service_user_domain_id': None, 'service_project_id': None, 'service_project_domain_id': None, 'service_roles': []} {{(pid=45606) fill_context /opt/stack/keystone/keystone/server/flask/request_processing/middleware/auth_context.py:480}}
Oct 30 07:24:03 user devstack@keystone.service[45604]: DEBUG keystone.server.flask.request_processing.middleware.auth_context [None req-e6fded18-7a17-4ae0-a960-f122b1734496 None admin] RBAC: auth_context: {'token': , 'domain_id': None, 'trust_id': None, 'trustor_id': None, 'trustee_id': None, 'domain_name': None, 'group_ids': [], 'user_id': '7c49a46ef91b48d598c66aacf1a96529', 'user_domain_id': 'default', 'system_scope': 'all', 'project_id': None, 'project_domain_id': None, 'roles': ['admin', 'manager', 'member', 'reader'], 'is_admin_project': True, 'service_user_id': None, 'service_user_domain_id': None, 'service_project_id': None, 'service_project_domain_id': None, 'service_roles': []} {{(pid=45604) fill_context /opt/stack/keystone/keystone/server/flask/request_processing/middleware/auth_context.py:480}}
Oct 30 07:24:03 user devstack@keystone.service[45606]: DEBUG keystone.server.flask.request_processing.req_logging [None req-80bb7c9b-8295-4e2c-9eb0-620840e7da50 None admin] REQUEST_METHOD: `GET` {{(pid=45606) log_request_info /opt/stack/keystone/keystone/server/flask/request_processing/req_logging.py:27}}
Oct 30 07:24:03 user devstack@keystone.service[45606]: DEBUG keystone.server.flask.request_processing.req_logging [None req-80bb7c9b-8295-4e2c-9eb0-620840e7da50 None admin] SCRIPT_NAME: `/identity` {{(pid=45606) log_request_info /opt/stack/keystone/keystone/server/flask/request_processing/req_logging.py:28}}
Oct 30 07:24:03 user devstack@keystone.service[45606]: DEBUG keystone.server.flask.request_processing.req_logging [None req-80bb7c9b-8295-4e2c-9eb0-620840e7da50 None admin] PATH_INFO: `/v3/roles` {{(pid=45606) log_request_info /opt/stack/keystone/keystone/server/flask/request_processing/req_logging.py:29}}
Oct 30 07:24:03 user devstack@keystone.service[45604]: DEBUG keystone.server.flask.request_processing.req_logging [None req-e6fded18-7a17-4ae0-a960-f122b1734496 None admin] REQUEST_METHOD: `GET` {{(pid=45604) log_request_info /opt/stack/keystone/keystone/server/flask/request_processing/req_logging.py:27}}
Oct 30 07:24:03 user devstack@keystone.service[45604]: DEBUG keystone.server.flask.request_processing.req_logging [None req-e6fded18-7a17-4ae0-a960-f122b1734496 None admin] SCRIPT_NAME: `/identity` {{(pid=45604) log_request_info /opt/stack/keystone/keystone/server/flask/request_processing/req_logging.py:28}}
Oct 30 07:24:03 user devstack@keystone.service[45604]: DEBUG keystone.server.flask.request_processing.req_logging [None req-e6fded18-7a17-4ae0-a960-f122b1734496 None admin] PATH_INFO: `/v3/domains/default` {{(pid=45604) log_request_info /opt/stack/keystone/keystone/server/flask/request_processing/req_logging.py:29}}
Oct 30 07:24:03 user devstack@keystone.service[45606]: DEBUG keystone.common.rbac_enforcer.enforcer [None req-80bb7c9b-8295-4e2c-9eb0-620840e7da50 None admin] RBAC: Adding query filter params (name=reader) {{(pid=45606) _extract_filter_values /opt/stack/keystone/keystone/common/rbac_enforcer/enforcer.py:167}}
Oct 30 07:24:03 user devstack@keystone.service[45606]: DEBUG keystone.common.rbac_enforcer.enforcer [None req-80bb7c9b-8295-4e2c-9eb0-620840e7da50 None admin] RBAC: Authorizing `identity:list_roles()` {{(pid=45606) enforce_call /opt/stack/keystone/keystone/common/rbac_enforcer/enforcer.py:449}}
Oct 30 07:24:03 user devstack@keystone.service[45604]: DEBUG keystone.common.rbac_enforcer.enforcer [None req-e6fded18-7a17-4ae0-a960-f122b1734496 None admin] RBAC: Authorizing `identity:get_domain(domain_id=default)` {{(pid=45604) enforce_call /opt/stack/keystone/keystone/common/rbac_enforcer/enforcer.py:449}}
Oct 30 07:24:03 user devstack@keystone.service[45606]: DEBUG keystone.common.rbac_enforcer.enforcer [None req-80bb7c9b-8295-4e2c-9eb0-620840e7da50 None admin] RBAC: Authorization granted {{(pid=45606) enforce_call /opt/stack/keystone/keystone/common/rbac_enforcer/enforcer.py:457}}
Oct 30 07:24:03 user devstack@keystone.service[45604]: DEBUG keystone.common.rbac_enforcer.enforcer [None req-e6fded18-7a17-4ae0-a960-f122b1734496 None admin] RBAC: Authorization granted {{(pid=45604) enforce_call /opt/stack/keystone/keystone/common/rbac_enforcer/enforcer.py:457}}
Oct 30 07:24:03 user devstack@keystone.service[45604]: [pid: 45604|app: 0|req: 68/197] 10.0.0.210 () {56 vars in 1103 bytes} [Mon Oct 30 07:24:03 2023] GET /identity/v3/domains/default => generated 198 bytes in 134 msecs (HTTP/1.1 200) 5 headers in 177 bytes (2 switches on core 0)
Oct 30 07:24:03 user devstack@keystone.service[45604]: DEBUG keystone.server.flask.request_processing.middleware.auth_context [None req-e6fded18-7a17-4ae0-a960-f122b1734496 None admin] Authenticating user token {{(pid=45604) process_request /opt/stack/data/venv/lib/python3.10/site-packages/keystonemiddleware/auth_token/__init__.py:406}}
Oct 30 07:24:03 user devstack@keystone.service[45606]: [pid: 45606|app: 0|req: 65/198] 10.0.0.210 () {56 vars in 1096 bytes} [Mon Oct 30 07:24:03 2023] GET /identity/v3/roles?name=reader => generated 339 bytes in 140 msecs (HTTP/1.1 200) 5 headers in 177 bytes (1 switches on core 0)
Oct 30 07:24:03 user devstack@keystone.service[45606]: DEBUG keystone.server.flask.request_processing.middleware.auth_context [None req-80bb7c9b-8295-4e2c-9eb0-620840e7da50 None admin] Authenticating user token {{(pid=45606) process_request /opt/stack/data/venv/lib/python3.10/site-packages/keystonemiddleware/auth_token/__init__.py:406}}
Oct 30 07:24:03 user devstack@keystone.service[45605]: DEBUG keystone.server.flask.request_processing.middleware.auth_context [None req-69ad3f38-c92a-4488-a609-d0fb3a2df905 None admin] Validating token access rules against request {{(pid=45605) validate_allowed_request /opt/stack/data/venv/lib/python3.10/site-packages/keystonemiddleware/auth_token/__init__.py:544}}
Oct 30 07:24:03 user devstack@keystone.service[45605]: DEBUG keystone.server.flask.request_processing.middleware.auth_context [None req-574b7d78-cfd1-411b-994a-8ada7b91655a None admin] RBAC: auth_context: {'token': , 'domain_id': None, 'trust_id': None, 'trustor_id': None, 'trustee_id': None, 'domain_name': None, 'group_ids': [], 'user_id': '7c49a46ef91b48d598c66aacf1a96529', 'user_domain_id': 'default', 'system_scope': 'all', 'project_id': None, 'project_domain_id': None, 'roles': ['admin', 'manager', 'member', 'reader'], 'is_admin_project': True, 'service_user_id': None, 'service_user_domain_id': None, 'service_project_id': None, 'service_project_domain_id': None, 'service_roles': []} {{(pid=45605) fill_context /opt/stack/keystone/keystone/server/flask/request_processing/middleware/auth_context.py:480}}
Oct 30 07:24:03 user devstack@keystone.service[45605]: DEBUG keystone.server.flask.request_processing.req_logging [None req-574b7d78-cfd1-411b-994a-8ada7b91655a None admin] REQUEST_METHOD: `GET` {{(pid=45605) log_request_info /opt/stack/keystone/keystone/server/flask/request_processing/req_logging.py:27}}
Oct 30 07:24:03 user devstack@keystone.service[45605]: DEBUG keystone.server.flask.request_processing.req_logging [None req-574b7d78-cfd1-411b-994a-8ada7b91655a None admin] SCRIPT_NAME: `/identity` {{(pid=45605) log_request_info /opt/stack/keystone/keystone/server/flask/request_processing/req_logging.py:28}}
Oct 30 07:24:03 user devstack@keystone.service[45605]: DEBUG keystone.server.flask.request_processing.req_logging [None req-574b7d78-cfd1-411b-994a-8ada7b91655a None admin] PATH_INFO: `/v3/roles` {{(pid=45605) log_request_info /opt/stack/keystone/keystone/server/flask/request_processing/req_logging.py:29}}
Oct 30 07:24:03 user devstack@keystone.service[45605]: DEBUG keystone.common.rbac_enforcer.enforcer [None req-574b7d78-cfd1-411b-994a-8ada7b91655a None admin] RBAC: Adding query filter params (name=member) {{(pid=45605) _extract_filter_values /opt/stack/keystone/keystone/common/rbac_enforcer/enforcer.py:167}}
Oct 30 07:24:03 user devstack@keystone.service[45605]: DEBUG keystone.common.rbac_enforcer.enforcer [None req-574b7d78-cfd1-411b-994a-8ada7b91655a None admin] RBAC: Authorizing `identity:list_roles()` {{(pid=45605) enforce_call /opt/stack/keystone/keystone/common/rbac_enforcer/enforcer.py:449}}
Oct 30 07:24:03 user devstack@keystone.service[45605]: DEBUG keystone.common.rbac_enforcer.enforcer [None req-574b7d78-cfd1-411b-994a-8ada7b91655a None admin] RBAC: Authorization granted {{(pid=45605) enforce_call /opt/stack/keystone/keystone/common/rbac_enforcer/enforcer.py:457}}
Oct 30 07:24:03 user devstack@keystone.service[45605]: [pid: 45605|app: 0|req: 66/199] 10.0.0.210 () {56 vars in 1096 bytes} [Mon Oct 30 07:24:03 2023] GET /identity/v3/roles?name=member => generated 339 bytes in 151 msecs (HTTP/1.1 200) 5 headers in 177 bytes (1 switches on core 0)
Oct 30 07:24:03 user devstack@keystone.service[45605]: DEBUG keystone.server.flask.request_processing.middleware.auth_context [None req-574b7d78-cfd1-411b-994a-8ada7b91655a None admin] Authenticating user token {{(pid=45605) process_request /opt/stack/data/venv/lib/python3.10/site-packages/keystonemiddleware/auth_token/__init__.py:406}}
Oct 30 07:24:03 user devstack@keystone.service[45606]: DEBUG keystone.server.flask.request_processing.middleware.auth_context [None req-80bb7c9b-8295-4e2c-9eb0-620840e7da50 None admin] Validating token access rules against request {{(pid=45606) validate_allowed_request /opt/stack/data/venv/lib/python3.10/site-packages/keystonemiddleware/auth_token/__init__.py:544}}
Oct 30 07:24:03 user devstack@keystone.service[45604]: DEBUG keystone.server.flask.request_processing.middleware.auth_context [None req-e6fded18-7a17-4ae0-a960-f122b1734496 None admin] Validating token access rules against request {{(pid=45604) validate_allowed_request /opt/stack/data/venv/lib/python3.10/site-packages/keystonemiddleware/auth_token/__init__.py:544}}
Oct 30 07:24:03 user devstack@keystone.service[45606]: DEBUG keystone.server.flask.request_processing.middleware.auth_context [None req-d3a39976-60e2-4f57-ac4d-527ff8ef93e0 None admin] RBAC: auth_context: {'token': , 'domain_id': None, 'trust_id': None, 'trustor_id': None, 'trustee_id': None, 'domain_name': None, 'group_ids': [], 'user_id': '7c49a46ef91b48d598c66aacf1a96529', 'user_domain_id': 'default', 'system_scope': 'all', 'project_id': None, 'project_domain_id': None, 'roles': ['admin', 'manager', 'member', 'reader'], 'is_admin_project': True, 'service_user_id': None, 'service_user_domain_id': None, 'service_project_id': None, 'service_project_domain_id': None, 'service_roles': []} {{(pid=45606) fill_context /opt/stack/keystone/keystone/server/flask/request_processing/middleware/auth_context.py:480}}
Oct 30 07:24:03 user devstack@keystone.service[45606]: DEBUG keystone.server.flask.request_processing.req_logging [None req-d3a39976-60e2-4f57-ac4d-527ff8ef93e0 None admin] REQUEST_METHOD: `GET` {{(pid=45606) log_request_info /opt/stack/keystone/keystone/server/flask/request_processing/req_logging.py:27}}
Oct 30 07:24:03 user devstack@keystone.service[45606]: DEBUG keystone.server.flask.request_processing.req_logging [None req-d3a39976-60e2-4f57-ac4d-527ff8ef93e0 None admin] SCRIPT_NAME: `/identity` {{(pid=45606) log_request_info /opt/stack/keystone/keystone/server/flask/request_processing/req_logging.py:28}}
Oct 30 07:24:03 user devstack@keystone.service[45606]: DEBUG keystone.server.flask.request_processing.req_logging [None req-d3a39976-60e2-4f57-ac4d-527ff8ef93e0 None admin] PATH_INFO: `/v3/users/4583ef0a72674ef3aad10bf03c38fcde` {{(pid=45606) log_request_info /opt/stack/keystone/keystone/server/flask/request_processing/req_logging.py:29}}
Oct 30 07:24:03 user devstack@keystone.service[45604]: DEBUG keystone.server.flask.request_processing.middleware.auth_context [None req-adc6cf59-88b4-4d48-8aed-535cf567952c None admin] RBAC: auth_context: {'token': , 'domain_id': None, 'trust_id': None, 'trustor_id': None, 'trustee_id': None, 'domain_name': None, 'group_ids': [], 'user_id': '7c49a46ef91b48d598c66aacf1a96529', 'user_domain_id': 'default', 'system_scope': 'all', 'project_id': None, 'project_domain_id': None, 'roles': ['admin', 'manager', 'member', 'reader'], 'is_admin_project': True, 'service_user_id': None, 'service_user_domain_id': None, 'service_project_id': None, 'service_project_domain_id': None, 'service_roles': []} {{(pid=45604) fill_context /opt/stack/keystone/keystone/server/flask/request_processing/middleware/auth_context.py:480}}
Oct 30 07:24:03 user devstack@keystone.service[45604]: DEBUG keystone.server.flask.request_processing.req_logging [None req-adc6cf59-88b4-4d48-8aed-535cf567952c None admin] REQUEST_METHOD: `POST` {{(pid=45604) log_request_info /opt/stack/keystone/keystone/server/flask/request_processing/req_logging.py:27}}
Oct 30 07:24:03 user devstack@keystone.service[45604]: DEBUG keystone.server.flask.request_processing.req_logging [None req-adc6cf59-88b4-4d48-8aed-535cf567952c None admin] SCRIPT_NAME: `/identity` {{(pid=45604) log_request_info /opt/stack/keystone/keystone/server/flask/request_processing/req_logging.py:28}}
Oct 30 07:24:03 user devstack@keystone.service[45604]: DEBUG keystone.server.flask.request_processing.req_logging [None req-adc6cf59-88b4-4d48-8aed-535cf567952c None admin] PATH_INFO: `/v3/users` {{(pid=45604) log_request_info /opt/stack/keystone/keystone/server/flask/request_processing/req_logging.py:29}}
Oct 30 07:24:03 user devstack@keystone.service[45604]: DEBUG keystone.common.rbac_enforcer.enforcer [None req-adc6cf59-88b4-4d48-8aed-535cf567952c None admin] RBAC: Authorizing `identity:create_user()` {{(pid=45604) enforce_call /opt/stack/keystone/keystone/common/rbac_enforcer/enforcer.py:449}}
Oct 30 07:24:03 user devstack@keystone.service[45604]: DEBUG keystone.common.rbac_enforcer.enforcer [None req-adc6cf59-88b4-4d48-8aed-535cf567952c None admin] RBAC: Authorization granted {{(pid=45604) enforce_call /opt/stack/keystone/keystone/common/rbac_enforcer/enforcer.py:457}}
Oct 30 07:24:03 user devstack@keystone.service[45606]: DEBUG keystone.common.rbac_enforcer.enforcer [None req-d3a39976-60e2-4f57-ac4d-527ff8ef93e0 None admin] RBAC: Authorizing `identity:get_user(user_id=4583ef0a72674ef3aad10bf03c38fcde)` {{(pid=45606) enforce_call /opt/stack/keystone/keystone/common/rbac_enforcer/enforcer.py:449}}
Oct 30 07:24:03 user devstack@keystone.service[45606]: DEBUG keystone.common.rbac_enforcer.enforcer [None req-d3a39976-60e2-4f57-ac4d-527ff8ef93e0 None admin] RBAC: Authorization granted {{(pid=45606) enforce_call /opt/stack/keystone/keystone/common/rbac_enforcer/enforcer.py:457}}
Oct 30 07:24:03 user devstack@keystone.service[45604]: WARNING keystone.common.password_hashing [None req-adc6cf59-88b4-4d48-8aed-535cf567952c None admin] Truncating password to algorithm specific maximum length 72 characters.
Oct 30 07:24:03 user devstack@keystone.service[45606]: [pid: 45606|app: 0|req: 66/200] 10.0.0.210 () {56 vars in 1172 bytes} [Mon Oct 30 07:24:03 2023] GET /identity/v3/users/4583ef0a72674ef3aad10bf03c38fcde => generated 296 bytes in 137 msecs (HTTP/1.1 200) 5 headers in 177 bytes (2 switches on core 0)
Oct 30 07:24:03 user devstack@keystone.service[45606]: DEBUG keystone.server.flask.request_processing.middleware.auth_context [None req-d3a39976-60e2-4f57-ac4d-527ff8ef93e0 None admin] Authenticating user token {{(pid=45606) process_request /opt/stack/data/venv/lib/python3.10/site-packages/keystonemiddleware/auth_token/__init__.py:406}}
Oct 30 07:24:03 user devstack@keystone.service[45604]: [pid: 45604|app: 0|req: 69/201] 10.0.0.210 () {60 vars in 1127 bytes} [Mon Oct 30 07:24:03 2023] POST /identity/v3/users => generated 292 bytes in 161 msecs (HTTP/1.1 201) 5 headers in 182 bytes (2 switches on core 0)
Oct 30 07:24:03 user devstack@keystone.service[45605]: DEBUG keystone.server.flask.request_processing.middleware.auth_context [None req-574b7d78-cfd1-411b-994a-8ada7b91655a None admin] Validating token access rules against request {{(pid=45605) validate_allowed_request /opt/stack/data/venv/lib/python3.10/site-packages/keystonemiddleware/auth_token/__init__.py:544}}
Oct 30 07:24:03 user devstack@keystone.service[45605]: DEBUG keystone.server.flask.request_processing.middleware.auth_context [None req-0035faae-2718-4f1b-a96c-5f0c677b536c None admin] RBAC: auth_context: {'token': , 'domain_id': None, 'trust_id': None, 'trustor_id': None, 'trustee_id': None, 'domain_name': None, 'group_ids': [], 'user_id': '7c49a46ef91b48d598c66aacf1a96529', 'user_domain_id': 'default', 'system_scope': 'all', 'project_id': None, 'project_domain_id': None, 'roles': ['admin', 'manager', 'member', 'reader'], 'is_admin_project': True, 'service_user_id': None, 'service_user_domain_id': None, 'service_project_id': None, 'service_project_domain_id': None, 'service_roles': []} {{(pid=45605) fill_context /opt/stack/keystone/keystone/server/flask/request_processing/middleware/auth_context.py:480}}
Oct 30 07:24:03 user devstack@keystone.service[45605]: DEBUG keystone.server.flask.request_processing.req_logging [None req-0035faae-2718-4f1b-a96c-5f0c677b536c None admin] REQUEST_METHOD: `GET` {{(pid=45605) log_request_info /opt/stack/keystone/keystone/server/flask/request_processing/req_logging.py:27}}
Oct 30 07:24:03 user devstack@keystone.service[45605]: DEBUG keystone.server.flask.request_processing.req_logging [None req-0035faae-2718-4f1b-a96c-5f0c677b536c None admin] SCRIPT_NAME: `/identity` {{(pid=45605) log_request_info /opt/stack/keystone/keystone/server/flask/request_processing/req_logging.py:28}}
Oct 30 07:24:03 user devstack@keystone.service[45605]: DEBUG keystone.server.flask.request_processing.req_logging [None req-0035faae-2718-4f1b-a96c-5f0c677b536c None admin] PATH_INFO: `/v3/users/58bacb639e554d99b539e906818d06e1` {{(pid=45605) log_request_info /opt/stack/keystone/keystone/server/flask/request_processing/req_logging.py:29}}
Oct 30 07:24:03 user devstack@keystone.service[45605]: DEBUG keystone.common.rbac_enforcer.enforcer [None req-0035faae-2718-4f1b-a96c-5f0c677b536c None admin] RBAC: Authorizing `identity:get_user(user_id=58bacb639e554d99b539e906818d06e1)` {{(pid=45605) enforce_call /opt/stack/keystone/keystone/common/rbac_enforcer/enforcer.py:449}}
Oct 30 07:24:03 user devstack@keystone.service[45605]: DEBUG keystone.common.rbac_enforcer.enforcer [None req-0035faae-2718-4f1b-a96c-5f0c677b536c None admin] RBAC: Authorization granted {{(pid=45605) enforce_call /opt/stack/keystone/keystone/common/rbac_enforcer/enforcer.py:457}}
Oct 30 07:24:03 user devstack@keystone.service[45605]: [pid: 45605|app: 0|req: 67/202] 10.0.0.210 () {56 vars in 1172 bytes} [Mon Oct 30 07:24:03 2023] GET /identity/v3/users/58bacb639e554d99b539e906818d06e1 => generated 296 bytes in 152 msecs (HTTP/1.1 200) 5 headers in 177 bytes (1 switches on core 0)
Oct 30 07:24:03 user devstack@keystone.service[45606]: DEBUG keystone.server.flask.request_processing.middleware.auth_context [None req-d3a39976-60e2-4f57-ac4d-527ff8ef93e0 None admin] Validating token access rules against request {{(pid=45606) validate_allowed_request /opt/stack/data/venv/lib/python3.10/site-packages/keystonemiddleware/auth_token/__init__.py:544}}
Oct 30 07:24:03 user devstack@keystone.service[45604]: DEBUG keystone.server.flask.request_processing.middleware.auth_context [None req-adc6cf59-88b4-4d48-8aed-535cf567952c None admin] Authenticating user token {{(pid=45604) process_request /opt/stack/data/venv/lib/python3.10/site-packages/keystonemiddleware/auth_token/__init__.py:406}}
Oct 30 07:24:03 user devstack@keystone.service[45606]: DEBUG keystone.server.flask.request_processing.middleware.auth_context [None req-c002644d-2e7e-4f2d-b01a-7754f8c9892f None admin] RBAC: auth_context: {'token': , 'domain_id': None, 'trust_id': None, 'trustor_id': None, 'trustee_id': None, 'domain_name': None, 'group_ids': [], 'user_id': '7c49a46ef91b48d598c66aacf1a96529', 'user_domain_id': 'default', 'system_scope': 'all', 'project_id': None, 'project_domain_id': None, 'roles': ['admin', 'manager', 'member', 'reader'], 'is_admin_project': True, 'service_user_id': None, 'service_user_domain_id': None, 'service_project_id': None, 'service_project_domain_id': None, 'service_roles': []} {{(pid=45606) fill_context /opt/stack/keystone/keystone/server/flask/request_processing/middleware/auth_context.py:480}}
Oct 30 07:24:03 user devstack@keystone.service[45606]: DEBUG keystone.server.flask.request_processing.req_logging [None req-c002644d-2e7e-4f2d-b01a-7754f8c9892f None admin] REQUEST_METHOD: `GET` {{(pid=45606) log_request_info /opt/stack/keystone/keystone/server/flask/request_processing/req_logging.py:27}}
Oct 30 07:24:03 user devstack@keystone.service[45606]: DEBUG keystone.server.flask.request_processing.req_logging [None req-c002644d-2e7e-4f2d-b01a-7754f8c9892f None admin] SCRIPT_NAME: `/identity` {{(pid=45606) log_request_info /opt/stack/keystone/keystone/server/flask/request_processing/req_logging.py:28}}
Oct 30 07:24:03 user devstack@keystone.service[45606]: DEBUG keystone.server.flask.request_processing.req_logging [None req-c002644d-2e7e-4f2d-b01a-7754f8c9892f None admin] PATH_INFO: `/v3/projects/cdb129f0489343b0b2e82708e991a8fc` {{(pid=45606) log_request_info /opt/stack/keystone/keystone/server/flask/request_processing/req_logging.py:29}}
Oct 30 07:24:03 user devstack@keystone.service[45606]: DEBUG keystone.common.rbac_enforcer.enforcer [None req-c002644d-2e7e-4f2d-b01a-7754f8c9892f None admin] RBAC: Authorizing `identity:get_project(project_id=cdb129f0489343b0b2e82708e991a8fc)` {{(pid=45606) enforce_call /opt/stack/keystone/keystone/common/rbac_enforcer/enforcer.py:449}}
Oct 30 07:24:03 user devstack@keystone.service[45606]: DEBUG keystone.common.rbac_enforcer.enforcer [None req-c002644d-2e7e-4f2d-b01a-7754f8c9892f None admin] RBAC: Authorization granted {{(pid=45606) enforce_call /opt/stack/keystone/keystone/common/rbac_enforcer/enforcer.py:457}}
Oct 30 07:24:03 user devstack@keystone.service[45606]: [pid: 45606|app: 0|req: 67/203] 10.0.0.210 () {56 vars in 1181 bytes} [Mon Oct 30 07:24:03 2023] GET /identity/v3/projects/cdb129f0489343b0b2e82708e991a8fc => generated 301 bytes in 128 msecs (HTTP/1.1 200) 5 headers in 177 bytes (1 switches on core 0)
Oct 30 07:24:03 user devstack@keystone.service[45605]: DEBUG keystone.server.flask.request_processing.middleware.auth_context [None req-0035faae-2718-4f1b-a96c-5f0c677b536c None admin] Authenticating user token {{(pid=45605) process_request /opt/stack/data/venv/lib/python3.10/site-packages/keystonemiddleware/auth_token/__init__.py:406}}
Oct 30 07:24:03 user devstack@keystone.service[45604]: DEBUG keystone.server.flask.request_processing.middleware.auth_context [None req-adc6cf59-88b4-4d48-8aed-535cf567952c None admin] Validating token access rules against request {{(pid=45604) validate_allowed_request /opt/stack/data/venv/lib/python3.10/site-packages/keystonemiddleware/auth_token/__init__.py:544}}
Oct 30 07:24:03 user devstack@keystone.service[45605]: DEBUG keystone.server.flask.request_processing.middleware.auth_context [None req-0035faae-2718-4f1b-a96c-5f0c677b536c None admin] Validating token access rules against request {{(pid=45605) validate_allowed_request /opt/stack/data/venv/lib/python3.10/site-packages/keystonemiddleware/auth_token/__init__.py:544}}
Oct 30 07:24:03 user devstack@keystone.service[45604]: DEBUG keystone.server.flask.request_processing.middleware.auth_context [None req-805a1d45-c4cb-4d58-a186-60e8866702fd None admin] RBAC: auth_context: {'token': , 'domain_id': None, 'trust_id': None, 'trustor_id': None, 'trustee_id': None, 'domain_name': None, 'group_ids': [], 'user_id': '7c49a46ef91b48d598c66aacf1a96529', 'user_domain_id': 'default', 'system_scope': 'all', 'project_id': None, 'project_domain_id': None, 'roles': ['admin', 'manager', 'member', 'reader'], 'is_admin_project': True, 'service_user_id': None, 'service_user_domain_id': None, 'service_project_id': None, 'service_project_domain_id': None, 'service_roles': []} {{(pid=45604) fill_context /opt/stack/keystone/keystone/server/flask/request_processing/middleware/auth_context.py:480}}
Oct 30 07:24:03 user devstack@keystone.service[45604]: DEBUG keystone.server.flask.request_processing.req_logging [None req-805a1d45-c4cb-4d58-a186-60e8866702fd None admin] REQUEST_METHOD: `GET` {{(pid=45604) log_request_info /opt/stack/keystone/keystone/server/flask/request_processing/req_logging.py:27}}
Oct 30 07:24:03 user devstack@keystone.service[45604]: DEBUG keystone.server.flask.request_processing.req_logging [None req-805a1d45-c4cb-4d58-a186-60e8866702fd None admin] SCRIPT_NAME: `/identity` {{(pid=45604) log_request_info /opt/stack/keystone/keystone/server/flask/request_processing/req_logging.py:28}}
Oct 30 07:24:03 user devstack@keystone.service[45604]: DEBUG keystone.server.flask.request_processing.req_logging [None req-805a1d45-c4cb-4d58-a186-60e8866702fd None admin] PATH_INFO: `/v3/auth/tokens` {{(pid=45604) log_request_info /opt/stack/keystone/keystone/server/flask/request_processing/req_logging.py:29}}
Oct 30 07:24:03 user devstack@keystone.service[45605]: DEBUG keystone.server.flask.request_processing.middleware.auth_context [None req-387b2a8d-8246-4774-8f42-00338bead315 None admin] RBAC: auth_context: {'token': , 'domain_id': None, 'trust_id': None, 'trustor_id': None, 'trustee_id': None, 'domain_name': None, 'group_ids': [], 'user_id': '7c49a46ef91b48d598c66aacf1a96529', 'user_domain_id': 'default', 'system_scope': 'all', 'project_id': None, 'project_domain_id': None, 'roles': ['admin', 'manager', 'member', 'reader'], 'is_admin_project': True, 'service_user_id': None, 'service_user_domain_id': None, 'service_project_id': None, 'service_project_domain_id': None, 'service_roles': []} {{(pid=45605) fill_context /opt/stack/keystone/keystone/server/flask/request_processing/middleware/auth_context.py:480}}
Oct 30 07:24:03 user devstack@keystone.service[45605]: DEBUG keystone.server.flask.request_processing.req_logging [None req-387b2a8d-8246-4774-8f42-00338bead315 None admin] REQUEST_METHOD: `PUT` {{(pid=45605) log_request_info /opt/stack/keystone/keystone/server/flask/request_processing/req_logging.py:27}}
Oct 30 07:24:03 user devstack@keystone.service[45605]: DEBUG keystone.server.flask.request_processing.req_logging [None req-387b2a8d-8246-4774-8f42-00338bead315 None admin] SCRIPT_NAME: `/identity` {{(pid=45605) log_request_info /opt/stack/keystone/keystone/server/flask/request_processing/req_logging.py:28}}
Oct 30 07:24:03 user devstack@keystone.service[45605]: DEBUG keystone.server.flask.request_processing.req_logging [None req-387b2a8d-8246-4774-8f42-00338bead315 None admin] PATH_INFO: `/v3/projects/cdb129f0489343b0b2e82708e991a8fc/users/4583ef0a72674ef3aad10bf03c38fcde/roles/7a2bdfda33984dbf83a2d5eaab560482` {{(pid=45605) log_request_info /opt/stack/keystone/keystone/server/flask/request_processing/req_logging.py:29}}
Oct 30 07:24:03 user devstack@keystone.service[45605]: DEBUG keystone.common.rbac_enforcer.enforcer [None req-387b2a8d-8246-4774-8f42-00338bead315 None admin] RBAC: Authorizing `identity:create_grant(project_id=cdb129f0489343b0b2e82708e991a8fc, user_id=4583ef0a72674ef3aad10bf03c38fcde, role_id=7a2bdfda33984dbf83a2d5eaab560482)` {{(pid=45605) enforce_call /opt/stack/keystone/keystone/common/rbac_enforcer/enforcer.py:449}}
Oct 30 07:24:03 user devstack@keystone.service[45605]: DEBUG keystone.common.rbac_enforcer.enforcer [None req-387b2a8d-8246-4774-8f42-00338bead315 None admin] RBAC: Authorization granted {{(pid=45605) enforce_call /opt/stack/keystone/keystone/common/rbac_enforcer/enforcer.py:457}}
Oct 30 07:24:03 user devstack@keystone.service[45604]: DEBUG keystone.common.rbac_enforcer.enforcer [None req-805a1d45-c4cb-4d58-a186-60e8866702fd None admin] RBAC: Authorizing `identity:validate_token()` {{(pid=45604) enforce_call /opt/stack/keystone/keystone/common/rbac_enforcer/enforcer.py:449}}
Oct 30 07:24:03 user devstack@keystone.service[45604]: DEBUG keystone.common.rbac_enforcer.enforcer [None req-805a1d45-c4cb-4d58-a186-60e8866702fd None admin] RBAC: Authorization granted {{(pid=45604) enforce_call /opt/stack/keystone/keystone/common/rbac_enforcer/enforcer.py:457}}
Oct 30 07:24:03 user devstack@keystone.service[45604]: [pid: 45604|app: 0|req: 70/204] 10.0.0.210 () {58 vars in 1277 bytes} [Mon Oct 30 07:24:03 2023] GET /identity/v3/auth/tokens => generated 861 bytes in 309 msecs (HTTP/1.1 200) 6 headers in 358 bytes (1 switches on core 0)
Oct 30 07:24:03 user devstack@keystone.service[45606]: DEBUG keystone.server.flask.request_processing.middleware.auth_context [None req-c002644d-2e7e-4f2d-b01a-7754f8c9892f None admin] Authenticating user token {{(pid=45606) process_request /opt/stack/data/venv/lib/python3.10/site-packages/keystonemiddleware/auth_token/__init__.py:406}}
Oct 30 07:24:03 user devstack@keystone.service[45605]: [pid: 45605|app: 0|req: 68/205] 10.0.0.210 () {58 vars in 1434 bytes} [Mon Oct 30 07:24:03 2023] PUT /identity/v3/projects/cdb129f0489343b0b2e82708e991a8fc/users/4583ef0a72674ef3aad10bf03c38fcde/roles/7a2bdfda33984dbf83a2d5eaab560482 => generated 0 bytes in 274 msecs (HTTP/1.1 204) 3 headers in 132 bytes (0 switches on core 0)
Oct 30 07:24:03 user devstack@keystone.service[45606]: DEBUG keystone.server.flask.request_processing.middleware.auth_context [None req-c002644d-2e7e-4f2d-b01a-7754f8c9892f None admin] Validating token access rules against request {{(pid=45606) validate_allowed_request /opt/stack/data/venv/lib/python3.10/site-packages/keystonemiddleware/auth_token/__init__.py:544}}
Oct 30 07:24:04 user devstack@keystone.service[45606]: DEBUG keystone.server.flask.request_processing.middleware.auth_context [None req-ac1866d8-e4af-44ed-8877-40575ab89ef0 None admin] RBAC: auth_context: {'token': , 'domain_id': None, 'trust_id': None, 'trustor_id': None, 'trustee_id': None, 'domain_name': None, 'group_ids': [], 'user_id': '7c49a46ef91b48d598c66aacf1a96529', 'user_domain_id': 'default', 'system_scope': 'all', 'project_id': None, 'project_domain_id': None, 'roles': ['admin', 'manager', 'member', 'reader'], 'is_admin_project': True, 'service_user_id': None, 'service_user_domain_id': None, 'service_project_id': None, 'service_project_domain_id': None, 'service_roles': []} {{(pid=45606) fill_context /opt/stack/keystone/keystone/server/flask/request_processing/middleware/auth_context.py:480}}
Oct 30 07:24:04 user devstack@keystone.service[45606]: DEBUG keystone.server.flask.request_processing.req_logging [None req-ac1866d8-e4af-44ed-8877-40575ab89ef0 None admin] REQUEST_METHOD: `GET` {{(pid=45606) log_request_info /opt/stack/keystone/keystone/server/flask/request_processing/req_logging.py:27}}
Oct 30 07:24:04 user devstack@keystone.service[45606]: DEBUG keystone.server.flask.request_processing.req_logging [None req-ac1866d8-e4af-44ed-8877-40575ab89ef0 None admin] SCRIPT_NAME: `/identity` {{(pid=45606) log_request_info /opt/stack/keystone/keystone/server/flask/request_processing/req_logging.py:28}}
Oct 30 07:24:04 user devstack@keystone.service[45606]: DEBUG keystone.server.flask.request_processing.req_logging [None req-ac1866d8-e4af-44ed-8877-40575ab89ef0 None admin] PATH_INFO: `/v3/projects/cdb129f0489343b0b2e82708e991a8fc` {{(pid=45606) log_request_info /opt/stack/keystone/keystone/server/flask/request_processing/req_logging.py:29}}
Oct 30 07:24:04 user devstack@keystone.service[45606]: DEBUG keystone.common.rbac_enforcer.enforcer [None req-ac1866d8-e4af-44ed-8877-40575ab89ef0 None admin] RBAC: Authorizing `identity:get_project(project_id=cdb129f0489343b0b2e82708e991a8fc)` {{(pid=45606) enforce_call /opt/stack/keystone/keystone/common/rbac_enforcer/enforcer.py:449}}
Oct 30 07:24:04 user devstack@keystone.service[45606]: DEBUG keystone.common.rbac_enforcer.enforcer [None req-ac1866d8-e4af-44ed-8877-40575ab89ef0 None admin] RBAC: Authorization granted {{(pid=45606) enforce_call /opt/stack/keystone/keystone/common/rbac_enforcer/enforcer.py:457}}
Oct 30 07:24:04 user devstack@keystone.service[45606]: [pid: 45606|app: 0|req: 68/206] 10.0.0.210 () {56 vars in 1181 bytes} [Mon Oct 30 07:24:03 2023] GET /identity/v3/projects/cdb129f0489343b0b2e82708e991a8fc => generated 301 bytes in 144 msecs (HTTP/1.1 200) 5 headers in 177 bytes (1 switches on core 0)
Oct 30 07:24:04 user devstack@keystone.service[45604]: DEBUG keystone.server.flask.request_processing.middleware.auth_context [None req-805a1d45-c4cb-4d58-a186-60e8866702fd None admin] Authenticating user token {{(pid=45604) process_request /opt/stack/data/venv/lib/python3.10/site-packages/keystonemiddleware/auth_token/__init__.py:406}}
Oct 30 07:24:04 user devstack@keystone.service[45604]: DEBUG keystone.server.flask.request_processing.middleware.auth_context [None req-805a1d45-c4cb-4d58-a186-60e8866702fd None admin] Validating token access rules against request {{(pid=45604) validate_allowed_request /opt/stack/data/venv/lib/python3.10/site-packages/keystonemiddleware/auth_token/__init__.py:544}}
Oct 30 07:24:04 user devstack@keystone.service[45604]: DEBUG keystone.server.flask.request_processing.middleware.auth_context [None req-a492966a-d4f1-453b-89f4-72f90f66b88f None admin] RBAC: auth_context: {'token': , 'domain_id': None, 'trust_id': None, 'trustor_id': None, 'trustee_id': None, 'domain_name': None, 'group_ids': [], 'user_id': '7c49a46ef91b48d598c66aacf1a96529', 'user_domain_id': 'default', 'system_scope': 'all', 'project_id': None, 'project_domain_id': None, 'roles': ['admin', 'manager', 'member', 'reader'], 'is_admin_project': True, 'service_user_id': None, 'service_user_domain_id': None, 'service_project_id': None, 'service_project_domain_id': None, 'service_roles': []} {{(pid=45604) fill_context /opt/stack/keystone/keystone/server/flask/request_processing/middleware/auth_context.py:480}}
Oct 30 07:24:04 user devstack@keystone.service[45604]: DEBUG keystone.server.flask.request_processing.req_logging [None req-a492966a-d4f1-453b-89f4-72f90f66b88f None admin] REQUEST_METHOD: `GET` {{(pid=45604) log_request_info /opt/stack/keystone/keystone/server/flask/request_processing/req_logging.py:27}}
Oct 30 07:24:04 user devstack@keystone.service[45604]: DEBUG keystone.server.flask.request_processing.req_logging [None req-a492966a-d4f1-453b-89f4-72f90f66b88f None admin] SCRIPT_NAME: `/identity` {{(pid=45604) log_request_info /opt/stack/keystone/keystone/server/flask/request_processing/req_logging.py:28}}
Oct 30 07:24:04 user devstack@keystone.service[45604]: DEBUG keystone.server.flask.request_processing.req_logging [None req-a492966a-d4f1-453b-89f4-72f90f66b88f None admin] PATH_INFO: `/v3/role_assignments` {{(pid=45604) log_request_info /opt/stack/keystone/keystone/server/flask/request_processing/req_logging.py:29}}
Oct 30 07:24:04 user devstack@keystone.service[45604]: DEBUG keystone.common.rbac_enforcer.enforcer [None req-a492966a-d4f1-453b-89f4-72f90f66b88f None admin] RBAC: Adding query filter params (role.id=a5b62de68f344fa7ba89480cd2ce8da8, scope.project.id=cdb129f0489343b0b2e82708e991a8fc, user.id=58bacb639e554d99b539e906818d06e1) {{(pid=45604) _extract_filter_values /opt/stack/keystone/keystone/common/rbac_enforcer/enforcer.py:167}}
Oct 30 07:24:04 user devstack@keystone.service[45604]: DEBUG keystone.common.rbac_enforcer.enforcer [None req-a492966a-d4f1-453b-89f4-72f90f66b88f None admin] RBAC: Authorizing `identity:list_role_assignments()` {{(pid=45604) enforce_call /opt/stack/keystone/keystone/common/rbac_enforcer/enforcer.py:449}}
Oct 30 07:24:04 user devstack@keystone.service[45604]: DEBUG keystone.common.rbac_enforcer.enforcer [None req-a492966a-d4f1-453b-89f4-72f90f66b88f None admin] RBAC: Authorization granted {{(pid=45604) enforce_call /opt/stack/keystone/keystone/common/rbac_enforcer/enforcer.py:457}}
Oct 30 07:24:04 user devstack@keystone.service[45604]: [pid: 45604|app: 0|req: 71/207] 10.0.0.210 () {56 vars in 1369 bytes} [Mon Oct 30 07:24:04 2023] GET /identity/v3/role_assignments?user.id=58bacb639e554d99b539e906818d06e1&scope.project.id=cdb129f0489343b0b2e82708e991a8fc&role.id=a5b62de68f344fa7ba89480cd2ce8da8 => generated 606 bytes in 141 msecs (HTTP/1.1 200) 5 headers in 177 bytes (1 switches on core 0)
Oct 30 07:24:05 user devstack@keystone.service[45605]: DEBUG keystone.server.flask.request_processing.req_logging [None req-05ca7237-16ca-4488-b409-b1176259ce94 None None] REQUEST_METHOD: `GET` {{(pid=45605) log_request_info /opt/stack/keystone/keystone/server/flask/request_processing/req_logging.py:27}}
Oct 30 07:24:05 user devstack@keystone.service[45605]: DEBUG keystone.server.flask.request_processing.req_logging [None req-05ca7237-16ca-4488-b409-b1176259ce94 None None] SCRIPT_NAME: `/identity` {{(pid=45605) log_request_info /opt/stack/keystone/keystone/server/flask/request_processing/req_logging.py:28}}
Oct 30 07:24:05 user devstack@keystone.service[45605]: DEBUG keystone.server.flask.request_processing.req_logging [None req-05ca7237-16ca-4488-b409-b1176259ce94 None None] PATH_INFO: `/` {{(pid=45605) log_request_info /opt/stack/keystone/keystone/server/flask/request_processing/req_logging.py:29}}
Oct 30 07:24:05 user devstack@keystone.service[45605]: [pid: 45605|app: 0|req: 69/208] 10.0.0.210 () {54 vars in 921 bytes} [Mon Oct 30 07:24:05 2023] GET /identity => generated 269 bytes in 4 msecs (HTTP/1.1 300) 6 headers in 233 bytes (1 switches on core 0)
Oct 30 07:24:05 user devstack@keystone.service[45606]: DEBUG keystone.server.flask.request_processing.req_logging [None req-794ebe9b-c398-49a1-97ed-5ef59f1e4421 None None] REQUEST_METHOD: `POST` {{(pid=45606) log_request_info /opt/stack/keystone/keystone/server/flask/request_processing/req_logging.py:27}}
Oct 30 07:24:05 user devstack@keystone.service[45606]: DEBUG keystone.server.flask.request_processing.req_logging [None req-794ebe9b-c398-49a1-97ed-5ef59f1e4421 None None] SCRIPT_NAME: `/identity` {{(pid=45606) log_request_info /opt/stack/keystone/keystone/server/flask/request_processing/req_logging.py:28}}
Oct 30 07:24:05 user devstack@keystone.service[45606]: DEBUG keystone.server.flask.request_processing.req_logging [None req-794ebe9b-c398-49a1-97ed-5ef59f1e4421 None None] PATH_INFO: `/v3/auth/tokens` {{(pid=45606) log_request_info /opt/stack/keystone/keystone/server/flask/request_processing/req_logging.py:29}}
Oct 30 07:24:05 user devstack@keystone.service[45604]: DEBUG keystone.server.flask.request_processing.req_logging [None req-42570c3e-e14c-46bb-aeb8-88e4c6ac7814 None None] REQUEST_METHOD: `GET` {{(pid=45604) log_request_info /opt/stack/keystone/keystone/server/flask/request_processing/req_logging.py:27}}
