Oct 30 07:37:43 user devstack@n-api.service[64469]: DEBUG nova.api.openstack.wsgi [None req-37807224-52f1-412f-aa9b-129a2455b81c tempest-TaggedAttachmentsTest-623504598 tempest-TaggedAttachmentsTest-623504598-project-member] Calling method '>' {{(pid=64469) _process_stack /opt/stack/nova/nova/api/openstack/wsgi.py:513}}
Oct 30 07:37:43 user devstack@n-api.service[64469]: DEBUG nova.compute.api [None req-37807224-52f1-412f-aa9b-129a2455b81c tempest-TaggedAttachmentsTest-623504598 tempest-TaggedAttachmentsTest-623504598-project-member] [instance: de1afc91-375c-4c89-92e4-07f9642199dd] Fetching instance by UUID {{(pid=64469) get /opt/stack/nova/nova/compute/api.py:2978}}
Oct 30 07:37:43 user devstack@n-api.service[64469]: DEBUG oslo_concurrency.lockutils [None req-37807224-52f1-412f-aa9b-129a2455b81c tempest-TaggedAttachmentsTest-623504598 tempest-TaggedAttachmentsTest-623504598-project-member] Acquiring lock "f489ec39-e974-4f1b-93c5-b61393dabfe1" by "nova.context.set_target_cell..get_or_set_cached_cell_and_set_connections" {{(pid=64469) inner /opt/stack/data/venv/lib/python3.10/site-packages/oslo_concurrency/lockutils.py:404}}
Oct 30 07:37:43 user devstack@n-api.service[64469]: DEBUG oslo_concurrency.lockutils [None req-37807224-52f1-412f-aa9b-129a2455b81c tempest-TaggedAttachmentsTest-623504598 tempest-TaggedAttachmentsTest-623504598-project-member] Lock "f489ec39-e974-4f1b-93c5-b61393dabfe1" acquired by "nova.context.set_target_cell..get_or_set_cached_cell_and_set_connections" :: waited 0.001s {{(pid=64469) inner /opt/stack/data/venv/lib/python3.10/site-packages/oslo_concurrency/lockutils.py:409}}
Oct 30 07:37:43 user devstack@n-api.service[64469]: DEBUG oslo_concurrency.lockutils [None req-37807224-52f1-412f-aa9b-129a2455b81c tempest-TaggedAttachmentsTest-623504598 tempest-TaggedAttachmentsTest-623504598-project-member] Lock "f489ec39-e974-4f1b-93c5-b61393dabfe1" "released" by "nova.context.set_target_cell..get_or_set_cached_cell_and_set_connections" :: held 0.001s {{(pid=64469) inner /opt/stack/data/venv/lib/python3.10/site-packages/oslo_concurrency/lockutils.py:423}}
Oct 30 07:37:43 user devstack@n-api.service[64469]: DEBUG oslo_concurrency.lockutils [None req-37807224-52f1-412f-aa9b-129a2455b81c tempest-TaggedAttachmentsTest-623504598 tempest-TaggedAttachmentsTest-623504598-project-member] Acquiring lock "f489ec39-e974-4f1b-93c5-b61393dabfe1" by "nova.context.set_target_cell..get_or_set_cached_cell_and_set_connections" {{(pid=64469) inner /opt/stack/data/venv/lib/python3.10/site-packages/oslo_concurrency/lockutils.py:404}}
Oct 30 07:37:43 user devstack@n-api.service[64469]: DEBUG oslo_concurrency.lockutils [None req-37807224-52f1-412f-aa9b-129a2455b81c tempest-TaggedAttachmentsTest-623504598 tempest-TaggedAttachmentsTest-623504598-project-member] Lock "f489ec39-e974-4f1b-93c5-b61393dabfe1" acquired by "nova.context.set_target_cell..get_or_set_cached_cell_and_set_connections" :: waited 0.001s {{(pid=64469) inner /opt/stack/data/venv/lib/python3.10/site-packages/oslo_concurrency/lockutils.py:409}}
Oct 30 07:37:43 user devstack@n-api.service[64469]: DEBUG oslo_concurrency.lockutils [None req-37807224-52f1-412f-aa9b-129a2455b81c tempest-TaggedAttachmentsTest-623504598 tempest-TaggedAttachmentsTest-623504598-project-member] Lock "f489ec39-e974-4f1b-93c5-b61393dabfe1" "released" by "nova.context.set_target_cell..get_or_set_cached_cell_and_set_connections" :: held 0.001s {{(pid=64469) inner /opt/stack/data/venv/lib/python3.10/site-packages/oslo_concurrency/lockutils.py:423}}
Oct 30 07:37:43 user devstack@n-api.service[64469]: INFO nova.api.openstack.requestlog [None req-37807224-52f1-412f-aa9b-129a2455b81c tempest-TaggedAttachmentsTest-623504598 tempest-TaggedAttachmentsTest-623504598-project-member] 10.0.0.210 "DELETE /compute/v2.1/servers/de1afc91-375c-4c89-92e4-07f9642199dd/os-interface/c886e4f6-94b0-4191-b01f-09fe27149de7" status: 202 len: 0 microversion: 2.49 time: 0.095923
Oct 30 07:37:43 user devstack@n-api.service[64469]: [pid: 64469|app: 0|req: 72/214] 10.0.0.210 () {64 vars in 1507 bytes} [Mon Oct 30 07:37:43 2023] DELETE /compute/v2.1/servers/de1afc91-375c-4c89-92e4-07f9642199dd/os-interface/c886e4f6-94b0-4191-b01f-09fe27149de7 => generated 0 bytes in 100 msecs (HTTP/1.1 202) 9 headers in 363 bytes (1 switches on core 0)
Oct 30 07:37:43 user devstack@n-api.service[64468]: DEBUG nova.api.openstack.wsgi [None req-33a9f754-f00a-4d1f-9a9d-2d48ff12b93f tempest-TaggedAttachmentsTest-1192213527 tempest-TaggedAttachmentsTest-1192213527-project-admin] Calling method '>' {{(pid=64468) _process_stack /opt/stack/nova/nova/api/openstack/wsgi.py:513}}
Oct 30 07:37:43 user devstack@n-api.service[64468]: DEBUG nova.compute.api [None req-33a9f754-f00a-4d1f-9a9d-2d48ff12b93f tempest-TaggedAttachmentsTest-1192213527 tempest-TaggedAttachmentsTest-1192213527-project-admin] [instance: de1afc91-375c-4c89-92e4-07f9642199dd] Fetching instance by UUID {{(pid=64468) get /opt/stack/nova/nova/compute/api.py:2978}}
Oct 30 07:37:43 user devstack@n-api.service[64468]: DEBUG oslo_concurrency.lockutils [None req-33a9f754-f00a-4d1f-9a9d-2d48ff12b93f tempest-TaggedAttachmentsTest-1192213527 tempest-TaggedAttachmentsTest-1192213527-project-admin] Acquiring lock "f489ec39-e974-4f1b-93c5-b61393dabfe1" by "nova.context.set_target_cell..get_or_set_cached_cell_and_set_connections" {{(pid=64468) inner /opt/stack/data/venv/lib/python3.10/site-packages/oslo_concurrency/lockutils.py:404}}
Oct 30 07:37:43 user devstack@n-api.service[64468]: DEBUG oslo_concurrency.lockutils [None req-33a9f754-f00a-4d1f-9a9d-2d48ff12b93f tempest-TaggedAttachmentsTest-1192213527 tempest-TaggedAttachmentsTest-1192213527-project-admin] Lock "f489ec39-e974-4f1b-93c5-b61393dabfe1" acquired by "nova.context.set_target_cell..get_or_set_cached_cell_and_set_connections" :: waited 0.001s {{(pid=64468) inner /opt/stack/data/venv/lib/python3.10/site-packages/oslo_concurrency/lockutils.py:409}}
Oct 30 07:37:43 user devstack@n-api.service[64468]: DEBUG oslo_concurrency.lockutils [None req-33a9f754-f00a-4d1f-9a9d-2d48ff12b93f tempest-TaggedAttachmentsTest-1192213527 tempest-TaggedAttachmentsTest-1192213527-project-admin] Lock "f489ec39-e974-4f1b-93c5-b61393dabfe1" "released" by "nova.context.set_target_cell..get_or_set_cached_cell_and_set_connections" :: held 0.001s {{(pid=64468) inner /opt/stack/data/venv/lib/python3.10/site-packages/oslo_concurrency/lockutils.py:423}}
Oct 30 07:37:43 user devstack@n-api.service[64468]: DEBUG oslo_concurrency.lockutils [None req-33a9f754-f00a-4d1f-9a9d-2d48ff12b93f tempest-TaggedAttachmentsTest-1192213527 tempest-TaggedAttachmentsTest-1192213527-project-admin] Acquiring lock "f489ec39-e974-4f1b-93c5-b61393dabfe1" by "nova.context.set_target_cell..get_or_set_cached_cell_and_set_connections" {{(pid=64468) inner /opt/stack/data/venv/lib/python3.10/site-packages/oslo_concurrency/lockutils.py:404}}
Oct 30 07:37:43 user devstack@n-api.service[64468]: DEBUG oslo_concurrency.lockutils [None req-33a9f754-f00a-4d1f-9a9d-2d48ff12b93f tempest-TaggedAttachmentsTest-1192213527 tempest-TaggedAttachmentsTest-1192213527-project-admin] Lock "f489ec39-e974-4f1b-93c5-b61393dabfe1" acquired by "nova.context.set_target_cell..get_or_set_cached_cell_and_set_connections" :: waited 0.001s {{(pid=64468) inner /opt/stack/data/venv/lib/python3.10/site-packages/oslo_concurrency/lockutils.py:409}}
Oct 30 07:37:43 user devstack@n-api.service[64468]: DEBUG oslo_concurrency.lockutils [None req-33a9f754-f00a-4d1f-9a9d-2d48ff12b93f tempest-TaggedAttachmentsTest-1192213527 tempest-TaggedAttachmentsTest-1192213527-project-admin] Lock "f489ec39-e974-4f1b-93c5-b61393dabfe1" "released" by "nova.context.set_target_cell..get_or_set_cached_cell_and_set_connections" :: held 0.000s {{(pid=64468) inner /opt/stack/data/venv/lib/python3.10/site-packages/oslo_concurrency/lockutils.py:423}}
Oct 30 07:37:43 user devstack@n-api.service[64467]: DEBUG nova.api.openstack.wsgi [req-b34ed318-e76d-4133-b0b6-317e37ee5d79 req-36d06452-20c5-4643-9248-b36f5ff0947d service nova] Action: 'create', calling method: >, body: {"events": [{"server_uuid": "fc75121d-9e3c-4306-8a8d-6c8abf1ae04e", "name": "network-vif-plugged", "status": "completed", "tag": "2b8bf4d1-732c-4542-b521-1cd1d2cd6b7e"}, {"server_uuid": "fc75121d-9e3c-4306-8a8d-6c8abf1ae04e", "name": "network-vif-plugged", "status": "completed", "tag": "2b8bf4d1-732c-4542-b521-1cd1d2cd6b7e"}]} {{(pid=64467) _process_stack /opt/stack/nova/nova/api/openstack/wsgi.py:511}}
Oct 30 07:37:43 user devstack@n-api.service[64467]: DEBUG oslo_concurrency.lockutils [req-b34ed318-e76d-4133-b0b6-317e37ee5d79 req-36d06452-20c5-4643-9248-b36f5ff0947d service nova] Acquiring lock "f489ec39-e974-4f1b-93c5-b61393dabfe1" by "nova.context.set_target_cell..get_or_set_cached_cell_and_set_connections" {{(pid=64467) inner /opt/stack/data/venv/lib/python3.10/site-packages/oslo_concurrency/lockutils.py:404}}
Oct 30 07:37:43 user devstack@n-api.service[64467]: DEBUG oslo_concurrency.lockutils [req-b34ed318-e76d-4133-b0b6-317e37ee5d79 req-36d06452-20c5-4643-9248-b36f5ff0947d service nova] Lock "f489ec39-e974-4f1b-93c5-b61393dabfe1" acquired by "nova.context.set_target_cell..get_or_set_cached_cell_and_set_connections" :: waited 0.001s {{(pid=64467) inner /opt/stack/data/venv/lib/python3.10/site-packages/oslo_concurrency/lockutils.py:409}}
Oct 30 07:37:43 user devstack@n-api.service[64467]: DEBUG oslo_concurrency.lockutils [req-b34ed318-e76d-4133-b0b6-317e37ee5d79 req-36d06452-20c5-4643-9248-b36f5ff0947d service nova] Lock "f489ec39-e974-4f1b-93c5-b61393dabfe1" "released" by "nova.context.set_target_cell..get_or_set_cached_cell_and_set_connections" :: held 0.000s {{(pid=64467) inner /opt/stack/data/venv/lib/python3.10/site-packages/oslo_concurrency/lockutils.py:423}}
Oct 30 07:37:44 user devstack@n-api.service[64467]: INFO nova.api.openstack.compute.server_external_events [req-b34ed318-e76d-4133-b0b6-317e37ee5d79 req-36d06452-20c5-4643-9248-b36f5ff0947d service nova] Creating event network-vif-plugged:2b8bf4d1-732c-4542-b521-1cd1d2cd6b7e for instance fc75121d-9e3c-4306-8a8d-6c8abf1ae04e on user
Oct 30 07:37:44 user devstack@n-api.service[64467]: INFO nova.api.openstack.compute.server_external_events [req-b34ed318-e76d-4133-b0b6-317e37ee5d79 req-36d06452-20c5-4643-9248-b36f5ff0947d service nova] Creating event network-vif-plugged:2b8bf4d1-732c-4542-b521-1cd1d2cd6b7e for instance fc75121d-9e3c-4306-8a8d-6c8abf1ae04e on user
Oct 30 07:37:44 user devstack@n-api.service[64467]: INFO nova.api.openstack.requestlog [req-b34ed318-e76d-4133-b0b6-317e37ee5d79 req-36d06452-20c5-4643-9248-b36f5ff0947d service nova] 10.0.0.210 "POST /compute/v2.1/os-server-external-events" status: 200 len: 354 microversion: 2.1 time: 0.054849
Oct 30 07:37:44 user devstack@n-api.service[64467]: [pid: 64467|app: 0|req: 75/215] 10.0.0.210 () {68 vars in 1394 bytes} [Mon Oct 30 07:37:43 2023] POST /compute/v2.1/os-server-external-events => generated 354 bytes in 59 msecs (HTTP/1.1 200) 9 headers in 357 bytes (1 switches on core 0)
Oct 30 07:37:44 user devstack@n-api.service[64468]: INFO nova.api.openstack.requestlog [None req-33a9f754-f00a-4d1f-9a9d-2d48ff12b93f tempest-TaggedAttachmentsTest-1192213527 tempest-TaggedAttachmentsTest-1192213527-project-admin] 10.0.0.210 "GET /compute/v2.1/servers/de1afc91-375c-4c89-92e4-07f9642199dd/os-instance-actions/req-37807224-52f1-412f-aa9b-129a2455b81c" status: 200 len: 474 microversion: 2.49 time: 0.657919
Oct 30 07:37:44 user devstack@n-api.service[64468]: [pid: 64468|app: 0|req: 69/216] 10.0.0.210 () {64 vars in 1537 bytes} [Mon Oct 30 07:37:43 2023] GET /compute/v2.1/servers/de1afc91-375c-4c89-92e4-07f9642199dd/os-instance-actions/req-37807224-52f1-412f-aa9b-129a2455b81c => generated 474 bytes in 660 msecs (HTTP/1.1 200) 9 headers in 359 bytes (1 switches on core 0)
Oct 30 07:37:44 user devstack@n-api.service[64469]: DEBUG nova.api.openstack.wsgi [req-324312a7-6427-4885-9629-713f1ba38c9f req-368d304a-7874-4e5d-a7da-ece965c41061 service nova] Action: 'create', calling method: >, body: {"events": [{"server_uuid": "fc75121d-9e3c-4306-8a8d-6c8abf1ae04e", "name": "network-vif-plugged", "status": "completed", "tag": "66680cda-c54c-40bb-ad57-66ed90e083f6"}, {"server_uuid": "de1afc91-375c-4c89-92e4-07f9642199dd", "name": "network-vif-unplugged", "status": "completed", "tag": "c886e4f6-94b0-4191-b01f-09fe27149de7"}, {"server_uuid": "de1afc91-375c-4c89-92e4-07f9642199dd", "name": "network-vif-plugged", "status": "completed", "tag": "c886e4f6-94b0-4191-b01f-09fe27149de7"}]} {{(pid=64469) _process_stack /opt/stack/nova/nova/api/openstack/wsgi.py:511}}
Oct 30 07:37:44 user devstack@n-api.service[64469]: DEBUG oslo_concurrency.lockutils [req-324312a7-6427-4885-9629-713f1ba38c9f req-368d304a-7874-4e5d-a7da-ece965c41061 service nova] Acquiring lock "f489ec39-e974-4f1b-93c5-b61393dabfe1" by "nova.context.set_target_cell..get_or_set_cached_cell_and_set_connections" {{(pid=64469) inner /opt/stack/data/venv/lib/python3.10/site-packages/oslo_concurrency/lockutils.py:404}}
Oct 30 07:37:44 user devstack@n-api.service[64469]: DEBUG oslo_concurrency.lockutils [req-324312a7-6427-4885-9629-713f1ba38c9f req-368d304a-7874-4e5d-a7da-ece965c41061 service nova] Lock "f489ec39-e974-4f1b-93c5-b61393dabfe1" acquired by "nova.context.set_target_cell..get_or_set_cached_cell_and_set_connections" :: waited 0.001s {{(pid=64469) inner /opt/stack/data/venv/lib/python3.10/site-packages/oslo_concurrency/lockutils.py:409}}
Oct 30 07:37:44 user devstack@n-api.service[64469]: DEBUG oslo_concurrency.lockutils [req-324312a7-6427-4885-9629-713f1ba38c9f req-368d304a-7874-4e5d-a7da-ece965c41061 service nova] Lock "f489ec39-e974-4f1b-93c5-b61393dabfe1" "released" by "nova.context.set_target_cell..get_or_set_cached_cell_and_set_connections" :: held 0.000s {{(pid=64469) inner /opt/stack/data/venv/lib/python3.10/site-packages/oslo_concurrency/lockutils.py:423}}
Oct 30 07:37:44 user devstack@n-api.service[64469]: INFO nova.api.openstack.compute.server_external_events [req-324312a7-6427-4885-9629-713f1ba38c9f req-368d304a-7874-4e5d-a7da-ece965c41061 service nova] Creating event network-vif-plugged:66680cda-c54c-40bb-ad57-66ed90e083f6 for instance fc75121d-9e3c-4306-8a8d-6c8abf1ae04e on user
Oct 30 07:37:44 user devstack@n-api.service[64469]: INFO nova.api.openstack.compute.server_external_events [req-324312a7-6427-4885-9629-713f1ba38c9f req-368d304a-7874-4e5d-a7da-ece965c41061 service nova] Creating event network-vif-unplugged:c886e4f6-94b0-4191-b01f-09fe27149de7 for instance de1afc91-375c-4c89-92e4-07f9642199dd on user
Oct 30 07:37:44 user devstack@n-api.service[64469]: INFO nova.api.openstack.compute.server_external_events [req-324312a7-6427-4885-9629-713f1ba38c9f req-368d304a-7874-4e5d-a7da-ece965c41061 service nova] Creating event network-vif-plugged:c886e4f6-94b0-4191-b01f-09fe27149de7 for instance de1afc91-375c-4c89-92e4-07f9642199dd on user
Oct 30 07:37:44 user devstack@n-api.service[64469]: INFO nova.api.openstack.requestlog [req-324312a7-6427-4885-9629-713f1ba38c9f req-368d304a-7874-4e5d-a7da-ece965c41061 service nova] 10.0.0.210 "POST /compute/v2.1/os-server-external-events" status: 200 len: 527 microversion: 2.1 time: 0.053469
Oct 30 07:37:44 user devstack@n-api.service[64469]: [pid: 64469|app: 0|req: 73/217] 10.0.0.210 () {68 vars in 1394 bytes} [Mon Oct 30 07:37:44 2023] POST /compute/v2.1/os-server-external-events => generated 527 bytes in 56 msecs (HTTP/1.1 200) 9 headers in 357 bytes (1 switches on core 0)
Oct 30 07:37:47 user devstack@n-api.service[64467]: DEBUG nova.api.openstack.wsgi [req-8106b991-cb29-49e8-af68-3bc9a9e6dbd9 req-0b600346-1455-4aef-b47b-3ebcf3465172 service nova] Action: 'create', calling method: >, body: {"events": [{"server_uuid": "a9ab73d8-09f4-4bb3-8007-abf63dfbe984", "name": "network-vif-plugged", "status": "completed", "tag": "a73ebde6-f5a2-47f4-b40f-322aad84e7ed"}]} {{(pid=64467) _process_stack /opt/stack/nova/nova/api/openstack/wsgi.py:511}}
Oct 30 07:37:47 user devstack@n-api.service[64467]: DEBUG oslo_concurrency.lockutils [req-8106b991-cb29-49e8-af68-3bc9a9e6dbd9 req-0b600346-1455-4aef-b47b-3ebcf3465172 service nova] Acquiring lock "f489ec39-e974-4f1b-93c5-b61393dabfe1" by "nova.context.set_target_cell..get_or_set_cached_cell_and_set_connections" {{(pid=64467) inner /opt/stack/data/venv/lib/python3.10/site-packages/oslo_concurrency/lockutils.py:404}}
Oct 30 07:37:47 user devstack@n-api.service[64467]: DEBUG oslo_concurrency.lockutils [req-8106b991-cb29-49e8-af68-3bc9a9e6dbd9 req-0b600346-1455-4aef-b47b-3ebcf3465172 service nova] Lock "f489ec39-e974-4f1b-93c5-b61393dabfe1" acquired by "nova.context.set_target_cell..get_or_set_cached_cell_and_set_connections" :: waited 0.001s {{(pid=64467) inner /opt/stack/data/venv/lib/python3.10/site-packages/oslo_concurrency/lockutils.py:409}}
Oct 30 07:37:47 user devstack@n-api.service[64467]: DEBUG oslo_concurrency.lockutils [req-8106b991-cb29-49e8-af68-3bc9a9e6dbd9 req-0b600346-1455-4aef-b47b-3ebcf3465172 service nova] Lock "f489ec39-e974-4f1b-93c5-b61393dabfe1" "released" by "nova.context.set_target_cell..get_or_set_cached_cell_and_set_connections" :: held 0.001s {{(pid=64467) inner /opt/stack/data/venv/lib/python3.10/site-packages/oslo_concurrency/lockutils.py:423}}
Oct 30 07:37:47 user devstack@n-api.service[64467]: INFO nova.api.openstack.compute.server_external_events [req-8106b991-cb29-49e8-af68-3bc9a9e6dbd9 req-0b600346-1455-4aef-b47b-3ebcf3465172 service nova] Creating event network-vif-plugged:a73ebde6-f5a2-47f4-b40f-322aad84e7ed for instance a9ab73d8-09f4-4bb3-8007-abf63dfbe984 on user
Oct 30 07:37:47 user devstack@n-api.service[64467]: INFO nova.api.openstack.requestlog [req-8106b991-cb29-49e8-af68-3bc9a9e6dbd9 req-0b600346-1455-4aef-b47b-3ebcf3465172 service nova] 10.0.0.210 "POST /compute/v2.1/os-server-external-events" status: 200 len: 183 microversion: 2.1 time: 0.064325
Oct 30 07:37:47 user devstack@n-api.service[64467]: [pid: 64467|app: 0|req: 76/218] 10.0.0.210 () {68 vars in 1394 bytes} [Mon Oct 30 07:37:47 2023] POST /compute/v2.1/os-server-external-events => generated 183 bytes in 68 msecs (HTTP/1.1 200) 9 headers in 357 bytes (1 switches on core 0)
Oct 30 07:37:49 user devstack@n-api.service[64468]: DEBUG nova.api.openstack.wsgi [req-3658eb5e-548b-416b-8b34-a5e37129acf1 req-20fe0a76-1a57-442c-b887-0c525b04dacc service nova] Action: 'create', calling method: >, body: {"events": [{"server_uuid": "a9ab73d8-09f4-4bb3-8007-abf63dfbe984", "name": "network-vif-plugged", "status": "completed", "tag": "a73ebde6-f5a2-47f4-b40f-322aad84e7ed"}]} {{(pid=64468) _process_stack /opt/stack/nova/nova/api/openstack/wsgi.py:511}}
Oct 30 07:37:49 user devstack@n-api.service[64468]: DEBUG oslo_concurrency.lockutils [req-3658eb5e-548b-416b-8b34-a5e37129acf1 req-20fe0a76-1a57-442c-b887-0c525b04dacc service nova] Acquiring lock "f489ec39-e974-4f1b-93c5-b61393dabfe1" by "nova.context.set_target_cell..get_or_set_cached_cell_and_set_connections" {{(pid=64468) inner /opt/stack/data/venv/lib/python3.10/site-packages/oslo_concurrency/lockutils.py:404}}
Oct 30 07:37:49 user devstack@n-api.service[64468]: DEBUG oslo_concurrency.lockutils [req-3658eb5e-548b-416b-8b34-a5e37129acf1 req-20fe0a76-1a57-442c-b887-0c525b04dacc service nova] Lock "f489ec39-e974-4f1b-93c5-b61393dabfe1" acquired by "nova.context.set_target_cell..get_or_set_cached_cell_and_set_connections" :: waited 0.001s {{(pid=64468) inner /opt/stack/data/venv/lib/python3.10/site-packages/oslo_concurrency/lockutils.py:409}}
Oct 30 07:37:49 user devstack@n-api.service[64468]: DEBUG oslo_concurrency.lockutils [req-3658eb5e-548b-416b-8b34-a5e37129acf1 req-20fe0a76-1a57-442c-b887-0c525b04dacc service nova] Lock "f489ec39-e974-4f1b-93c5-b61393dabfe1" "released" by "nova.context.set_target_cell..get_or_set_cached_cell_and_set_connections" :: held 0.000s {{(pid=64468) inner /opt/stack/data/venv/lib/python3.10/site-packages/oslo_concurrency/lockutils.py:423}}
Oct 30 07:37:49 user devstack@n-api.service[64468]: INFO nova.api.openstack.compute.server_external_events [req-3658eb5e-548b-416b-8b34-a5e37129acf1 req-20fe0a76-1a57-442c-b887-0c525b04dacc service nova] Creating event network-vif-plugged:a73ebde6-f5a2-47f4-b40f-322aad84e7ed for instance a9ab73d8-09f4-4bb3-8007-abf63dfbe984 on user
Oct 30 07:37:49 user devstack@n-api.service[64468]: INFO nova.api.openstack.requestlog [req-3658eb5e-548b-416b-8b34-a5e37129acf1 req-20fe0a76-1a57-442c-b887-0c525b04dacc service nova] 10.0.0.210 "POST /compute/v2.1/os-server-external-events" status: 200 len: 183 microversion: 2.1 time: 0.035308
Oct 30 07:37:49 user devstack@n-api.service[64468]: [pid: 64468|app: 0|req: 70/219] 10.0.0.210 () {68 vars in 1394 bytes} [Mon Oct 30 07:37:49 2023] POST /compute/v2.1/os-server-external-events => generated 183 bytes in 37 msecs (HTTP/1.1 200) 9 headers in 357 bytes (1 switches on core 0)
Oct 30 07:37:52 user devstack@n-api.service[64469]: DEBUG nova.api.openstack.wsgi [None req-c840fcd2-aebc-413f-891c-83082972b946 tempest-ServerActionsTestOtherB-1638830130 tempest-ServerActionsTestOtherB-1638830130-project-member] Action: 'create', calling method: .version_select at 0x7fb9803903a0>, body: {"keypair": {"name": "tempest-keypair-1622103420", "public_key": "ecdsa-sha2-nistp384 AAAAE2VjZHNhLXNoYTItbmlzdHAzODQAAAAIbmlzdHAzODQAAABhBGnC4r3o386th9DGaJLtZEtlcPYrv7t5zegNMIF+opf+g3L8CGhVaOK+p3JyJJUvFGIngzm90raO9XYrBdDwxkPsgdh49bzA8FgddvrsBPT7M5FYLKowUsu/JMdSMNq0Rg=="}} {{(pid=64469) _process_stack /opt/stack/nova/nova/api/openstack/wsgi.py:511}}
Oct 30 07:37:52 user devstack@n-api.service[64469]: DEBUG nova.quota [None req-c840fcd2-aebc-413f-891c-83082972b946 tempest-ServerActionsTestOtherB-1638830130 tempest-ServerActionsTestOtherB-1638830130-project-member] Getting quotas for project 29bc84846dd74eecb286bfbcfd4f838b. Resources: {'key_pairs'} {{(pid=64469) _get_quotas /opt/stack/nova/nova/quota.py:393}}
Oct 30 07:37:52 user devstack@n-api.service[64469]: DEBUG nova.quota [None req-c840fcd2-aebc-413f-891c-83082972b946 tempest-ServerActionsTestOtherB-1638830130 tempest-ServerActionsTestOtherB-1638830130-project-member] Getting quotas for user 506813ea22514a4ab1e8492d724d6e93 and project 29bc84846dd74eecb286bfbcfd4f838b. Resources: {'key_pairs'} {{(pid=64469) _get_quotas /opt/stack/nova/nova/quota.py:383}}
Oct 30 07:37:52 user devstack@n-api.service[64469]: INFO nova.api.openstack.requestlog [None req-c840fcd2-aebc-413f-891c-83082972b946 tempest-ServerActionsTestOtherB-1638830130 tempest-ServerActionsTestOtherB-1638830130-project-member] 10.0.0.210 "POST /compute/v2.1/os-keypairs" status: 200 len: 386 microversion: 2.1 time: 0.334326
Oct 30 07:37:52 user devstack@n-api.service[64469]: [pid: 64469|app: 0|req: 74/220] 10.0.0.210 () {64 vars in 1236 bytes} [Mon Oct 30 07:37:52 2023] POST /compute/v2.1/os-keypairs => generated 386 bytes in 337 msecs (HTTP/1.1 200) 9 headers in 357 bytes (1 switches on core 0)
Oct 30 07:37:54 user devstack@n-api.service[64467]: DEBUG nova.api.openstack.wsgi [None req-a38b0181-3e06-497f-8904-42970b36b276 tempest-ServerActionsTestOtherB-1638830130 tempest-ServerActionsTestOtherB-1638830130-project-member] Action: 'create', calling method: >, body: {"server": {"name": "tempest-ServerActionsTestOtherB-server-250330121", "imageRef": "62edf3a8-8ac8-4024-a2cd-3dbf6d2eadfb", "flavorRef": "1", "adminPass": "***", "networks": [{"uuid": "4b60f2bc-47f1-4758-ab27-7409b0ed4838"}], "security_groups": [{"name": "tempest-securitygroup--1800526208"}], "key_name": "tempest-keypair-1622103420", "user_data": "}} {{(pid=64467) _process_stack /opt/stack/nova/nova/api/openstack/wsgi.py:511}}
Oct 30 07:37:55 user devstack@n-api.service[64467]: DEBUG nova.network.neutron [None req-a38b0181-3e06-497f-8904-42970b36b276 tempest-ServerActionsTestOtherB-1638830130 tempest-ServerActionsTestOtherB-1638830130-project-member] validate_networks() for [('4b60f2bc-47f1-4758-ab27-7409b0ed4838', None, None, None, None, None)] {{(pid=64467) validate_networks /opt/stack/nova/nova/network/neutron.py:2645}}
Oct 30 07:37:55 user devstack@n-api.service[64468]: DEBUG nova.api.openstack.wsgi [None req-5c64c38c-43e6-42a8-ab78-e389629c0335 tempest-AttachSCSIVolumeTestJSON-746547794 tempest-AttachSCSIVolumeTestJSON-746547794-project-member] Calling method '>' {{(pid=64468) _process_stack /opt/stack/nova/nova/api/openstack/wsgi.py:513}}
Oct 30 07:37:55 user devstack@n-api.service[64468]: DEBUG nova.compute.api [None req-5c64c38c-43e6-42a8-ab78-e389629c0335 tempest-AttachSCSIVolumeTestJSON-746547794 tempest-AttachSCSIVolumeTestJSON-746547794-project-member] [instance: 4a1e1884-891c-401f-b946-7eee2c6950fe] Fetching instance by UUID {{(pid=64468) get /opt/stack/nova/nova/compute/api.py:2978}}
Oct 30 07:37:55 user devstack@n-api.service[64468]: DEBUG oslo_concurrency.lockutils [None req-5c64c38c-43e6-42a8-ab78-e389629c0335 tempest-AttachSCSIVolumeTestJSON-746547794 tempest-AttachSCSIVolumeTestJSON-746547794-project-member] Acquiring lock "f489ec39-e974-4f1b-93c5-b61393dabfe1" by "nova.context.set_target_cell..get_or_set_cached_cell_and_set_connections" {{(pid=64468) inner /opt/stack/data/venv/lib/python3.10/site-packages/oslo_concurrency/lockutils.py:404}}
Oct 30 07:37:55 user devstack@n-api.service[64468]: DEBUG oslo_concurrency.lockutils [None req-5c64c38c-43e6-42a8-ab78-e389629c0335 tempest-AttachSCSIVolumeTestJSON-746547794 tempest-AttachSCSIVolumeTestJSON-746547794-project-member] Lock "f489ec39-e974-4f1b-93c5-b61393dabfe1" acquired by "nova.context.set_target_cell..get_or_set_cached_cell_and_set_connections" :: waited 0.001s {{(pid=64468) inner /opt/stack/data/venv/lib/python3.10/site-packages/oslo_concurrency/lockutils.py:409}}
Oct 30 07:37:55 user devstack@n-api.service[64468]: DEBUG oslo_concurrency.lockutils [None req-5c64c38c-43e6-42a8-ab78-e389629c0335 tempest-AttachSCSIVolumeTestJSON-746547794 tempest-AttachSCSIVolumeTestJSON-746547794-project-member] Lock "f489ec39-e974-4f1b-93c5-b61393dabfe1" "released" by "nova.context.set_target_cell..get_or_set_cached_cell_and_set_connections" :: held 0.000s {{(pid=64468) inner /opt/stack/data/venv/lib/python3.10/site-packages/oslo_concurrency/lockutils.py:423}}
Oct 30 07:37:55 user devstack@n-api.service[64468]: DEBUG oslo_concurrency.lockutils [None req-5c64c38c-43e6-42a8-ab78-e389629c0335 tempest-AttachSCSIVolumeTestJSON-746547794 tempest-AttachSCSIVolumeTestJSON-746547794-project-member] Acquiring lock "f489ec39-e974-4f1b-93c5-b61393dabfe1" by "nova.context.set_target_cell..get_or_set_cached_cell_and_set_connections" {{(pid=64468) inner /opt/stack/data/venv/lib/python3.10/site-packages/oslo_concurrency/lockutils.py:404}}
Oct 30 07:37:55 user devstack@n-api.service[64468]: DEBUG oslo_concurrency.lockutils [None req-5c64c38c-43e6-42a8-ab78-e389629c0335 tempest-AttachSCSIVolumeTestJSON-746547794 tempest-AttachSCSIVolumeTestJSON-746547794-project-member] Lock "f489ec39-e974-4f1b-93c5-b61393dabfe1" acquired by "nova.context.set_target_cell..get_or_set_cached_cell_and_set_connections" :: waited 0.000s {{(pid=64468) inner /opt/stack/data/venv/lib/python3.10/site-packages/oslo_concurrency/lockutils.py:409}}
Oct 30 07:37:55 user devstack@n-api.service[64468]: DEBUG oslo_concurrency.lockutils [None req-5c64c38c-43e6-42a8-ab78-e389629c0335 tempest-AttachSCSIVolumeTestJSON-746547794 tempest-AttachSCSIVolumeTestJSON-746547794-project-member] Lock "f489ec39-e974-4f1b-93c5-b61393dabfe1" "released" by "nova.context.set_target_cell..get_or_set_cached_cell_and_set_connections" :: held 0.000s {{(pid=64468) inner /opt/stack/data/venv/lib/python3.10/site-packages/oslo_concurrency/lockutils.py:423}}
Oct 30 07:37:55 user devstack@n-api.service[64468]: INFO nova.api.openstack.requestlog [None req-5c64c38c-43e6-42a8-ab78-e389629c0335 tempest-AttachSCSIVolumeTestJSON-746547794 tempest-AttachSCSIVolumeTestJSON-746547794-project-member] 10.0.0.210 "GET /compute/v2.1/servers/4a1e1884-891c-401f-b946-7eee2c6950fe/os-volume_attachments" status: 200 len: 25 microversion: 2.1 time: 0.061778
Oct 30 07:37:55 user devstack@n-api.service[64468]: [pid: 64468|app: 0|req: 71/221] 10.0.0.210 () {62 vars in 1379 bytes} [Mon Oct 30 07:37:55 2023] GET /compute/v2.1/servers/4a1e1884-891c-401f-b946-7eee2c6950fe/os-volume_attachments => generated 25 bytes in 64 msecs (HTTP/1.1 200) 9 headers in 356 bytes (1 switches on core 0)
Oct 30 07:37:55 user devstack@n-api.service[64469]: DEBUG dbcounter [-] [64469] Writing DB stats nova_cell1:SELECT=45,nova_cell1:INSERT=3 {{(pid=64469) stat_writer /opt/stack/data/venv/lib/python3.10/site-packages/dbcounter.py:115}}
Oct 30 07:37:55 user devstack@n-api.service[64467]: DEBUG nova.virt.hardware [None req-a38b0181-3e06-497f-8904-42970b36b276 tempest-ServerActionsTestOtherB-1638830130 tempest-ServerActionsTestOtherB-1638830130-project-member] Flavor limits 0:0:0 {{(pid=64467) get_cpu_topology_constraints /opt/stack/nova/nova/virt/hardware.py:348}}
Oct 30 07:37:55 user devstack@n-api.service[64467]: DEBUG nova.virt.hardware [None req-a38b0181-3e06-497f-8904-42970b36b276 tempest-ServerActionsTestOtherB-1638830130 tempest-ServerActionsTestOtherB-1638830130-project-member] Image limits 0:0:0 {{(pid=64467) get_cpu_topology_constraints /opt/stack/nova/nova/virt/hardware.py:352}}
Oct 30 07:37:55 user devstack@n-api.service[64467]: DEBUG nova.virt.hardware [None req-a38b0181-3e06-497f-8904-42970b36b276 tempest-ServerActionsTestOtherB-1638830130 tempest-ServerActionsTestOtherB-1638830130-project-member] Flavor pref 0:0:0 {{(pid=64467) get_cpu_topology_constraints /opt/stack/nova/nova/virt/hardware.py:388}}
Oct 30 07:37:55 user devstack@n-api.service[64467]: DEBUG nova.virt.hardware [None req-a38b0181-3e06-497f-8904-42970b36b276 tempest-ServerActionsTestOtherB-1638830130 tempest-ServerActionsTestOtherB-1638830130-project-member] Image pref 0:0:0 {{(pid=64467) get_cpu_topology_constraints /opt/stack/nova/nova/virt/hardware.py:392}}
Oct 30 07:37:55 user devstack@n-api.service[64467]: DEBUG nova.virt.hardware [None req-a38b0181-3e06-497f-8904-42970b36b276 tempest-ServerActionsTestOtherB-1638830130 tempest-ServerActionsTestOtherB-1638830130-project-member] Chose sockets=0, cores=0, threads=0; limits were sockets=65536, cores=65536, threads=65536 {{(pid=64467) get_cpu_topology_constraints /opt/stack/nova/nova/virt/hardware.py:430}}
Oct 30 07:37:55 user devstack@n-api.service[64469]: DEBUG nova.api.openstack.wsgi [None req-73460bc7-beae-48ae-94d4-60f54cd34b6d tempest-AttachSCSIVolumeTestJSON-746547794 tempest-AttachSCSIVolumeTestJSON-746547794-project-member] Calling method '>' {{(pid=64469) _process_stack /opt/stack/nova/nova/api/openstack/wsgi.py:513}}
Oct 30 07:37:55 user devstack@n-api.service[64469]: DEBUG nova.compute.api [None req-73460bc7-beae-48ae-94d4-60f54cd34b6d tempest-AttachSCSIVolumeTestJSON-746547794 tempest-AttachSCSIVolumeTestJSON-746547794-project-member] [instance: 4a1e1884-891c-401f-b946-7eee2c6950fe] Fetching instance by UUID {{(pid=64469) get /opt/stack/nova/nova/compute/api.py:2978}}
Oct 30 07:37:55 user devstack@n-api.service[64467]: DEBUG oslo_concurrency.lockutils [None req-a38b0181-3e06-497f-8904-42970b36b276 tempest-ServerActionsTestOtherB-1638830130 tempest-ServerActionsTestOtherB-1638830130-project-member] Acquiring lock "00000000-0000-0000-0000-000000000000" by "nova.context.set_target_cell..get_or_set_cached_cell_and_set_connections" {{(pid=64467) inner /opt/stack/data/venv/lib/python3.10/site-packages/oslo_concurrency/lockutils.py:404}}
Oct 30 07:37:55 user devstack@n-api.service[64467]: DEBUG oslo_concurrency.lockutils [None req-a38b0181-3e06-497f-8904-42970b36b276 tempest-ServerActionsTestOtherB-1638830130 tempest-ServerActionsTestOtherB-1638830130-project-member] Lock "00000000-0000-0000-0000-000000000000" acquired by "nova.context.set_target_cell..get_or_set_cached_cell_and_set_connections" :: waited 0.001s {{(pid=64467) inner /opt/stack/data/venv/lib/python3.10/site-packages/oslo_concurrency/lockutils.py:409}}
Oct 30 07:37:55 user devstack@n-api.service[64467]: DEBUG oslo_concurrency.lockutils [None req-a38b0181-3e06-497f-8904-42970b36b276 tempest-ServerActionsTestOtherB-1638830130 tempest-ServerActionsTestOtherB-1638830130-project-member] Lock "00000000-0000-0000-0000-000000000000" "released" by "nova.context.set_target_cell..get_or_set_cached_cell_and_set_connections" :: held 0.001s {{(pid=64467) inner /opt/stack/data/venv/lib/python3.10/site-packages/oslo_concurrency/lockutils.py:423}}
Oct 30 07:37:55 user devstack@n-api.service[64469]: DEBUG oslo_concurrency.lockutils [None req-73460bc7-beae-48ae-94d4-60f54cd34b6d tempest-AttachSCSIVolumeTestJSON-746547794 tempest-AttachSCSIVolumeTestJSON-746547794-project-member] Acquiring lock "f489ec39-e974-4f1b-93c5-b61393dabfe1" by "nova.context.set_target_cell..get_or_set_cached_cell_and_set_connections" {{(pid=64469) inner /opt/stack/data/venv/lib/python3.10/site-packages/oslo_concurrency/lockutils.py:404}}
Oct 30 07:37:55 user devstack@n-api.service[64467]: DEBUG oslo_concurrency.lockutils [None req-a38b0181-3e06-497f-8904-42970b36b276 tempest-ServerActionsTestOtherB-1638830130 tempest-ServerActionsTestOtherB-1638830130-project-member] Acquiring lock "f489ec39-e974-4f1b-93c5-b61393dabfe1" by "nova.context.set_target_cell..get_or_set_cached_cell_and_set_connections" {{(pid=64467) inner /opt/stack/data/venv/lib/python3.10/site-packages/oslo_concurrency/lockutils.py:404}}
Oct 30 07:37:55 user devstack@n-api.service[64467]: DEBUG oslo_concurrency.lockutils [None req-a38b0181-3e06-497f-8904-42970b36b276 tempest-ServerActionsTestOtherB-1638830130 tempest-ServerActionsTestOtherB-1638830130-project-member] Lock "f489ec39-e974-4f1b-93c5-b61393dabfe1" acquired by "nova.context.set_target_cell..get_or_set_cached_cell_and_set_connections" :: waited 0.001s {{(pid=64467) inner /opt/stack/data/venv/lib/python3.10/site-packages/oslo_concurrency/lockutils.py:409}}
Oct 30 07:37:55 user devstack@n-api.service[64469]: DEBUG oslo_concurrency.lockutils [None req-73460bc7-beae-48ae-94d4-60f54cd34b6d tempest-AttachSCSIVolumeTestJSON-746547794 tempest-AttachSCSIVolumeTestJSON-746547794-project-member] Lock "f489ec39-e974-4f1b-93c5-b61393dabfe1" acquired by "nova.context.set_target_cell..get_or_set_cached_cell_and_set_connections" :: waited 0.001s {{(pid=64469) inner /opt/stack/data/venv/lib/python3.10/site-packages/oslo_concurrency/lockutils.py:409}}
Oct 30 07:37:55 user devstack@n-api.service[64467]: DEBUG oslo_concurrency.lockutils [None req-a38b0181-3e06-497f-8904-42970b36b276 tempest-ServerActionsTestOtherB-1638830130 tempest-ServerActionsTestOtherB-1638830130-project-member] Lock "f489ec39-e974-4f1b-93c5-b61393dabfe1" "released" by "nova.context.set_target_cell..get_or_set_cached_cell_and_set_connections" :: held 0.001s {{(pid=64467) inner /opt/stack/data/venv/lib/python3.10/site-packages/oslo_concurrency/lockutils.py:423}}
Oct 30 07:37:55 user devstack@n-api.service[64469]: DEBUG oslo_concurrency.lockutils [None req-73460bc7-beae-48ae-94d4-60f54cd34b6d tempest-AttachSCSIVolumeTestJSON-746547794 tempest-AttachSCSIVolumeTestJSON-746547794-project-member] Lock "f489ec39-e974-4f1b-93c5-b61393dabfe1" "released" by "nova.context.set_target_cell..get_or_set_cached_cell_and_set_connections" :: held 0.001s {{(pid=64469) inner /opt/stack/data/venv/lib/python3.10/site-packages/oslo_concurrency/lockutils.py:423}}
Oct 30 07:37:55 user devstack@n-api.service[64469]: DEBUG oslo_concurrency.lockutils [None req-73460bc7-beae-48ae-94d4-60f54cd34b6d tempest-AttachSCSIVolumeTestJSON-746547794 tempest-AttachSCSIVolumeTestJSON-746547794-project-member] Acquiring lock "f489ec39-e974-4f1b-93c5-b61393dabfe1" by "nova.context.set_target_cell..get_or_set_cached_cell_and_set_connections" {{(pid=64469) inner /opt/stack/data/venv/lib/python3.10/site-packages/oslo_concurrency/lockutils.py:404}}
Oct 30 07:37:55 user devstack@n-api.service[64469]: DEBUG oslo_concurrency.lockutils [None req-73460bc7-beae-48ae-94d4-60f54cd34b6d tempest-AttachSCSIVolumeTestJSON-746547794 tempest-AttachSCSIVolumeTestJSON-746547794-project-member] Lock "f489ec39-e974-4f1b-93c5-b61393dabfe1" acquired by "nova.context.set_target_cell..get_or_set_cached_cell_and_set_connections" :: waited 0.001s {{(pid=64469) inner /opt/stack/data/venv/lib/python3.10/site-packages/oslo_concurrency/lockutils.py:409}}
Oct 30 07:37:55 user devstack@n-api.service[64469]: DEBUG oslo_concurrency.lockutils [None req-73460bc7-beae-48ae-94d4-60f54cd34b6d tempest-AttachSCSIVolumeTestJSON-746547794 tempest-AttachSCSIVolumeTestJSON-746547794-project-member] Lock "f489ec39-e974-4f1b-93c5-b61393dabfe1" "released" by "nova.context.set_target_cell..get_or_set_cached_cell_and_set_connections" :: held 0.001s {{(pid=64469) inner /opt/stack/data/venv/lib/python3.10/site-packages/oslo_concurrency/lockutils.py:423}}
Oct 30 07:37:55 user devstack@n-api.service[64467]: DEBUG nova.quota [None req-a38b0181-3e06-497f-8904-42970b36b276 tempest-ServerActionsTestOtherB-1638830130 tempest-ServerActionsTestOtherB-1638830130-project-member] Getting quotas for project 29bc84846dd74eecb286bfbcfd4f838b. Resources: {'instances', 'cores', 'ram'} {{(pid=64467) _get_quotas /opt/stack/nova/nova/quota.py:393}}
Oct 30 07:37:55 user devstack@n-api.service[64467]: DEBUG nova.quota [None req-a38b0181-3e06-497f-8904-42970b36b276 tempest-ServerActionsTestOtherB-1638830130 tempest-ServerActionsTestOtherB-1638830130-project-member] Getting quotas for user 506813ea22514a4ab1e8492d724d6e93 and project 29bc84846dd74eecb286bfbcfd4f838b. Resources: {'instances', 'cores', 'ram'} {{(pid=64467) _get_quotas /opt/stack/nova/nova/quota.py:383}}
Oct 30 07:37:55 user devstack@n-api.service[64467]: DEBUG nova.compute.api [None req-a38b0181-3e06-497f-8904-42970b36b276 tempest-ServerActionsTestOtherB-1638830130 tempest-ServerActionsTestOtherB-1638830130-project-member] Going to run 1 instances... {{(pid=64467) _provision_instances /opt/stack/nova/nova/compute/api.py:1404}}
Oct 30 07:37:55 user devstack@n-api.service[64469]: INFO nova.api.openstack.requestlog [None req-73460bc7-beae-48ae-94d4-60f54cd34b6d tempest-AttachSCSIVolumeTestJSON-746547794 tempest-AttachSCSIVolumeTestJSON-746547794-project-member] 10.0.0.210 "GET /compute/v2.1/servers/4a1e1884-891c-401f-b946-7eee2c6950fe/os-volume_attachments" status: 200 len: 25 microversion: 2.1 time: 0.094445
Oct 30 07:37:55 user devstack@n-api.service[64469]: [pid: 64469|app: 0|req: 75/222] 10.0.0.210 () {62 vars in 1379 bytes} [Mon Oct 30 07:37:55 2023] GET /compute/v2.1/servers/4a1e1884-891c-401f-b946-7eee2c6950fe/os-volume_attachments => generated 25 bytes in 98 msecs (HTTP/1.1 200) 9 headers in 356 bytes (1 switches on core 0)
Oct 30 07:37:55 user devstack@n-api.service[64467]: DEBUG nova.compute.api [None req-a38b0181-3e06-497f-8904-42970b36b276 tempest-ServerActionsTestOtherB-1638830130 tempest-ServerActionsTestOtherB-1638830130-project-member] [instance: ca6e5e60-1eff-4e73-a1d8-b78361f31e61] block_device_mapping [BlockDeviceMapping(attachment_id=,boot_index=0,connection_info=None,created_at=,delete_on_termination=True,deleted=,deleted_at=,destination_type='local',device_name=None,device_type='disk',disk_bus=None,encrypted=False,encryption_format=None,encryption_options=None,encryption_secret_uuid=None,guest_format=None,id=,image_id='62edf3a8-8ac8-4024-a2cd-3dbf6d2eadfb',instance=,instance_uuid=,no_device=False,snapshot_id=None,source_type='image',tag=None,updated_at=,uuid=,volume_id=None,volume_size=None,volume_type=None)] {{(pid=64467) _bdm_validate_set_size_and_instance /opt/stack/nova/nova/compute/api.py:1865}}
Oct 30 07:37:55 user devstack@n-api.service[64467]: INFO nova.api.openstack.requestlog [None req-a38b0181-3e06-497f-8904-42970b36b276 tempest-ServerActionsTestOtherB-1638830130 tempest-ServerActionsTestOtherB-1638830130-project-member] 10.0.0.210 "POST /compute/v2.1/servers" status: 202 len: 407 microversion: 2.1 time: 0.875338
Oct 30 07:37:55 user devstack@n-api.service[64467]: [pid: 64467|app: 0|req: 77/223] 10.0.0.210 () {64 vars in 1224 bytes} [Mon Oct 30 07:37:54 2023] POST /compute/v2.1/servers => generated 407 bytes in 877 msecs (HTTP/1.1 202) 10 headers in 450 bytes (1 switches on core 0)
Oct 30 07:37:55 user devstack@n-api.service[64468]: DEBUG nova.api.openstack.wsgi [None req-2a6dd845-8886-4df6-8a4a-99daa2cb5140 tempest-ServerActionsTestOtherB-1638830130 tempest-ServerActionsTestOtherB-1638830130-project-member] Calling method '>' {{(pid=64468) _process_stack /opt/stack/nova/nova/api/openstack/wsgi.py:513}}
Oct 30 07:37:55 user devstack@n-api.service[64468]: DEBUG nova.compute.api [None req-2a6dd845-8886-4df6-8a4a-99daa2cb5140 tempest-ServerActionsTestOtherB-1638830130 tempest-ServerActionsTestOtherB-1638830130-project-member] [instance: ca6e5e60-1eff-4e73-a1d8-b78361f31e61] Fetching instance by UUID {{(pid=64468) get /opt/stack/nova/nova/compute/api.py:2978}}
Oct 30 07:37:55 user devstack@n-api.service[64469]: DEBUG nova.api.openstack.wsgi [None req-35ca939a-ca4f-4870-b5ec-7797cf19f4b1 tempest-AttachSCSIVolumeTestJSON-746547794 tempest-AttachSCSIVolumeTestJSON-746547794-project-member] Calling method '>' {{(pid=64469) _process_stack /opt/stack/nova/nova/api/openstack/wsgi.py:513}}
Oct 30 07:37:55 user devstack@n-api.service[64469]: DEBUG nova.compute.api [None req-35ca939a-ca4f-4870-b5ec-7797cf19f4b1 tempest-AttachSCSIVolumeTestJSON-746547794 tempest-AttachSCSIVolumeTestJSON-746547794-project-member] [instance: 4a1e1884-891c-401f-b946-7eee2c6950fe] Fetching instance by UUID {{(pid=64469) get /opt/stack/nova/nova/compute/api.py:2978}}
Oct 30 07:37:55 user devstack@n-api.service[64469]: DEBUG oslo_concurrency.lockutils [None req-35ca939a-ca4f-4870-b5ec-7797cf19f4b1 tempest-AttachSCSIVolumeTestJSON-746547794 tempest-AttachSCSIVolumeTestJSON-746547794-project-member] Acquiring lock "f489ec39-e974-4f1b-93c5-b61393dabfe1" by "nova.context.set_target_cell..get_or_set_cached_cell_and_set_connections" {{(pid=64469) inner /opt/stack/data/venv/lib/python3.10/site-packages/oslo_concurrency/lockutils.py:404}}
Oct 30 07:37:55 user devstack@n-api.service[64469]: DEBUG oslo_concurrency.lockutils [None req-35ca939a-ca4f-4870-b5ec-7797cf19f4b1 tempest-AttachSCSIVolumeTestJSON-746547794 tempest-AttachSCSIVolumeTestJSON-746547794-project-member] Lock "f489ec39-e974-4f1b-93c5-b61393dabfe1" acquired by "nova.context.set_target_cell..get_or_set_cached_cell_and_set_connections" :: waited 0.001s {{(pid=64469) inner /opt/stack/data/venv/lib/python3.10/site-packages/oslo_concurrency/lockutils.py:409}}
Oct 30 07:37:55 user devstack@n-api.service[64469]: DEBUG oslo_concurrency.lockutils [None req-35ca939a-ca4f-4870-b5ec-7797cf19f4b1 tempest-AttachSCSIVolumeTestJSON-746547794 tempest-AttachSCSIVolumeTestJSON-746547794-project-member] Lock "f489ec39-e974-4f1b-93c5-b61393dabfe1" "released" by "nova.context.set_target_cell..get_or_set_cached_cell_and_set_connections" :: held 0.001s {{(pid=64469) inner /opt/stack/data/venv/lib/python3.10/site-packages/oslo_concurrency/lockutils.py:423}}
Oct 30 07:37:55 user devstack@n-api.service[64469]: DEBUG oslo_concurrency.lockutils [None req-35ca939a-ca4f-4870-b5ec-7797cf19f4b1 tempest-AttachSCSIVolumeTestJSON-746547794 tempest-AttachSCSIVolumeTestJSON-746547794-project-member] Acquiring lock "f489ec39-e974-4f1b-93c5-b61393dabfe1" by "nova.context.set_target_cell..get_or_set_cached_cell_and_set_connections" {{(pid=64469) inner /opt/stack/data/venv/lib/python3.10/site-packages/oslo_concurrency/lockutils.py:404}}
Oct 30 07:37:55 user devstack@n-api.service[64469]: DEBUG oslo_concurrency.lockutils [None req-35ca939a-ca4f-4870-b5ec-7797cf19f4b1 tempest-AttachSCSIVolumeTestJSON-746547794 tempest-AttachSCSIVolumeTestJSON-746547794-project-member] Lock "f489ec39-e974-4f1b-93c5-b61393dabfe1" acquired by "nova.context.set_target_cell..get_or_set_cached_cell_and_set_connections" :: waited 0.000s {{(pid=64469) inner /opt/stack/data/venv/lib/python3.10/site-packages/oslo_concurrency/lockutils.py:409}}
Oct 30 07:37:55 user devstack@n-api.service[64469]: DEBUG oslo_concurrency.lockutils [None req-35ca939a-ca4f-4870-b5ec-7797cf19f4b1 tempest-AttachSCSIVolumeTestJSON-746547794 tempest-AttachSCSIVolumeTestJSON-746547794-project-member] Lock "f489ec39-e974-4f1b-93c5-b61393dabfe1" "released" by "nova.context.set_target_cell..get_or_set_cached_cell_and_set_connections" :: held 0.000s {{(pid=64469) inner /opt/stack/data/venv/lib/python3.10/site-packages/oslo_concurrency/lockutils.py:423}}
Oct 30 07:37:55 user devstack@n-api.service[64468]: DEBUG nova.policy [None req-2a6dd845-8886-4df6-8a4a-99daa2cb5140 tempest-ServerActionsTestOtherB-1638830130 tempest-ServerActionsTestOtherB-1638830130-project-member] Policy check for os_compute_api:os-extended-server-attributes failed with credentials {'is_admin': False, 'user_id': '506813ea22514a4ab1e8492d724d6e93', 'user_domain_id': 'default', 'system_scope': None, 'domain_id': None, 'project_id': '29bc84846dd74eecb286bfbcfd4f838b', 'project_domain_id': 'default', 'roles': ['member', 'reader'], 'is_admin_project': True, 'service_user_id': None, 'service_user_domain_id': None, 'service_project_id': None, 'service_project_domain_id': None, 'service_roles': []} {{(pid=64468) authorize /opt/stack/nova/nova/policy.py:203}}
Oct 30 07:37:55 user devstack@n-api.service[64468]: INFO nova.api.openstack.requestlog [None req-2a6dd845-8886-4df6-8a4a-99daa2cb5140 tempest-ServerActionsTestOtherB-1638830130 tempest-ServerActionsTestOtherB-1638830130-project-member] 10.0.0.210 "GET /compute/v2.1/servers/ca6e5e60-1eff-4e73-a1d8-b78361f31e61" status: 200 len: 1232 microversion: 2.1 time: 0.119394
Oct 30 07:37:55 user devstack@n-api.service[64468]: [pid: 64468|app: 0|req: 72/224] 10.0.0.210 () {62 vars in 1313 bytes} [Mon Oct 30 07:37:55 2023] GET /compute/v2.1/servers/ca6e5e60-1eff-4e73-a1d8-b78361f31e61 => generated 1232 bytes in 123 msecs (HTTP/1.1 200) 9 headers in 358 bytes (1 switches on core 0)
Oct 30 07:37:56 user devstack@n-api.service[64469]: DEBUG nova.compute.api [None req-35ca939a-ca4f-4870-b5ec-7797cf19f4b1 tempest-AttachSCSIVolumeTestJSON-746547794 tempest-AttachSCSIVolumeTestJSON-746547794-project-member] [instance: 4a1e1884-891c-401f-b946-7eee2c6950fe] Going to try to terminate instance {{(pid=64469) delete /opt/stack/nova/nova/compute/api.py:2722}}
Oct 30 07:37:56 user devstack@n-api.service[64469]: INFO nova.api.openstack.requestlog [None req-35ca939a-ca4f-4870-b5ec-7797cf19f4b1 tempest-AttachSCSIVolumeTestJSON-746547794 tempest-AttachSCSIVolumeTestJSON-746547794-project-member] 10.0.0.210 "DELETE /compute/v2.1/servers/4a1e1884-891c-401f-b946-7eee2c6950fe" status: 204 len: 0 microversion: 2.1 time: 0.326999
Oct 30 07:37:56 user devstack@n-api.service[64469]: [pid: 64469|app: 0|req: 76/225] 10.0.0.210 () {62 vars in 1316 bytes} [Mon Oct 30 07:37:55 2023] DELETE /compute/v2.1/servers/4a1e1884-891c-401f-b946-7eee2c6950fe => generated 0 bytes in 329 msecs (HTTP/1.1 204) 9 headers in 363 bytes (1 switches on core 0)
Oct 30 07:37:56 user devstack@n-api.service[64467]: DEBUG nova.api.openstack.wsgi [None req-20ffd6f3-985b-4f1c-a6f3-cc7d408dd6d0 tempest-AttachSCSIVolumeTestJSON-746547794 tempest-AttachSCSIVolumeTestJSON-746547794-project-member] Calling method '>' {{(pid=64467) _process_stack /opt/stack/nova/nova/api/openstack/wsgi.py:513}}
Oct 30 07:37:56 user devstack@n-api.service[64467]: DEBUG nova.compute.api [None req-20ffd6f3-985b-4f1c-a6f3-cc7d408dd6d0 tempest-AttachSCSIVolumeTestJSON-746547794 tempest-AttachSCSIVolumeTestJSON-746547794-project-member] [instance: 4a1e1884-891c-401f-b946-7eee2c6950fe] Fetching instance by UUID {{(pid=64467) get /opt/stack/nova/nova/compute/api.py:2978}}
Oct 30 07:37:56 user devstack@n-api.service[64467]: DEBUG oslo_concurrency.lockutils [None req-20ffd6f3-985b-4f1c-a6f3-cc7d408dd6d0 tempest-AttachSCSIVolumeTestJSON-746547794 tempest-AttachSCSIVolumeTestJSON-746547794-project-member] Acquiring lock "f489ec39-e974-4f1b-93c5-b61393dabfe1" by "nova.context.set_target_cell..get_or_set_cached_cell_and_set_connections" {{(pid=64467) inner /opt/stack/data/venv/lib/python3.10/site-packages/oslo_concurrency/lockutils.py:404}}
Oct 30 07:37:56 user devstack@n-api.service[64467]: DEBUG oslo_concurrency.lockutils [None req-20ffd6f3-985b-4f1c-a6f3-cc7d408dd6d0 tempest-AttachSCSIVolumeTestJSON-746547794 tempest-AttachSCSIVolumeTestJSON-746547794-project-member] Lock "f489ec39-e974-4f1b-93c5-b61393dabfe1" acquired by "nova.context.set_target_cell..get_or_set_cached_cell_and_set_connections" :: waited 0.001s {{(pid=64467) inner /opt/stack/data/venv/lib/python3.10/site-packages/oslo_concurrency/lockutils.py:409}}
Oct 30 07:37:56 user devstack@n-api.service[64467]: DEBUG oslo_concurrency.lockutils [None req-20ffd6f3-985b-4f1c-a6f3-cc7d408dd6d0 tempest-AttachSCSIVolumeTestJSON-746547794 tempest-AttachSCSIVolumeTestJSON-746547794-project-member] Lock "f489ec39-e974-4f1b-93c5-b61393dabfe1" "released" by "nova.context.set_target_cell..get_or_set_cached_cell_and_set_connections" :: held 0.000s {{(pid=64467) inner /opt/stack/data/venv/lib/python3.10/site-packages/oslo_concurrency/lockutils.py:423}}
Oct 30 07:37:56 user devstack@n-api.service[64467]: DEBUG oslo_concurrency.lockutils [None req-20ffd6f3-985b-4f1c-a6f3-cc7d408dd6d0 tempest-AttachSCSIVolumeTestJSON-746547794 tempest-AttachSCSIVolumeTestJSON-746547794-project-member] Acquiring lock "f489ec39-e974-4f1b-93c5-b61393dabfe1" by "nova.context.set_target_cell..get_or_set_cached_cell_and_set_connections" {{(pid=64467) inner /opt/stack/data/venv/lib/python3.10/site-packages/oslo_concurrency/lockutils.py:404}}
Oct 30 07:37:56 user devstack@n-api.service[64467]: DEBUG oslo_concurrency.lockutils [None req-20ffd6f3-985b-4f1c-a6f3-cc7d408dd6d0 tempest-AttachSCSIVolumeTestJSON-746547794 tempest-AttachSCSIVolumeTestJSON-746547794-project-member] Lock "f489ec39-e974-4f1b-93c5-b61393dabfe1" acquired by "nova.context.set_target_cell..get_or_set_cached_cell_and_set_connections" :: waited 0.000s {{(pid=64467) inner /opt/stack/data/venv/lib/python3.10/site-packages/oslo_concurrency/lockutils.py:409}}
