File "/opt/stack/data/venv/lib/python3.10/site-packages/dogpile/lock.py", line 185, in __enter__
Nov 14 04:42:12 user devstack@keystone.service[46720]: ERROR keystone.server.flask.application return self._enter()
Nov 14 04:42:12 user devstack@keystone.service[46720]: ERROR keystone.server.flask.application
File "/opt/stack/data/venv/lib/python3.10/site-packages/dogpile/lock.py", line 94, in _enter
Nov 14 04:42:12 user devstack@keystone.service[46720]: ERROR keystone.server.flask.application generated = self._enter_create(value, createdtime)
Nov 14 04:42:12 user devstack@keystone.service[46720]: ERROR keystone.server.flask.application
File "/opt/stack/data/venv/lib/python3.10/site-packages/dogpile/lock.py", line 178, in _enter_create
Nov 14 04:42:12 user devstack@keystone.service[46720]: ERROR keystone.server.flask.application return self.creator()
Nov 14 04:42:12 user devstack@keystone.service[46720]: ERROR keystone.server.flask.application
File "/opt/stack/data/venv/lib/python3.10/site-packages/dogpile/cache/region.py", line 1007, in gen_value
Nov 14 04:42:12 user devstack@keystone.service[46720]: ERROR keystone.server.flask.application created_value = creator(
Nov 14 04:42:12 user devstack@keystone.service[46720]: ERROR keystone.server.flask.application
File "/opt/stack/keystone/keystone/assignment/core.py", line 1276, in get_role
Nov 14 04:42:12 user devstack@keystone.service[46720]: ERROR keystone.server.flask.application return self.driver.get_role(role_id)
Nov 14 04:42:12 user devstack@keystone.service[46720]: ERROR keystone.server.flask.application
File "/opt/stack/keystone/keystone/assignment/role_backends/sql.py", line 70, in get_role
Nov 14 04:42:12 user devstack@keystone.service[46720]: ERROR keystone.server.flask.application return self._get_role(session, role_id).to_dict()
Nov 14 04:42:12 user devstack@keystone.service[46720]: ERROR keystone.server.flask.application
File "/opt/stack/keystone/keystone/assignment/role_backends/sql.py", line 65, in _get_role
Nov 14 04:42:12 user devstack@keystone.service[46720]: ERROR keystone.server.flask.application raise exception.RoleNotFound(role_id=role_id)
Nov 14 04:42:12 user devstack@keystone.service[46720]: ERROR keystone.server.flask.application keystone.exception.RoleNotFound: Could not find role: member.
Nov 14 04:42:12 user devstack@keystone.service[46720]: ERROR keystone.server.flask.application
Nov 14 04:42:12 user devstack@keystone.service[46720]: [pid: 46720|app: 0|req: 57/180] 10.0.0.210 () {56 vars in 1094 bytes} [Tue Nov 14 04:42:12 2023] GET /identity/v3/roles/member => generated 84 bytes in 147 msecs (HTTP/1.1 404) 5 headers in 183 bytes (1 switches on core 0)
Nov 14 04:42:12 user devstack@keystone.service[46720]: DEBUG keystone.server.flask.request_processing.middleware.auth_context [None req-bb9ecdd1-83dd-42ee-8b96-25528c1e45a6 None admin] Authenticating user token {{(pid=46720) process_request /opt/stack/data/venv/lib/python3.10/site-packages/keystonemiddleware/auth_token/__init__.py:406}}
Nov 14 04:42:12 user devstack@keystone.service[46722]: DEBUG keystone.server.flask.request_processing.middleware.auth_context [None req-aa547a6a-85dd-42e1-afc7-04d397e2da3b None admin] RBAC: auth_context: {'token': , 'domain_id': None, 'trust_id': None, 'trustor_id': None, 'trustee_id': None, 'domain_name': None, 'group_ids': [], 'user_id': '857c5b39c784493499d3339df60ed07d', 'user_domain_id': 'default', 'system_scope': 'all', 'project_id': None, 'project_domain_id': None, 'roles': ['admin', 'manager', 'member', 'reader'], 'is_admin_project': True, 'service_user_id': None, 'service_user_domain_id': None, 'service_project_id': None, 'service_project_domain_id': None, 'service_roles': []} {{(pid=46722) fill_context /opt/stack/keystone/keystone/server/flask/request_processing/middleware/auth_context.py:480}}
Nov 14 04:42:12 user devstack@keystone.service[46722]: DEBUG keystone.server.flask.request_processing.req_logging [None req-aa547a6a-85dd-42e1-afc7-04d397e2da3b None admin] REQUEST_METHOD: `GET` {{(pid=46722) log_request_info /opt/stack/keystone/keystone/server/flask/request_processing/req_logging.py:27}}
Nov 14 04:42:12 user devstack@keystone.service[46722]: DEBUG keystone.server.flask.request_processing.req_logging [None req-aa547a6a-85dd-42e1-afc7-04d397e2da3b None admin] SCRIPT_NAME: `/identity` {{(pid=46722) log_request_info /opt/stack/keystone/keystone/server/flask/request_processing/req_logging.py:28}}
Nov 14 04:42:12 user devstack@keystone.service[46722]: DEBUG keystone.server.flask.request_processing.req_logging [None req-aa547a6a-85dd-42e1-afc7-04d397e2da3b None admin] PATH_INFO: `/v3/roles` {{(pid=46722) log_request_info /opt/stack/keystone/keystone/server/flask/request_processing/req_logging.py:29}}
Nov 14 04:42:12 user devstack@keystone.service[46722]: DEBUG keystone.common.rbac_enforcer.enforcer [None req-aa547a6a-85dd-42e1-afc7-04d397e2da3b None admin] RBAC: Adding query filter params (name=reader) {{(pid=46722) _extract_filter_values /opt/stack/keystone/keystone/common/rbac_enforcer/enforcer.py:167}}
Nov 14 04:42:12 user devstack@keystone.service[46722]: DEBUG keystone.common.rbac_enforcer.enforcer [None req-aa547a6a-85dd-42e1-afc7-04d397e2da3b None admin] RBAC: Authorizing `identity:list_roles()` {{(pid=46722) enforce_call /opt/stack/keystone/keystone/common/rbac_enforcer/enforcer.py:449}}
Nov 14 04:42:12 user devstack@keystone.service[46722]: DEBUG keystone.common.rbac_enforcer.enforcer [None req-aa547a6a-85dd-42e1-afc7-04d397e2da3b None admin] RBAC: Authorization granted {{(pid=46722) enforce_call /opt/stack/keystone/keystone/common/rbac_enforcer/enforcer.py:457}}
Nov 14 04:42:12 user devstack@keystone.service[46722]: [pid: 46722|app: 0|req: 59/181] 10.0.0.210 () {56 vars in 1096 bytes} [Tue Nov 14 04:42:12 2023] GET /identity/v3/roles?name=reader => generated 339 bytes in 142 msecs (HTTP/1.1 200) 5 headers in 177 bytes (1 switches on core 0)
Nov 14 04:42:12 user devstack@keystone.service[46722]: DEBUG keystone.server.flask.request_processing.middleware.auth_context [None req-aa547a6a-85dd-42e1-afc7-04d397e2da3b None admin] Authenticating user token {{(pid=46722) process_request /opt/stack/data/venv/lib/python3.10/site-packages/keystonemiddleware/auth_token/__init__.py:406}}
Nov 14 04:42:13 user devstack@keystone.service[46721]: DEBUG keystone.server.flask.request_processing.middleware.auth_context [None req-33feb347-3f8b-406d-87b1-5727ad649081 None None] Validating token access rules against request {{(pid=46721) validate_allowed_request /opt/stack/data/venv/lib/python3.10/site-packages/keystonemiddleware/auth_token/__init__.py:544}}
Nov 14 04:42:13 user devstack@keystone.service[46721]: DEBUG keystone.server.flask.request_processing.middleware.auth_context [None req-52f91cff-1cfe-4a23-ad19-e89a2da412eb None admin] RBAC: auth_context: {'token': , 'domain_id': None, 'trust_id': None, 'trustor_id': None, 'trustee_id': None, 'domain_name': None, 'group_ids': [], 'user_id': '857c5b39c784493499d3339df60ed07d', 'user_domain_id': 'default', 'system_scope': 'all', 'project_id': None, 'project_domain_id': None, 'roles': ['admin', 'manager', 'member', 'reader'], 'is_admin_project': True, 'service_user_id': None, 'service_user_domain_id': None, 'service_project_id': None, 'service_project_domain_id': None, 'service_roles': []} {{(pid=46721) fill_context /opt/stack/keystone/keystone/server/flask/request_processing/middleware/auth_context.py:480}}
Nov 14 04:42:13 user devstack@keystone.service[46721]: DEBUG keystone.server.flask.request_processing.req_logging [None req-52f91cff-1cfe-4a23-ad19-e89a2da412eb None admin] REQUEST_METHOD: `GET` {{(pid=46721) log_request_info /opt/stack/keystone/keystone/server/flask/request_processing/req_logging.py:27}}
Nov 14 04:42:13 user devstack@keystone.service[46721]: DEBUG keystone.server.flask.request_processing.req_logging [None req-52f91cff-1cfe-4a23-ad19-e89a2da412eb None admin] SCRIPT_NAME: `/identity` {{(pid=46721) log_request_info /opt/stack/keystone/keystone/server/flask/request_processing/req_logging.py:28}}
Nov 14 04:42:13 user devstack@keystone.service[46721]: DEBUG keystone.server.flask.request_processing.req_logging [None req-52f91cff-1cfe-4a23-ad19-e89a2da412eb None admin] PATH_INFO: `/v3/domains/default` {{(pid=46721) log_request_info /opt/stack/keystone/keystone/server/flask/request_processing/req_logging.py:29}}
Nov 14 04:42:13 user devstack@keystone.service[46721]: DEBUG keystone.common.rbac_enforcer.enforcer [None req-52f91cff-1cfe-4a23-ad19-e89a2da412eb None admin] RBAC: Authorizing `identity:get_domain(domain_id=default)` {{(pid=46721) enforce_call /opt/stack/keystone/keystone/common/rbac_enforcer/enforcer.py:449}}
Nov 14 04:42:13 user devstack@keystone.service[46721]: DEBUG keystone.common.rbac_enforcer.enforcer [None req-52f91cff-1cfe-4a23-ad19-e89a2da412eb None admin] RBAC: Authorization granted {{(pid=46721) enforce_call /opt/stack/keystone/keystone/common/rbac_enforcer/enforcer.py:457}}
Nov 14 04:42:13 user devstack@keystone.service[46721]: [pid: 46721|app: 0|req: 66/182] 10.0.0.210 () {56 vars in 1103 bytes} [Tue Nov 14 04:42:12 2023] GET /identity/v3/domains/default => generated 198 bytes in 142 msecs (HTTP/1.1 200) 5 headers in 177 bytes (2 switches on core 0)
Nov 14 04:42:13 user devstack@keystone.service[46721]: DEBUG keystone.server.flask.request_processing.middleware.auth_context [None req-52f91cff-1cfe-4a23-ad19-e89a2da412eb None admin] Authenticating user token {{(pid=46721) process_request /opt/stack/data/venv/lib/python3.10/site-packages/keystonemiddleware/auth_token/__init__.py:406}}
Nov 14 04:42:13 user devstack@keystone.service[46720]: DEBUG keystone.server.flask.request_processing.middleware.auth_context [None req-bb9ecdd1-83dd-42ee-8b96-25528c1e45a6 None admin] Validating token access rules against request {{(pid=46720) validate_allowed_request /opt/stack/data/venv/lib/python3.10/site-packages/keystonemiddleware/auth_token/__init__.py:544}}
Nov 14 04:42:13 user devstack@keystone.service[46722]: DEBUG keystone.server.flask.request_processing.middleware.auth_context [None req-aa547a6a-85dd-42e1-afc7-04d397e2da3b None admin] Validating token access rules against request {{(pid=46722) validate_allowed_request /opt/stack/data/venv/lib/python3.10/site-packages/keystonemiddleware/auth_token/__init__.py:544}}
Nov 14 04:42:13 user devstack@keystone.service[46720]: DEBUG keystone.server.flask.request_processing.middleware.auth_context [None req-1232520b-55c2-4960-b453-02d33856fdf8 None admin] RBAC: auth_context: {'token': , 'domain_id': None, 'trust_id': None, 'trustor_id': None, 'trustee_id': None, 'domain_name': None, 'group_ids': [], 'user_id': '857c5b39c784493499d3339df60ed07d', 'user_domain_id': 'default', 'system_scope': 'all', 'project_id': None, 'project_domain_id': None, 'roles': ['admin', 'manager', 'member', 'reader'], 'is_admin_project': True, 'service_user_id': None, 'service_user_domain_id': None, 'service_project_id': None, 'service_project_domain_id': None, 'service_roles': []} {{(pid=46720) fill_context /opt/stack/keystone/keystone/server/flask/request_processing/middleware/auth_context.py:480}}
Nov 14 04:42:13 user devstack@keystone.service[46720]: DEBUG keystone.server.flask.request_processing.req_logging [None req-1232520b-55c2-4960-b453-02d33856fdf8 None admin] REQUEST_METHOD: `GET` {{(pid=46720) log_request_info /opt/stack/keystone/keystone/server/flask/request_processing/req_logging.py:27}}
Nov 14 04:42:13 user devstack@keystone.service[46720]: DEBUG keystone.server.flask.request_processing.req_logging [None req-1232520b-55c2-4960-b453-02d33856fdf8 None admin] SCRIPT_NAME: `/identity` {{(pid=46720) log_request_info /opt/stack/keystone/keystone/server/flask/request_processing/req_logging.py:28}}
Nov 14 04:42:13 user devstack@keystone.service[46720]: DEBUG keystone.server.flask.request_processing.req_logging [None req-1232520b-55c2-4960-b453-02d33856fdf8 None admin] PATH_INFO: `/v3/roles` {{(pid=46720) log_request_info /opt/stack/keystone/keystone/server/flask/request_processing/req_logging.py:29}}
Nov 14 04:42:13 user devstack@keystone.service[46720]: DEBUG keystone.common.rbac_enforcer.enforcer [None req-1232520b-55c2-4960-b453-02d33856fdf8 None admin] RBAC: Adding query filter params (name=member) {{(pid=46720) _extract_filter_values /opt/stack/keystone/keystone/common/rbac_enforcer/enforcer.py:167}}
Nov 14 04:42:13 user devstack@keystone.service[46720]: DEBUG keystone.common.rbac_enforcer.enforcer [None req-1232520b-55c2-4960-b453-02d33856fdf8 None admin] RBAC: Authorizing `identity:list_roles()` {{(pid=46720) enforce_call /opt/stack/keystone/keystone/common/rbac_enforcer/enforcer.py:449}}
Nov 14 04:42:13 user devstack@keystone.service[46720]: DEBUG keystone.common.rbac_enforcer.enforcer [None req-1232520b-55c2-4960-b453-02d33856fdf8 None admin] RBAC: Authorization granted {{(pid=46720) enforce_call /opt/stack/keystone/keystone/common/rbac_enforcer/enforcer.py:457}}
Nov 14 04:42:13 user devstack@keystone.service[46720]: [pid: 46720|app: 0|req: 58/183] 10.0.0.210 () {56 vars in 1096 bytes} [Tue Nov 14 04:42:12 2023] GET /identity/v3/roles?name=member => generated 339 bytes in 135 msecs (HTTP/1.1 200) 5 headers in 177 bytes (2 switches on core 0)
Nov 14 04:42:13 user devstack@keystone.service[46720]: DEBUG keystone.server.flask.request_processing.middleware.auth_context [None req-1232520b-55c2-4960-b453-02d33856fdf8 None admin] Authenticating user token {{(pid=46720) process_request /opt/stack/data/venv/lib/python3.10/site-packages/keystonemiddleware/auth_token/__init__.py:406}}
Nov 14 04:42:13 user devstack@keystone.service[46722]: DEBUG keystone.server.flask.request_processing.middleware.auth_context [None req-e78f0f17-c547-42df-85be-cac20aa7c4c4 None admin] RBAC: auth_context: {'token': , 'domain_id': None, 'trust_id': None, 'trustor_id': None, 'trustee_id': None, 'domain_name': None, 'group_ids': [], 'user_id': '857c5b39c784493499d3339df60ed07d', 'user_domain_id': 'default', 'system_scope': 'all', 'project_id': None, 'project_domain_id': None, 'roles': ['admin', 'manager', 'member', 'reader'], 'is_admin_project': True, 'service_user_id': None, 'service_user_domain_id': None, 'service_project_id': None, 'service_project_domain_id': None, 'service_roles': []} {{(pid=46722) fill_context /opt/stack/keystone/keystone/server/flask/request_processing/middleware/auth_context.py:480}}
Nov 14 04:42:13 user devstack@keystone.service[46722]: DEBUG keystone.server.flask.request_processing.req_logging [None req-e78f0f17-c547-42df-85be-cac20aa7c4c4 None admin] REQUEST_METHOD: `GET` {{(pid=46722) log_request_info /opt/stack/keystone/keystone/server/flask/request_processing/req_logging.py:27}}
Nov 14 04:42:13 user devstack@keystone.service[46722]: DEBUG keystone.server.flask.request_processing.req_logging [None req-e78f0f17-c547-42df-85be-cac20aa7c4c4 None admin] SCRIPT_NAME: `/identity` {{(pid=46722) log_request_info /opt/stack/keystone/keystone/server/flask/request_processing/req_logging.py:28}}
Nov 14 04:42:13 user devstack@keystone.service[46722]: DEBUG keystone.server.flask.request_processing.req_logging [None req-e78f0f17-c547-42df-85be-cac20aa7c4c4 None admin] PATH_INFO: `/v3/users/8b0f83191c5648cb82a550941469686b` {{(pid=46722) log_request_info /opt/stack/keystone/keystone/server/flask/request_processing/req_logging.py:29}}
Nov 14 04:42:13 user devstack@keystone.service[46722]: DEBUG keystone.common.rbac_enforcer.enforcer [None req-e78f0f17-c547-42df-85be-cac20aa7c4c4 None admin] RBAC: Authorizing `identity:get_user(user_id=8b0f83191c5648cb82a550941469686b)` {{(pid=46722) enforce_call /opt/stack/keystone/keystone/common/rbac_enforcer/enforcer.py:449}}
Nov 14 04:42:13 user devstack@keystone.service[46722]: DEBUG keystone.common.rbac_enforcer.enforcer [None req-e78f0f17-c547-42df-85be-cac20aa7c4c4 None admin] RBAC: Authorization granted {{(pid=46722) enforce_call /opt/stack/keystone/keystone/common/rbac_enforcer/enforcer.py:457}}
Nov 14 04:42:13 user devstack@keystone.service[46722]: [pid: 46722|app: 0|req: 60/184] 10.0.0.210 () {56 vars in 1172 bytes} [Tue Nov 14 04:42:12 2023] GET /identity/v3/users/8b0f83191c5648cb82a550941469686b => generated 296 bytes in 132 msecs (HTTP/1.1 200) 5 headers in 177 bytes (1 switches on core 0)
Nov 14 04:42:13 user devstack@keystone.service[46722]: DEBUG keystone.server.flask.request_processing.middleware.auth_context [None req-e78f0f17-c547-42df-85be-cac20aa7c4c4 None admin] Authenticating user token {{(pid=46722) process_request /opt/stack/data/venv/lib/python3.10/site-packages/keystonemiddleware/auth_token/__init__.py:406}}
Nov 14 04:42:13 user devstack@keystone.service[46721]: DEBUG keystone.server.flask.request_processing.middleware.auth_context [None req-52f91cff-1cfe-4a23-ad19-e89a2da412eb None admin] Validating token access rules against request {{(pid=46721) validate_allowed_request /opt/stack/data/venv/lib/python3.10/site-packages/keystonemiddleware/auth_token/__init__.py:544}}
Nov 14 04:42:13 user devstack@keystone.service[46721]: DEBUG keystone.server.flask.request_processing.middleware.auth_context [None req-df3eed6f-bdff-4aef-aebe-301d0bb6fd61 None admin] RBAC: auth_context: {'token': , 'domain_id': None, 'trust_id': None, 'trustor_id': None, 'trustee_id': None, 'domain_name': None, 'group_ids': [], 'user_id': '857c5b39c784493499d3339df60ed07d', 'user_domain_id': 'default', 'system_scope': 'all', 'project_id': None, 'project_domain_id': None, 'roles': ['admin', 'manager', 'member', 'reader'], 'is_admin_project': True, 'service_user_id': None, 'service_user_domain_id': None, 'service_project_id': None, 'service_project_domain_id': None, 'service_roles': []} {{(pid=46721) fill_context /opt/stack/keystone/keystone/server/flask/request_processing/middleware/auth_context.py:480}}
Nov 14 04:42:13 user devstack@keystone.service[46721]: DEBUG keystone.server.flask.request_processing.req_logging [None req-df3eed6f-bdff-4aef-aebe-301d0bb6fd61 None admin] REQUEST_METHOD: `POST` {{(pid=46721) log_request_info /opt/stack/keystone/keystone/server/flask/request_processing/req_logging.py:27}}
Nov 14 04:42:13 user devstack@keystone.service[46721]: DEBUG keystone.server.flask.request_processing.req_logging [None req-df3eed6f-bdff-4aef-aebe-301d0bb6fd61 None admin] SCRIPT_NAME: `/identity` {{(pid=46721) log_request_info /opt/stack/keystone/keystone/server/flask/request_processing/req_logging.py:28}}
Nov 14 04:42:13 user devstack@keystone.service[46721]: DEBUG keystone.server.flask.request_processing.req_logging [None req-df3eed6f-bdff-4aef-aebe-301d0bb6fd61 None admin] PATH_INFO: `/v3/users` {{(pid=46721) log_request_info /opt/stack/keystone/keystone/server/flask/request_processing/req_logging.py:29}}
Nov 14 04:42:13 user devstack@keystone.service[46721]: DEBUG keystone.common.rbac_enforcer.enforcer [None req-df3eed6f-bdff-4aef-aebe-301d0bb6fd61 None admin] RBAC: Authorizing `identity:create_user()` {{(pid=46721) enforce_call /opt/stack/keystone/keystone/common/rbac_enforcer/enforcer.py:449}}
Nov 14 04:42:13 user devstack@keystone.service[46721]: DEBUG keystone.common.rbac_enforcer.enforcer [None req-df3eed6f-bdff-4aef-aebe-301d0bb6fd61 None admin] RBAC: Authorization granted {{(pid=46721) enforce_call /opt/stack/keystone/keystone/common/rbac_enforcer/enforcer.py:457}}
Nov 14 04:42:13 user devstack@keystone.service[46721]: WARNING keystone.common.password_hashing [None req-df3eed6f-bdff-4aef-aebe-301d0bb6fd61 None admin] Truncating password to algorithm specific maximum length 72 characters.
Nov 14 04:42:13 user devstack@keystone.service[46720]: DEBUG keystone.server.flask.request_processing.middleware.auth_context [None req-1232520b-55c2-4960-b453-02d33856fdf8 None admin] Validating token access rules against request {{(pid=46720) validate_allowed_request /opt/stack/data/venv/lib/python3.10/site-packages/keystonemiddleware/auth_token/__init__.py:544}}
Nov 14 04:42:13 user devstack@keystone.service[46722]: DEBUG keystone.server.flask.request_processing.middleware.auth_context [None req-e78f0f17-c547-42df-85be-cac20aa7c4c4 None admin] Validating token access rules against request {{(pid=46722) validate_allowed_request /opt/stack/data/venv/lib/python3.10/site-packages/keystonemiddleware/auth_token/__init__.py:544}}
Nov 14 04:42:13 user devstack@keystone.service[46721]: [pid: 46721|app: 0|req: 67/185] 10.0.0.210 () {60 vars in 1127 bytes} [Tue Nov 14 04:42:13 2023] POST /identity/v3/users => generated 292 bytes in 177 msecs (HTTP/1.1 201) 5 headers in 182 bytes (2 switches on core 0)
Nov 14 04:42:13 user devstack@keystone.service[46720]: DEBUG keystone.server.flask.request_processing.middleware.auth_context [None req-41a5a2f4-83cd-4c72-b16b-8680a1e65c86 None admin] RBAC: auth_context: {'token': , 'domain_id': None, 'trust_id': None, 'trustor_id': None, 'trustee_id': None, 'domain_name': None, 'group_ids': [], 'user_id': '857c5b39c784493499d3339df60ed07d', 'user_domain_id': 'default', 'system_scope': 'all', 'project_id': None, 'project_domain_id': None, 'roles': ['admin', 'manager', 'member', 'reader'], 'is_admin_project': True, 'service_user_id': None, 'service_user_domain_id': None, 'service_project_id': None, 'service_project_domain_id': None, 'service_roles': []} {{(pid=46720) fill_context /opt/stack/keystone/keystone/server/flask/request_processing/middleware/auth_context.py:480}}
Nov 14 04:42:13 user devstack@keystone.service[46720]: DEBUG keystone.server.flask.request_processing.req_logging [None req-41a5a2f4-83cd-4c72-b16b-8680a1e65c86 None admin] REQUEST_METHOD: `GET` {{(pid=46720) log_request_info /opt/stack/keystone/keystone/server/flask/request_processing/req_logging.py:27}}
Nov 14 04:42:13 user devstack@keystone.service[46720]: DEBUG keystone.server.flask.request_processing.req_logging [None req-41a5a2f4-83cd-4c72-b16b-8680a1e65c86 None admin] SCRIPT_NAME: `/identity` {{(pid=46720) log_request_info /opt/stack/keystone/keystone/server/flask/request_processing/req_logging.py:28}}
Nov 14 04:42:13 user devstack@keystone.service[46720]: DEBUG keystone.server.flask.request_processing.req_logging [None req-41a5a2f4-83cd-4c72-b16b-8680a1e65c86 None admin] PATH_INFO: `/v3/users/641755f1b0a04f43a93d1389759021eb` {{(pid=46720) log_request_info /opt/stack/keystone/keystone/server/flask/request_processing/req_logging.py:29}}
Nov 14 04:42:13 user devstack@keystone.service[46722]: DEBUG keystone.server.flask.request_processing.middleware.auth_context [None req-155e036f-f2fb-458d-9505-c3a394d11f93 None admin] RBAC: auth_context: {'token': , 'domain_id': None, 'trust_id': None, 'trustor_id': None, 'trustee_id': None, 'domain_name': None, 'group_ids': [], 'user_id': '857c5b39c784493499d3339df60ed07d', 'user_domain_id': 'default', 'system_scope': 'all', 'project_id': None, 'project_domain_id': None, 'roles': ['admin', 'manager', 'member', 'reader'], 'is_admin_project': True, 'service_user_id': None, 'service_user_domain_id': None, 'service_project_id': None, 'service_project_domain_id': None, 'service_roles': []} {{(pid=46722) fill_context /opt/stack/keystone/keystone/server/flask/request_processing/middleware/auth_context.py:480}}
Nov 14 04:42:13 user devstack@keystone.service[46722]: DEBUG keystone.server.flask.request_processing.req_logging [None req-155e036f-f2fb-458d-9505-c3a394d11f93 None admin] REQUEST_METHOD: `GET` {{(pid=46722) log_request_info /opt/stack/keystone/keystone/server/flask/request_processing/req_logging.py:27}}
Nov 14 04:42:13 user devstack@keystone.service[46722]: DEBUG keystone.server.flask.request_processing.req_logging [None req-155e036f-f2fb-458d-9505-c3a394d11f93 None admin] SCRIPT_NAME: `/identity` {{(pid=46722) log_request_info /opt/stack/keystone/keystone/server/flask/request_processing/req_logging.py:28}}
Nov 14 04:42:13 user devstack@keystone.service[46722]: DEBUG keystone.server.flask.request_processing.req_logging [None req-155e036f-f2fb-458d-9505-c3a394d11f93 None admin] PATH_INFO: `/v3/auth/tokens` {{(pid=46722) log_request_info /opt/stack/keystone/keystone/server/flask/request_processing/req_logging.py:29}}
Nov 14 04:42:13 user devstack@keystone.service[46720]: DEBUG keystone.common.rbac_enforcer.enforcer [None req-41a5a2f4-83cd-4c72-b16b-8680a1e65c86 None admin] RBAC: Authorizing `identity:get_user(user_id=641755f1b0a04f43a93d1389759021eb)` {{(pid=46720) enforce_call /opt/stack/keystone/keystone/common/rbac_enforcer/enforcer.py:449}}
Nov 14 04:42:13 user devstack@keystone.service[46720]: DEBUG keystone.common.rbac_enforcer.enforcer [None req-41a5a2f4-83cd-4c72-b16b-8680a1e65c86 None admin] RBAC: Authorization granted {{(pid=46720) enforce_call /opt/stack/keystone/keystone/common/rbac_enforcer/enforcer.py:457}}
Nov 14 04:42:13 user devstack@keystone.service[46720]: [pid: 46720|app: 0|req: 59/186] 10.0.0.210 () {56 vars in 1172 bytes} [Tue Nov 14 04:42:13 2023] GET /identity/v3/users/641755f1b0a04f43a93d1389759021eb => generated 292 bytes in 152 msecs (HTTP/1.1 200) 5 headers in 177 bytes (1 switches on core 0)
Nov 14 04:42:13 user devstack@keystone.service[46721]: DEBUG keystone.server.flask.request_processing.middleware.auth_context [None req-df3eed6f-bdff-4aef-aebe-301d0bb6fd61 None admin] Authenticating user token {{(pid=46721) process_request /opt/stack/data/venv/lib/python3.10/site-packages/keystonemiddleware/auth_token/__init__.py:406}}
Nov 14 04:42:13 user devstack@keystone.service[46722]: DEBUG keystone.common.rbac_enforcer.enforcer [None req-155e036f-f2fb-458d-9505-c3a394d11f93 None admin] RBAC: Authorizing `identity:validate_token()` {{(pid=46722) enforce_call /opt/stack/keystone/keystone/common/rbac_enforcer/enforcer.py:449}}
Nov 14 04:42:13 user devstack@keystone.service[46722]: DEBUG keystone.common.rbac_enforcer.enforcer [None req-155e036f-f2fb-458d-9505-c3a394d11f93 None admin] RBAC: Authorization granted {{(pid=46722) enforce_call /opt/stack/keystone/keystone/common/rbac_enforcer/enforcer.py:457}}
Nov 14 04:42:13 user devstack@keystone.service[46721]: DEBUG keystone.server.flask.request_processing.middleware.auth_context [None req-df3eed6f-bdff-4aef-aebe-301d0bb6fd61 None admin] Validating token access rules against request {{(pid=46721) validate_allowed_request /opt/stack/data/venv/lib/python3.10/site-packages/keystonemiddleware/auth_token/__init__.py:544}}
Nov 14 04:42:13 user devstack@keystone.service[46721]: DEBUG keystone.server.flask.request_processing.middleware.auth_context [None req-9a1405e7-9ff3-4bf0-ad5f-04746edc0ba6 None admin] RBAC: auth_context: {'token': , 'domain_id': None, 'trust_id': None, 'trustor_id': None, 'trustee_id': None, 'domain_name': None, 'group_ids': [], 'user_id': '857c5b39c784493499d3339df60ed07d', 'user_domain_id': 'default', 'system_scope': 'all', 'project_id': None, 'project_domain_id': None, 'roles': ['admin', 'manager', 'member', 'reader'], 'is_admin_project': True, 'service_user_id': None, 'service_user_domain_id': None, 'service_project_id': None, 'service_project_domain_id': None, 'service_roles': []} {{(pid=46721) fill_context /opt/stack/keystone/keystone/server/flask/request_processing/middleware/auth_context.py:480}}
Nov 14 04:42:13 user devstack@keystone.service[46721]: DEBUG keystone.server.flask.request_processing.req_logging [None req-9a1405e7-9ff3-4bf0-ad5f-04746edc0ba6 None admin] REQUEST_METHOD: `GET` {{(pid=46721) log_request_info /opt/stack/keystone/keystone/server/flask/request_processing/req_logging.py:27}}
Nov 14 04:42:13 user devstack@keystone.service[46721]: DEBUG keystone.server.flask.request_processing.req_logging [None req-9a1405e7-9ff3-4bf0-ad5f-04746edc0ba6 None admin] SCRIPT_NAME: `/identity` {{(pid=46721) log_request_info /opt/stack/keystone/keystone/server/flask/request_processing/req_logging.py:28}}
Nov 14 04:42:13 user devstack@keystone.service[46721]: DEBUG keystone.server.flask.request_processing.req_logging [None req-9a1405e7-9ff3-4bf0-ad5f-04746edc0ba6 None admin] PATH_INFO: `/v3/role_assignments` {{(pid=46721) log_request_info /opt/stack/keystone/keystone/server/flask/request_processing/req_logging.py:29}}
Nov 14 04:42:13 user devstack@keystone.service[46721]: DEBUG keystone.common.rbac_enforcer.enforcer [None req-9a1405e7-9ff3-4bf0-ad5f-04746edc0ba6 None admin] RBAC: Adding query filter params (role.id=e830852a8f124a6080292c1f19460616, user.id=641755f1b0a04f43a93d1389759021eb, scope.system=all) {{(pid=46721) _extract_filter_values /opt/stack/keystone/keystone/common/rbac_enforcer/enforcer.py:167}}
Nov 14 04:42:13 user devstack@keystone.service[46721]: DEBUG keystone.common.rbac_enforcer.enforcer [None req-9a1405e7-9ff3-4bf0-ad5f-04746edc0ba6 None admin] RBAC: Authorizing `identity:list_role_assignments()` {{(pid=46721) enforce_call /opt/stack/keystone/keystone/common/rbac_enforcer/enforcer.py:449}}
Nov 14 04:42:13 user devstack@keystone.service[46721]: DEBUG keystone.common.rbac_enforcer.enforcer [None req-9a1405e7-9ff3-4bf0-ad5f-04746edc0ba6 None admin] RBAC: Authorization granted {{(pid=46721) enforce_call /opt/stack/keystone/keystone/common/rbac_enforcer/enforcer.py:457}}
Nov 14 04:42:13 user devstack@keystone.service[46721]: [pid: 46721|app: 0|req: 68/187] 10.0.0.210 () {56 vars in 1303 bytes} [Tue Nov 14 04:42:13 2023] GET /identity/v3/role_assignments?user.id=641755f1b0a04f43a93d1389759021eb&scope.system=all&role.id=e830852a8f124a6080292c1f19460616 => generated 225 bytes in 140 msecs (HTTP/1.1 200) 5 headers in 177 bytes (1 switches on core 0)
Nov 14 04:42:13 user devstack@keystone.service[46722]: [pid: 46722|app: 0|req: 61/188] 10.0.0.210 () {58 vars in 1277 bytes} [Tue Nov 14 04:42:13 2023] GET /identity/v3/auth/tokens => generated 861 bytes in 291 msecs (HTTP/1.1 200) 6 headers in 358 bytes (1 switches on core 0)
Nov 14 04:42:13 user devstack@keystone.service[46720]: DEBUG keystone.server.flask.request_processing.middleware.auth_context [None req-41a5a2f4-83cd-4c72-b16b-8680a1e65c86 None admin] Authenticating user token {{(pid=46720) process_request /opt/stack/data/venv/lib/python3.10/site-packages/keystonemiddleware/auth_token/__init__.py:406}}
Nov 14 04:42:13 user devstack@keystone.service[46720]: DEBUG keystone.server.flask.request_processing.middleware.auth_context [None req-41a5a2f4-83cd-4c72-b16b-8680a1e65c86 None admin] Validating token access rules against request {{(pid=46720) validate_allowed_request /opt/stack/data/venv/lib/python3.10/site-packages/keystonemiddleware/auth_token/__init__.py:544}}
Nov 14 04:42:13 user devstack@keystone.service[46720]: DEBUG keystone.server.flask.request_processing.middleware.auth_context [None req-782bf0ee-6631-4d87-8a99-0766980f36d5 None admin] RBAC: auth_context: {'token': , 'domain_id': None, 'trust_id': None, 'trustor_id': None, 'trustee_id': None, 'domain_name': None, 'group_ids': [], 'user_id': '857c5b39c784493499d3339df60ed07d', 'user_domain_id': 'default', 'system_scope': 'all', 'project_id': None, 'project_domain_id': None, 'roles': ['admin', 'manager', 'member', 'reader'], 'is_admin_project': True, 'service_user_id': None, 'service_user_domain_id': None, 'service_project_id': None, 'service_project_domain_id': None, 'service_roles': []} {{(pid=46720) fill_context /opt/stack/keystone/keystone/server/flask/request_processing/middleware/auth_context.py:480}}
Nov 14 04:42:13 user devstack@keystone.service[46720]: DEBUG keystone.server.flask.request_processing.req_logging [None req-782bf0ee-6631-4d87-8a99-0766980f36d5 None admin] REQUEST_METHOD: `GET` {{(pid=46720) log_request_info /opt/stack/keystone/keystone/server/flask/request_processing/req_logging.py:27}}
Nov 14 04:42:13 user devstack@keystone.service[46720]: DEBUG keystone.server.flask.request_processing.req_logging [None req-782bf0ee-6631-4d87-8a99-0766980f36d5 None admin] SCRIPT_NAME: `/identity` {{(pid=46720) log_request_info /opt/stack/keystone/keystone/server/flask/request_processing/req_logging.py:28}}
Nov 14 04:42:13 user devstack@keystone.service[46720]: DEBUG keystone.server.flask.request_processing.req_logging [None req-782bf0ee-6631-4d87-8a99-0766980f36d5 None admin] PATH_INFO: `/v3/projects/4d598dad83024950a095fce8b761679d` {{(pid=46720) log_request_info /opt/stack/keystone/keystone/server/flask/request_processing/req_logging.py:29}}
Nov 14 04:42:13 user devstack@keystone.service[46720]: DEBUG keystone.common.rbac_enforcer.enforcer [None req-782bf0ee-6631-4d87-8a99-0766980f36d5 None admin] RBAC: Authorizing `identity:get_project(project_id=4d598dad83024950a095fce8b761679d)` {{(pid=46720) enforce_call /opt/stack/keystone/keystone/common/rbac_enforcer/enforcer.py:449}}
Nov 14 04:42:13 user devstack@keystone.service[46720]: DEBUG keystone.common.rbac_enforcer.enforcer [None req-782bf0ee-6631-4d87-8a99-0766980f36d5 None admin] RBAC: Authorization granted {{(pid=46720) enforce_call /opt/stack/keystone/keystone/common/rbac_enforcer/enforcer.py:457}}
Nov 14 04:42:13 user devstack@keystone.service[46720]: [pid: 46720|app: 0|req: 60/189] 10.0.0.210 () {56 vars in 1181 bytes} [Tue Nov 14 04:42:13 2023] GET /identity/v3/projects/4d598dad83024950a095fce8b761679d => generated 301 bytes in 147 msecs (HTTP/1.1 200) 5 headers in 177 bytes (1 switches on core 0)
Nov 14 04:42:13 user devstack@keystone.service[46721]: DEBUG keystone.server.flask.request_processing.middleware.auth_context [None req-9a1405e7-9ff3-4bf0-ad5f-04746edc0ba6 None admin] Authenticating user token {{(pid=46721) process_request /opt/stack/data/venv/lib/python3.10/site-packages/keystonemiddleware/auth_token/__init__.py:406}}
Nov 14 04:42:13 user devstack@keystone.service[46721]: DEBUG keystone.server.flask.request_processing.middleware.auth_context [None req-9a1405e7-9ff3-4bf0-ad5f-04746edc0ba6 None admin] Validating token access rules against request {{(pid=46721) validate_allowed_request /opt/stack/data/venv/lib/python3.10/site-packages/keystonemiddleware/auth_token/__init__.py:544}}
Nov 14 04:42:13 user devstack@keystone.service[46721]: DEBUG keystone.server.flask.request_processing.middleware.auth_context [None req-ec8da249-a8a8-4aff-aa7a-29a79dbf77ac None admin] RBAC: auth_context: {'token': , 'domain_id': None, 'trust_id': None, 'trustor_id': None, 'trustee_id': None, 'domain_name': None, 'group_ids': [], 'user_id': '857c5b39c784493499d3339df60ed07d', 'user_domain_id': 'default', 'system_scope': 'all', 'project_id': None, 'project_domain_id': None, 'roles': ['admin', 'manager', 'member', 'reader'], 'is_admin_project': True, 'service_user_id': None, 'service_user_domain_id': None, 'service_project_id': None, 'service_project_domain_id': None, 'service_roles': []} {{(pid=46721) fill_context /opt/stack/keystone/keystone/server/flask/request_processing/middleware/auth_context.py:480}}
Nov 14 04:42:13 user devstack@keystone.service[46721]: DEBUG keystone.server.flask.request_processing.req_logging [None req-ec8da249-a8a8-4aff-aa7a-29a79dbf77ac None admin] REQUEST_METHOD: `GET` {{(pid=46721) log_request_info /opt/stack/keystone/keystone/server/flask/request_processing/req_logging.py:27}}
Nov 14 04:42:13 user devstack@keystone.service[46721]: DEBUG keystone.server.flask.request_processing.req_logging [None req-ec8da249-a8a8-4aff-aa7a-29a79dbf77ac None admin] SCRIPT_NAME: `/identity` {{(pid=46721) log_request_info /opt/stack/keystone/keystone/server/flask/request_processing/req_logging.py:28}}
Nov 14 04:42:13 user devstack@keystone.service[46721]: DEBUG keystone.server.flask.request_processing.req_logging [None req-ec8da249-a8a8-4aff-aa7a-29a79dbf77ac None admin] PATH_INFO: `/v3/role_assignments` {{(pid=46721) log_request_info /opt/stack/keystone/keystone/server/flask/request_processing/req_logging.py:29}}
Nov 14 04:42:13 user devstack@keystone.service[46721]: DEBUG keystone.common.rbac_enforcer.enforcer [None req-ec8da249-a8a8-4aff-aa7a-29a79dbf77ac None admin] RBAC: Adding query filter params (role.id=b424dfa4f275430d8e034160fc5a89f4, scope.project.id=4d598dad83024950a095fce8b761679d, user.id=8b0f83191c5648cb82a550941469686b) {{(pid=46721) _extract_filter_values /opt/stack/keystone/keystone/common/rbac_enforcer/enforcer.py:167}}
Nov 14 04:42:13 user devstack@keystone.service[46721]: DEBUG keystone.common.rbac_enforcer.enforcer [None req-ec8da249-a8a8-4aff-aa7a-29a79dbf77ac None admin] RBAC: Authorizing `identity:list_role_assignments()` {{(pid=46721) enforce_call /opt/stack/keystone/keystone/common/rbac_enforcer/enforcer.py:449}}
Nov 14 04:42:13 user devstack@keystone.service[46721]: DEBUG keystone.common.rbac_enforcer.enforcer [None req-ec8da249-a8a8-4aff-aa7a-29a79dbf77ac None admin] RBAC: Authorization granted {{(pid=46721) enforce_call /opt/stack/keystone/keystone/common/rbac_enforcer/enforcer.py:457}}
Nov 14 04:42:13 user devstack@keystone.service[46721]: [pid: 46721|app: 0|req: 69/190] 10.0.0.210 () {56 vars in 1369 bytes} [Tue Nov 14 04:42:13 2023] GET /identity/v3/role_assignments?user.id=8b0f83191c5648cb82a550941469686b&scope.project.id=4d598dad83024950a095fce8b761679d&role.id=b424dfa4f275430d8e034160fc5a89f4 => generated 606 bytes in 135 msecs (HTTP/1.1 200) 5 headers in 177 bytes (2 switches on core 0)
Nov 14 04:42:15 user devstack@keystone.service[46722]: DEBUG keystone.server.flask.request_processing.req_logging [None req-cf3b6bdf-a65e-4a17-9efd-84f586ccab38 None None] REQUEST_METHOD: `GET` {{(pid=46722) log_request_info /opt/stack/keystone/keystone/server/flask/request_processing/req_logging.py:27}}
Nov 14 04:42:15 user devstack@keystone.service[46722]: DEBUG keystone.server.flask.request_processing.req_logging [None req-cf3b6bdf-a65e-4a17-9efd-84f586ccab38 None None] SCRIPT_NAME: `/identity` {{(pid=46722) log_request_info /opt/stack/keystone/keystone/server/flask/request_processing/req_logging.py:28}}
Nov 14 04:42:15 user devstack@keystone.service[46722]: DEBUG keystone.server.flask.request_processing.req_logging [None req-cf3b6bdf-a65e-4a17-9efd-84f586ccab38 None None] PATH_INFO: `/` {{(pid=46722) log_request_info /opt/stack/keystone/keystone/server/flask/request_processing/req_logging.py:29}}
Nov 14 04:42:15 user devstack@keystone.service[46722]: [pid: 46722|app: 0|req: 62/191] 10.0.0.210 () {54 vars in 921 bytes} [Tue Nov 14 04:42:15 2023] GET /identity => generated 269 bytes in 3 msecs (HTTP/1.1 300) 6 headers in 233 bytes (1 switches on core 0)
Nov 14 04:42:15 user devstack@keystone.service[46720]: DEBUG keystone.server.flask.request_processing.middleware.auth_context [None req-782bf0ee-6631-4d87-8a99-0766980f36d5 None admin] Authenticating user token {{(pid=46720) process_request /opt/stack/data/venv/lib/python3.10/site-packages/keystonemiddleware/auth_token/__init__.py:406}}
Nov 14 04:42:15 user devstack@keystone.service[46721]: DEBUG keystone.server.flask.request_processing.req_logging [None req-c0f0abcd-00e8-41fe-833d-0ae01d6d7498 None None] REQUEST_METHOD: `GET` {{(pid=46721) log_request_info /opt/stack/keystone/keystone/server/flask/request_processing/req_logging.py:27}}
Nov 14 04:42:15 user devstack@keystone.service[46721]: DEBUG keystone.server.flask.request_processing.req_logging [None req-c0f0abcd-00e8-41fe-833d-0ae01d6d7498 None None] SCRIPT_NAME: `/identity` {{(pid=46721) log_request_info /opt/stack/keystone/keystone/server/flask/request_processing/req_logging.py:28}}
Nov 14 04:42:15 user devstack@keystone.service[46721]: DEBUG keystone.server.flask.request_processing.req_logging [None req-c0f0abcd-00e8-41fe-833d-0ae01d6d7498 None None] PATH_INFO: `/` {{(pid=46721) log_request_info /opt/stack/keystone/keystone/server/flask/request_processing/req_logging.py:29}}
Nov 14 04:42:15 user devstack@keystone.service[46721]: [pid: 46721|app: 0|req: 70/192] 10.0.0.210 () {54 vars in 921 bytes} [Tue Nov 14 04:42:15 2023] GET /identity => generated 269 bytes in 3 msecs (HTTP/1.1 300) 6 headers in 233 bytes (1 switches on core 0)
Nov 14 04:42:15 user devstack@keystone.service[46722]: DEBUG keystone.server.flask.request_processing.middleware.auth_context [None req-cf3b6bdf-a65e-4a17-9efd-84f586ccab38 None None] Authenticating user token {{(pid=46722) process_request /opt/stack/data/venv/lib/python3.10/site-packages/keystonemiddleware/auth_token/__init__.py:406}}
Nov 14 04:42:15 user devstack@keystone.service[46721]: DEBUG keystone.server.flask.request_processing.req_logging [None req-22cfa33d-cd32-483d-a492-becfce971112 None None] REQUEST_METHOD: `GET` {{(pid=46721) log_request_info /opt/stack/keystone/keystone/server/flask/request_processing/req_logging.py:27}}
Nov 14 04:42:15 user devstack@keystone.service[46721]: DEBUG keystone.server.flask.request_processing.req_logging [None req-22cfa33d-cd32-483d-a492-becfce971112 None None] SCRIPT_NAME: `/identity` {{(pid=46721) log_request_info /opt/stack/keystone/keystone/server/flask/request_processing/req_logging.py:28}}
Nov 14 04:42:15 user devstack@keystone.service[46721]: DEBUG keystone.server.flask.request_processing.req_logging [None req-22cfa33d-cd32-483d-a492-becfce971112 None None] PATH_INFO: `/` {{(pid=46721) log_request_info /opt/stack/keystone/keystone/server/flask/request_processing/req_logging.py:29}}
Nov 14 04:42:15 user devstack@keystone.service[46721]: [pid: 46721|app: 0|req: 71/193] 10.0.0.210 () {54 vars in 921 bytes} [Tue Nov 14 04:42:15 2023] GET /identity => generated 269 bytes in 2 msecs (HTTP/1.1 300) 6 headers in 233 bytes (1 switches on core 0)
Nov 14 04:42:15 user devstack@keystone.service[46721]: DEBUG keystone.server.flask.request_processing.middleware.auth_context [None req-22cfa33d-cd32-483d-a492-becfce971112 None None] Authenticating user token {{(pid=46721) process_request /opt/stack/data/venv/lib/python3.10/site-packages/keystonemiddleware/auth_token/__init__.py:406}}
Nov 14 04:42:15 user devstack@keystone.service[46720]: DEBUG keystone.server.flask.request_processing.middleware.auth_context [None req-782bf0ee-6631-4d87-8a99-0766980f36d5 None admin] Validating token access rules against request {{(pid=46720) validate_allowed_request /opt/stack/data/venv/lib/python3.10/site-packages/keystonemiddleware/auth_token/__init__.py:544}}
Nov 14 04:42:15 user devstack@keystone.service[46722]: DEBUG keystone.server.flask.request_processing.middleware.auth_context [None req-cf3b6bdf-a65e-4a17-9efd-84f586ccab38 None None] Validating token access rules against request {{(pid=46722) validate_allowed_request /opt/stack/data/venv/lib/python3.10/site-packages/keystonemiddleware/auth_token/__init__.py:544}}
Nov 14 04:42:15 user devstack@keystone.service[46720]: DEBUG keystone.server.flask.request_processing.middleware.auth_context [None req-46cf4a5e-4d34-463e-90da-2a5235d50cf5 None admin] RBAC: auth_context: {'token': , 'domain_id': None, 'trust_id': None, 'trustor_id': None, 'trustee_id': None, 'domain_name': None, 'group_ids': [], 'user_id': '857c5b39c784493499d3339df60ed07d', 'user_domain_id': 'default', 'system_scope': 'all', 'project_id': None, 'project_domain_id': None, 'roles': ['admin', 'manager', 'member', 'reader'], 'is_admin_project': True, 'service_user_id': None, 'service_user_domain_id': None, 'service_project_id': None, 'service_project_domain_id': None, 'service_roles': []} {{(pid=46720) fill_context /opt/stack/keystone/keystone/server/flask/request_processing/middleware/auth_context.py:480}}
Nov 14 04:42:15 user devstack@keystone.service[46720]: DEBUG keystone.server.flask.request_processing.req_logging [None req-46cf4a5e-4d34-463e-90da-2a5235d50cf5 None admin] REQUEST_METHOD: `GET` {{(pid=46720) log_request_info /opt/stack/keystone/keystone/server/flask/request_processing/req_logging.py:27}}
Nov 14 04:42:15 user devstack@keystone.service[46720]: DEBUG keystone.server.flask.request_processing.req_logging [None req-46cf4a5e-4d34-463e-90da-2a5235d50cf5 None admin] SCRIPT_NAME: `/identity` {{(pid=46720) log_request_info /opt/stack/keystone/keystone/server/flask/request_processing/req_logging.py:28}}
Nov 14 04:42:15 user devstack@keystone.service[46720]: DEBUG keystone.server.flask.request_processing.req_logging [None req-46cf4a5e-4d34-463e-90da-2a5235d50cf5 None admin] PATH_INFO: `/v3/roles/member` {{(pid=46720) log_request_info /opt/stack/keystone/keystone/server/flask/request_processing/req_logging.py:29}}
Nov 14 04:42:15 user devstack@keystone.service[46721]: DEBUG keystone.server.flask.request_processing.middleware.auth_context [None req-22cfa33d-cd32-483d-a492-becfce971112 None None] Validating token access rules against request {{(pid=46721) validate_allowed_request /opt/stack/data/venv/lib/python3.10/site-packages/keystonemiddleware/auth_token/__init__.py:544}}
Nov 14 04:42:15 user devstack@keystone.service[46720]: DEBUG keystone.common.rbac_enforcer.enforcer [None req-46cf4a5e-4d34-463e-90da-2a5235d50cf5 None admin] Extracting inferred target data resulted in "NOT FOUND (404)". {{(pid=46720) enforce_call /opt/stack/keystone/keystone/common/rbac_enforcer/enforcer.py:409}}
Nov 14 04:42:15 user devstack@keystone.service[46720]: ERROR keystone.server.flask.application [None req-46cf4a5e-4d34-463e-90da-2a5235d50cf5 None admin] Could not find role: member.: keystone.exception.RoleNotFound: Could not find role: member.
Nov 14 04:42:15 user devstack@keystone.service[46720]: ERROR keystone.server.flask.application
Traceback (most recent call last):
Nov 14 04:42:15 user devstack@keystone.service[46720]: ERROR keystone.server.flask.application
File "/opt/stack/data/venv/lib/python3.10/site-packages/flask/app.py", line 1823, in full_dispatch_request
Nov 14 04:42:15 user devstack@keystone.service[46720]: ERROR keystone.server.flask.application rv = self.dispatch_request()
Nov 14 04:42:15 user devstack@keystone.service[46720]: ERROR keystone.server.flask.application
File "/opt/stack/data/venv/lib/python3.10/site-packages/flask/app.py", line 1799, in dispatch_request
Nov 14 04:42:15 user devstack@keystone.service[46720]: ERROR keystone.server.flask.application return self.ensure_sync(self.view_functions[rule.endpoint])(**view_args)
Nov 14 04:42:15 user devstack@keystone.service[46720]: ERROR keystone.server.flask.application
File "/opt/stack/data/venv/lib/python3.10/site-packages/flask_restful/__init__.py", line 489, in wrapper
Nov 14 04:42:15 user devstack@keystone.service[46720]: ERROR keystone.server.flask.application resp = resource(*args, **kwargs)
Nov 14 04:42:15 user devstack@keystone.service[46720]: ERROR keystone.server.flask.application
File "/opt/stack/data/venv/lib/python3.10/site-packages/flask/views.py", line 107, in view
Nov 14 04:42:15 user devstack@keystone.service[46720]: ERROR keystone.server.flask.application return current_app.ensure_sync(self.dispatch_request)(**kwargs)
Nov 14 04:42:15 user devstack@keystone.service[46720]: ERROR keystone.server.flask.application
File "/opt/stack/data/venv/lib/python3.10/site-packages/flask_restful/__init__.py", line 604, in dispatch_request
Nov 14 04:42:15 user devstack@keystone.service[46720]: ERROR keystone.server.flask.application resp = meth(*args, **kwargs)
Nov 14 04:42:15 user devstack@keystone.service[46720]: ERROR keystone.server.flask.application
File "/opt/stack/keystone/keystone/api/roles.py", line 50, in get
Nov 14 04:42:15 user devstack@keystone.service[46720]: ERROR keystone.server.flask.application return self._get_role(role_id)
Nov 14 04:42:15 user devstack@keystone.service[46720]: ERROR keystone.server.flask.application
File "/opt/stack/keystone/keystone/api/roles.py", line 70, in _get_role
Nov 14 04:42:15 user devstack@keystone.service[46720]: ERROR keystone.server.flask.application ENFORCER.enforce_call(action='identity:get_role')
Nov 14 04:42:15 user devstack@keystone.service[46720]: ERROR keystone.server.flask.application
File "/opt/stack/keystone/keystone/common/rbac_enforcer/enforcer.py", line 402, in enforce_call
Nov 14 04:42:15 user devstack@keystone.service[46720]: ERROR keystone.server.flask.application policy_dict.update(cls._extract_member_target_data(
Nov 14 04:42:15 user devstack@keystone.service[46720]: ERROR keystone.server.flask.application
File "/opt/stack/keystone/keystone/common/rbac_enforcer/enforcer.py", line 234, in _extract_member_target_data
Nov 14 04:42:15 user devstack@keystone.service[46720]: ERROR keystone.server.flask.application member_name: func(flask.request.view_args[key])
Nov 14 04:42:15 user devstack@keystone.service[46720]: ERROR keystone.server.flask.application
File "/opt/stack/keystone/keystone/common/manager.py", line 115, in wrapped
Nov 14 04:42:15 user devstack@keystone.service[46720]: ERROR keystone.server.flask.application __ret_val = __f(*args, **kwargs)
Nov 14 04:42:15 user devstack@keystone.service[46720]: ERROR keystone.server.flask.application
File "/opt/stack/data/venv/lib/python3.10/site-packages/decorator.py", line 232, in fun
Nov 14 04:42:15 user devstack@keystone.service[46720]: ERROR keystone.server.flask.application return caller(func, *(extras + args), **kw)
Nov 14 04:42:15 user devstack@keystone.service[46720]: ERROR keystone.server.flask.application
File "/opt/stack/data/venv/lib/python3.10/site-packages/dogpile/cache/region.py", line 1594, in get_or_create_for_user_func
Nov 14 04:42:15 user devstack@keystone.service[46720]: ERROR keystone.server.flask.application return self.get_or_create(
Nov 14 04:42:15 user devstack@keystone.service[46720]: ERROR keystone.server.flask.application
File "/opt/stack/data/venv/lib/python3.10/site-packages/dogpile/cache/region.py", line 1054, in get_or_create
Nov 14 04:42:15 user devstack@keystone.service[46720]: ERROR keystone.server.flask.application with Lock(
Nov 14 04:42:15 user devstack@keystone.service[46720]: ERROR keystone.server.flask.application
File "/opt/stack/data/venv/lib/python3.10/site-packages/dogpile/lock.py", line 185, in __enter__
Nov 14 04:42:15 user devstack@keystone.service[46720]: ERROR keystone.server.flask.application return self._enter()
Nov 14 04:42:15 user devstack@keystone.service[46720]: ERROR keystone.server.flask.application
File "/opt/stack/data/venv/lib/python3.10/site-packages/dogpile/lock.py", line 94, in _enter
Nov 14 04:42:15 user devstack@keystone.service[46720]: ERROR keystone.server.flask.application generated = self._enter_create(value, createdtime)
