Nov 14 00:40:52 user devstack@c-api.service[75679]: /opt/stack/data/venv/lib/python3.10/site-packages/oslo_policy/policy.py:810: UserWarning: Policy "volume_extension:volume_image_metadata":"rule:admin_or_owner" was deprecated in X in favor of "volume_extension:volume_image_metadata:set":"rule:xena_system_admin_or_project_member". Reason: volume_extension:volume_image_metadata has been replaced by more granular policies that separately govern show, set, and remove operations.. Either ensure your deployment is ready for the new default or copy/paste the deprecated policy into your policy file and maintain it manually.
Nov 14 00:40:52 user devstack@c-api.service[75679]: warnings.warn(deprecated_msg)
Nov 14 00:40:52 user devstack@c-api.service[75679]: /opt/stack/data/venv/lib/python3.10/site-packages/oslo_policy/policy.py:810: UserWarning: Policy "volume_extension:volume_image_metadata":"rule:admin_or_owner" was deprecated in X in favor of "volume_extension:volume_image_metadata:remove":"rule:xena_system_admin_or_project_member". Reason: volume_extension:volume_image_metadata has been replaced by more granular policies that separately govern show, set, and remove operations.. Either ensure your deployment is ready for the new default or copy/paste the deprecated policy into your policy file and maintain it manually.
Nov 14 00:40:52 user devstack@c-api.service[75679]: warnings.warn(deprecated_msg)
Nov 14 00:40:52 user devstack@c-api.service[75679]: /opt/stack/data/venv/lib/python3.10/site-packages/oslo_policy/policy.py:810: UserWarning: Policy "volume_extension:types_extra_specs:index":"" was deprecated in X in favor of "volume_extension:types_extra_specs:index":"rule:xena_system_admin_or_project_reader". Reason: Default policies now support the three Keystone default roles, namely 'admin', 'member', and 'reader' to implement three Cinder "personas". See "Policy Personas and Permissions" in the "Cinder Service Configuration" documentation (Xena release) for details.. Either ensure your deployment is ready for the new default or copy/paste the deprecated policy into your policy file and maintain it manually.
Nov 14 00:40:52 user devstack@c-api.service[75679]: warnings.warn(deprecated_msg)
Nov 14 00:40:52 user devstack@c-api.service[75679]: /opt/stack/data/venv/lib/python3.10/site-packages/oslo_policy/policy.py:810: UserWarning: Policy "volume_extension:types_extra_specs:show":"" was deprecated in X in favor of "volume_extension:types_extra_specs:show":"rule:xena_system_admin_or_project_reader". Reason: Default policies now support the three Keystone default roles, namely 'admin', 'member', and 'reader' to implement three Cinder "personas". See "Policy Personas and Permissions" in the "Cinder Service Configuration" documentation (Xena release) for details.. Either ensure your deployment is ready for the new default or copy/paste the deprecated policy into your policy file and maintain it manually.
Nov 14 00:40:52 user devstack@c-api.service[75679]: warnings.warn(deprecated_msg)
Nov 14 00:40:52 user devstack@c-api.service[75679]: /opt/stack/data/venv/lib/python3.10/site-packages/oslo_policy/policy.py:810: UserWarning: Policy "volume:create":"" was deprecated in X in favor of "volume:create":"rule:xena_system_admin_or_project_member". Reason: Default policies now support the three Keystone default roles, namely 'admin', 'member', and 'reader' to implement three Cinder "personas". See "Policy Personas and Permissions" in the "Cinder Service Configuration" documentation (Xena release) for details.. Either ensure your deployment is ready for the new default or copy/paste the deprecated policy into your policy file and maintain it manually.
Nov 14 00:40:52 user devstack@c-api.service[75679]: warnings.warn(deprecated_msg)
Nov 14 00:40:52 user devstack@c-api.service[75679]: /opt/stack/data/venv/lib/python3.10/site-packages/oslo_policy/policy.py:810: UserWarning: Policy "volume:create_from_image":"" was deprecated in X in favor of "volume:create_from_image":"rule:xena_system_admin_or_project_member". Reason: Default policies now support the three Keystone default roles, namely 'admin', 'member', and 'reader' to implement three Cinder "personas". See "Policy Personas and Permissions" in the "Cinder Service Configuration" documentation (Xena release) for details.. Either ensure your deployment is ready for the new default or copy/paste the deprecated policy into your policy file and maintain it manually.
Nov 14 00:40:52 user devstack@c-api.service[75679]: warnings.warn(deprecated_msg)
Nov 14 00:40:52 user devstack@c-api.service[75679]: /opt/stack/data/venv/lib/python3.10/site-packages/oslo_policy/policy.py:810: UserWarning: Policy "volume:get":"rule:admin_or_owner" was deprecated in X in favor of "volume:get":"rule:xena_system_admin_or_project_reader". Reason: Default policies now support the three Keystone default roles, namely 'admin', 'member', and 'reader' to implement three Cinder "personas". See "Policy Personas and Permissions" in the "Cinder Service Configuration" documentation (Xena release) for details.. Either ensure your deployment is ready for the new default or copy/paste the deprecated policy into your policy file and maintain it manually.
Nov 14 00:40:52 user devstack@c-api.service[75679]: warnings.warn(deprecated_msg)
Nov 14 00:40:52 user devstack@c-api.service[75679]: /opt/stack/data/venv/lib/python3.10/site-packages/oslo_policy/policy.py:810: UserWarning: Policy "volume:get_all":"rule:admin_or_owner" was deprecated in X in favor of "volume:get_all":"rule:xena_system_admin_or_project_reader". Reason: Default policies now support the three Keystone default roles, namely 'admin', 'member', and 'reader' to implement three Cinder "personas". See "Policy Personas and Permissions" in the "Cinder Service Configuration" documentation (Xena release) for details.. Either ensure your deployment is ready for the new default or copy/paste the deprecated policy into your policy file and maintain it manually.
Nov 14 00:40:52 user devstack@c-api.service[75679]: warnings.warn(deprecated_msg)
Nov 14 00:40:52 user devstack@c-api.service[75679]: /opt/stack/data/venv/lib/python3.10/site-packages/oslo_policy/policy.py:810: UserWarning: Policy "volume:update":"rule:admin_or_owner" was deprecated in X in favor of "volume:update":"rule:xena_system_admin_or_project_member". Reason: Default policies now support the three Keystone default roles, namely 'admin', 'member', and 'reader' to implement three Cinder "personas". See "Policy Personas and Permissions" in the "Cinder Service Configuration" documentation (Xena release) for details.. Either ensure your deployment is ready for the new default or copy/paste the deprecated policy into your policy file and maintain it manually.
Nov 14 00:40:52 user devstack@c-api.service[75679]: warnings.warn(deprecated_msg)
Nov 14 00:40:52 user devstack@c-api.service[75679]: /opt/stack/data/venv/lib/python3.10/site-packages/oslo_policy/policy.py:810: UserWarning: Policy "volume:delete":"rule:admin_or_owner" was deprecated in X in favor of "volume:delete":"rule:xena_system_admin_or_project_member". Reason: Default policies now support the three Keystone default roles, namely 'admin', 'member', and 'reader' to implement three Cinder "personas". See "Policy Personas and Permissions" in the "Cinder Service Configuration" documentation (Xena release) for details.. Either ensure your deployment is ready for the new default or copy/paste the deprecated policy into your policy file and maintain it manually.
Nov 14 00:40:52 user devstack@c-api.service[75679]: warnings.warn(deprecated_msg)
Nov 14 00:40:52 user devstack@c-api.service[75679]: /opt/stack/data/venv/lib/python3.10/site-packages/oslo_policy/policy.py:810: UserWarning: Policy "volume_extension:volume_tenant_attribute":"rule:admin_or_owner" was deprecated in X in favor of "volume_extension:volume_tenant_attribute":"rule:xena_system_admin_or_project_reader". Reason: Default policies now support the three Keystone default roles, namely 'admin', 'member', and 'reader' to implement three Cinder "personas". See "Policy Personas and Permissions" in the "Cinder Service Configuration" documentation (Xena release) for details.. Either ensure your deployment is ready for the new default or copy/paste the deprecated policy into your policy file and maintain it manually.
Nov 14 00:40:52 user devstack@c-api.service[75679]: warnings.warn(deprecated_msg)
Nov 14 00:40:52 user devstack@c-api.service[75679]: /opt/stack/data/venv/lib/python3.10/site-packages/oslo_policy/policy.py:810: UserWarning: Policy "volume_extension:volume_encryption_metadata":"rule:admin_or_owner" was deprecated in X in favor of "volume_extension:volume_encryption_metadata":"rule:xena_system_admin_or_project_reader". Reason: Default policies now support the three Keystone default roles, namely 'admin', 'member', and 'reader' to implement three Cinder "personas". See "Policy Personas and Permissions" in the "Cinder Service Configuration" documentation (Xena release) for details.. Either ensure your deployment is ready for the new default or copy/paste the deprecated policy into your policy file and maintain it manually.
Nov 14 00:40:52 user devstack@c-api.service[75679]: warnings.warn(deprecated_msg)
Nov 14 00:40:52 user devstack@c-api.service[75679]: /opt/stack/data/venv/lib/python3.10/site-packages/oslo_policy/policy.py:810: UserWarning: Policy "volume:multiattach":"rule:admin_or_owner" was deprecated in X in favor of "volume:multiattach":"rule:xena_system_admin_or_project_member". Reason: Default policies now support the three Keystone default roles, namely 'admin', 'member', and 'reader' to implement three Cinder "personas". See "Policy Personas and Permissions" in the "Cinder Service Configuration" documentation (Xena release) for details.. Either ensure your deployment is ready for the new default or copy/paste the deprecated policy into your policy file and maintain it manually.
Nov 14 00:40:52 user devstack@c-api.service[75679]: warnings.warn(deprecated_msg)
Nov 14 00:40:52 user devstack@c-api.service[75679]: /opt/stack/data/venv/lib/python3.10/site-packages/oslo_policy/policy.py:810: UserWarning: Policy "volume_extension:default_set_or_update":"rule:system_or_domain_or_project_admin" was deprecated in X in favor of "volume_extension:default_set_or_update":"rule:admin_api". Reason: Default policies now support the three Keystone default roles, namely 'admin', 'member', and 'reader' to implement three Cinder "personas". See "Policy Personas and Permissions" in the "Cinder Service Configuration" documentation (Xena release) for details.. Either ensure your deployment is ready for the new default or copy/paste the deprecated policy into your policy file and maintain it manually.
Nov 14 00:40:52 user devstack@c-api.service[75679]: warnings.warn(deprecated_msg)
Nov 14 00:40:52 user devstack@c-api.service[75679]: /opt/stack/data/venv/lib/python3.10/site-packages/oslo_policy/policy.py:810: UserWarning: Policy "volume_extension:default_get":"rule:system_or_domain_or_project_admin" was deprecated in X in favor of "volume_extension:default_get":"rule:admin_api". Reason: Default policies now support the three Keystone default roles, namely 'admin', 'member', and 'reader' to implement three Cinder "personas". See "Policy Personas and Permissions" in the "Cinder Service Configuration" documentation (Xena release) for details.. Either ensure your deployment is ready for the new default or copy/paste the deprecated policy into your policy file and maintain it manually.
Nov 14 00:40:52 user devstack@c-api.service[75679]: warnings.warn(deprecated_msg)
Nov 14 00:40:52 user devstack@c-api.service[75679]: /opt/stack/data/venv/lib/python3.10/site-packages/oslo_policy/policy.py:810: UserWarning: Policy "volume_extension:default_get_all":"role:admin and system_scope:all" was deprecated in X in favor of "volume_extension:default_get_all":"rule:admin_api". Reason: Default policies now support the three Keystone default roles, namely 'admin', 'member', and 'reader' to implement three Cinder "personas". See "Policy Personas and Permissions" in the "Cinder Service Configuration" documentation (Xena release) for details.. Either ensure your deployment is ready for the new default or copy/paste the deprecated policy into your policy file and maintain it manually.
Nov 14 00:40:52 user devstack@c-api.service[75679]: warnings.warn(deprecated_msg)
Nov 14 00:40:52 user devstack@c-api.service[75679]: /opt/stack/data/venv/lib/python3.10/site-packages/oslo_policy/policy.py:810: UserWarning: Policy "volume_extension:default_unset":"rule:system_or_domain_or_project_admin" was deprecated in X in favor of "volume_extension:default_unset":"rule:admin_api". Reason: Default policies now support the three Keystone default roles, namely 'admin', 'member', and 'reader' to implement three Cinder "personas". See "Policy Personas and Permissions" in the "Cinder Service Configuration" documentation (Xena release) for details.. Either ensure your deployment is ready for the new default or copy/paste the deprecated policy into your policy file and maintain it manually.
Nov 14 00:40:52 user devstack@c-api.service[75679]: warnings.warn(deprecated_msg)
Nov 14 00:40:52 user devstack@c-api.service[75679]: DEBUG cinder.api.middleware.request_id [req-b2acd84a-49dc-4848-b452-16e6b42fa901 req-1c377715-c169-43f3-a172-c06c153ed3e1 None None] RequestId filter calling following filter/app {{(pid=75679) _context_setter /opt/stack/cinder/cinder/api/middleware/request_id.py:62}}
Nov 14 00:40:52 user devstack@c-api.service[75679]: INFO cinder.api.openstack.wsgi [req-b2acd84a-49dc-4848-b452-16e6b42fa901 req-1c377715-c169-43f3-a172-c06c153ed3e1 admin admin] POST http://10.0.0.210/volume/v3/58c870909f43417296374f1a23c8af0a/types/763b3a4e-c2e1-4a9e-bc9c-797b0350be93/extra_specs
Nov 14 00:40:52 user devstack@c-api.service[75679]: DEBUG cinder.api.openstack.wsgi [req-b2acd84a-49dc-4848-b452-16e6b42fa901 req-1c377715-c169-43f3-a172-c06c153ed3e1 admin admin] Action: 'create', calling method: create, body: {"extra_specs": {"volume_backend_name": "joviandss-2"}} {{(pid=75679) _process_stack /opt/stack/cinder/cinder/api/openstack/wsgi.py:866}}
Nov 14 00:40:52 user devstack@c-api.service[75679]: /opt/stack/data/venv/lib/python3.10/site-packages/oslo_context/context.py:100: DeprecationWarning: Policy enforcement is depending on the value of is_admin. This key is deprecated. Please update your policy file to use the standard policy values.
Nov 14 00:40:52 user devstack@c-api.service[75679]: warnings.warn('Policy enforcement is depending on the value of '
Nov 14 00:40:52 user devstack@c-api.service[75679]: DEBUG oslo_db.sqlalchemy.engines [req-b2acd84a-49dc-4848-b452-16e6b42fa901 req-1c377715-c169-43f3-a172-c06c153ed3e1 admin admin] MySQL server mode set to STRICT_TRANS_TABLES,STRICT_ALL_TABLES,NO_ZERO_IN_DATE,NO_ZERO_DATE,ERROR_FOR_DIVISION_BY_ZERO,TRADITIONAL,NO_ENGINE_SUBSTITUTION {{(pid=75679) _check_effective_sql_mode /opt/stack/data/venv/lib/python3.10/site-packages/oslo_db/sqlalchemy/engines.py:342}}
Nov 14 00:40:53 user devstack@c-api.service[75679]: INFO cinder.api.openstack.wsgi [req-b2acd84a-49dc-4848-b452-16e6b42fa901 req-1c377715-c169-43f3-a172-c06c153ed3e1 admin admin] http://10.0.0.210/volume/v3/58c870909f43417296374f1a23c8af0a/types/763b3a4e-c2e1-4a9e-bc9c-797b0350be93/extra_specs returned with HTTP 200
Nov 14 00:40:53 user devstack@c-api.service[75679]: [pid: 75679|app: 0|req: 1/3] 10.0.0.210 () {62 vars in 1449 bytes} [Tue Nov 14 00:40:52 2023] POST /volume/v3/58c870909f43417296374f1a23c8af0a/types/763b3a4e-c2e1-4a9e-bc9c-797b0350be93/extra_specs => generated 55 bytes in 725 msecs (HTTP/1.1 200) 7 headers in 284 bytes (1 switches on core 0)
Nov 14 00:40:54 user devstack@c-api.service[75677]: DEBUG dbcounter [-] [75677] Writing DB stats cinder:SELECT=13 {{(pid=75677) stat_writer /opt/stack/data/venv/lib/python3.10/site-packages/dbcounter.py:115}}
Nov 14 00:41:02 user devstack@c-api.service[75678]: DEBUG dbcounter [-] [75678] Writing DB stats cinder:SELECT=18,cinder:INSERT=1 {{(pid=75678) stat_writer /opt/stack/data/venv/lib/python3.10/site-packages/dbcounter.py:115}}
Nov 14 00:41:03 user devstack@c-api.service[75679]: DEBUG dbcounter [-] [75679] Writing DB stats cinder:SELECT=25,cinder:INSERT=1 {{(pid=75679) stat_writer /opt/stack/data/venv/lib/python3.10/site-packages/dbcounter.py:115}}
Nov 14 00:41:44 user devstack@c-api.service[75677]: DEBUG cinder.api.middleware.request_id [None req-8cd47c3e-2118-409b-9154-97307c0868c9 None None] RequestId filter calling following filter/app {{(pid=75677) _context_setter /opt/stack/cinder/cinder/api/middleware/request_id.py:62}}
Nov 14 00:41:44 user devstack@c-api.service[75677]: INFO cinder.api.openstack.wsgi [None req-8cd47c3e-2118-409b-9154-97307c0868c9 None None] GET http://10.0.0.210/volume//
Nov 14 00:41:44 user devstack@c-api.service[75677]: DEBUG cinder.api.openstack.wsgi [None req-8cd47c3e-2118-409b-9154-97307c0868c9 None None] Empty body provided in request {{(pid=75677) get_body /opt/stack/cinder/cinder/api/openstack/wsgi.py:715}}
Nov 14 00:41:44 user devstack@c-api.service[75677]: DEBUG cinder.api.openstack.wsgi [None req-8cd47c3e-2118-409b-9154-97307c0868c9 None None] Calling method 'all' {{(pid=75677) _process_stack /opt/stack/cinder/cinder/api/openstack/wsgi.py:868}}
Nov 14 00:41:44 user devstack@c-api.service[75677]: INFO cinder.api.openstack.wsgi [None req-8cd47c3e-2118-409b-9154-97307c0868c9 None None] http://10.0.0.210/volume// returned with HTTP 300
Nov 14 00:41:44 user devstack@c-api.service[75677]: [pid: 75677|app: 0|req: 2/4] 10.0.0.210 () {62 vars in 1383 bytes} [Tue Nov 14 00:41:44 2023] GET /volume/ => generated 385 bytes in 6 msecs (HTTP/1.1 300) 7 headers in 299 bytes (1 switches on core 0)
Nov 14 00:43:36 user devstack@c-api.service[75678]: DEBUG cinder.api.middleware.request_id [None req-8044de26-26ef-49ac-8baa-a0129a4a2ed4 None None] RequestId filter calling following filter/app {{(pid=75678) _context_setter /opt/stack/cinder/cinder/api/middleware/request_id.py:62}}
Nov 14 00:43:36 user devstack@c-api.service[75678]: INFO cinder.api.openstack.wsgi [None req-8044de26-26ef-49ac-8baa-a0129a4a2ed4 tempest-verify_tempest_config-1277404793 tempest-verify_tempest_config-1277404793-project-member] GET http://10.0.0.210/volume/v3/a2cf7952ace245e39de33e5327f1700a/extensions
Nov 14 00:43:36 user devstack@c-api.service[75678]: DEBUG cinder.api.openstack.wsgi [None req-8044de26-26ef-49ac-8baa-a0129a4a2ed4 tempest-verify_tempest_config-1277404793 tempest-verify_tempest_config-1277404793-project-member] Empty body provided in request {{(pid=75678) get_body /opt/stack/cinder/cinder/api/openstack/wsgi.py:715}}
Nov 14 00:43:36 user devstack@c-api.service[75678]: DEBUG cinder.api.openstack.wsgi [None req-8044de26-26ef-49ac-8baa-a0129a4a2ed4 tempest-verify_tempest_config-1277404793 tempest-verify_tempest_config-1277404793-project-member] Calling method 'index' {{(pid=75678) _process_stack /opt/stack/cinder/cinder/api/openstack/wsgi.py:868}}
Nov 14 00:43:36 user devstack@c-api.service[75678]: INFO cinder.api.openstack.wsgi [None req-8044de26-26ef-49ac-8baa-a0129a4a2ed4 tempest-verify_tempest_config-1277404793 tempest-verify_tempest_config-1277404793-project-member] http://10.0.0.210/volume/v3/a2cf7952ace245e39de33e5327f1700a/extensions returned with HTTP 200
Nov 14 00:43:36 user devstack@c-api.service[75678]: [pid: 75678|app: 0|req: 2/5] 10.0.0.210 () {62 vars in 1300 bytes} [Tue Nov 14 00:43:36 2023] GET /volume/v3/a2cf7952ace245e39de33e5327f1700a/extensions => generated 5245 bytes in 190 msecs (HTTP/1.1 200) 7 headers in 286 bytes (1 switches on core 0)
Nov 14 00:44:26 user devstack@c-api.service[75679]: DEBUG cinder.api.middleware.request_id [None req-281bf57a-de6e-48af-836c-cade83864e36 None None] RequestId filter calling following filter/app {{(pid=75679) _context_setter /opt/stack/cinder/cinder/api/middleware/request_id.py:62}}
Nov 14 00:44:26 user devstack@c-api.service[75677]: DEBUG cinder.api.middleware.request_id [None req-35f8d5bf-6b83-446c-a9dd-2696a106bb65 None None] RequestId filter calling following filter/app {{(pid=75677) _context_setter /opt/stack/cinder/cinder/api/middleware/request_id.py:62}}
Nov 14 00:44:26 user devstack@c-api.service[75678]: DEBUG cinder.api.middleware.request_id [None req-36b62691-53c4-438a-9978-0dde867f398e None None] RequestId filter calling following filter/app {{(pid=75678) _context_setter /opt/stack/cinder/cinder/api/middleware/request_id.py:62}}
Nov 14 00:44:26 user devstack@c-api.service[75679]: INFO cinder.api.openstack.wsgi [None req-281bf57a-de6e-48af-836c-cade83864e36 tempest-GroupsTest-1417346967 tempest-GroupsTest-1417346967-project-admin] POST http://10.0.0.210/volume/v3/69181ed59b0941db98b2952968d7094d/types
Nov 14 00:44:26 user devstack@c-api.service[75679]: DEBUG cinder.api.openstack.wsgi [None req-281bf57a-de6e-48af-836c-cade83864e36 tempest-GroupsTest-1417346967 tempest-GroupsTest-1417346967-project-admin] Action: 'create', calling method: _create, body: {"volume_type": {"name": "tempest-GroupsTest-volume-type-1049085653"}} {{(pid=75679) _process_stack /opt/stack/cinder/cinder/api/openstack/wsgi.py:866}}
Nov 14 00:44:26 user devstack@c-api.service[75679]: INFO cinder.api.openstack.wsgi [None req-281bf57a-de6e-48af-836c-cade83864e36 tempest-GroupsTest-1417346967 tempest-GroupsTest-1417346967-project-admin] http://10.0.0.210/volume/v3/69181ed59b0941db98b2952968d7094d/types returned with HTTP 200
Nov 14 00:44:26 user devstack@c-api.service[75679]: [pid: 75679|app: 0|req: 2/6] 10.0.0.210 () {64 vars in 1306 bytes} [Tue Nov 14 00:44:26 2023] POST /volume/v3/69181ed59b0941db98b2952968d7094d/types => generated 216 bytes in 345 msecs (HTTP/1.1 200) 7 headers in 285 bytes (1 switches on core 0)
Nov 14 00:44:26 user devstack@c-api.service[75678]: INFO cinder.api.openstack.wsgi [None req-36b62691-53c4-438a-9978-0dde867f398e tempest-VolumeSnapshotQuotasNegativeTestJSON-2075093822 tempest-VolumeSnapshotQuotasNegativeTestJSON-2075093822-project-admin] GET http://10.0.0.210/volume/v3/06528df92a5f492caa3631f1025940f4/os-quota-sets/420f65491f23406d87af97325f15f78f
Nov 14 00:44:26 user devstack@c-api.service[75679]: DEBUG cinder.api.middleware.request_id [None req-52f4f782-60a6-4c81-8814-5ddc04b39157 None None] RequestId filter calling following filter/app {{(pid=75679) _context_setter /opt/stack/cinder/cinder/api/middleware/request_id.py:62}}
Nov 14 00:44:26 user devstack@c-api.service[75678]: DEBUG cinder.api.openstack.wsgi [None req-36b62691-53c4-438a-9978-0dde867f398e tempest-VolumeSnapshotQuotasNegativeTestJSON-2075093822 tempest-VolumeSnapshotQuotasNegativeTestJSON-2075093822-project-admin] Empty body provided in request {{(pid=75678) get_body /opt/stack/cinder/cinder/api/openstack/wsgi.py:715}}
Nov 14 00:44:26 user devstack@c-api.service[75678]: DEBUG cinder.api.openstack.wsgi [None req-36b62691-53c4-438a-9978-0dde867f398e tempest-VolumeSnapshotQuotasNegativeTestJSON-2075093822 tempest-VolumeSnapshotQuotasNegativeTestJSON-2075093822-project-admin] Calling method 'show' {{(pid=75678) _process_stack /opt/stack/cinder/cinder/api/openstack/wsgi.py:868}}
Nov 14 00:44:26 user devstack@c-api.service[75679]: INFO cinder.api.openstack.wsgi [None req-52f4f782-60a6-4c81-8814-5ddc04b39157 tempest-GroupsTest-1417346967 tempest-GroupsTest-1417346967-project-admin] POST http://10.0.0.210/volume/v3/69181ed59b0941db98b2952968d7094d/group_types
Nov 14 00:44:26 user devstack@c-api.service[75679]: DEBUG cinder.api.openstack.wsgi [None req-52f4f782-60a6-4c81-8814-5ddc04b39157 tempest-GroupsTest-1417346967 tempest-GroupsTest-1417346967-project-admin] Action: 'create', calling method: version_select, body: {"group_type": {"name": "tempest-GroupsTest-group-type-934566475"}} {{(pid=75679) _process_stack /opt/stack/cinder/cinder/api/openstack/wsgi.py:866}}
Nov 14 00:44:26 user devstack@c-api.service[75678]: WARNING cinder.quota [None req-36b62691-53c4-438a-9978-0dde867f398e tempest-VolumeSnapshotQuotasNegativeTestJSON-2075093822 tempest-VolumeSnapshotQuotasNegativeTestJSON-2075093822-project-admin] Deprecated: Default quota for resource: backups is set by the default quota flag: quota_backups, it is now deprecated. Please use the default quota class for default quota.
Nov 14 00:44:26 user devstack@c-api.service[75678]: WARNING cinder.quota [None req-36b62691-53c4-438a-9978-0dde867f398e tempest-VolumeSnapshotQuotasNegativeTestJSON-2075093822 tempest-VolumeSnapshotQuotasNegativeTestJSON-2075093822-project-admin] Deprecated: Default quota for resource: backup_gigabytes is set by the default quota flag: quota_backup_gigabytes, it is now deprecated. Please use the default quota class for default quota.
Nov 14 00:44:26 user devstack@c-api.service[75678]: WARNING cinder.quota [None req-36b62691-53c4-438a-9978-0dde867f398e tempest-VolumeSnapshotQuotasNegativeTestJSON-2075093822 tempest-VolumeSnapshotQuotasNegativeTestJSON-2075093822-project-admin] Deprecated: Default quota for resource: volumes_tempest-GroupsTest-volume-type-1049085653 is set by the default quota flag: quota_volumes_tempest-GroupsTest-volume-type-1049085653, it is now deprecated. Please use the default quota class for default quota.
Nov 14 00:44:26 user devstack@c-api.service[75678]: WARNING cinder.quota [None req-36b62691-53c4-438a-9978-0dde867f398e tempest-VolumeSnapshotQuotasNegativeTestJSON-2075093822 tempest-VolumeSnapshotQuotasNegativeTestJSON-2075093822-project-admin] Deprecated: Default quota for resource: gigabytes_tempest-GroupsTest-volume-type-1049085653 is set by the default quota flag: quota_gigabytes_tempest-GroupsTest-volume-type-1049085653, it is now deprecated. Please use the default quota class for default quota.
Nov 14 00:44:26 user devstack@c-api.service[75678]: WARNING cinder.quota [None req-36b62691-53c4-438a-9978-0dde867f398e tempest-VolumeSnapshotQuotasNegativeTestJSON-2075093822 tempest-VolumeSnapshotQuotasNegativeTestJSON-2075093822-project-admin] Deprecated: Default quota for resource: snapshots_tempest-GroupsTest-volume-type-1049085653 is set by the default quota flag: quota_snapshots_tempest-GroupsTest-volume-type-1049085653, it is now deprecated. Please use the default quota class for default quota.
Nov 14 00:44:26 user devstack@c-api.service[75678]: WARNING cinder.quota [None req-36b62691-53c4-438a-9978-0dde867f398e tempest-VolumeSnapshotQuotasNegativeTestJSON-2075093822 tempest-VolumeSnapshotQuotasNegativeTestJSON-2075093822-project-admin] Deprecated: Default quota for resource: volumes_joviandss-2 is set by the default quota flag: quota_volumes_joviandss-2, it is now deprecated. Please use the default quota class for default quota.
Nov 14 00:44:26 user devstack@c-api.service[75678]: WARNING cinder.quota [None req-36b62691-53c4-438a-9978-0dde867f398e tempest-VolumeSnapshotQuotasNegativeTestJSON-2075093822 tempest-VolumeSnapshotQuotasNegativeTestJSON-2075093822-project-admin] Deprecated: Default quota for resource: gigabytes_joviandss-2 is set by the default quota flag: quota_gigabytes_joviandss-2, it is now deprecated. Please use the default quota class for default quota.
Nov 14 00:44:26 user devstack@c-api.service[75678]: WARNING cinder.quota [None req-36b62691-53c4-438a-9978-0dde867f398e tempest-VolumeSnapshotQuotasNegativeTestJSON-2075093822 tempest-VolumeSnapshotQuotasNegativeTestJSON-2075093822-project-admin] Deprecated: Default quota for resource: snapshots_joviandss-2 is set by the default quota flag: quota_snapshots_joviandss-2, it is now deprecated. Please use the default quota class for default quota.
Nov 14 00:44:26 user devstack@c-api.service[75678]: WARNING cinder.quota [None req-36b62691-53c4-438a-9978-0dde867f398e tempest-VolumeSnapshotQuotasNegativeTestJSON-2075093822 tempest-VolumeSnapshotQuotasNegativeTestJSON-2075093822-project-admin] Deprecated: Default quota for resource: volumes___DEFAULT__ is set by the default quota flag: quota_volumes___DEFAULT__, it is now deprecated. Please use the default quota class for default quota.
Nov 14 00:44:26 user devstack@c-api.service[75678]: WARNING cinder.quota [None req-36b62691-53c4-438a-9978-0dde867f398e tempest-VolumeSnapshotQuotasNegativeTestJSON-2075093822 tempest-VolumeSnapshotQuotasNegativeTestJSON-2075093822-project-admin] Deprecated: Default quota for resource: gigabytes___DEFAULT__ is set by the default quota flag: quota_gigabytes___DEFAULT__, it is now deprecated. Please use the default quota class for default quota.
Nov 14 00:44:26 user devstack@c-api.service[75678]: WARNING cinder.quota [None req-36b62691-53c4-438a-9978-0dde867f398e tempest-VolumeSnapshotQuotasNegativeTestJSON-2075093822 tempest-VolumeSnapshotQuotasNegativeTestJSON-2075093822-project-admin] Deprecated: Default quota for resource: snapshots___DEFAULT__ is set by the default quota flag: quota_snapshots___DEFAULT__, it is now deprecated. Please use the default quota class for default quota.
Nov 14 00:44:26 user devstack@c-api.service[75678]: INFO cinder.api.openstack.wsgi [None req-36b62691-53c4-438a-9978-0dde867f398e tempest-VolumeSnapshotQuotasNegativeTestJSON-2075093822 tempest-VolumeSnapshotQuotasNegativeTestJSON-2075093822-project-admin] http://10.0.0.210/volume/v3/06528df92a5f492caa3631f1025940f4/os-quota-sets/420f65491f23406d87af97325f15f78f returned with HTTP 200
Nov 14 00:44:26 user devstack@c-api.service[75678]: [pid: 75678|app: 0|req: 3/7] 10.0.0.210 () {62 vars in 1408 bytes} [Tue Nov 14 00:44:26 2023] GET /volume/v3/06528df92a5f492caa3631f1025940f4/os-quota-sets/420f65491f23406d87af97325f15f78f => generated 536 bytes in 105 msecs (HTTP/1.1 200) 7 headers in 285 bytes (1 switches on core 0)
Nov 14 00:44:26 user devstack@c-api.service[75678]: DEBUG cinder.api.middleware.request_id [None req-d8aae9f5-0337-422e-8854-58529a9d3c77 None None] RequestId filter calling following filter/app {{(pid=75678) _context_setter /opt/stack/cinder/cinder/api/middleware/request_id.py:62}}
Nov 14 00:44:26 user devstack@c-api.service[75678]: INFO cinder.api.openstack.wsgi [None req-d8aae9f5-0337-422e-8854-58529a9d3c77 tempest-VolumeSnapshotQuotasNegativeTestJSON-2075093822 tempest-VolumeSnapshotQuotasNegativeTestJSON-2075093822-project-admin] PUT http://10.0.0.210/volume/v3/06528df92a5f492caa3631f1025940f4/os-quota-sets/420f65491f23406d87af97325f15f78f
Nov 14 00:44:26 user devstack@c-api.service[75678]: DEBUG cinder.api.openstack.wsgi [None req-d8aae9f5-0337-422e-8854-58529a9d3c77 tempest-VolumeSnapshotQuotasNegativeTestJSON-2075093822 tempest-VolumeSnapshotQuotasNegativeTestJSON-2075093822-project-admin] Action: 'update', calling method: update, body: {"quota_set": {"gigabytes": 3, "volumes": 1, "snapshots": 1}} {{(pid=75678) _process_stack /opt/stack/cinder/cinder/api/openstack/wsgi.py:866}}
Nov 14 00:44:26 user devstack@c-api.service[75679]: INFO cinder.api.openstack.wsgi [None req-52f4f782-60a6-4c81-8814-5ddc04b39157 tempest-GroupsTest-1417346967 tempest-GroupsTest-1417346967-project-admin] http://10.0.0.210/volume/v3/69181ed59b0941db98b2952968d7094d/group_types returned with HTTP 202
Nov 14 00:44:26 user devstack@c-api.service[75679]: [pid: 75679|app: 0|req: 3/8] 10.0.0.210 () {66 vars in 1365 bytes} [Tue Nov 14 00:44:26 2023] POST /volume/v3/69181ed59b0941db98b2952968d7094d/group_types => generated 172 bytes in 170 msecs (HTTP/1.1 202) 7 headers in 292 bytes (2 switches on core 0)
Nov 14 00:44:26 user devstack@c-api.service[75679]: DEBUG cinder.api.middleware.request_id [None req-3108280c-5dbb-46e3-9ab4-12fe3c865504 None None] RequestId filter calling following filter/app {{(pid=75679) _context_setter /opt/stack/cinder/cinder/api/middleware/request_id.py:62}}
Nov 14 00:44:26 user devstack@c-api.service[75678]: INFO cinder.api.openstack.wsgi [None req-d8aae9f5-0337-422e-8854-58529a9d3c77 tempest-VolumeSnapshotQuotasNegativeTestJSON-2075093822 tempest-VolumeSnapshotQuotasNegativeTestJSON-2075093822-project-admin] http://10.0.0.210/volume/v3/06528df92a5f492caa3631f1025940f4/os-quota-sets/420f65491f23406d87af97325f15f78f returned with HTTP 200
Nov 14 00:44:26 user devstack@c-api.service[75678]: [pid: 75678|app: 0|req: 4/9] 10.0.0.210 () {64 vars in 1428 bytes} [Tue Nov 14 00:44:26 2023] PUT /volume/v3/06528df92a5f492caa3631f1025940f4/os-quota-sets/420f65491f23406d87af97325f15f78f => generated 489 bytes in 156 msecs (HTTP/1.1 200) 7 headers in 285 bytes (1 switches on core 0)
Nov 14 00:44:26 user devstack@c-api.service[75678]: DEBUG cinder.api.middleware.request_id [None req-549cd9aa-ed78-4f87-84f2-bc5c283e9848 None None] RequestId filter calling following filter/app {{(pid=75678) _context_setter /opt/stack/cinder/cinder/api/middleware/request_id.py:62}}
Nov 14 00:44:26 user devstack@c-api.service[75679]: INFO cinder.api.openstack.wsgi [None req-3108280c-5dbb-46e3-9ab4-12fe3c865504 tempest-GroupsTest-945222101 tempest-GroupsTest-945222101-project-member] POST http://10.0.0.210/volume/v3/06ca7f20987e4fa6b29519fe710ee607/groups
Nov 14 00:44:26 user devstack@c-api.service[75679]: DEBUG cinder.api.openstack.wsgi [None req-3108280c-5dbb-46e3-9ab4-12fe3c865504 tempest-GroupsTest-945222101 tempest-GroupsTest-945222101-project-member] Action: 'create', calling method: version_select, body: {"group": {"group_type": "0d795058-d226-4aa4-8320-f736ca44e2f7", "volume_types": ["dc7e099c-c868-4695-a2f2-053b4fc5ef0d"], "name": "tempest-Group1-540540186"}} {{(pid=75679) _process_stack /opt/stack/cinder/cinder/api/openstack/wsgi.py:866}}
Nov 14 00:44:26 user devstack@c-api.service[75679]: DEBUG cinder.api.v3.groups [None req-3108280c-5dbb-46e3-9ab4-12fe3c865504 tempest-GroupsTest-945222101 tempest-GroupsTest-945222101-project-member] Creating new group {'group': {'group_type': '0d795058-d226-4aa4-8320-f736ca44e2f7', 'volume_types': ['dc7e099c-c868-4695-a2f2-053b4fc5ef0d'], 'name': 'tempest-Group1-540540186'}} {{(pid=75679) create /opt/stack/cinder/cinder/api/v3/groups.py:190}}
Nov 14 00:44:26 user devstack@c-api.service[75679]: INFO cinder.api.v3.groups [None req-3108280c-5dbb-46e3-9ab4-12fe3c865504 tempest-GroupsTest-945222101 tempest-GroupsTest-945222101-project-member] Creating group tempest-Group1-540540186.
Nov 14 00:44:26 user devstack@c-api.service[75678]: INFO cinder.api.openstack.wsgi [None req-549cd9aa-ed78-4f87-84f2-bc5c283e9848 tempest-VolumeSnapshotQuotasNegativeTestJSON-666813345 tempest-VolumeSnapshotQuotasNegativeTestJSON-666813345-project-member] POST http://10.0.0.210/volume/v3/420f65491f23406d87af97325f15f78f/volumes
Nov 14 00:44:26 user devstack@c-api.service[75678]: DEBUG cinder.api.openstack.wsgi [None req-549cd9aa-ed78-4f87-84f2-bc5c283e9848 tempest-VolumeSnapshotQuotasNegativeTestJSON-666813345 tempest-VolumeSnapshotQuotasNegativeTestJSON-666813345-project-member] Action: 'create', calling method: create, body: {"volume": {"size": 1, "name": "tempest-VolumeSnapshotQuotasNegativeTestJSON-Volume-23560815"}} {{(pid=75678) _process_stack /opt/stack/cinder/cinder/api/openstack/wsgi.py:866}}
Nov 14 00:44:26 user devstack@c-api.service[75679]: DEBUG cinder.volume.api [None req-3108280c-5dbb-46e3-9ab4-12fe3c865504 tempest-GroupsTest-945222101 tempest-GroupsTest-945222101-project-member] Availability zone cache updated, next update will occur around 2023-11-14 01:44:26.964336. {{(pid=75679) list_availability_zones /opt/stack/cinder/cinder/volume/api.py:155}}
Nov 14 00:44:26 user devstack@c-api.service[75679]: INFO cinder.volume.api [None req-3108280c-5dbb-46e3-9ab4-12fe3c865504 tempest-GroupsTest-945222101 tempest-GroupsTest-945222101-project-member] Availability Zones retrieved successfully.
Nov 14 00:44:26 user devstack@c-api.service[75678]: DEBUG cinder.api.v3.volumes [None req-549cd9aa-ed78-4f87-84f2-bc5c283e9848 tempest-VolumeSnapshotQuotasNegativeTestJSON-666813345 tempest-VolumeSnapshotQuotasNegativeTestJSON-666813345-project-member] Create volume request body: {'volume': {'size': 1, 'name': 'tempest-VolumeSnapshotQuotasNegativeTestJSON-Volume-23560815'}} {{(pid=75678) create /opt/stack/cinder/cinder/api/v3/volumes.py:297}}
Nov 14 00:44:26 user devstack@c-api.service[75678]: INFO cinder.api.v3.volumes [None req-549cd9aa-ed78-4f87-84f2-bc5c283e9848 tempest-VolumeSnapshotQuotasNegativeTestJSON-666813345 tempest-VolumeSnapshotQuotasNegativeTestJSON-666813345-project-member] Create volume of 1 GB
Nov 14 00:44:26 user devstack@c-api.service[75678]: DEBUG cinder.volume.api [None req-549cd9aa-ed78-4f87-84f2-bc5c283e9848 tempest-VolumeSnapshotQuotasNegativeTestJSON-666813345 tempest-VolumeSnapshotQuotasNegativeTestJSON-666813345-project-member] Availability zone cache updated, next update will occur around 2023-11-14 01:44:26.989868. {{(pid=75678) list_availability_zones /opt/stack/cinder/cinder/volume/api.py:155}}
Nov 14 00:44:26 user devstack@c-api.service[75678]: INFO cinder.volume.api [None req-549cd9aa-ed78-4f87-84f2-bc5c283e9848 tempest-VolumeSnapshotQuotasNegativeTestJSON-666813345 tempest-VolumeSnapshotQuotasNegativeTestJSON-666813345-project-member] Availability Zones retrieved successfully.
Nov 14 00:44:27 user devstack@c-api.service[75678]: /opt/stack/data/venv/lib/python3.10/site-packages/taskflow/engines/action_engine/process_executor.py:17: DeprecationWarning: The asyncore module is deprecated and will be removed in Python 3.12. The recommended replacement is asyncio
Nov 14 00:44:27 user devstack@c-api.service[75678]: import asyncore
Nov 14 00:44:27 user devstack@c-api.service[75679]: DEBUG cinder.quota [None req-3108280c-5dbb-46e3-9ab4-12fe3c865504 tempest-GroupsTest-945222101 tempest-GroupsTest-945222101-project-member] Created reservations ['8bb5ce03-6974-4766-a5d9-8a450964f651'] {{(pid=75679) reserve /opt/stack/cinder/cinder/quota.py:755}}
Nov 14 00:44:27 user devstack@c-api.service[75678]: DEBUG cinder.volume.api [None req-549cd9aa-ed78-4f87-84f2-bc5c283e9848 tempest-VolumeSnapshotQuotasNegativeTestJSON-666813345 tempest-VolumeSnapshotQuotasNegativeTestJSON-666813345-project-member] Flow 'volume_create_api' (23450318-5358-4db0-8f3a-09cb8423015b) transitioned into state 'RUNNING' from state 'PENDING' {{(pid=75678) _flow_receiver /opt/stack/data/venv/lib/python3.10/site-packages/taskflow/listeners/logging.py:141}}
Nov 14 00:44:27 user devstack@c-api.service[75678]: DEBUG cinder.volume.api [None req-549cd9aa-ed78-4f87-84f2-bc5c283e9848 tempest-VolumeSnapshotQuotasNegativeTestJSON-666813345 tempest-VolumeSnapshotQuotasNegativeTestJSON-666813345-project-member] Task 'cinder.volume.flows.api.create_volume.ExtractVolumeRequestTask;volume:create' (083b8061-5aec-45d5-a4a2-3320ce667da9) transitioned into state 'RUNNING' from state 'PENDING' {{(pid=75678) _task_receiver /opt/stack/data/venv/lib/python3.10/site-packages/taskflow/listeners/logging.py:190}}
Nov 14 00:44:27 user devstack@c-api.service[75678]: DEBUG cinder.volume.flows.api.create_volume [None req-549cd9aa-ed78-4f87-84f2-bc5c283e9848 tempest-VolumeSnapshotQuotasNegativeTestJSON-666813345 tempest-VolumeSnapshotQuotasNegativeTestJSON-666813345-project-member] Validating volume size '1' using validate_int {{(pid=75678) _extract_size /opt/stack/cinder/cinder/volume/flows/api/create_volume.py:228}}
Nov 14 00:44:27 user devstack@c-api.service[75679]: INFO cinder.api.openstack.wsgi [None req-3108280c-5dbb-46e3-9ab4-12fe3c865504 tempest-GroupsTest-945222101 tempest-GroupsTest-945222101-project-member] http://10.0.0.210/volume/v3/06ca7f20987e4fa6b29519fe710ee607/groups returned with HTTP 202
Nov 14 00:44:27 user devstack@c-api.service[75679]: [pid: 75679|app: 0|req: 4/10] 10.0.0.210 () {66 vars in 1351 bytes} [Tue Nov 14 00:44:26 2023] POST /volume/v3/06ca7f20987e4fa6b29519fe710ee607/groups => generated 93 bytes in 318 msecs (HTTP/1.1 202) 7 headers in 291 bytes (2 switches on core 0)
Nov 14 00:44:27 user devstack@c-api.service[75679]: DEBUG cinder.api.middleware.request_id [None req-c9b047fb-5982-4ab0-83ae-6f4847ccd1ce None None] RequestId filter calling following filter/app {{(pid=75679) _context_setter /opt/stack/cinder/cinder/api/middleware/request_id.py:62}}
Nov 14 00:44:27 user devstack@c-api.service[75679]: INFO cinder.api.openstack.wsgi [None req-c9b047fb-5982-4ab0-83ae-6f4847ccd1ce tempest-GroupsTest-945222101 tempest-GroupsTest-945222101-project-member] GET http://10.0.0.210/volume/v3/06ca7f20987e4fa6b29519fe710ee607/groups/51cac1fc-648e-4914-9739-8f98fe8f3cb7
Nov 14 00:44:27 user devstack@c-api.service[75679]: DEBUG cinder.api.openstack.wsgi [None req-c9b047fb-5982-4ab0-83ae-6f4847ccd1ce tempest-GroupsTest-945222101 tempest-GroupsTest-945222101-project-member] Empty body provided in request {{(pid=75679) get_body /opt/stack/cinder/cinder/api/openstack/wsgi.py:715}}
Nov 14 00:44:27 user devstack@c-api.service[75679]: DEBUG cinder.api.openstack.wsgi [None req-c9b047fb-5982-4ab0-83ae-6f4847ccd1ce tempest-GroupsTest-945222101 tempest-GroupsTest-945222101-project-member] Calling method 'version_select' {{(pid=75679) _process_stack /opt/stack/cinder/cinder/api/openstack/wsgi.py:868}}
Nov 14 00:44:27 user devstack@c-api.service[75679]: DEBUG cinder.api.v3.groups [None req-c9b047fb-5982-4ab0-83ae-6f4847ccd1ce tempest-GroupsTest-945222101 tempest-GroupsTest-945222101-project-member] show called for member 51cac1fc-648e-4914-9739-8f98fe8f3cb7 {{(pid=75679) show /opt/stack/cinder/cinder/api/v3/groups.py:58}}
Nov 14 00:44:27 user devstack@c-api.service[75679]: /opt/stack/data/venv/lib/python3.10/site-packages/oslo_context/context.py:100: DeprecationWarning: Policy enforcement is depending on the value of is_admin. This key is deprecated. Please update your policy file to use the standard policy values.
Nov 14 00:44:27 user devstack@c-api.service[75679]: warnings.warn('Policy enforcement is depending on the value of '
Nov 14 00:44:27 user devstack@c-api.service[75678]: DEBUG cinder.volume.api [None req-549cd9aa-ed78-4f87-84f2-bc5c283e9848 tempest-VolumeSnapshotQuotasNegativeTestJSON-666813345 tempest-VolumeSnapshotQuotasNegativeTestJSON-666813345-project-member] Task 'cinder.volume.flows.api.create_volume.ExtractVolumeRequestTask;volume:create' (083b8061-5aec-45d5-a4a2-3320ce667da9) transitioned into state 'SUCCESS' from state 'RUNNING' with result '{'size': 1, 'snapshot_id': None, 'source_volid': None, 'volume_type': VolumeType(created_at=2023-11-14T00:40:52Z,deleted=False,deleted_at=None,description=None,extra_specs={volume_backend_name='joviandss-2'},id=763b3a4e-c2e1-4a9e-bc9c-797b0350be93,is_public=True,name='joviandss-2',projects=[],qos_specs=,qos_specs_id=None,updated_at=None), 'volume_type_id': '763b3a4e-c2e1-4a9e-bc9c-797b0350be93', 'encryption_key_id': None, 'qos_specs': None, 'consistencygroup_id': None, 'cgsnapshot_id': None, 'group_id': None, 'replication_status': 'disabled', 'refresh_az': False, 'backup_id': None, 'multiattach': False, 'availability_zones': ['nova']}' {{(pid=75678) _task_receiver /opt/stack/data/venv/lib/python3.10/site-packages/taskflow/listeners/logging.py:178}}
Nov 14 00:44:27 user devstack@c-api.service[75678]: DEBUG cinder.volume.api [None req-549cd9aa-ed78-4f87-84f2-bc5c283e9848 tempest-VolumeSnapshotQuotasNegativeTestJSON-666813345 tempest-VolumeSnapshotQuotasNegativeTestJSON-666813345-project-member] Task 'cinder.volume.flows.api.create_volume.QuotaReserveTask;volume:create' (81178038-8626-4120-8169-a20773f7e428) transitioned into state 'RUNNING' from state 'PENDING' {{(pid=75678) _task_receiver /opt/stack/data/venv/lib/python3.10/site-packages/taskflow/listeners/logging.py:190}}
Nov 14 00:44:27 user devstack@c-api.service[75679]: INFO cinder.api.openstack.wsgi [None req-c9b047fb-5982-4ab0-83ae-6f4847ccd1ce tempest-GroupsTest-945222101 tempest-GroupsTest-945222101-project-member] http://10.0.0.210/volume/v3/06ca7f20987e4fa6b29519fe710ee607/groups/51cac1fc-648e-4914-9739-8f98fe8f3cb7 returned with HTTP 200
Nov 14 00:44:27 user devstack@c-api.service[75679]: [pid: 75679|app: 0|req: 5/11] 10.0.0.210 () {64 vars in 1440 bytes} [Tue Nov 14 00:44:27 2023] GET /volume/v3/06ca7f20987e4fa6b29519fe710ee607/groups/51cac1fc-648e-4914-9739-8f98fe8f3cb7 => generated 321 bytes in 47 msecs (HTTP/1.1 200) 7 headers in 286 bytes (2 switches on core 0)
Nov 14 00:44:27 user devstack@c-api.service[75678]: DEBUG cinder.quota [None req-549cd9aa-ed78-4f87-84f2-bc5c283e9848 tempest-VolumeSnapshotQuotasNegativeTestJSON-666813345 tempest-VolumeSnapshotQuotasNegativeTestJSON-666813345-project-member] Created reservations ['8ef7795a-49b5-4183-88af-8580aeac0455', 'b2f0a8df-0b6f-495c-81c7-95477fd3db59', '2f66b427-630c-40d8-8678-e5d6aeb91c08', '36f7bc3a-e2fb-49bc-9342-dd08e28ceb97'] {{(pid=75678) reserve /opt/stack/cinder/cinder/quota.py:755}}
Nov 14 00:44:27 user devstack@c-api.service[75678]: DEBUG cinder.volume.api [None req-549cd9aa-ed78-4f87-84f2-bc5c283e9848 tempest-VolumeSnapshotQuotasNegativeTestJSON-666813345 tempest-VolumeSnapshotQuotasNegativeTestJSON-666813345-project-member] Task 'cinder.volume.flows.api.create_volume.QuotaReserveTask;volume:create' (81178038-8626-4120-8169-a20773f7e428) transitioned into state 'SUCCESS' from state 'RUNNING' with result '{'reservations': ['8ef7795a-49b5-4183-88af-8580aeac0455', 'b2f0a8df-0b6f-495c-81c7-95477fd3db59', '2f66b427-630c-40d8-8678-e5d6aeb91c08', '36f7bc3a-e2fb-49bc-9342-dd08e28ceb97']}' {{(pid=75678) _task_receiver /opt/stack/data/venv/lib/python3.10/site-packages/taskflow/listeners/logging.py:178}}
Nov 14 00:44:27 user devstack@c-api.service[75678]: DEBUG cinder.volume.api [None req-549cd9aa-ed78-4f87-84f2-bc5c283e9848 tempest-VolumeSnapshotQuotasNegativeTestJSON-666813345 tempest-VolumeSnapshotQuotasNegativeTestJSON-666813345-project-member] Task 'cinder.volume.flows.api.create_volume.EntryCreateTask;volume:create' (f6e6d97d-bbe9-43ec-a395-0d35f0d021fc) transitioned into state 'RUNNING' from state 'PENDING' {{(pid=75678) _task_receiver /opt/stack/data/venv/lib/python3.10/site-packages/taskflow/listeners/logging.py:190}}
Nov 14 00:44:27 user devstack@c-api.service[75678]: DEBUG cinder.volume.api [None req-549cd9aa-ed78-4f87-84f2-bc5c283e9848 tempest-VolumeSnapshotQuotasNegativeTestJSON-666813345 tempest-VolumeSnapshotQuotasNegativeTestJSON-666813345-project-member] Task 'cinder.volume.flows.api.create_volume.EntryCreateTask;volume:create' (f6e6d97d-bbe9-43ec-a395-0d35f0d021fc) transitioned into state 'SUCCESS' from state 'RUNNING' with result '{'volume_id': '1c930444-526b-424c-92f1-7e65257b7752', 'volume_properties': VolumeProperties(attach_status='detached',availability_zone='nova',cgsnapshot_id=None,consistencygroup_id=None,display_description=None,display_name='tempest-VolumeSnapshotQuotasNegativeTestJSON-Volume-23560815',encryption_key_id=None,group_id=None,group_type_id=,metadata={},multiattach=False,project_id='420f65491f23406d87af97325f15f78f',qos_specs=None,replication_status=,reservations=['8ef7795a-49b5-4183-88af-8580aeac0455','b2f0a8df-0b6f-495c-81c7-95477fd3db59','2f66b427-630c-40d8-8678-e5d6aeb91c08','36f7bc3a-e2fb-49bc-9342-dd08e28ceb97'],size=1,snapshot_id=None,source_replicaid=,source_volid=None,status='creating',user_id='f138cca931e9410baede05c57dd8978a',volume_type_id=763b3a4e-c2e1-4a9e-bc9c-797b0350be93), 'volume': Volume(_name_id=None,admin_metadata=,attach_status='detached',availability_zone='nova',bootable=False,cluster=,cluster_name=None,consistencygroup=,consistencygroup_id=None,created_at=2023-11-14T00:44:27Z,deleted=False,deleted_at=None,display_description=None,display_name='tempest-VolumeSnapshotQuotasNegativeTestJSON-Volume-23560815',ec2_id=None,encryption_key_id=None,glance_metadata=,group=,group_id=None,host=None,id=1c930444-526b-424c-92f1-7e65257b7752,launched_at=None,metadata={},migration_status=None,multiattach=False,previous_status=None,project_id='420f65491f23406d87af97325f15f78f',provider_auth=None,provider_geometry=None,provider_id=None,provider_location=None,replication_driver_data=None,replication_extended_status=None,replication_status=None,scheduled_at=None,service_uuid=None,shared_targets=True,size=1,snapshot_id=None,snapshots=,source_volid=None,status='creating',terminated_at=None,updated_at=None,use_quota=True,user_id='f138cca931e9410baede05c57dd8978a',volume_attachment=VolumeAttachmentList,volume_type=VolumeType(763b3a4e-c2e1-4a9e-bc9c-797b0350be93),volume_type_id=763b3a4e-c2e1-4a9e-bc9c-797b0350be93)}' {{(pid=75678) _task_receiver /opt/stack/data/venv/lib/python3.10/site-packages/taskflow/listeners/logging.py:178}}
Nov 14 00:44:27 user devstack@c-api.service[75678]: DEBUG cinder.volume.api [None req-549cd9aa-ed78-4f87-84f2-bc5c283e9848 tempest-VolumeSnapshotQuotasNegativeTestJSON-666813345 tempest-VolumeSnapshotQuotasNegativeTestJSON-666813345-project-member] Task 'cinder.volume.flows.api.create_volume.QuotaCommitTask;volume:create' (a211f7ca-0ee8-4e88-9cba-ad46f2437ef7) transitioned into state 'RUNNING' from state 'PENDING' {{(pid=75678) _task_receiver /opt/stack/data/venv/lib/python3.10/site-packages/taskflow/listeners/logging.py:190}}
