Nov 08 21:24:24 user devstack@keystone.service[46923]: DEBUG keystone.server.flask.request_processing.req_logging [None req-efee151c-1105-4d13-a072-6dceb52e89ab None admin] SCRIPT_NAME: `/identity` {{(pid=46923) log_request_info /opt/stack/keystone/keystone/server/flask/request_processing/req_logging.py:28}}
Nov 08 21:24:24 user devstack@keystone.service[46923]: DEBUG keystone.server.flask.request_processing.req_logging [None req-efee151c-1105-4d13-a072-6dceb52e89ab None admin] PATH_INFO: `/v3/roles` {{(pid=46923) log_request_info /opt/stack/keystone/keystone/server/flask/request_processing/req_logging.py:29}}
Nov 08 21:24:24 user devstack@keystone.service[46921]: DEBUG keystone.server.flask.request_processing.req_logging [None req-81191bb7-23fb-40c7-ac50-f16dbdc32d12 admin admin] REQUEST_METHOD: `GET` {{(pid=46921) log_request_info /opt/stack/keystone/keystone/server/flask/request_processing/req_logging.py:27}}
Nov 08 21:24:24 user devstack@keystone.service[46921]: DEBUG keystone.server.flask.request_processing.req_logging [None req-81191bb7-23fb-40c7-ac50-f16dbdc32d12 admin admin] SCRIPT_NAME: `/identity` {{(pid=46921) log_request_info /opt/stack/keystone/keystone/server/flask/request_processing/req_logging.py:28}}
Nov 08 21:24:24 user devstack@keystone.service[46923]: DEBUG keystone.common.rbac_enforcer.enforcer [None req-efee151c-1105-4d13-a072-6dceb52e89ab None admin] RBAC: Adding query filter params (name=reader) {{(pid=46923) _extract_filter_values /opt/stack/keystone/keystone/common/rbac_enforcer/enforcer.py:167}}
Nov 08 21:24:24 user devstack@keystone.service[46921]: DEBUG keystone.server.flask.request_processing.req_logging [None req-81191bb7-23fb-40c7-ac50-f16dbdc32d12 admin admin] PATH_INFO: `/v3/roles/admin` {{(pid=46921) log_request_info /opt/stack/keystone/keystone/server/flask/request_processing/req_logging.py:29}}
Nov 08 21:24:24 user devstack@keystone.service[46923]: DEBUG keystone.common.rbac_enforcer.enforcer [None req-efee151c-1105-4d13-a072-6dceb52e89ab None admin] RBAC: Authorizing `identity:list_roles()` {{(pid=46923) enforce_call /opt/stack/keystone/keystone/common/rbac_enforcer/enforcer.py:449}}
Nov 08 21:24:24 user devstack@keystone.service[46923]: DEBUG keystone.common.rbac_enforcer.enforcer [None req-efee151c-1105-4d13-a072-6dceb52e89ab None admin] RBAC: Authorization granted {{(pid=46923) enforce_call /opt/stack/keystone/keystone/common/rbac_enforcer/enforcer.py:457}}
Nov 08 21:24:24 user devstack@keystone.service[46922]: DEBUG keystone.server.flask.request_processing.middleware.auth_context [None req-b082c125-ee52-48b5-b402-d7121cdbd9fe admin admin] Validating token access rules against request {{(pid=46922) validate_allowed_request /opt/stack/data/venv/lib/python3.10/site-packages/keystonemiddleware/auth_token/__init__.py:544}}
Nov 08 21:24:24 user devstack@keystone.service[46923]: [pid: 46923|app: 0|req: 74/240] 10.0.0.210 () {56 vars in 1096 bytes} [Wed Nov 8 21:24:24 2023] GET /identity/v3/roles?name=reader => generated 339 bytes in 199 msecs (HTTP/1.1 200) 5 headers in 177 bytes (1 switches on core 0)
Nov 08 21:24:24 user devstack@keystone.service[46921]: DEBUG keystone.common.rbac_enforcer.enforcer [None req-81191bb7-23fb-40c7-ac50-f16dbdc32d12 admin admin] Extracting inferred target data resulted in "NOT FOUND (404)". {{(pid=46921) enforce_call /opt/stack/keystone/keystone/common/rbac_enforcer/enforcer.py:409}}
Nov 08 21:24:24 user devstack@keystone.service[46922]: DEBUG keystone.server.flask.request_processing.middleware.auth_context [None req-88606dd1-7f19-4b32-a846-156fa608207f admin admin] RBAC: auth_context: {'token': , 'domain_id': None, 'trust_id': None, 'trustor_id': None, 'trustee_id': None, 'domain_name': None, 'group_ids': [], 'user_id': '0702366bf2ee42369f5e64abfb9a6382', 'user_domain_id': 'default', 'system_scope': None, 'project_id': '595af569c4ed47aa9b06f30e79e17e76', 'project_domain_id': 'default', 'roles': ['admin', 'manager', 'member', 'reader'], 'is_admin_project': True, 'service_user_id': None, 'service_user_domain_id': None, 'service_project_id': None, 'service_project_domain_id': None, 'service_roles': []} {{(pid=46922) fill_context /opt/stack/keystone/keystone/server/flask/request_processing/middleware/auth_context.py:480}}
Nov 08 21:24:24 user devstack@keystone.service[46923]: DEBUG keystone.server.flask.request_processing.middleware.auth_context [None req-efee151c-1105-4d13-a072-6dceb52e89ab None admin] Authenticating user token {{(pid=46923) process_request /opt/stack/data/venv/lib/python3.10/site-packages/keystonemiddleware/auth_token/__init__.py:406}}
Nov 08 21:24:24 user devstack@keystone.service[46922]: DEBUG keystone.server.flask.request_processing.req_logging [None req-88606dd1-7f19-4b32-a846-156fa608207f admin admin] REQUEST_METHOD: `GET` {{(pid=46922) log_request_info /opt/stack/keystone/keystone/server/flask/request_processing/req_logging.py:27}}
Nov 08 21:24:24 user devstack@keystone.service[46922]: DEBUG keystone.server.flask.request_processing.req_logging [None req-88606dd1-7f19-4b32-a846-156fa608207f admin admin] SCRIPT_NAME: `/identity` {{(pid=46922) log_request_info /opt/stack/keystone/keystone/server/flask/request_processing/req_logging.py:28}}
Nov 08 21:24:24 user devstack@keystone.service[46921]: ERROR keystone.server.flask.application [None req-81191bb7-23fb-40c7-ac50-f16dbdc32d12 admin admin] Could not find role: admin.: keystone.exception.RoleNotFound: Could not find role: admin.
Nov 08 21:24:24 user devstack@keystone.service[46921]: ERROR keystone.server.flask.application
Traceback (most recent call last):
Nov 08 21:24:24 user devstack@keystone.service[46921]: ERROR keystone.server.flask.application
File "/opt/stack/data/venv/lib/python3.10/site-packages/flask/app.py", line 1823, in full_dispatch_request
Nov 08 21:24:24 user devstack@keystone.service[46921]: ERROR keystone.server.flask.application rv = self.dispatch_request()
Nov 08 21:24:24 user devstack@keystone.service[46921]: ERROR keystone.server.flask.application
File "/opt/stack/data/venv/lib/python3.10/site-packages/flask/app.py", line 1799, in dispatch_request
Nov 08 21:24:24 user devstack@keystone.service[46921]: ERROR keystone.server.flask.application return self.ensure_sync(self.view_functions[rule.endpoint])(**view_args)
Nov 08 21:24:24 user devstack@keystone.service[46921]: ERROR keystone.server.flask.application
File "/opt/stack/data/venv/lib/python3.10/site-packages/flask_restful/__init__.py", line 489, in wrapper
Nov 08 21:24:24 user devstack@keystone.service[46921]: ERROR keystone.server.flask.application resp = resource(*args, **kwargs)
Nov 08 21:24:24 user devstack@keystone.service[46921]: ERROR keystone.server.flask.application
File "/opt/stack/data/venv/lib/python3.10/site-packages/flask/views.py", line 107, in view
Nov 08 21:24:24 user devstack@keystone.service[46921]: ERROR keystone.server.flask.application return current_app.ensure_sync(self.dispatch_request)(**kwargs)
Nov 08 21:24:24 user devstack@keystone.service[46921]: ERROR keystone.server.flask.application
File "/opt/stack/data/venv/lib/python3.10/site-packages/flask_restful/__init__.py", line 604, in dispatch_request
Nov 08 21:24:24 user devstack@keystone.service[46921]: ERROR keystone.server.flask.application resp = meth(*args, **kwargs)
Nov 08 21:24:24 user devstack@keystone.service[46921]: ERROR keystone.server.flask.application
File "/opt/stack/keystone/keystone/api/roles.py", line 50, in get
Nov 08 21:24:24 user devstack@keystone.service[46921]: ERROR keystone.server.flask.application return self._get_role(role_id)
Nov 08 21:24:24 user devstack@keystone.service[46921]: ERROR keystone.server.flask.application
File "/opt/stack/keystone/keystone/api/roles.py", line 70, in _get_role
Nov 08 21:24:24 user devstack@keystone.service[46921]: ERROR keystone.server.flask.application ENFORCER.enforce_call(action='identity:get_role')
Nov 08 21:24:24 user devstack@keystone.service[46921]: ERROR keystone.server.flask.application
File "/opt/stack/keystone/keystone/common/rbac_enforcer/enforcer.py", line 402, in enforce_call
Nov 08 21:24:24 user devstack@keystone.service[46921]: ERROR keystone.server.flask.application policy_dict.update(cls._extract_member_target_data(
Nov 08 21:24:24 user devstack@keystone.service[46921]: ERROR keystone.server.flask.application
File "/opt/stack/keystone/keystone/common/rbac_enforcer/enforcer.py", line 234, in _extract_member_target_data
Nov 08 21:24:24 user devstack@keystone.service[46921]: ERROR keystone.server.flask.application member_name: func(flask.request.view_args[key])
Nov 08 21:24:24 user devstack@keystone.service[46921]: ERROR keystone.server.flask.application
File "/opt/stack/keystone/keystone/common/manager.py", line 115, in wrapped
Nov 08 21:24:24 user devstack@keystone.service[46921]: ERROR keystone.server.flask.application __ret_val = __f(*args, **kwargs)
Nov 08 21:24:24 user devstack@keystone.service[46921]: ERROR keystone.server.flask.application
File "/opt/stack/data/venv/lib/python3.10/site-packages/decorator.py", line 232, in fun
Nov 08 21:24:24 user devstack@keystone.service[46921]: ERROR keystone.server.flask.application return caller(func, *(extras + args), **kw)
Nov 08 21:24:24 user devstack@keystone.service[46921]: ERROR keystone.server.flask.application
File "/opt/stack/data/venv/lib/python3.10/site-packages/dogpile/cache/region.py", line 1594, in get_or_create_for_user_func
Nov 08 21:24:24 user devstack@keystone.service[46921]: ERROR keystone.server.flask.application return self.get_or_create(
Nov 08 21:24:24 user devstack@keystone.service[46921]: ERROR keystone.server.flask.application
File "/opt/stack/data/venv/lib/python3.10/site-packages/dogpile/cache/region.py", line 1054, in get_or_create
Nov 08 21:24:24 user devstack@keystone.service[46921]: ERROR keystone.server.flask.application with Lock(
Nov 08 21:24:24 user devstack@keystone.service[46921]: ERROR keystone.server.flask.application
File "/opt/stack/data/venv/lib/python3.10/site-packages/dogpile/lock.py", line 185, in __enter__
Nov 08 21:24:24 user devstack@keystone.service[46921]: ERROR keystone.server.flask.application return self._enter()
Nov 08 21:24:24 user devstack@keystone.service[46921]: ERROR keystone.server.flask.application
File "/opt/stack/data/venv/lib/python3.10/site-packages/dogpile/lock.py", line 94, in _enter
Nov 08 21:24:24 user devstack@keystone.service[46921]: ERROR keystone.server.flask.application generated = self._enter_create(value, createdtime)
Nov 08 21:24:24 user devstack@keystone.service[46921]: ERROR keystone.server.flask.application
File "/opt/stack/data/venv/lib/python3.10/site-packages/dogpile/lock.py", line 178, in _enter_create
Nov 08 21:24:24 user devstack@keystone.service[46921]: ERROR keystone.server.flask.application return self.creator()
Nov 08 21:24:24 user devstack@keystone.service[46921]: ERROR keystone.server.flask.application
File "/opt/stack/data/venv/lib/python3.10/site-packages/dogpile/cache/region.py", line 1007, in gen_value
Nov 08 21:24:24 user devstack@keystone.service[46921]: ERROR keystone.server.flask.application created_value = creator(
Nov 08 21:24:24 user devstack@keystone.service[46921]: ERROR keystone.server.flask.application
File "/opt/stack/keystone/keystone/assignment/core.py", line 1276, in get_role
Nov 08 21:24:24 user devstack@keystone.service[46921]: ERROR keystone.server.flask.application return self.driver.get_role(role_id)
Nov 08 21:24:24 user devstack@keystone.service[46921]: ERROR keystone.server.flask.application
File "/opt/stack/keystone/keystone/assignment/role_backends/sql.py", line 70, in get_role
Nov 08 21:24:24 user devstack@keystone.service[46921]: ERROR keystone.server.flask.application return self._get_role(session, role_id).to_dict()
Nov 08 21:24:24 user devstack@keystone.service[46921]: ERROR keystone.server.flask.application
File "/opt/stack/keystone/keystone/assignment/role_backends/sql.py", line 65, in _get_role
Nov 08 21:24:24 user devstack@keystone.service[46921]: ERROR keystone.server.flask.application raise exception.RoleNotFound(role_id=role_id)
Nov 08 21:24:24 user devstack@keystone.service[46921]: ERROR keystone.server.flask.application keystone.exception.RoleNotFound: Could not find role: admin.
Nov 08 21:24:24 user devstack@keystone.service[46921]: ERROR keystone.server.flask.application
Nov 08 21:24:24 user devstack@keystone.service[46922]: DEBUG keystone.server.flask.request_processing.req_logging [None req-88606dd1-7f19-4b32-a846-156fa608207f admin admin] PATH_INFO: `/v3/roles` {{(pid=46922) log_request_info /opt/stack/keystone/keystone/server/flask/request_processing/req_logging.py:29}}
Nov 08 21:24:24 user devstack@keystone.service[46922]: DEBUG keystone.common.rbac_enforcer.enforcer [None req-88606dd1-7f19-4b32-a846-156fa608207f admin admin] RBAC: Adding query filter params (name=anotherrole) {{(pid=46922) _extract_filter_values /opt/stack/keystone/keystone/common/rbac_enforcer/enforcer.py:167}}
Nov 08 21:24:24 user devstack@keystone.service[46922]: DEBUG keystone.common.rbac_enforcer.enforcer [None req-88606dd1-7f19-4b32-a846-156fa608207f admin admin] RBAC: Authorizing `identity:list_roles()` {{(pid=46922) enforce_call /opt/stack/keystone/keystone/common/rbac_enforcer/enforcer.py:449}}
Nov 08 21:24:24 user devstack@keystone.service[46921]: [pid: 46921|app: 0|req: 82/241] 10.0.0.210 () {56 vars in 1112 bytes} [Wed Nov 8 21:24:24 2023] GET /identity/v3/roles/admin => generated 83 bytes in 99 msecs (HTTP/1.1 404) 5 headers in 183 bytes (1 switches on core 0)
Nov 08 21:24:24 user devstack@keystone.service[46922]: WARNING py.warnings [None req-88606dd1-7f19-4b32-a846-156fa608207f admin admin] /opt/stack/data/venv/lib/python3.10/site-packages/oslo_policy/policy.py:1130: UserWarning: Policy "identity:list_roles": "role:reader and system_scope:all" failed scope check. The token used to make the request was project scoped but the policy requires ['system'] scope. This behavior may change in the future where using the intended scope is required
Nov 08 21:24:24 user devstack@keystone.service[46922]: warnings.warn(msg)
Nov 08 21:24:24 user devstack@keystone.service[46922]:
Nov 08 21:24:24 user devstack@keystone.service[46922]: DEBUG keystone.common.rbac_enforcer.enforcer [None req-88606dd1-7f19-4b32-a846-156fa608207f admin admin] RBAC: Authorization granted {{(pid=46922) enforce_call /opt/stack/keystone/keystone/common/rbac_enforcer/enforcer.py:457}}
Nov 08 21:24:24 user devstack@keystone.service[46921]: DEBUG keystone.server.flask.request_processing.middleware.auth_context [None req-81191bb7-23fb-40c7-ac50-f16dbdc32d12 admin admin] Authenticating user token {{(pid=46921) process_request /opt/stack/data/venv/lib/python3.10/site-packages/keystonemiddleware/auth_token/__init__.py:406}}
Nov 08 21:24:24 user devstack@keystone.service[46922]: [pid: 46922|app: 0|req: 86/242] 10.0.0.210 () {56 vars in 1127 bytes} [Wed Nov 8 21:24:24 2023] GET /identity/v3/roles?name=anotherrole => generated 332 bytes in 101 msecs (HTTP/1.1 200) 5 headers in 177 bytes (1 switches on core 0)
Nov 08 21:24:24 user devstack@keystone.service[46922]: DEBUG keystone.server.flask.request_processing.middleware.auth_context [None req-88606dd1-7f19-4b32-a846-156fa608207f admin admin] Authenticating user token {{(pid=46922) process_request /opt/stack/data/venv/lib/python3.10/site-packages/keystonemiddleware/auth_token/__init__.py:406}}
Nov 08 21:24:24 user devstack@keystone.service[46921]: DEBUG keystone.server.flask.request_processing.middleware.auth_context [None req-81191bb7-23fb-40c7-ac50-f16dbdc32d12 admin admin] Validating token access rules against request {{(pid=46921) validate_allowed_request /opt/stack/data/venv/lib/python3.10/site-packages/keystonemiddleware/auth_token/__init__.py:544}}
Nov 08 21:24:24 user devstack@keystone.service[46921]: DEBUG keystone.server.flask.request_processing.middleware.auth_context [None req-29246f02-86ce-4d63-9589-23266de29648 admin admin] RBAC: auth_context: {'token': , 'domain_id': None, 'trust_id': None, 'trustor_id': None, 'trustee_id': None, 'domain_name': None, 'group_ids': [], 'user_id': '0702366bf2ee42369f5e64abfb9a6382', 'user_domain_id': 'default', 'system_scope': None, 'project_id': '595af569c4ed47aa9b06f30e79e17e76', 'project_domain_id': 'default', 'roles': ['admin', 'manager', 'member', 'reader'], 'is_admin_project': True, 'service_user_id': None, 'service_user_domain_id': None, 'service_project_id': None, 'service_project_domain_id': None, 'service_roles': []} {{(pid=46921) fill_context /opt/stack/keystone/keystone/server/flask/request_processing/middleware/auth_context.py:480}}
Nov 08 21:24:24 user devstack@keystone.service[46921]: DEBUG keystone.server.flask.request_processing.req_logging [None req-29246f02-86ce-4d63-9589-23266de29648 admin admin] REQUEST_METHOD: `GET` {{(pid=46921) log_request_info /opt/stack/keystone/keystone/server/flask/request_processing/req_logging.py:27}}
Nov 08 21:24:24 user devstack@keystone.service[46921]: DEBUG keystone.server.flask.request_processing.req_logging [None req-29246f02-86ce-4d63-9589-23266de29648 admin admin] SCRIPT_NAME: `/identity` {{(pid=46921) log_request_info /opt/stack/keystone/keystone/server/flask/request_processing/req_logging.py:28}}
Nov 08 21:24:24 user devstack@keystone.service[46921]: DEBUG keystone.server.flask.request_processing.req_logging [None req-29246f02-86ce-4d63-9589-23266de29648 admin admin] PATH_INFO: `/v3/roles` {{(pid=46921) log_request_info /opt/stack/keystone/keystone/server/flask/request_processing/req_logging.py:29}}
Nov 08 21:24:24 user devstack@keystone.service[46921]: DEBUG keystone.common.rbac_enforcer.enforcer [None req-29246f02-86ce-4d63-9589-23266de29648 admin admin] RBAC: Adding query filter params (name=admin) {{(pid=46921) _extract_filter_values /opt/stack/keystone/keystone/common/rbac_enforcer/enforcer.py:167}}
Nov 08 21:24:24 user devstack@keystone.service[46921]: DEBUG keystone.common.rbac_enforcer.enforcer [None req-29246f02-86ce-4d63-9589-23266de29648 admin admin] RBAC: Authorizing `identity:list_roles()` {{(pid=46921) enforce_call /opt/stack/keystone/keystone/common/rbac_enforcer/enforcer.py:449}}
Nov 08 21:24:24 user devstack@keystone.service[46921]: DEBUG keystone.common.rbac_enforcer.enforcer [None req-29246f02-86ce-4d63-9589-23266de29648 admin admin] RBAC: Authorization granted {{(pid=46921) enforce_call /opt/stack/keystone/keystone/common/rbac_enforcer/enforcer.py:457}}
Nov 08 21:24:24 user devstack@keystone.service[46922]: DEBUG keystone.server.flask.request_processing.middleware.auth_context [None req-88606dd1-7f19-4b32-a846-156fa608207f admin admin] Validating token access rules against request {{(pid=46922) validate_allowed_request /opt/stack/data/venv/lib/python3.10/site-packages/keystonemiddleware/auth_token/__init__.py:544}}
Nov 08 21:24:24 user devstack@keystone.service[46922]: DEBUG keystone.server.flask.request_processing.middleware.auth_context [None req-6c57ef66-9914-492a-abd7-51c82eec4a93 admin admin] RBAC: auth_context: {'token': , 'domain_id': None, 'trust_id': None, 'trustor_id': None, 'trustee_id': None, 'domain_name': None, 'group_ids': [], 'user_id': '0702366bf2ee42369f5e64abfb9a6382', 'user_domain_id': 'default', 'system_scope': None, 'project_id': '595af569c4ed47aa9b06f30e79e17e76', 'project_domain_id': 'default', 'roles': ['admin', 'manager', 'member', 'reader'], 'is_admin_project': True, 'service_user_id': None, 'service_user_domain_id': None, 'service_project_id': None, 'service_project_domain_id': None, 'service_roles': []} {{(pid=46922) fill_context /opt/stack/keystone/keystone/server/flask/request_processing/middleware/auth_context.py:480}}
Nov 08 21:24:24 user devstack@keystone.service[46922]: DEBUG keystone.server.flask.request_processing.req_logging [None req-6c57ef66-9914-492a-abd7-51c82eec4a93 admin admin] REQUEST_METHOD: `GET` {{(pid=46922) log_request_info /opt/stack/keystone/keystone/server/flask/request_processing/req_logging.py:27}}
Nov 08 21:24:24 user devstack@keystone.service[46922]: DEBUG keystone.server.flask.request_processing.req_logging [None req-6c57ef66-9914-492a-abd7-51c82eec4a93 admin admin] SCRIPT_NAME: `/identity` {{(pid=46922) log_request_info /opt/stack/keystone/keystone/server/flask/request_processing/req_logging.py:28}}
Nov 08 21:24:24 user devstack@keystone.service[46922]: DEBUG keystone.server.flask.request_processing.req_logging [None req-6c57ef66-9914-492a-abd7-51c82eec4a93 admin admin] PATH_INFO: `/v3/groups/680faf9a6d1b4679bf3a038d2374418b` {{(pid=46922) log_request_info /opt/stack/keystone/keystone/server/flask/request_processing/req_logging.py:29}}
Nov 08 21:24:24 user devstack@keystone.service[46922]: DEBUG keystone.common.rbac_enforcer.enforcer [None req-6c57ef66-9914-492a-abd7-51c82eec4a93 admin admin] RBAC: Authorizing `identity:get_group(group_id=680faf9a6d1b4679bf3a038d2374418b)` {{(pid=46922) enforce_call /opt/stack/keystone/keystone/common/rbac_enforcer/enforcer.py:449}}
Nov 08 21:24:24 user devstack@keystone.service[46921]: [pid: 46921|app: 0|req: 83/243] 10.0.0.210 () {56 vars in 1115 bytes} [Wed Nov 8 21:24:24 2023] GET /identity/v3/roles?name=admin => generated 337 bytes in 30 msecs (HTTP/1.1 200) 5 headers in 177 bytes (1 switches on core 0)
Nov 08 21:24:24 user devstack@keystone.service[46922]: DEBUG keystone.common.rbac_enforcer.enforcer [None req-6c57ef66-9914-492a-abd7-51c82eec4a93 admin admin] RBAC: Authorization granted {{(pid=46922) enforce_call /opt/stack/keystone/keystone/common/rbac_enforcer/enforcer.py:457}}
Nov 08 21:24:24 user devstack@keystone.service[46922]: [pid: 46922|app: 0|req: 87/244] 10.0.0.210 () {56 vars in 1196 bytes} [Wed Nov 8 21:24:24 2023] GET /identity/v3/groups/680faf9a6d1b4679bf3a038d2374418b => generated 225 bytes in 23 msecs (HTTP/1.1 200) 5 headers in 177 bytes (2 switches on core 0)
Nov 08 21:24:24 user devstack@keystone.service[46921]: DEBUG keystone.server.flask.request_processing.middleware.auth_context [None req-29246f02-86ce-4d63-9589-23266de29648 admin admin] Authenticating user token {{(pid=46921) process_request /opt/stack/data/venv/lib/python3.10/site-packages/keystonemiddleware/auth_token/__init__.py:406}}
Nov 08 21:24:24 user devstack@keystone.service[46922]: DEBUG keystone.server.flask.request_processing.middleware.auth_context [None req-6c57ef66-9914-492a-abd7-51c82eec4a93 admin admin] Authenticating user token {{(pid=46922) process_request /opt/stack/data/venv/lib/python3.10/site-packages/keystonemiddleware/auth_token/__init__.py:406}}
Nov 08 21:24:24 user devstack@keystone.service[46921]: DEBUG keystone.server.flask.request_processing.middleware.auth_context [None req-29246f02-86ce-4d63-9589-23266de29648 admin admin] Validating token access rules against request {{(pid=46921) validate_allowed_request /opt/stack/data/venv/lib/python3.10/site-packages/keystonemiddleware/auth_token/__init__.py:544}}
Nov 08 21:24:24 user devstack@keystone.service[46922]: DEBUG keystone.server.flask.request_processing.middleware.auth_context [None req-6c57ef66-9914-492a-abd7-51c82eec4a93 admin admin] Validating token access rules against request {{(pid=46922) validate_allowed_request /opt/stack/data/venv/lib/python3.10/site-packages/keystonemiddleware/auth_token/__init__.py:544}}
Nov 08 21:24:24 user devstack@keystone.service[46921]: DEBUG keystone.server.flask.request_processing.middleware.auth_context [None req-2bc5a389-31b7-4eac-b9ae-5d960eeef3c1 admin admin] RBAC: auth_context: {'token': , 'domain_id': None, 'trust_id': None, 'trustor_id': None, 'trustee_id': None, 'domain_name': None, 'group_ids': [], 'user_id': '0702366bf2ee42369f5e64abfb9a6382', 'user_domain_id': 'default', 'system_scope': None, 'project_id': '595af569c4ed47aa9b06f30e79e17e76', 'project_domain_id': 'default', 'roles': ['admin', 'manager', 'member', 'reader'], 'is_admin_project': True, 'service_user_id': None, 'service_user_domain_id': None, 'service_project_id': None, 'service_project_domain_id': None, 'service_roles': []} {{(pid=46921) fill_context /opt/stack/keystone/keystone/server/flask/request_processing/middleware/auth_context.py:480}}
Nov 08 21:24:24 user devstack@keystone.service[46922]: DEBUG keystone.server.flask.request_processing.middleware.auth_context [None req-561c0a18-5bb3-4f5f-932f-1063f5a17615 admin admin] RBAC: auth_context: {'token': , 'domain_id': None, 'trust_id': None, 'trustor_id': None, 'trustee_id': None, 'domain_name': None, 'group_ids': [], 'user_id': '0702366bf2ee42369f5e64abfb9a6382', 'user_domain_id': 'default', 'system_scope': None, 'project_id': '595af569c4ed47aa9b06f30e79e17e76', 'project_domain_id': 'default', 'roles': ['admin', 'manager', 'member', 'reader'], 'is_admin_project': True, 'service_user_id': None, 'service_user_domain_id': None, 'service_project_id': None, 'service_project_domain_id': None, 'service_roles': []} {{(pid=46922) fill_context /opt/stack/keystone/keystone/server/flask/request_processing/middleware/auth_context.py:480}}
Nov 08 21:24:24 user devstack@keystone.service[46921]: DEBUG keystone.server.flask.request_processing.req_logging [None req-2bc5a389-31b7-4eac-b9ae-5d960eeef3c1 admin admin] REQUEST_METHOD: `GET` {{(pid=46921) log_request_info /opt/stack/keystone/keystone/server/flask/request_processing/req_logging.py:27}}
Nov 08 21:24:24 user devstack@keystone.service[46922]: DEBUG keystone.server.flask.request_processing.req_logging [None req-561c0a18-5bb3-4f5f-932f-1063f5a17615 admin admin] REQUEST_METHOD: `GET` {{(pid=46922) log_request_info /opt/stack/keystone/keystone/server/flask/request_processing/req_logging.py:27}}
Nov 08 21:24:24 user devstack@keystone.service[46921]: DEBUG keystone.server.flask.request_processing.req_logging [None req-2bc5a389-31b7-4eac-b9ae-5d960eeef3c1 admin admin] SCRIPT_NAME: `/identity` {{(pid=46921) log_request_info /opt/stack/keystone/keystone/server/flask/request_processing/req_logging.py:28}}
Nov 08 21:24:24 user devstack@keystone.service[46922]: DEBUG keystone.server.flask.request_processing.req_logging [None req-561c0a18-5bb3-4f5f-932f-1063f5a17615 admin admin] SCRIPT_NAME: `/identity` {{(pid=46922) log_request_info /opt/stack/keystone/keystone/server/flask/request_processing/req_logging.py:28}}
Nov 08 21:24:24 user devstack@keystone.service[46921]: DEBUG keystone.server.flask.request_processing.req_logging [None req-2bc5a389-31b7-4eac-b9ae-5d960eeef3c1 admin admin] PATH_INFO: `/v3/groups/4997acc0db47464b9abe5a2d64e655b2` {{(pid=46921) log_request_info /opt/stack/keystone/keystone/server/flask/request_processing/req_logging.py:29}}
Nov 08 21:24:24 user devstack@keystone.service[46922]: DEBUG keystone.server.flask.request_processing.req_logging [None req-561c0a18-5bb3-4f5f-932f-1063f5a17615 admin admin] PATH_INFO: `/v3/projects/21252011db1f41d39a458252ee311e3e` {{(pid=46922) log_request_info /opt/stack/keystone/keystone/server/flask/request_processing/req_logging.py:29}}
Nov 08 21:24:24 user devstack@keystone.service[46922]: DEBUG keystone.common.rbac_enforcer.enforcer [None req-561c0a18-5bb3-4f5f-932f-1063f5a17615 admin admin] RBAC: Authorizing `identity:get_project(project_id=21252011db1f41d39a458252ee311e3e)` {{(pid=46922) enforce_call /opt/stack/keystone/keystone/common/rbac_enforcer/enforcer.py:449}}
Nov 08 21:24:24 user devstack@keystone.service[46922]: DEBUG keystone.common.rbac_enforcer.enforcer [None req-561c0a18-5bb3-4f5f-932f-1063f5a17615 admin admin] RBAC: Authorization granted {{(pid=46922) enforce_call /opt/stack/keystone/keystone/common/rbac_enforcer/enforcer.py:457}}
Nov 08 21:24:24 user devstack@keystone.service[46922]: [pid: 46922|app: 0|req: 88/245] 10.0.0.210 () {56 vars in 1202 bytes} [Wed Nov 8 21:24:24 2023] GET /identity/v3/projects/21252011db1f41d39a458252ee311e3e => generated 301 bytes in 22 msecs (HTTP/1.1 200) 5 headers in 177 bytes (1 switches on core 0)
Nov 08 21:24:24 user devstack@keystone.service[46922]: DEBUG keystone.server.flask.request_processing.middleware.auth_context [None req-561c0a18-5bb3-4f5f-932f-1063f5a17615 admin admin] Authenticating user token {{(pid=46922) process_request /opt/stack/data/venv/lib/python3.10/site-packages/keystonemiddleware/auth_token/__init__.py:406}}
Nov 08 21:24:24 user devstack@keystone.service[46921]: DEBUG keystone.common.rbac_enforcer.enforcer [None req-2bc5a389-31b7-4eac-b9ae-5d960eeef3c1 admin admin] RBAC: Authorizing `identity:get_group(group_id=4997acc0db47464b9abe5a2d64e655b2)` {{(pid=46921) enforce_call /opt/stack/keystone/keystone/common/rbac_enforcer/enforcer.py:449}}
Nov 08 21:24:24 user devstack@keystone.service[46921]: WARNING py.warnings [None req-2bc5a389-31b7-4eac-b9ae-5d960eeef3c1 admin admin] /opt/stack/data/venv/lib/python3.10/site-packages/oslo_policy/policy.py:1130: UserWarning: Policy "identity:get_group": "(role:reader and system_scope:all) or (role:reader and domain_id:%(target.group.domain_id)s)" failed scope check. The token used to make the request was project scoped but the policy requires ['system', 'domain'] scope. This behavior may change in the future where using the intended scope is required
Nov 08 21:24:24 user devstack@keystone.service[46921]: warnings.warn(msg)
Nov 08 21:24:24 user devstack@keystone.service[46921]:
Nov 08 21:24:24 user devstack@keystone.service[46921]: DEBUG keystone.common.rbac_enforcer.enforcer [None req-2bc5a389-31b7-4eac-b9ae-5d960eeef3c1 admin admin] RBAC: Authorization granted {{(pid=46921) enforce_call /opt/stack/keystone/keystone/common/rbac_enforcer/enforcer.py:457}}
Nov 08 21:24:24 user devstack@keystone.service[46921]: [pid: 46921|app: 0|req: 84/246] 10.0.0.210 () {56 vars in 1196 bytes} [Wed Nov 8 21:24:24 2023] GET /identity/v3/groups/4997acc0db47464b9abe5a2d64e655b2 => generated 228 bytes in 33 msecs (HTTP/1.1 200) 5 headers in 177 bytes (1 switches on core 0)
Nov 08 21:24:24 user devstack@keystone.service[46921]: DEBUG keystone.server.flask.request_processing.middleware.auth_context [None req-2bc5a389-31b7-4eac-b9ae-5d960eeef3c1 admin admin] Authenticating user token {{(pid=46921) process_request /opt/stack/data/venv/lib/python3.10/site-packages/keystonemiddleware/auth_token/__init__.py:406}}
Nov 08 21:24:24 user devstack@keystone.service[46922]: DEBUG keystone.server.flask.request_processing.middleware.auth_context [None req-561c0a18-5bb3-4f5f-932f-1063f5a17615 admin admin] Validating token access rules against request {{(pid=46922) validate_allowed_request /opt/stack/data/venv/lib/python3.10/site-packages/keystonemiddleware/auth_token/__init__.py:544}}
Nov 08 21:24:24 user devstack@keystone.service[46922]: DEBUG keystone.server.flask.request_processing.middleware.auth_context [None req-5d4f2577-3a74-4ea2-bcae-6a3e94b1f544 admin admin] RBAC: auth_context: {'token': , 'domain_id': None, 'trust_id': None, 'trustor_id': None, 'trustee_id': None, 'domain_name': None, 'group_ids': [], 'user_id': '0702366bf2ee42369f5e64abfb9a6382', 'user_domain_id': 'default', 'system_scope': None, 'project_id': '595af569c4ed47aa9b06f30e79e17e76', 'project_domain_id': 'default', 'roles': ['admin', 'manager', 'member', 'reader'], 'is_admin_project': True, 'service_user_id': None, 'service_user_domain_id': None, 'service_project_id': None, 'service_project_domain_id': None, 'service_roles': []} {{(pid=46922) fill_context /opt/stack/keystone/keystone/server/flask/request_processing/middleware/auth_context.py:480}}
Nov 08 21:24:24 user devstack@keystone.service[46922]: DEBUG keystone.server.flask.request_processing.req_logging [None req-5d4f2577-3a74-4ea2-bcae-6a3e94b1f544 admin admin] REQUEST_METHOD: `PUT` {{(pid=46922) log_request_info /opt/stack/keystone/keystone/server/flask/request_processing/req_logging.py:27}}
Nov 08 21:24:24 user devstack@keystone.service[46922]: DEBUG keystone.server.flask.request_processing.req_logging [None req-5d4f2577-3a74-4ea2-bcae-6a3e94b1f544 admin admin] SCRIPT_NAME: `/identity` {{(pid=46922) log_request_info /opt/stack/keystone/keystone/server/flask/request_processing/req_logging.py:28}}
Nov 08 21:24:24 user devstack@keystone.service[46922]: DEBUG keystone.server.flask.request_processing.req_logging [None req-5d4f2577-3a74-4ea2-bcae-6a3e94b1f544 admin admin] PATH_INFO: `/v3/projects/21252011db1f41d39a458252ee311e3e/groups/680faf9a6d1b4679bf3a038d2374418b/roles/8062221c556e4d1c9c1cc20b79f288cf` {{(pid=46922) log_request_info /opt/stack/keystone/keystone/server/flask/request_processing/req_logging.py:29}}
Nov 08 21:24:24 user devstack@keystone.service[46922]: DEBUG keystone.common.rbac_enforcer.enforcer [None req-5d4f2577-3a74-4ea2-bcae-6a3e94b1f544 admin admin] RBAC: Authorizing `identity:create_grant(project_id=21252011db1f41d39a458252ee311e3e, group_id=680faf9a6d1b4679bf3a038d2374418b, role_id=8062221c556e4d1c9c1cc20b79f288cf)` {{(pid=46922) enforce_call /opt/stack/keystone/keystone/common/rbac_enforcer/enforcer.py:449}}
Nov 08 21:24:24 user devstack@keystone.service[46921]: DEBUG keystone.server.flask.request_processing.middleware.auth_context [None req-2bc5a389-31b7-4eac-b9ae-5d960eeef3c1 admin admin] Validating token access rules against request {{(pid=46921) validate_allowed_request /opt/stack/data/venv/lib/python3.10/site-packages/keystonemiddleware/auth_token/__init__.py:544}}
Nov 08 21:24:24 user devstack@keystone.service[46922]: DEBUG keystone.common.rbac_enforcer.enforcer [None req-5d4f2577-3a74-4ea2-bcae-6a3e94b1f544 admin admin] RBAC: Authorization granted {{(pid=46922) enforce_call /opt/stack/keystone/keystone/common/rbac_enforcer/enforcer.py:457}}
Nov 08 21:24:24 user devstack@keystone.service[46921]: DEBUG keystone.server.flask.request_processing.middleware.auth_context [None req-068b99e7-3f62-4aef-8c81-0b0287236810 admin admin] RBAC: auth_context: {'token': , 'domain_id': None, 'trust_id': None, 'trustor_id': None, 'trustee_id': None, 'domain_name': None, 'group_ids': [], 'user_id': '0702366bf2ee42369f5e64abfb9a6382', 'user_domain_id': 'default', 'system_scope': None, 'project_id': '595af569c4ed47aa9b06f30e79e17e76', 'project_domain_id': 'default', 'roles': ['admin', 'manager', 'member', 'reader'], 'is_admin_project': True, 'service_user_id': None, 'service_user_domain_id': None, 'service_project_id': None, 'service_project_domain_id': None, 'service_roles': []} {{(pid=46921) fill_context /opt/stack/keystone/keystone/server/flask/request_processing/middleware/auth_context.py:480}}
Nov 08 21:24:24 user devstack@keystone.service[46921]: DEBUG keystone.server.flask.request_processing.req_logging [None req-068b99e7-3f62-4aef-8c81-0b0287236810 admin admin] REQUEST_METHOD: `GET` {{(pid=46921) log_request_info /opt/stack/keystone/keystone/server/flask/request_processing/req_logging.py:27}}
Nov 08 21:24:24 user devstack@keystone.service[46921]: DEBUG keystone.server.flask.request_processing.req_logging [None req-068b99e7-3f62-4aef-8c81-0b0287236810 admin admin] SCRIPT_NAME: `/identity` {{(pid=46921) log_request_info /opt/stack/keystone/keystone/server/flask/request_processing/req_logging.py:28}}
Nov 08 21:24:24 user devstack@keystone.service[46921]: DEBUG keystone.server.flask.request_processing.req_logging [None req-068b99e7-3f62-4aef-8c81-0b0287236810 admin admin] PATH_INFO: `/v3/projects/595af569c4ed47aa9b06f30e79e17e76` {{(pid=46921) log_request_info /opt/stack/keystone/keystone/server/flask/request_processing/req_logging.py:29}}
Nov 08 21:24:24 user devstack@keystone.service[46921]: DEBUG keystone.common.rbac_enforcer.enforcer [None req-068b99e7-3f62-4aef-8c81-0b0287236810 admin admin] RBAC: Authorizing `identity:get_project(project_id=595af569c4ed47aa9b06f30e79e17e76)` {{(pid=46921) enforce_call /opt/stack/keystone/keystone/common/rbac_enforcer/enforcer.py:449}}
Nov 08 21:24:24 user devstack@keystone.service[46921]: DEBUG keystone.common.rbac_enforcer.enforcer [None req-068b99e7-3f62-4aef-8c81-0b0287236810 admin admin] RBAC: Authorization granted {{(pid=46921) enforce_call /opt/stack/keystone/keystone/common/rbac_enforcer/enforcer.py:457}}
Nov 08 21:24:24 user devstack@keystone.service[46921]: [pid: 46921|app: 0|req: 85/247] 10.0.0.210 () {56 vars in 1202 bytes} [Wed Nov 8 21:24:24 2023] GET /identity/v3/projects/595af569c4ed47aa9b06f30e79e17e76 => generated 343 bytes in 23 msecs (HTTP/1.1 200) 5 headers in 177 bytes (1 switches on core 0)
Nov 08 21:24:24 user devstack@keystone.service[46922]: [pid: 46922|app: 0|req: 89/248] 10.0.0.210 () {58 vars in 1458 bytes} [Wed Nov 8 21:24:24 2023] PUT /identity/v3/projects/21252011db1f41d39a458252ee311e3e/groups/680faf9a6d1b4679bf3a038d2374418b/roles/8062221c556e4d1c9c1cc20b79f288cf => generated 0 bytes in 35 msecs (HTTP/1.1 204) 3 headers in 132 bytes (0 switches on core 0)
Nov 08 21:24:24 user devstack@keystone.service[46921]: DEBUG keystone.server.flask.request_processing.middleware.auth_context [None req-068b99e7-3f62-4aef-8c81-0b0287236810 admin admin] Authenticating user token {{(pid=46921) process_request /opt/stack/data/venv/lib/python3.10/site-packages/keystonemiddleware/auth_token/__init__.py:406}}
Nov 08 21:24:24 user devstack@keystone.service[46923]: DEBUG keystone.server.flask.request_processing.middleware.auth_context [None req-efee151c-1105-4d13-a072-6dceb52e89ab None admin] Validating token access rules against request {{(pid=46923) validate_allowed_request /opt/stack/data/venv/lib/python3.10/site-packages/keystonemiddleware/auth_token/__init__.py:544}}
Nov 08 21:24:25 user devstack@keystone.service[46921]: DEBUG keystone.server.flask.request_processing.middleware.auth_context [None req-068b99e7-3f62-4aef-8c81-0b0287236810 admin admin] Validating token access rules against request {{(pid=46921) validate_allowed_request /opt/stack/data/venv/lib/python3.10/site-packages/keystonemiddleware/auth_token/__init__.py:544}}
Nov 08 21:24:25 user devstack@keystone.service[46923]: DEBUG keystone.server.flask.request_processing.middleware.auth_context [None req-732e4398-3ab7-415c-b723-8b24ae2ff57f None admin] RBAC: auth_context: {'token': , 'domain_id': None, 'trust_id': None, 'trustor_id': None, 'trustee_id': None, 'domain_name': None, 'group_ids': [], 'user_id': '0702366bf2ee42369f5e64abfb9a6382', 'user_domain_id': 'default', 'system_scope': 'all', 'project_id': None, 'project_domain_id': None, 'roles': ['admin', 'manager', 'member', 'reader'], 'is_admin_project': True, 'service_user_id': None, 'service_user_domain_id': None, 'service_project_id': None, 'service_project_domain_id': None, 'service_roles': []} {{(pid=46923) fill_context /opt/stack/keystone/keystone/server/flask/request_processing/middleware/auth_context.py:480}}
Nov 08 21:24:25 user devstack@keystone.service[46923]: DEBUG keystone.server.flask.request_processing.req_logging [None req-732e4398-3ab7-415c-b723-8b24ae2ff57f None admin] REQUEST_METHOD: `GET` {{(pid=46923) log_request_info /opt/stack/keystone/keystone/server/flask/request_processing/req_logging.py:27}}
Nov 08 21:24:25 user devstack@keystone.service[46923]: DEBUG keystone.server.flask.request_processing.req_logging [None req-732e4398-3ab7-415c-b723-8b24ae2ff57f None admin] SCRIPT_NAME: `/identity` {{(pid=46923) log_request_info /opt/stack/keystone/keystone/server/flask/request_processing/req_logging.py:28}}
Nov 08 21:24:25 user devstack@keystone.service[46923]: DEBUG keystone.server.flask.request_processing.req_logging [None req-732e4398-3ab7-415c-b723-8b24ae2ff57f None admin] PATH_INFO: `/v3/users/29ccdcc58dff427c9e36c0fcd765f1c2` {{(pid=46923) log_request_info /opt/stack/keystone/keystone/server/flask/request_processing/req_logging.py:29}}
Nov 08 21:24:25 user devstack@keystone.service[46923]: DEBUG keystone.common.rbac_enforcer.enforcer [None req-732e4398-3ab7-415c-b723-8b24ae2ff57f None admin] RBAC: Authorizing `identity:get_user(user_id=29ccdcc58dff427c9e36c0fcd765f1c2)` {{(pid=46923) enforce_call /opt/stack/keystone/keystone/common/rbac_enforcer/enforcer.py:449}}
Nov 08 21:24:25 user devstack@keystone.service[46923]: DEBUG keystone.common.rbac_enforcer.enforcer [None req-732e4398-3ab7-415c-b723-8b24ae2ff57f None admin] RBAC: Authorization granted {{(pid=46923) enforce_call /opt/stack/keystone/keystone/common/rbac_enforcer/enforcer.py:457}}
Nov 08 21:24:25 user devstack@keystone.service[46923]: [pid: 46923|app: 0|req: 75/249] 10.0.0.210 () {56 vars in 1172 bytes} [Wed Nov 8 21:24:24 2023] GET /identity/v3/users/29ccdcc58dff427c9e36c0fcd765f1c2 => generated 292 bytes in 183 msecs (HTTP/1.1 200) 5 headers in 177 bytes (2 switches on core 0)
Nov 08 21:24:25 user devstack@keystone.service[46922]: DEBUG keystone.server.flask.request_processing.middleware.auth_context [None req-5d4f2577-3a74-4ea2-bcae-6a3e94b1f544 admin admin] Authenticating user token {{(pid=46922) process_request /opt/stack/data/venv/lib/python3.10/site-packages/keystonemiddleware/auth_token/__init__.py:406}}
Nov 08 21:24:25 user devstack@keystone.service[46921]: DEBUG keystone.server.flask.request_processing.middleware.auth_context [None req-2b14fd05-6b20-4b6f-9935-936bcf201bee admin admin] RBAC: auth_context: {'token': , 'domain_id': None, 'trust_id': None, 'trustor_id': None, 'trustee_id': None, 'domain_name': None, 'group_ids': [], 'user_id': '0702366bf2ee42369f5e64abfb9a6382', 'user_domain_id': 'default', 'system_scope': None, 'project_id': '595af569c4ed47aa9b06f30e79e17e76', 'project_domain_id': 'default', 'roles': ['admin', 'manager', 'member', 'reader'], 'is_admin_project': True, 'service_user_id': None, 'service_user_domain_id': None, 'service_project_id': None, 'service_project_domain_id': None, 'service_roles': []} {{(pid=46921) fill_context /opt/stack/keystone/keystone/server/flask/request_processing/middleware/auth_context.py:480}}
Nov 08 21:24:25 user devstack@keystone.service[46921]: DEBUG keystone.server.flask.request_processing.req_logging [None req-2b14fd05-6b20-4b6f-9935-936bcf201bee admin admin] REQUEST_METHOD: `PUT` {{(pid=46921) log_request_info /opt/stack/keystone/keystone/server/flask/request_processing/req_logging.py:27}}
Nov 08 21:24:25 user devstack@keystone.service[46921]: DEBUG keystone.server.flask.request_processing.req_logging [None req-2b14fd05-6b20-4b6f-9935-936bcf201bee admin admin] SCRIPT_NAME: `/identity` {{(pid=46921) log_request_info /opt/stack/keystone/keystone/server/flask/request_processing/req_logging.py:28}}
Nov 08 21:24:25 user devstack@keystone.service[46921]: DEBUG keystone.server.flask.request_processing.req_logging [None req-2b14fd05-6b20-4b6f-9935-936bcf201bee admin admin] PATH_INFO: `/v3/projects/595af569c4ed47aa9b06f30e79e17e76/groups/4997acc0db47464b9abe5a2d64e655b2/roles/92132448a17a48a68686a2cc34ac7d39` {{(pid=46921) log_request_info /opt/stack/keystone/keystone/server/flask/request_processing/req_logging.py:29}}
Nov 08 21:24:25 user devstack@keystone.service[46921]: DEBUG keystone.common.rbac_enforcer.enforcer [None req-2b14fd05-6b20-4b6f-9935-936bcf201bee admin admin] RBAC: Authorizing `identity:create_grant(project_id=595af569c4ed47aa9b06f30e79e17e76, group_id=4997acc0db47464b9abe5a2d64e655b2, role_id=92132448a17a48a68686a2cc34ac7d39)` {{(pid=46921) enforce_call /opt/stack/keystone/keystone/common/rbac_enforcer/enforcer.py:449}}
Nov 08 21:24:25 user devstack@keystone.service[46921]: DEBUG keystone.common.rbac_enforcer.enforcer [None req-2b14fd05-6b20-4b6f-9935-936bcf201bee admin admin] RBAC: Authorization granted {{(pid=46921) enforce_call /opt/stack/keystone/keystone/common/rbac_enforcer/enforcer.py:457}}
Nov 08 21:24:25 user devstack@keystone.service[46921]: [pid: 46921|app: 0|req: 86/250] 10.0.0.210 () {58 vars in 1458 bytes} [Wed Nov 8 21:24:24 2023] PUT /identity/v3/projects/595af569c4ed47aa9b06f30e79e17e76/groups/4997acc0db47464b9abe5a2d64e655b2/roles/92132448a17a48a68686a2cc34ac7d39 => generated 0 bytes in 118 msecs (HTTP/1.1 204) 3 headers in 132 bytes (0 switches on core 0)
Nov 08 21:24:25 user devstack@keystone.service[46922]: DEBUG keystone.server.flask.request_processing.middleware.auth_context [None req-5d4f2577-3a74-4ea2-bcae-6a3e94b1f544 admin admin] Validating token access rules against request {{(pid=46922) validate_allowed_request /opt/stack/data/venv/lib/python3.10/site-packages/keystonemiddleware/auth_token/__init__.py:544}}
Nov 08 21:24:25 user devstack@keystone.service[46922]: DEBUG keystone.server.flask.request_processing.middleware.auth_context [None req-512418fb-474a-44cb-95f7-8b4e5485867c None admin] RBAC: auth_context: {'token': , 'domain_id': None, 'trust_id': None, 'trustor_id': None, 'trustee_id': None, 'domain_name': None, 'group_ids': [], 'user_id': '0702366bf2ee42369f5e64abfb9a6382', 'user_domain_id': 'default', 'system_scope': 'all', 'project_id': None, 'project_domain_id': None, 'roles': ['admin', 'manager', 'member', 'reader'], 'is_admin_project': True, 'service_user_id': None, 'service_user_domain_id': None, 'service_project_id': None, 'service_project_domain_id': None, 'service_roles': []} {{(pid=46922) fill_context /opt/stack/keystone/keystone/server/flask/request_processing/middleware/auth_context.py:480}}
Nov 08 21:24:25 user devstack@keystone.service[46922]: DEBUG keystone.server.flask.request_processing.req_logging [None req-512418fb-474a-44cb-95f7-8b4e5485867c None admin] REQUEST_METHOD: `GET` {{(pid=46922) log_request_info /opt/stack/keystone/keystone/server/flask/request_processing/req_logging.py:27}}
Nov 08 21:24:25 user devstack@keystone.service[46922]: DEBUG keystone.server.flask.request_processing.req_logging [None req-512418fb-474a-44cb-95f7-8b4e5485867c None admin] SCRIPT_NAME: `/identity` {{(pid=46922) log_request_info /opt/stack/keystone/keystone/server/flask/request_processing/req_logging.py:28}}
Nov 08 21:24:25 user devstack@keystone.service[46922]: DEBUG keystone.server.flask.request_processing.req_logging [None req-512418fb-474a-44cb-95f7-8b4e5485867c None admin] PATH_INFO: `/v3/role_assignments` {{(pid=46922) log_request_info /opt/stack/keystone/keystone/server/flask/request_processing/req_logging.py:29}}
Nov 08 21:24:25 user devstack@keystone.service[46922]: DEBUG keystone.common.rbac_enforcer.enforcer [None req-512418fb-474a-44cb-95f7-8b4e5485867c None admin] RBAC: Adding query filter params (role.id=c6209d7ed3d54319b484c16b2f3b70db, user.id=29ccdcc58dff427c9e36c0fcd765f1c2, scope.system=all) {{(pid=46922) _extract_filter_values /opt/stack/keystone/keystone/common/rbac_enforcer/enforcer.py:167}}
Nov 08 21:24:25 user devstack@keystone.service[46922]: DEBUG keystone.common.rbac_enforcer.enforcer [None req-512418fb-474a-44cb-95f7-8b4e5485867c None admin] RBAC: Authorizing `identity:list_role_assignments()` {{(pid=46922) enforce_call /opt/stack/keystone/keystone/common/rbac_enforcer/enforcer.py:449}}
Nov 08 21:24:25 user devstack@keystone.service[46922]: DEBUG keystone.common.rbac_enforcer.enforcer [None req-512418fb-474a-44cb-95f7-8b4e5485867c None admin] RBAC: Authorization granted {{(pid=46922) enforce_call /opt/stack/keystone/keystone/common/rbac_enforcer/enforcer.py:457}}
Nov 08 21:24:25 user devstack@keystone.service[46922]: [pid: 46922|app: 0|req: 90/251] 10.0.0.210 () {56 vars in 1303 bytes} [Wed Nov 8 21:24:25 2023] GET /identity/v3/role_assignments?user.id=29ccdcc58dff427c9e36c0fcd765f1c2&scope.system=all&role.id=c6209d7ed3d54319b484c16b2f3b70db => generated 508 bytes in 192 msecs (HTTP/1.1 200) 5 headers in 177 bytes (1 switches on core 0)
Nov 08 21:24:26 user devstack@keystone.service[46923]: DEBUG keystone.server.flask.request_processing.req_logging [None req-eb79cec9-842a-46de-8486-fd239eb84815 None None] REQUEST_METHOD: `GET` {{(pid=46923) log_request_info /opt/stack/keystone/keystone/server/flask/request_processing/req_logging.py:27}}
Nov 08 21:24:26 user devstack@keystone.service[46923]: DEBUG keystone.server.flask.request_processing.req_logging [None req-eb79cec9-842a-46de-8486-fd239eb84815 None None] SCRIPT_NAME: `/identity` {{(pid=46923) log_request_info /opt/stack/keystone/keystone/server/flask/request_processing/req_logging.py:28}}
Nov 08 21:24:26 user devstack@keystone.service[46923]: DEBUG keystone.server.flask.request_processing.req_logging [None req-eb79cec9-842a-46de-8486-fd239eb84815 None None] PATH_INFO: `/` {{(pid=46923) log_request_info /opt/stack/keystone/keystone/server/flask/request_processing/req_logging.py:29}}
Nov 08 21:24:26 user devstack@keystone.service[46923]: [pid: 46923|app: 0|req: 76/252] 10.0.0.210 () {54 vars in 921 bytes} [Wed Nov 8 21:24:26 2023] GET /identity => generated 269 bytes in 3 msecs (HTTP/1.1 300) 6 headers in 233 bytes (1 switches on core 0)
Nov 08 21:24:26 user devstack@keystone.service[46921]: DEBUG keystone.server.flask.request_processing.middleware.auth_context [None req-2b14fd05-6b20-4b6f-9935-936bcf201bee admin admin] Authenticating user token {{(pid=46921) process_request /opt/stack/data/venv/lib/python3.10/site-packages/keystonemiddleware/auth_token/__init__.py:406}}
Nov 08 21:24:26 user devstack@keystone.service[46921]: DEBUG keystone.server.flask.request_processing.middleware.auth_context [None req-2b14fd05-6b20-4b6f-9935-936bcf201bee admin admin] Validating token access rules against request {{(pid=46921) validate_allowed_request /opt/stack/data/venv/lib/python3.10/site-packages/keystonemiddleware/auth_token/__init__.py:544}}
Nov 08 21:24:26 user devstack@keystone.service[46921]: DEBUG keystone.server.flask.request_processing.middleware.auth_context [None req-0ebb4e4b-f6da-499d-8081-1b63bbeb6f03 None admin] RBAC: auth_context: {'token': , 'domain_id': None, 'trust_id': None, 'trustor_id': None, 'trustee_id': None, 'domain_name': None, 'group_ids': [], 'user_id': '0702366bf2ee42369f5e64abfb9a6382', 'user_domain_id': 'default', 'system_scope': 'all', 'project_id': None, 'project_domain_id': None, 'roles': ['admin', 'manager', 'member', 'reader'], 'is_admin_project': True, 'service_user_id': None, 'service_user_domain_id': None, 'service_project_id': None, 'service_project_domain_id': None, 'service_roles': []} {{(pid=46921) fill_context /opt/stack/keystone/keystone/server/flask/request_processing/middleware/auth_context.py:480}}
