Oct 20 11:23:10 user devstack@keystone.service[45342]: DEBUG keystone.server.flask.request_processing.middleware.auth_context [None req-324021b2-2a99-487a-878e-d70e1401d402 None admin] RBAC: auth_context: {'token': , 'domain_id': None, 'trust_id': None, 'trustor_id': None, 'trustee_id': None, 'domain_name': None, 'group_ids': [], 'user_id': '8df992df8eb3400da3178064e4aa4e74', 'user_domain_id': 'default', 'system_scope': 'all', 'project_id': None, 'project_domain_id': None, 'roles': ['admin', 'manager', 'member', 'reader'], 'is_admin_project': True, 'service_user_id': None, 'service_user_domain_id': None, 'service_project_id': None, 'service_project_domain_id': None, 'service_roles': []} {{(pid=45342) fill_context /opt/stack/keystone/keystone/server/flask/request_processing/middleware/auth_context.py:480}}
Oct 20 11:23:10 user devstack@keystone.service[45342]: DEBUG keystone.server.flask.request_processing.req_logging [None req-324021b2-2a99-487a-878e-d70e1401d402 None admin] REQUEST_METHOD: `GET` {{(pid=45342) log_request_info /opt/stack/keystone/keystone/server/flask/request_processing/req_logging.py:27}}
Oct 20 11:23:10 user devstack@keystone.service[45342]: DEBUG keystone.server.flask.request_processing.req_logging [None req-324021b2-2a99-487a-878e-d70e1401d402 None admin] SCRIPT_NAME: `/identity` {{(pid=45342) log_request_info /opt/stack/keystone/keystone/server/flask/request_processing/req_logging.py:28}}
Oct 20 11:23:10 user devstack@keystone.service[45342]: DEBUG keystone.server.flask.request_processing.req_logging [None req-324021b2-2a99-487a-878e-d70e1401d402 None admin] PATH_INFO: `/v3/roles` {{(pid=45342) log_request_info /opt/stack/keystone/keystone/server/flask/request_processing/req_logging.py:29}}
Oct 20 11:23:10 user devstack@keystone.service[45342]: DEBUG keystone.common.rbac_enforcer.enforcer [None req-324021b2-2a99-487a-878e-d70e1401d402 None admin] RBAC: Adding query filter params (name=reader) {{(pid=45342) _extract_filter_values /opt/stack/keystone/keystone/common/rbac_enforcer/enforcer.py:167}}
Oct 20 11:23:10 user devstack@keystone.service[45342]: DEBUG keystone.common.rbac_enforcer.enforcer [None req-324021b2-2a99-487a-878e-d70e1401d402 None admin] RBAC: Authorizing `identity:list_roles()` {{(pid=45342) enforce_call /opt/stack/keystone/keystone/common/rbac_enforcer/enforcer.py:449}}
Oct 20 11:23:10 user devstack@keystone.service[45342]: DEBUG keystone.common.rbac_enforcer.enforcer [None req-324021b2-2a99-487a-878e-d70e1401d402 None admin] RBAC: Authorization granted {{(pid=45342) enforce_call /opt/stack/keystone/keystone/common/rbac_enforcer/enforcer.py:457}}
Oct 20 11:23:10 user devstack@keystone.service[45342]: [pid: 45342|app: 0|req: 67/196] 10.0.0.210 () {56 vars in 1096 bytes} [Fri Oct 20 11:23:10 2023] GET /identity/v3/roles?name=reader => generated 339 bytes in 156 msecs (HTTP/1.1 200) 5 headers in 177 bytes (1 switches on core 0)
Oct 20 11:23:10 user devstack@keystone.service[45341]: DEBUG keystone.server.flask.request_processing.middleware.auth_context [None req-343c0cd3-54e2-4754-9957-9adffff80c3f None admin] RBAC: auth_context: {'token': , 'domain_id': None, 'trust_id': None, 'trustor_id': None, 'trustee_id': None, 'domain_name': None, 'group_ids': [], 'user_id': '8df992df8eb3400da3178064e4aa4e74', 'user_domain_id': 'default', 'system_scope': 'all', 'project_id': None, 'project_domain_id': None, 'roles': ['admin', 'manager', 'member', 'reader'], 'is_admin_project': True, 'service_user_id': None, 'service_user_domain_id': None, 'service_project_id': None, 'service_project_domain_id': None, 'service_roles': []} {{(pid=45341) fill_context /opt/stack/keystone/keystone/server/flask/request_processing/middleware/auth_context.py:480}}
Oct 20 11:23:10 user devstack@keystone.service[45341]: DEBUG keystone.server.flask.request_processing.req_logging [None req-343c0cd3-54e2-4754-9957-9adffff80c3f None admin] REQUEST_METHOD: `GET` {{(pid=45341) log_request_info /opt/stack/keystone/keystone/server/flask/request_processing/req_logging.py:27}}
Oct 20 11:23:10 user devstack@keystone.service[45341]: DEBUG keystone.server.flask.request_processing.req_logging [None req-343c0cd3-54e2-4754-9957-9adffff80c3f None admin] SCRIPT_NAME: `/identity` {{(pid=45341) log_request_info /opt/stack/keystone/keystone/server/flask/request_processing/req_logging.py:28}}
Oct 20 11:23:10 user devstack@keystone.service[45343]: DEBUG keystone.server.flask.request_processing.middleware.auth_context [None req-63a0f811-1215-47ae-84dc-cb113126d4a0 None None] Authenticating user token {{(pid=45343) process_request /opt/stack/data/venv/lib/python3.10/site-packages/keystonemiddleware/auth_token/__init__.py:406}}
Oct 20 11:23:10 user devstack@keystone.service[45341]: DEBUG keystone.server.flask.request_processing.req_logging [None req-343c0cd3-54e2-4754-9957-9adffff80c3f None admin] PATH_INFO: `/v3/domains/default` {{(pid=45341) log_request_info /opt/stack/keystone/keystone/server/flask/request_processing/req_logging.py:29}}
Oct 20 11:23:10 user devstack@keystone.service[45341]: DEBUG keystone.common.rbac_enforcer.enforcer [None req-343c0cd3-54e2-4754-9957-9adffff80c3f None admin] RBAC: Authorizing `identity:get_domain(domain_id=default)` {{(pid=45341) enforce_call /opt/stack/keystone/keystone/common/rbac_enforcer/enforcer.py:449}}
Oct 20 11:23:10 user devstack@keystone.service[45341]: DEBUG keystone.common.rbac_enforcer.enforcer [None req-343c0cd3-54e2-4754-9957-9adffff80c3f None admin] RBAC: Authorization granted {{(pid=45341) enforce_call /opt/stack/keystone/keystone/common/rbac_enforcer/enforcer.py:457}}
Oct 20 11:23:10 user devstack@keystone.service[45341]: [pid: 45341|app: 0|req: 64/197] 10.0.0.210 () {56 vars in 1103 bytes} [Fri Oct 20 11:23:10 2023] GET /identity/v3/domains/default => generated 198 bytes in 187 msecs (HTTP/1.1 200) 5 headers in 177 bytes (1 switches on core 0)
Oct 20 11:23:10 user devstack@keystone.service[45342]: DEBUG keystone.server.flask.request_processing.middleware.auth_context [None req-324021b2-2a99-487a-878e-d70e1401d402 None admin] Authenticating user token {{(pid=45342) process_request /opt/stack/data/venv/lib/python3.10/site-packages/keystonemiddleware/auth_token/__init__.py:406}}
Oct 20 11:23:10 user devstack@keystone.service[45343]: DEBUG keystone.server.flask.request_processing.middleware.auth_context [None req-63a0f811-1215-47ae-84dc-cb113126d4a0 None None] Validating token access rules against request {{(pid=45343) validate_allowed_request /opt/stack/data/venv/lib/python3.10/site-packages/keystonemiddleware/auth_token/__init__.py:544}}
Oct 20 11:23:10 user devstack@keystone.service[45342]: DEBUG keystone.server.flask.request_processing.middleware.auth_context [None req-324021b2-2a99-487a-878e-d70e1401d402 None admin] Validating token access rules against request {{(pid=45342) validate_allowed_request /opt/stack/data/venv/lib/python3.10/site-packages/keystonemiddleware/auth_token/__init__.py:544}}
Oct 20 11:23:10 user devstack@keystone.service[45343]: DEBUG keystone.server.flask.request_processing.middleware.auth_context [None req-a4567730-1c88-4414-be13-54b2b767ab8b None admin] RBAC: auth_context: {'token': , 'domain_id': None, 'trust_id': None, 'trustor_id': None, 'trustee_id': None, 'domain_name': None, 'group_ids': [], 'user_id': '8df992df8eb3400da3178064e4aa4e74', 'user_domain_id': 'default', 'system_scope': 'all', 'project_id': None, 'project_domain_id': None, 'roles': ['admin', 'manager', 'member', 'reader'], 'is_admin_project': True, 'service_user_id': None, 'service_user_domain_id': None, 'service_project_id': None, 'service_project_domain_id': None, 'service_roles': []} {{(pid=45343) fill_context /opt/stack/keystone/keystone/server/flask/request_processing/middleware/auth_context.py:480}}
Oct 20 11:23:10 user devstack@keystone.service[45343]: DEBUG keystone.server.flask.request_processing.req_logging [None req-a4567730-1c88-4414-be13-54b2b767ab8b None admin] REQUEST_METHOD: `GET` {{(pid=45343) log_request_info /opt/stack/keystone/keystone/server/flask/request_processing/req_logging.py:27}}
Oct 20 11:23:10 user devstack@keystone.service[45343]: DEBUG keystone.server.flask.request_processing.req_logging [None req-a4567730-1c88-4414-be13-54b2b767ab8b None admin] SCRIPT_NAME: `/identity` {{(pid=45343) log_request_info /opt/stack/keystone/keystone/server/flask/request_processing/req_logging.py:28}}
Oct 20 11:23:10 user devstack@keystone.service[45343]: DEBUG keystone.server.flask.request_processing.req_logging [None req-a4567730-1c88-4414-be13-54b2b767ab8b None admin] PATH_INFO: `/v3/users/42178353ded34888a86fcde1bdba33b1` {{(pid=45343) log_request_info /opt/stack/keystone/keystone/server/flask/request_processing/req_logging.py:29}}
Oct 20 11:23:10 user devstack@keystone.service[45343]: DEBUG keystone.common.rbac_enforcer.enforcer [None req-a4567730-1c88-4414-be13-54b2b767ab8b None admin] RBAC: Authorizing `identity:get_user(user_id=42178353ded34888a86fcde1bdba33b1)` {{(pid=45343) enforce_call /opt/stack/keystone/keystone/common/rbac_enforcer/enforcer.py:449}}
Oct 20 11:23:10 user devstack@keystone.service[45343]: DEBUG keystone.common.rbac_enforcer.enforcer [None req-a4567730-1c88-4414-be13-54b2b767ab8b None admin] RBAC: Authorization granted {{(pid=45343) enforce_call /opt/stack/keystone/keystone/common/rbac_enforcer/enforcer.py:457}}
Oct 20 11:23:10 user devstack@keystone.service[45343]: [pid: 45343|app: 0|req: 67/198] 10.0.0.210 () {56 vars in 1172 bytes} [Fri Oct 20 11:23:10 2023] GET /identity/v3/users/42178353ded34888a86fcde1bdba33b1 => generated 296 bytes in 148 msecs (HTTP/1.1 200) 5 headers in 177 bytes (1 switches on core 0)
Oct 20 11:23:10 user devstack@keystone.service[45341]: DEBUG keystone.server.flask.request_processing.middleware.auth_context [None req-343c0cd3-54e2-4754-9957-9adffff80c3f None admin] Authenticating user token {{(pid=45341) process_request /opt/stack/data/venv/lib/python3.10/site-packages/keystonemiddleware/auth_token/__init__.py:406}}
Oct 20 11:23:10 user devstack@keystone.service[45342]: DEBUG keystone.server.flask.request_processing.middleware.auth_context [None req-a2e41876-69ac-47ac-b18c-770fe239490c None admin] RBAC: auth_context: {'token': , 'domain_id': None, 'trust_id': None, 'trustor_id': None, 'trustee_id': None, 'domain_name': None, 'group_ids': [], 'user_id': '8df992df8eb3400da3178064e4aa4e74', 'user_domain_id': 'default', 'system_scope': 'all', 'project_id': None, 'project_domain_id': None, 'roles': ['admin', 'manager', 'member', 'reader'], 'is_admin_project': True, 'service_user_id': None, 'service_user_domain_id': None, 'service_project_id': None, 'service_project_domain_id': None, 'service_roles': []} {{(pid=45342) fill_context /opt/stack/keystone/keystone/server/flask/request_processing/middleware/auth_context.py:480}}
Oct 20 11:23:10 user devstack@keystone.service[45342]: DEBUG keystone.server.flask.request_processing.req_logging [None req-a2e41876-69ac-47ac-b18c-770fe239490c None admin] REQUEST_METHOD: `POST` {{(pid=45342) log_request_info /opt/stack/keystone/keystone/server/flask/request_processing/req_logging.py:27}}
Oct 20 11:23:10 user devstack@keystone.service[45342]: DEBUG keystone.server.flask.request_processing.req_logging [None req-a2e41876-69ac-47ac-b18c-770fe239490c None admin] SCRIPT_NAME: `/identity` {{(pid=45342) log_request_info /opt/stack/keystone/keystone/server/flask/request_processing/req_logging.py:28}}
Oct 20 11:23:10 user devstack@keystone.service[45342]: DEBUG keystone.server.flask.request_processing.req_logging [None req-a2e41876-69ac-47ac-b18c-770fe239490c None admin] PATH_INFO: `/v3/users` {{(pid=45342) log_request_info /opt/stack/keystone/keystone/server/flask/request_processing/req_logging.py:29}}
Oct 20 11:23:10 user devstack@keystone.service[45342]: DEBUG keystone.common.rbac_enforcer.enforcer [None req-a2e41876-69ac-47ac-b18c-770fe239490c None admin] RBAC: Authorizing `identity:create_user()` {{(pid=45342) enforce_call /opt/stack/keystone/keystone/common/rbac_enforcer/enforcer.py:449}}
Oct 20 11:23:10 user devstack@keystone.service[45343]: DEBUG keystone.server.flask.request_processing.middleware.auth_context [None req-a4567730-1c88-4414-be13-54b2b767ab8b None admin] Authenticating user token {{(pid=45343) process_request /opt/stack/data/venv/lib/python3.10/site-packages/keystonemiddleware/auth_token/__init__.py:406}}
Oct 20 11:23:10 user devstack@keystone.service[45342]: DEBUG keystone.common.rbac_enforcer.enforcer [None req-a2e41876-69ac-47ac-b18c-770fe239490c None admin] RBAC: Authorization granted {{(pid=45342) enforce_call /opt/stack/keystone/keystone/common/rbac_enforcer/enforcer.py:457}}
Oct 20 11:23:10 user devstack@keystone.service[45342]: WARNING keystone.common.password_hashing [None req-a2e41876-69ac-47ac-b18c-770fe239490c None admin] Truncating password to algorithm specific maximum length 72 characters.
Oct 20 11:23:10 user devstack@keystone.service[45342]: [pid: 45342|app: 0|req: 68/199] 10.0.0.210 () {60 vars in 1127 bytes} [Fri Oct 20 11:23:10 2023] POST /identity/v3/users => generated 292 bytes in 183 msecs (HTTP/1.1 201) 5 headers in 182 bytes (1 switches on core 0)
Oct 20 11:23:10 user devstack@keystone.service[45341]: DEBUG keystone.server.flask.request_processing.middleware.auth_context [None req-343c0cd3-54e2-4754-9957-9adffff80c3f None admin] Validating token access rules against request {{(pid=45341) validate_allowed_request /opt/stack/data/venv/lib/python3.10/site-packages/keystonemiddleware/auth_token/__init__.py:544}}
Oct 20 11:23:10 user devstack@keystone.service[45343]: DEBUG keystone.server.flask.request_processing.middleware.auth_context [None req-a4567730-1c88-4414-be13-54b2b767ab8b None admin] Validating token access rules against request {{(pid=45343) validate_allowed_request /opt/stack/data/venv/lib/python3.10/site-packages/keystonemiddleware/auth_token/__init__.py:544}}
Oct 20 11:23:11 user devstack@keystone.service[45341]: DEBUG keystone.server.flask.request_processing.middleware.auth_context [None req-fef5b117-5a70-4366-81ed-9d53339ca650 None admin] RBAC: auth_context: {'token': , 'domain_id': None, 'trust_id': None, 'trustor_id': None, 'trustee_id': None, 'domain_name': None, 'group_ids': [], 'user_id': '8df992df8eb3400da3178064e4aa4e74', 'user_domain_id': 'default', 'system_scope': 'all', 'project_id': None, 'project_domain_id': None, 'roles': ['admin', 'manager', 'member', 'reader'], 'is_admin_project': True, 'service_user_id': None, 'service_user_domain_id': None, 'service_project_id': None, 'service_project_domain_id': None, 'service_roles': []} {{(pid=45341) fill_context /opt/stack/keystone/keystone/server/flask/request_processing/middleware/auth_context.py:480}}
Oct 20 11:23:11 user devstack@keystone.service[45341]: DEBUG keystone.server.flask.request_processing.req_logging [None req-fef5b117-5a70-4366-81ed-9d53339ca650 None admin] REQUEST_METHOD: `GET` {{(pid=45341) log_request_info /opt/stack/keystone/keystone/server/flask/request_processing/req_logging.py:27}}
Oct 20 11:23:11 user devstack@keystone.service[45341]: DEBUG keystone.server.flask.request_processing.req_logging [None req-fef5b117-5a70-4366-81ed-9d53339ca650 None admin] SCRIPT_NAME: `/identity` {{(pid=45341) log_request_info /opt/stack/keystone/keystone/server/flask/request_processing/req_logging.py:28}}
Oct 20 11:23:11 user devstack@keystone.service[45341]: DEBUG keystone.server.flask.request_processing.req_logging [None req-fef5b117-5a70-4366-81ed-9d53339ca650 None admin] PATH_INFO: `/v3/projects/a708277d845546a2b9d18a6aa5e8c921` {{(pid=45341) log_request_info /opt/stack/keystone/keystone/server/flask/request_processing/req_logging.py:29}}
Oct 20 11:23:11 user devstack@keystone.service[45341]: DEBUG keystone.common.rbac_enforcer.enforcer [None req-fef5b117-5a70-4366-81ed-9d53339ca650 None admin] RBAC: Authorizing `identity:get_project(project_id=a708277d845546a2b9d18a6aa5e8c921)` {{(pid=45341) enforce_call /opt/stack/keystone/keystone/common/rbac_enforcer/enforcer.py:449}}
Oct 20 11:23:11 user devstack@keystone.service[45341]: DEBUG keystone.common.rbac_enforcer.enforcer [None req-fef5b117-5a70-4366-81ed-9d53339ca650 None admin] RBAC: Authorization granted {{(pid=45341) enforce_call /opt/stack/keystone/keystone/common/rbac_enforcer/enforcer.py:457}}
Oct 20 11:23:11 user devstack@keystone.service[45341]: [pid: 45341|app: 0|req: 65/200] 10.0.0.210 () {56 vars in 1181 bytes} [Fri Oct 20 11:23:10 2023] GET /identity/v3/projects/a708277d845546a2b9d18a6aa5e8c921 => generated 301 bytes in 147 msecs (HTTP/1.1 200) 5 headers in 177 bytes (1 switches on core 0)
Oct 20 11:23:11 user devstack@keystone.service[45342]: DEBUG keystone.server.flask.request_processing.middleware.auth_context [None req-a2e41876-69ac-47ac-b18c-770fe239490c None admin] Authenticating user token {{(pid=45342) process_request /opt/stack/data/venv/lib/python3.10/site-packages/keystonemiddleware/auth_token/__init__.py:406}}
Oct 20 11:23:11 user devstack@keystone.service[45343]: DEBUG keystone.server.flask.request_processing.middleware.auth_context [None req-1c93f664-60a7-471d-87d3-eb2e590774c9 None admin] RBAC: auth_context: {'token': , 'domain_id': None, 'trust_id': None, 'trustor_id': None, 'trustee_id': None, 'domain_name': None, 'group_ids': [], 'user_id': '8df992df8eb3400da3178064e4aa4e74', 'user_domain_id': 'default', 'system_scope': 'all', 'project_id': None, 'project_domain_id': None, 'roles': ['admin', 'manager', 'member', 'reader'], 'is_admin_project': True, 'service_user_id': None, 'service_user_domain_id': None, 'service_project_id': None, 'service_project_domain_id': None, 'service_roles': []} {{(pid=45343) fill_context /opt/stack/keystone/keystone/server/flask/request_processing/middleware/auth_context.py:480}}
Oct 20 11:23:11 user devstack@keystone.service[45343]: DEBUG keystone.server.flask.request_processing.req_logging [None req-1c93f664-60a7-471d-87d3-eb2e590774c9 None admin] REQUEST_METHOD: `GET` {{(pid=45343) log_request_info /opt/stack/keystone/keystone/server/flask/request_processing/req_logging.py:27}}
Oct 20 11:23:11 user devstack@keystone.service[45343]: DEBUG keystone.server.flask.request_processing.req_logging [None req-1c93f664-60a7-471d-87d3-eb2e590774c9 None admin] SCRIPT_NAME: `/identity` {{(pid=45343) log_request_info /opt/stack/keystone/keystone/server/flask/request_processing/req_logging.py:28}}
Oct 20 11:23:11 user devstack@keystone.service[45343]: DEBUG keystone.server.flask.request_processing.req_logging [None req-1c93f664-60a7-471d-87d3-eb2e590774c9 None admin] PATH_INFO: `/v3/roles/member` {{(pid=45343) log_request_info /opt/stack/keystone/keystone/server/flask/request_processing/req_logging.py:29}}
Oct 20 11:23:11 user devstack@keystone.service[45343]: DEBUG keystone.common.rbac_enforcer.enforcer [None req-1c93f664-60a7-471d-87d3-eb2e590774c9 None admin] Extracting inferred target data resulted in "NOT FOUND (404)". {{(pid=45343) enforce_call /opt/stack/keystone/keystone/common/rbac_enforcer/enforcer.py:409}}
Oct 20 11:23:11 user devstack@keystone.service[45343]: ERROR keystone.server.flask.application [None req-1c93f664-60a7-471d-87d3-eb2e590774c9 None admin] Could not find role: member.: keystone.exception.RoleNotFound: Could not find role: member.
Oct 20 11:23:11 user devstack@keystone.service[45343]: ERROR keystone.server.flask.application
Traceback (most recent call last):
Oct 20 11:23:11 user devstack@keystone.service[45343]: ERROR keystone.server.flask.application
File "/opt/stack/data/venv/lib/python3.10/site-packages/flask/app.py", line 1823, in full_dispatch_request
Oct 20 11:23:11 user devstack@keystone.service[45343]: ERROR keystone.server.flask.application rv = self.dispatch_request()
Oct 20 11:23:11 user devstack@keystone.service[45343]: ERROR keystone.server.flask.application
File "/opt/stack/data/venv/lib/python3.10/site-packages/flask/app.py", line 1799, in dispatch_request
Oct 20 11:23:11 user devstack@keystone.service[45343]: ERROR keystone.server.flask.application return self.ensure_sync(self.view_functions[rule.endpoint])(**view_args)
Oct 20 11:23:11 user devstack@keystone.service[45343]: ERROR keystone.server.flask.application
File "/opt/stack/data/venv/lib/python3.10/site-packages/flask_restful/__init__.py", line 489, in wrapper
Oct 20 11:23:11 user devstack@keystone.service[45343]: ERROR keystone.server.flask.application resp = resource(*args, **kwargs)
Oct 20 11:23:11 user devstack@keystone.service[45343]: ERROR keystone.server.flask.application
File "/opt/stack/data/venv/lib/python3.10/site-packages/flask/views.py", line 107, in view
Oct 20 11:23:11 user devstack@keystone.service[45343]: ERROR keystone.server.flask.application return current_app.ensure_sync(self.dispatch_request)(**kwargs)
Oct 20 11:23:11 user devstack@keystone.service[45343]: ERROR keystone.server.flask.application
File "/opt/stack/data/venv/lib/python3.10/site-packages/flask_restful/__init__.py", line 604, in dispatch_request
Oct 20 11:23:11 user devstack@keystone.service[45343]: ERROR keystone.server.flask.application resp = meth(*args, **kwargs)
Oct 20 11:23:11 user devstack@keystone.service[45343]: ERROR keystone.server.flask.application
File "/opt/stack/keystone/keystone/api/roles.py", line 50, in get
Oct 20 11:23:11 user devstack@keystone.service[45343]: ERROR keystone.server.flask.application return self._get_role(role_id)
Oct 20 11:23:11 user devstack@keystone.service[45343]: ERROR keystone.server.flask.application
File "/opt/stack/keystone/keystone/api/roles.py", line 70, in _get_role
Oct 20 11:23:11 user devstack@keystone.service[45343]: ERROR keystone.server.flask.application ENFORCER.enforce_call(action='identity:get_role')
Oct 20 11:23:11 user devstack@keystone.service[45343]: ERROR keystone.server.flask.application
File "/opt/stack/keystone/keystone/common/rbac_enforcer/enforcer.py", line 402, in enforce_call
Oct 20 11:23:11 user devstack@keystone.service[45343]: ERROR keystone.server.flask.application policy_dict.update(cls._extract_member_target_data(
Oct 20 11:23:11 user devstack@keystone.service[45343]: ERROR keystone.server.flask.application
File "/opt/stack/keystone/keystone/common/rbac_enforcer/enforcer.py", line 234, in _extract_member_target_data
Oct 20 11:23:11 user devstack@keystone.service[45343]: ERROR keystone.server.flask.application member_name: func(flask.request.view_args[key])
Oct 20 11:23:11 user devstack@keystone.service[45343]: ERROR keystone.server.flask.application
File "/opt/stack/keystone/keystone/common/manager.py", line 115, in wrapped
Oct 20 11:23:11 user devstack@keystone.service[45343]: ERROR keystone.server.flask.application __ret_val = __f(*args, **kwargs)
Oct 20 11:23:11 user devstack@keystone.service[45343]: ERROR keystone.server.flask.application
File "/opt/stack/data/venv/lib/python3.10/site-packages/decorator.py", line 232, in fun
Oct 20 11:23:11 user devstack@keystone.service[45343]: ERROR keystone.server.flask.application return caller(func, *(extras + args), **kw)
Oct 20 11:23:11 user devstack@keystone.service[45343]: ERROR keystone.server.flask.application
File "/opt/stack/data/venv/lib/python3.10/site-packages/dogpile/cache/region.py", line 1594, in get_or_create_for_user_func
Oct 20 11:23:11 user devstack@keystone.service[45343]: ERROR keystone.server.flask.application return self.get_or_create(
Oct 20 11:23:11 user devstack@keystone.service[45343]: ERROR keystone.server.flask.application
File "/opt/stack/data/venv/lib/python3.10/site-packages/dogpile/cache/region.py", line 1054, in get_or_create
Oct 20 11:23:11 user devstack@keystone.service[45343]: ERROR keystone.server.flask.application with Lock(
Oct 20 11:23:11 user devstack@keystone.service[45343]: ERROR keystone.server.flask.application
File "/opt/stack/data/venv/lib/python3.10/site-packages/dogpile/lock.py", line 185, in __enter__
Oct 20 11:23:11 user devstack@keystone.service[45343]: ERROR keystone.server.flask.application return self._enter()
Oct 20 11:23:11 user devstack@keystone.service[45343]: ERROR keystone.server.flask.application
File "/opt/stack/data/venv/lib/python3.10/site-packages/dogpile/lock.py", line 94, in _enter
Oct 20 11:23:11 user devstack@keystone.service[45343]: ERROR keystone.server.flask.application generated = self._enter_create(value, createdtime)
Oct 20 11:23:11 user devstack@keystone.service[45343]: ERROR keystone.server.flask.application
File "/opt/stack/data/venv/lib/python3.10/site-packages/dogpile/lock.py", line 178, in _enter_create
Oct 20 11:23:11 user devstack@keystone.service[45343]: ERROR keystone.server.flask.application return self.creator()
Oct 20 11:23:11 user devstack@keystone.service[45343]: ERROR keystone.server.flask.application
File "/opt/stack/data/venv/lib/python3.10/site-packages/dogpile/cache/region.py", line 1007, in gen_value
Oct 20 11:23:11 user devstack@keystone.service[45343]: ERROR keystone.server.flask.application created_value = creator(
Oct 20 11:23:11 user devstack@keystone.service[45343]: ERROR keystone.server.flask.application
File "/opt/stack/keystone/keystone/assignment/core.py", line 1276, in get_role
Oct 20 11:23:11 user devstack@keystone.service[45343]: ERROR keystone.server.flask.application return self.driver.get_role(role_id)
Oct 20 11:23:11 user devstack@keystone.service[45343]: ERROR keystone.server.flask.application
File "/opt/stack/keystone/keystone/assignment/role_backends/sql.py", line 70, in get_role
Oct 20 11:23:11 user devstack@keystone.service[45343]: ERROR keystone.server.flask.application return self._get_role(session, role_id).to_dict()
Oct 20 11:23:11 user devstack@keystone.service[45343]: ERROR keystone.server.flask.application
File "/opt/stack/keystone/keystone/assignment/role_backends/sql.py", line 65, in _get_role
Oct 20 11:23:11 user devstack@keystone.service[45343]: ERROR keystone.server.flask.application raise exception.RoleNotFound(role_id=role_id)
Oct 20 11:23:11 user devstack@keystone.service[45343]: ERROR keystone.server.flask.application keystone.exception.RoleNotFound: Could not find role: member.
Oct 20 11:23:11 user devstack@keystone.service[45343]: ERROR keystone.server.flask.application
Oct 20 11:23:11 user devstack@keystone.service[45343]: [pid: 45343|app: 0|req: 68/201] 10.0.0.210 () {56 vars in 1094 bytes} [Fri Oct 20 11:23:10 2023] GET /identity/v3/roles/member => generated 84 bytes in 179 msecs (HTTP/1.1 404) 5 headers in 183 bytes (1 switches on core 0)
Oct 20 11:23:11 user devstack@keystone.service[45341]: DEBUG keystone.server.flask.request_processing.middleware.auth_context [None req-fef5b117-5a70-4366-81ed-9d53339ca650 None admin] Authenticating user token {{(pid=45341) process_request /opt/stack/data/venv/lib/python3.10/site-packages/keystonemiddleware/auth_token/__init__.py:406}}
Oct 20 11:23:11 user devstack@keystone.service[45342]: DEBUG keystone.server.flask.request_processing.middleware.auth_context [None req-a2e41876-69ac-47ac-b18c-770fe239490c None admin] Validating token access rules against request {{(pid=45342) validate_allowed_request /opt/stack/data/venv/lib/python3.10/site-packages/keystonemiddleware/auth_token/__init__.py:544}}
Oct 20 11:23:11 user devstack@keystone.service[45341]: DEBUG keystone.server.flask.request_processing.middleware.auth_context [None req-fef5b117-5a70-4366-81ed-9d53339ca650 None admin] Validating token access rules against request {{(pid=45341) validate_allowed_request /opt/stack/data/venv/lib/python3.10/site-packages/keystonemiddleware/auth_token/__init__.py:544}}
Oct 20 11:23:11 user devstack@keystone.service[45342]: DEBUG keystone.server.flask.request_processing.middleware.auth_context [None req-89ed735e-ae22-4a5c-b0e6-d2bab1819ce9 None admin] RBAC: auth_context: {'token': , 'domain_id': None, 'trust_id': None, 'trustor_id': None, 'trustee_id': None, 'domain_name': None, 'group_ids': [], 'user_id': '8df992df8eb3400da3178064e4aa4e74', 'user_domain_id': 'default', 'system_scope': 'all', 'project_id': None, 'project_domain_id': None, 'roles': ['admin', 'manager', 'member', 'reader'], 'is_admin_project': True, 'service_user_id': None, 'service_user_domain_id': None, 'service_project_id': None, 'service_project_domain_id': None, 'service_roles': []} {{(pid=45342) fill_context /opt/stack/keystone/keystone/server/flask/request_processing/middleware/auth_context.py:480}}
Oct 20 11:23:11 user devstack@keystone.service[45342]: DEBUG keystone.server.flask.request_processing.req_logging [None req-89ed735e-ae22-4a5c-b0e6-d2bab1819ce9 None admin] REQUEST_METHOD: `PUT` {{(pid=45342) log_request_info /opt/stack/keystone/keystone/server/flask/request_processing/req_logging.py:27}}
Oct 20 11:23:11 user devstack@keystone.service[45342]: DEBUG keystone.server.flask.request_processing.req_logging [None req-89ed735e-ae22-4a5c-b0e6-d2bab1819ce9 None admin] SCRIPT_NAME: `/identity` {{(pid=45342) log_request_info /opt/stack/keystone/keystone/server/flask/request_processing/req_logging.py:28}}
Oct 20 11:23:11 user devstack@keystone.service[45342]: DEBUG keystone.server.flask.request_processing.req_logging [None req-89ed735e-ae22-4a5c-b0e6-d2bab1819ce9 None admin] PATH_INFO: `/v3/projects/a708277d845546a2b9d18a6aa5e8c921/users/42178353ded34888a86fcde1bdba33b1/roles/075d459999f9413d8fe51723f4d6c56e` {{(pid=45342) log_request_info /opt/stack/keystone/keystone/server/flask/request_processing/req_logging.py:29}}
Oct 20 11:23:11 user devstack@keystone.service[45342]: DEBUG keystone.common.rbac_enforcer.enforcer [None req-89ed735e-ae22-4a5c-b0e6-d2bab1819ce9 None admin] RBAC: Authorizing `identity:create_grant(project_id=a708277d845546a2b9d18a6aa5e8c921, user_id=42178353ded34888a86fcde1bdba33b1, role_id=075d459999f9413d8fe51723f4d6c56e)` {{(pid=45342) enforce_call /opt/stack/keystone/keystone/common/rbac_enforcer/enforcer.py:449}}
Oct 20 11:23:11 user devstack@keystone.service[45342]: DEBUG keystone.common.rbac_enforcer.enforcer [None req-89ed735e-ae22-4a5c-b0e6-d2bab1819ce9 None admin] RBAC: Authorization granted {{(pid=45342) enforce_call /opt/stack/keystone/keystone/common/rbac_enforcer/enforcer.py:457}}
Oct 20 11:23:11 user devstack@keystone.service[45342]: [pid: 45342|app: 0|req: 69/202] 10.0.0.210 () {58 vars in 1434 bytes} [Fri Oct 20 11:23:11 2023] PUT /identity/v3/projects/a708277d845546a2b9d18a6aa5e8c921/users/42178353ded34888a86fcde1bdba33b1/roles/075d459999f9413d8fe51723f4d6c56e => generated 0 bytes in 187 msecs (HTTP/1.1 204) 3 headers in 132 bytes (0 switches on core 0)
Oct 20 11:23:11 user devstack@keystone.service[45341]: DEBUG keystone.server.flask.request_processing.middleware.auth_context [None req-89f18a5d-e1d8-4c7a-a597-e1007680848b None admin] RBAC: auth_context: {'token': , 'domain_id': None, 'trust_id': None, 'trustor_id': None, 'trustee_id': None, 'domain_name': None, 'group_ids': [], 'user_id': '8df992df8eb3400da3178064e4aa4e74', 'user_domain_id': 'default', 'system_scope': 'all', 'project_id': None, 'project_domain_id': None, 'roles': ['admin', 'manager', 'member', 'reader'], 'is_admin_project': True, 'service_user_id': None, 'service_user_domain_id': None, 'service_project_id': None, 'service_project_domain_id': None, 'service_roles': []} {{(pid=45341) fill_context /opt/stack/keystone/keystone/server/flask/request_processing/middleware/auth_context.py:480}}
Oct 20 11:23:11 user devstack@keystone.service[45341]: DEBUG keystone.server.flask.request_processing.req_logging [None req-89f18a5d-e1d8-4c7a-a597-e1007680848b None admin] REQUEST_METHOD: `GET` {{(pid=45341) log_request_info /opt/stack/keystone/keystone/server/flask/request_processing/req_logging.py:27}}
Oct 20 11:23:11 user devstack@keystone.service[45341]: DEBUG keystone.server.flask.request_processing.req_logging [None req-89f18a5d-e1d8-4c7a-a597-e1007680848b None admin] SCRIPT_NAME: `/identity` {{(pid=45341) log_request_info /opt/stack/keystone/keystone/server/flask/request_processing/req_logging.py:28}}
Oct 20 11:23:11 user devstack@keystone.service[45341]: DEBUG keystone.server.flask.request_processing.req_logging [None req-89f18a5d-e1d8-4c7a-a597-e1007680848b None admin] PATH_INFO: `/v3/roles` {{(pid=45341) log_request_info /opt/stack/keystone/keystone/server/flask/request_processing/req_logging.py:29}}
Oct 20 11:23:11 user devstack@keystone.service[45341]: DEBUG keystone.common.rbac_enforcer.enforcer [None req-89f18a5d-e1d8-4c7a-a597-e1007680848b None admin] RBAC: Adding query filter params (name=member) {{(pid=45341) _extract_filter_values /opt/stack/keystone/keystone/common/rbac_enforcer/enforcer.py:167}}
Oct 20 11:23:11 user devstack@keystone.service[45341]: DEBUG keystone.common.rbac_enforcer.enforcer [None req-89f18a5d-e1d8-4c7a-a597-e1007680848b None admin] RBAC: Authorizing `identity:list_roles()` {{(pid=45341) enforce_call /opt/stack/keystone/keystone/common/rbac_enforcer/enforcer.py:449}}
Oct 20 11:23:11 user devstack@keystone.service[45341]: DEBUG keystone.common.rbac_enforcer.enforcer [None req-89f18a5d-e1d8-4c7a-a597-e1007680848b None admin] RBAC: Authorization granted {{(pid=45341) enforce_call /opt/stack/keystone/keystone/common/rbac_enforcer/enforcer.py:457}}
Oct 20 11:23:11 user devstack@keystone.service[45341]: [pid: 45341|app: 0|req: 66/203] 10.0.0.210 () {56 vars in 1096 bytes} [Fri Oct 20 11:23:11 2023] GET /identity/v3/roles?name=member => generated 339 bytes in 159 msecs (HTTP/1.1 200) 5 headers in 177 bytes (1 switches on core 0)
Oct 20 11:23:11 user devstack@keystone.service[45343]: DEBUG keystone.server.flask.request_processing.middleware.auth_context [None req-1c93f664-60a7-471d-87d3-eb2e590774c9 None admin] Authenticating user token {{(pid=45343) process_request /opt/stack/data/venv/lib/python3.10/site-packages/keystonemiddleware/auth_token/__init__.py:406}}
Oct 20 11:23:11 user devstack@keystone.service[45343]: DEBUG keystone.server.flask.request_processing.middleware.auth_context [None req-1c93f664-60a7-471d-87d3-eb2e590774c9 None admin] Validating token access rules against request {{(pid=45343) validate_allowed_request /opt/stack/data/venv/lib/python3.10/site-packages/keystonemiddleware/auth_token/__init__.py:544}}
Oct 20 11:23:11 user devstack@keystone.service[45343]: DEBUG keystone.server.flask.request_processing.middleware.auth_context [None req-7437b72f-53c0-4a07-8e21-956690a3e52a None admin] RBAC: auth_context: {'token': , 'domain_id': None, 'trust_id': None, 'trustor_id': None, 'trustee_id': None, 'domain_name': None, 'group_ids': [], 'user_id': '8df992df8eb3400da3178064e4aa4e74', 'user_domain_id': 'default', 'system_scope': 'all', 'project_id': None, 'project_domain_id': None, 'roles': ['admin', 'manager', 'member', 'reader'], 'is_admin_project': True, 'service_user_id': None, 'service_user_domain_id': None, 'service_project_id': None, 'service_project_domain_id': None, 'service_roles': []} {{(pid=45343) fill_context /opt/stack/keystone/keystone/server/flask/request_processing/middleware/auth_context.py:480}}
Oct 20 11:23:11 user devstack@keystone.service[45343]: DEBUG keystone.server.flask.request_processing.req_logging [None req-7437b72f-53c0-4a07-8e21-956690a3e52a None admin] REQUEST_METHOD: `GET` {{(pid=45343) log_request_info /opt/stack/keystone/keystone/server/flask/request_processing/req_logging.py:27}}
Oct 20 11:23:11 user devstack@keystone.service[45343]: DEBUG keystone.server.flask.request_processing.req_logging [None req-7437b72f-53c0-4a07-8e21-956690a3e52a None admin] SCRIPT_NAME: `/identity` {{(pid=45343) log_request_info /opt/stack/keystone/keystone/server/flask/request_processing/req_logging.py:28}}
Oct 20 11:23:11 user devstack@keystone.service[45343]: DEBUG keystone.server.flask.request_processing.req_logging [None req-7437b72f-53c0-4a07-8e21-956690a3e52a None admin] PATH_INFO: `/v3/users/ad69b6fa6bfa4f2884451453ae76e477` {{(pid=45343) log_request_info /opt/stack/keystone/keystone/server/flask/request_processing/req_logging.py:29}}
Oct 20 11:23:11 user devstack@keystone.service[45343]: DEBUG keystone.common.rbac_enforcer.enforcer [None req-7437b72f-53c0-4a07-8e21-956690a3e52a None admin] RBAC: Authorizing `identity:get_user(user_id=ad69b6fa6bfa4f2884451453ae76e477)` {{(pid=45343) enforce_call /opt/stack/keystone/keystone/common/rbac_enforcer/enforcer.py:449}}
Oct 20 11:23:11 user devstack@keystone.service[45343]: DEBUG keystone.common.rbac_enforcer.enforcer [None req-7437b72f-53c0-4a07-8e21-956690a3e52a None admin] RBAC: Authorization granted {{(pid=45343) enforce_call /opt/stack/keystone/keystone/common/rbac_enforcer/enforcer.py:457}}
Oct 20 11:23:11 user devstack@keystone.service[45343]: [pid: 45343|app: 0|req: 69/204] 10.0.0.210 () {56 vars in 1172 bytes} [Fri Oct 20 11:23:11 2023] GET /identity/v3/users/ad69b6fa6bfa4f2884451453ae76e477 => generated 296 bytes in 171 msecs (HTTP/1.1 200) 5 headers in 177 bytes (1 switches on core 0)
Oct 20 11:23:11 user devstack@keystone.service[45342]: DEBUG keystone.server.flask.request_processing.middleware.auth_context [None req-89ed735e-ae22-4a5c-b0e6-d2bab1819ce9 None admin] Authenticating user token {{(pid=45342) process_request /opt/stack/data/venv/lib/python3.10/site-packages/keystonemiddleware/auth_token/__init__.py:406}}
Oct 20 11:23:11 user devstack@keystone.service[45342]: DEBUG keystone.server.flask.request_processing.middleware.auth_context [None req-89ed735e-ae22-4a5c-b0e6-d2bab1819ce9 None admin] Validating token access rules against request {{(pid=45342) validate_allowed_request /opt/stack/data/venv/lib/python3.10/site-packages/keystonemiddleware/auth_token/__init__.py:544}}
Oct 20 11:23:11 user devstack@keystone.service[45342]: DEBUG keystone.server.flask.request_processing.middleware.auth_context [None req-1e305249-1087-480d-9469-c7df53507f5f None admin] RBAC: auth_context: {'token': , 'domain_id': None, 'trust_id': None, 'trustor_id': None, 'trustee_id': None, 'domain_name': None, 'group_ids': [], 'user_id': '8df992df8eb3400da3178064e4aa4e74', 'user_domain_id': 'default', 'system_scope': 'all', 'project_id': None, 'project_domain_id': None, 'roles': ['admin', 'manager', 'member', 'reader'], 'is_admin_project': True, 'service_user_id': None, 'service_user_domain_id': None, 'service_project_id': None, 'service_project_domain_id': None, 'service_roles': []} {{(pid=45342) fill_context /opt/stack/keystone/keystone/server/flask/request_processing/middleware/auth_context.py:480}}
Oct 20 11:23:11 user devstack@keystone.service[45342]: DEBUG keystone.server.flask.request_processing.req_logging [None req-1e305249-1087-480d-9469-c7df53507f5f None admin] REQUEST_METHOD: `GET` {{(pid=45342) log_request_info /opt/stack/keystone/keystone/server/flask/request_processing/req_logging.py:27}}
Oct 20 11:23:11 user devstack@keystone.service[45342]: DEBUG keystone.server.flask.request_processing.req_logging [None req-1e305249-1087-480d-9469-c7df53507f5f None admin] SCRIPT_NAME: `/identity` {{(pid=45342) log_request_info /opt/stack/keystone/keystone/server/flask/request_processing/req_logging.py:28}}
Oct 20 11:23:11 user devstack@keystone.service[45342]: DEBUG keystone.server.flask.request_processing.req_logging [None req-1e305249-1087-480d-9469-c7df53507f5f None admin] PATH_INFO: `/v3/auth/tokens` {{(pid=45342) log_request_info /opt/stack/keystone/keystone/server/flask/request_processing/req_logging.py:29}}
Oct 20 11:23:11 user devstack@keystone.service[45342]: DEBUG keystone.common.rbac_enforcer.enforcer [None req-1e305249-1087-480d-9469-c7df53507f5f None admin] RBAC: Authorizing `identity:validate_token()` {{(pid=45342) enforce_call /opt/stack/keystone/keystone/common/rbac_enforcer/enforcer.py:449}}
Oct 20 11:23:11 user devstack@keystone.service[45342]: DEBUG keystone.common.rbac_enforcer.enforcer [None req-1e305249-1087-480d-9469-c7df53507f5f None admin] RBAC: Authorization granted {{(pid=45342) enforce_call /opt/stack/keystone/keystone/common/rbac_enforcer/enforcer.py:457}}
Oct 20 11:23:11 user devstack@keystone.service[45342]: [pid: 45342|app: 0|req: 70/205] 10.0.0.210 () {58 vars in 1277 bytes} [Fri Oct 20 11:23:11 2023] GET /identity/v3/auth/tokens => generated 861 bytes in 333 msecs (HTTP/1.1 200) 6 headers in 358 bytes (1 switches on core 0)
Oct 20 11:23:11 user devstack@keystone.service[45341]: DEBUG keystone.server.flask.request_processing.middleware.auth_context [None req-89f18a5d-e1d8-4c7a-a597-e1007680848b None admin] Authenticating user token {{(pid=45341) process_request /opt/stack/data/venv/lib/python3.10/site-packages/keystonemiddleware/auth_token/__init__.py:406}}
Oct 20 11:23:11 user devstack@keystone.service[45341]: DEBUG keystone.server.flask.request_processing.middleware.auth_context [None req-89f18a5d-e1d8-4c7a-a597-e1007680848b None admin] Validating token access rules against request {{(pid=45341) validate_allowed_request /opt/stack/data/venv/lib/python3.10/site-packages/keystonemiddleware/auth_token/__init__.py:544}}
Oct 20 11:23:11 user devstack@keystone.service[45341]: DEBUG keystone.server.flask.request_processing.middleware.auth_context [None req-edb6eb52-f22f-4737-9134-5a47f39f9062 None admin] RBAC: auth_context: {'token': , 'domain_id': None, 'trust_id': None, 'trustor_id': None, 'trustee_id': None, 'domain_name': None, 'group_ids': [], 'user_id': '8df992df8eb3400da3178064e4aa4e74', 'user_domain_id': 'default', 'system_scope': 'all', 'project_id': None, 'project_domain_id': None, 'roles': ['admin', 'manager', 'member', 'reader'], 'is_admin_project': True, 'service_user_id': None, 'service_user_domain_id': None, 'service_project_id': None, 'service_project_domain_id': None, 'service_roles': []} {{(pid=45341) fill_context /opt/stack/keystone/keystone/server/flask/request_processing/middleware/auth_context.py:480}}
Oct 20 11:23:11 user devstack@keystone.service[45341]: DEBUG keystone.server.flask.request_processing.req_logging [None req-edb6eb52-f22f-4737-9134-5a47f39f9062 None admin] REQUEST_METHOD: `GET` {{(pid=45341) log_request_info /opt/stack/keystone/keystone/server/flask/request_processing/req_logging.py:27}}
Oct 20 11:23:11 user devstack@keystone.service[45341]: DEBUG keystone.server.flask.request_processing.req_logging [None req-edb6eb52-f22f-4737-9134-5a47f39f9062 None admin] SCRIPT_NAME: `/identity` {{(pid=45341) log_request_info /opt/stack/keystone/keystone/server/flask/request_processing/req_logging.py:28}}
Oct 20 11:23:11 user devstack@keystone.service[45341]: DEBUG keystone.server.flask.request_processing.req_logging [None req-edb6eb52-f22f-4737-9134-5a47f39f9062 None admin] PATH_INFO: `/v3/projects/a708277d845546a2b9d18a6aa5e8c921` {{(pid=45341) log_request_info /opt/stack/keystone/keystone/server/flask/request_processing/req_logging.py:29}}
Oct 20 11:23:11 user devstack@keystone.service[45341]: DEBUG keystone.common.rbac_enforcer.enforcer [None req-edb6eb52-f22f-4737-9134-5a47f39f9062 None admin] RBAC: Authorizing `identity:get_project(project_id=a708277d845546a2b9d18a6aa5e8c921)` {{(pid=45341) enforce_call /opt/stack/keystone/keystone/common/rbac_enforcer/enforcer.py:449}}
Oct 20 11:23:11 user devstack@keystone.service[45341]: DEBUG keystone.common.rbac_enforcer.enforcer [None req-edb6eb52-f22f-4737-9134-5a47f39f9062 None admin] RBAC: Authorization granted {{(pid=45341) enforce_call /opt/stack/keystone/keystone/common/rbac_enforcer/enforcer.py:457}}
Oct 20 11:23:11 user devstack@keystone.service[45341]: [pid: 45341|app: 0|req: 67/206] 10.0.0.210 () {56 vars in 1181 bytes} [Fri Oct 20 11:23:11 2023] GET /identity/v3/projects/a708277d845546a2b9d18a6aa5e8c921 => generated 301 bytes in 138 msecs (HTTP/1.1 200) 5 headers in 177 bytes (1 switches on core 0)
Oct 20 11:23:11 user devstack@keystone.service[45343]: DEBUG keystone.server.flask.request_processing.middleware.auth_context [None req-7437b72f-53c0-4a07-8e21-956690a3e52a None admin] Authenticating user token {{(pid=45343) process_request /opt/stack/data/venv/lib/python3.10/site-packages/keystonemiddleware/auth_token/__init__.py:406}}
Oct 20 11:23:12 user devstack@keystone.service[45343]: DEBUG keystone.server.flask.request_processing.middleware.auth_context [None req-7437b72f-53c0-4a07-8e21-956690a3e52a None admin] Validating token access rules against request {{(pid=45343) validate_allowed_request /opt/stack/data/venv/lib/python3.10/site-packages/keystonemiddleware/auth_token/__init__.py:544}}
Oct 20 11:23:12 user devstack@keystone.service[45343]: DEBUG keystone.server.flask.request_processing.middleware.auth_context [None req-4cc0d962-5982-42eb-8371-d564679bd481 None admin] RBAC: auth_context: {'token': , 'domain_id': None, 'trust_id': None, 'trustor_id': None, 'trustee_id': None, 'domain_name': None, 'group_ids': [], 'user_id': '8df992df8eb3400da3178064e4aa4e74', 'user_domain_id': 'default', 'system_scope': 'all', 'project_id': None, 'project_domain_id': None, 'roles': ['admin', 'manager', 'member', 'reader'], 'is_admin_project': True, 'service_user_id': None, 'service_user_domain_id': None, 'service_project_id': None, 'service_project_domain_id': None, 'service_roles': []} {{(pid=45343) fill_context /opt/stack/keystone/keystone/server/flask/request_processing/middleware/auth_context.py:480}}
Oct 20 11:23:12 user devstack@keystone.service[45343]: DEBUG keystone.server.flask.request_processing.req_logging [None req-4cc0d962-5982-42eb-8371-d564679bd481 None admin] REQUEST_METHOD: `GET` {{(pid=45343) log_request_info /opt/stack/keystone/keystone/server/flask/request_processing/req_logging.py:27}}
Oct 20 11:23:12 user devstack@keystone.service[45343]: DEBUG keystone.server.flask.request_processing.req_logging [None req-4cc0d962-5982-42eb-8371-d564679bd481 None admin] SCRIPT_NAME: `/identity` {{(pid=45343) log_request_info /opt/stack/keystone/keystone/server/flask/request_processing/req_logging.py:28}}
Oct 20 11:23:12 user devstack@keystone.service[45343]: DEBUG keystone.server.flask.request_processing.req_logging [None req-4cc0d962-5982-42eb-8371-d564679bd481 None admin] PATH_INFO: `/v3/role_assignments` {{(pid=45343) log_request_info /opt/stack/keystone/keystone/server/flask/request_processing/req_logging.py:29}}
Oct 20 11:23:12 user devstack@keystone.service[45343]: DEBUG keystone.common.rbac_enforcer.enforcer [None req-4cc0d962-5982-42eb-8371-d564679bd481 None admin] RBAC: Adding query filter params (role.id=68f898fd1d2f48478164a1b64b055e2a, scope.project.id=a708277d845546a2b9d18a6aa5e8c921, user.id=ad69b6fa6bfa4f2884451453ae76e477) {{(pid=45343) _extract_filter_values /opt/stack/keystone/keystone/common/rbac_enforcer/enforcer.py:167}}
Oct 20 11:23:12 user devstack@keystone.service[45343]: DEBUG keystone.common.rbac_enforcer.enforcer [None req-4cc0d962-5982-42eb-8371-d564679bd481 None admin] RBAC: Authorizing `identity:list_role_assignments()` {{(pid=45343) enforce_call /opt/stack/keystone/keystone/common/rbac_enforcer/enforcer.py:449}}
Oct 20 11:23:12 user devstack@keystone.service[45343]: DEBUG keystone.common.rbac_enforcer.enforcer [None req-4cc0d962-5982-42eb-8371-d564679bd481 None admin] RBAC: Authorization granted {{(pid=45343) enforce_call /opt/stack/keystone/keystone/common/rbac_enforcer/enforcer.py:457}}
Oct 20 11:23:12 user devstack@keystone.service[45343]: [pid: 45343|app: 0|req: 70/207] 10.0.0.210 () {56 vars in 1369 bytes} [Fri Oct 20 11:23:11 2023] GET /identity/v3/role_assignments?user.id=ad69b6fa6bfa4f2884451453ae76e477&scope.project.id=a708277d845546a2b9d18a6aa5e8c921&role.id=68f898fd1d2f48478164a1b64b055e2a => generated 606 bytes in 165 msecs (HTTP/1.1 200) 5 headers in 177 bytes (1 switches on core 0)
Oct 20 11:23:12 user devstack@keystone.service[45342]: DEBUG keystone.server.flask.request_processing.req_logging [None req-13a3c96d-56e5-4013-a56d-cb5539f040d8 None None] REQUEST_METHOD: `GET` {{(pid=45342) log_request_info /opt/stack/keystone/keystone/server/flask/request_processing/req_logging.py:27}}
Oct 20 11:23:12 user devstack@keystone.service[45342]: DEBUG keystone.server.flask.request_processing.req_logging [None req-13a3c96d-56e5-4013-a56d-cb5539f040d8 None None] SCRIPT_NAME: `/identity` {{(pid=45342) log_request_info /opt/stack/keystone/keystone/server/flask/request_processing/req_logging.py:28}}
Oct 20 11:23:12 user devstack@keystone.service[45342]: DEBUG keystone.server.flask.request_processing.req_logging [None req-13a3c96d-56e5-4013-a56d-cb5539f040d8 None None] PATH_INFO: `/` {{(pid=45342) log_request_info /opt/stack/keystone/keystone/server/flask/request_processing/req_logging.py:29}}
Oct 20 11:23:12 user devstack@keystone.service[45342]: [pid: 45342|app: 0|req: 71/208] 10.0.0.210 () {54 vars in 921 bytes} [Fri Oct 20 11:23:12 2023] GET /identity => generated 269 bytes in 3 msecs (HTTP/1.1 300) 6 headers in 233 bytes (1 switches on core 0)
Oct 20 11:23:12 user devstack@keystone.service[45341]: DEBUG keystone.server.flask.request_processing.req_logging [None req-2cf8ad3f-e1df-432d-aa35-9fdc623ca103 None None] REQUEST_METHOD: `POST` {{(pid=45341) log_request_info /opt/stack/keystone/keystone/server/flask/request_processing/req_logging.py:27}}
Oct 20 11:23:12 user devstack@keystone.service[45341]: DEBUG keystone.server.flask.request_processing.req_logging [None req-2cf8ad3f-e1df-432d-aa35-9fdc623ca103 None None] SCRIPT_NAME: `/identity` {{(pid=45341) log_request_info /opt/stack/keystone/keystone/server/flask/request_processing/req_logging.py:28}}
Oct 20 11:23:12 user devstack@keystone.service[45341]: DEBUG keystone.server.flask.request_processing.req_logging [None req-2cf8ad3f-e1df-432d-aa35-9fdc623ca103 None None] PATH_INFO: `/v3/auth/tokens` {{(pid=45341) log_request_info /opt/stack/keystone/keystone/server/flask/request_processing/req_logging.py:29}}
Oct 20 11:23:12 user devstack@keystone.service[45341]: WARNING keystone.common.password_hashing [None req-2cf8ad3f-e1df-432d-aa35-9fdc623ca103 None None] Truncating password to algorithm specific maximum length 72 characters.
