Nov 13 18:45:18 user devstack@c-api.service[76044]: INFO cinder.api.openstack.wsgi [None req-25608f15-c226-4c37-9c0e-69f2d60cc424 tempest-TaggedBootDevicesTest-1270684031 tempest-TaggedBootDevicesTest-1270684031-project-member] GET http://10.0.0.210/volume/v3/046be82514bf4c3483f8b3b8f2299b96/volumes/e823c6a1-f7e2-495f-a5dc-6fdfd2b19cf0
Nov 13 18:45:18 user devstack@c-api.service[76045]: INFO cinder.volume.api [None req-892441a7-0a9b-40cd-bf34-7279acb43b63 tempest-VolumesGetTest-444700092 tempest-VolumesGetTest-444700092-project-member] Volume updated successfully.
Nov 13 18:45:18 user devstack@c-api.service[76044]: DEBUG cinder.api.openstack.wsgi [None req-25608f15-c226-4c37-9c0e-69f2d60cc424 tempest-TaggedBootDevicesTest-1270684031 tempest-TaggedBootDevicesTest-1270684031-project-member] Empty body provided in request {{(pid=76044) get_body /opt/stack/cinder/cinder/api/openstack/wsgi.py:715}}
Nov 13 18:45:18 user devstack@c-api.service[76043]: INFO cinder.api.openstack.wsgi [None req-1e5f4ada-e928-4bd0-89bc-dba1e6512098 tempest-VolumeTypesAccessTest-660842597 tempest-VolumeTypesAccessTest-660842597-project-member] http://10.0.0.210/volume/v3/dd44ddad27b440b1a48cd178d651b88d/volumes/b47bfee5-291a-433e-99fa-46658a3fe48d returned with HTTP 200
Nov 13 18:45:18 user devstack@c-api.service[76044]: DEBUG cinder.api.openstack.wsgi [None req-25608f15-c226-4c37-9c0e-69f2d60cc424 tempest-TaggedBootDevicesTest-1270684031 tempest-TaggedBootDevicesTest-1270684031-project-member] Calling method 'show' {{(pid=76044) _process_stack /opt/stack/cinder/cinder/api/openstack/wsgi.py:868}}
Nov 13 18:45:18 user devstack@c-api.service[76043]: [pid: 76043|app: 0|req: 100/310] 10.0.0.210 () {62 vars in 1402 bytes} [Mon Nov 13 18:45:18 2023] GET /volume/v3/dd44ddad27b440b1a48cd178d651b88d/volumes/b47bfee5-291a-433e-99fa-46658a3fe48d => generated 951 bytes in 53 msecs (HTTP/1.1 200) 7 headers in 285 bytes (1 switches on core 0)
Nov 13 18:45:18 user devstack@c-api.service[76045]: INFO cinder.api.openstack.wsgi [None req-892441a7-0a9b-40cd-bf34-7279acb43b63 tempest-VolumesGetTest-444700092 tempest-VolumesGetTest-444700092-project-member] http://10.0.0.210/volume/v3/82f7e2d0f97c4072aec607351ff43b97/volumes/3535c12b-9a4f-4395-a37f-69791f9749e3 returned with HTTP 200
Nov 13 18:45:18 user devstack@c-api.service[76045]: [pid: 76045|app: 0|req: 105/311] 10.0.0.210 () {64 vars in 1423 bytes} [Mon Nov 13 18:45:18 2023] PUT /volume/v3/82f7e2d0f97c4072aec607351ff43b97/volumes/3535c12b-9a4f-4395-a37f-69791f9749e3 => generated 890 bytes in 116 msecs (HTTP/1.1 200) 7 headers in 285 bytes (1 switches on core 0)
Nov 13 18:45:18 user devstack@c-api.service[76044]: /opt/stack/data/venv/lib/python3.10/site-packages/oslo_context/context.py:100: DeprecationWarning: Policy enforcement is depending on the value of is_admin. This key is deprecated. Please update your policy file to use the standard policy values.
Nov 13 18:45:18 user devstack@c-api.service[76044]: warnings.warn('Policy enforcement is depending on the value of '
Nov 13 18:45:18 user devstack@c-api.service[76044]: INFO cinder.volume.api [None req-25608f15-c226-4c37-9c0e-69f2d60cc424 tempest-TaggedBootDevicesTest-1270684031 tempest-TaggedBootDevicesTest-1270684031-project-member] Volume info retrieved successfully.
Nov 13 18:45:18 user devstack@c-api.service[76043]: DEBUG cinder.api.middleware.request_id [None req-6a96691b-b358-498e-b009-62661ab9d0cf None None] RequestId filter calling following filter/app {{(pid=76043) _context_setter /opt/stack/cinder/cinder/api/middleware/request_id.py:62}}
Nov 13 18:45:18 user devstack@c-api.service[76045]: DEBUG cinder.api.middleware.request_id [None req-6224ab70-f9a0-46fb-97e3-fac8e4a44063 None None] RequestId filter calling following filter/app {{(pid=76045) _context_setter /opt/stack/cinder/cinder/api/middleware/request_id.py:62}}
Nov 13 18:45:18 user devstack@c-api.service[76043]: INFO cinder.api.openstack.wsgi [None req-6a96691b-b358-498e-b009-62661ab9d0cf tempest-VolumeTypesAccessTest-660842597 tempest-VolumeTypesAccessTest-660842597-project-member] DELETE http://10.0.0.210/volume/v3/dd44ddad27b440b1a48cd178d651b88d/volumes/b47bfee5-291a-433e-99fa-46658a3fe48d
Nov 13 18:45:18 user devstack@c-api.service[76043]: DEBUG cinder.api.openstack.wsgi [None req-6a96691b-b358-498e-b009-62661ab9d0cf tempest-VolumeTypesAccessTest-660842597 tempest-VolumeTypesAccessTest-660842597-project-member] Empty body provided in request {{(pid=76043) get_body /opt/stack/cinder/cinder/api/openstack/wsgi.py:715}}
Nov 13 18:45:18 user devstack@c-api.service[76043]: DEBUG cinder.api.openstack.wsgi [None req-6a96691b-b358-498e-b009-62661ab9d0cf tempest-VolumeTypesAccessTest-660842597 tempest-VolumeTypesAccessTest-660842597-project-member] Calling method 'delete' {{(pid=76043) _process_stack /opt/stack/cinder/cinder/api/openstack/wsgi.py:868}}
Nov 13 18:45:18 user devstack@c-api.service[76043]: INFO cinder.api.v3.volumes [None req-6a96691b-b358-498e-b009-62661ab9d0cf tempest-VolumeTypesAccessTest-660842597 tempest-VolumeTypesAccessTest-660842597-project-member] Delete volume with id: b47bfee5-291a-433e-99fa-46658a3fe48d
Nov 13 18:45:18 user devstack@c-api.service[76045]: INFO cinder.api.openstack.wsgi [None req-6224ab70-f9a0-46fb-97e3-fac8e4a44063 tempest-VolumesGetTest-444700092 tempest-VolumesGetTest-444700092-project-member] GET http://10.0.0.210/volume/v3/82f7e2d0f97c4072aec607351ff43b97/volumes/3535c12b-9a4f-4395-a37f-69791f9749e3
Nov 13 18:45:18 user devstack@c-api.service[76045]: DEBUG cinder.api.openstack.wsgi [None req-6224ab70-f9a0-46fb-97e3-fac8e4a44063 tempest-VolumesGetTest-444700092 tempest-VolumesGetTest-444700092-project-member] Empty body provided in request {{(pid=76045) get_body /opt/stack/cinder/cinder/api/openstack/wsgi.py:715}}
Nov 13 18:45:18 user devstack@c-api.service[76045]: DEBUG cinder.api.openstack.wsgi [None req-6224ab70-f9a0-46fb-97e3-fac8e4a44063 tempest-VolumesGetTest-444700092 tempest-VolumesGetTest-444700092-project-member] Calling method 'show' {{(pid=76045) _process_stack /opt/stack/cinder/cinder/api/openstack/wsgi.py:868}}
Nov 13 18:45:18 user devstack@c-api.service[76044]: INFO cinder.api.openstack.wsgi [None req-25608f15-c226-4c37-9c0e-69f2d60cc424 tempest-TaggedBootDevicesTest-1270684031 tempest-TaggedBootDevicesTest-1270684031-project-member] http://10.0.0.210/volume/v3/046be82514bf4c3483f8b3b8f2299b96/volumes/e823c6a1-f7e2-495f-a5dc-6fdfd2b19cf0 returned with HTTP 200
Nov 13 18:45:18 user devstack@c-api.service[76044]: [pid: 76044|app: 0|req: 107/312] 10.0.0.210 () {62 vars in 1402 bytes} [Mon Nov 13 18:45:18 2023] GET /volume/v3/046be82514bf4c3483f8b3b8f2299b96/volumes/e823c6a1-f7e2-495f-a5dc-6fdfd2b19cf0 => generated 910 bytes in 88 msecs (HTTP/1.1 200) 7 headers in 285 bytes (1 switches on core 0)
Nov 13 18:45:18 user devstack@c-api.service[76045]: /opt/stack/data/venv/lib/python3.10/site-packages/oslo_context/context.py:100: DeprecationWarning: Policy enforcement is depending on the value of is_admin. This key is deprecated. Please update your policy file to use the standard policy values.
Nov 13 18:45:18 user devstack@c-api.service[76045]: warnings.warn('Policy enforcement is depending on the value of '
Nov 13 18:45:18 user devstack@c-api.service[76043]: /opt/stack/data/venv/lib/python3.10/site-packages/oslo_context/context.py:100: DeprecationWarning: Policy enforcement is depending on the value of is_admin. This key is deprecated. Please update your policy file to use the standard policy values.
Nov 13 18:45:18 user devstack@c-api.service[76043]: warnings.warn('Policy enforcement is depending on the value of '
Nov 13 18:45:18 user devstack@c-api.service[76043]: INFO cinder.volume.api [None req-6a96691b-b358-498e-b009-62661ab9d0cf tempest-VolumeTypesAccessTest-660842597 tempest-VolumeTypesAccessTest-660842597-project-member] Volume info retrieved successfully.
Nov 13 18:45:18 user devstack@c-api.service[76045]: INFO cinder.volume.api [None req-6224ab70-f9a0-46fb-97e3-fac8e4a44063 tempest-VolumesGetTest-444700092 tempest-VolumesGetTest-444700092-project-member] Volume info retrieved successfully.
Nov 13 18:45:18 user devstack@c-api.service[76045]: INFO cinder.api.openstack.wsgi [None req-6224ab70-f9a0-46fb-97e3-fac8e4a44063 tempest-VolumesGetTest-444700092 tempest-VolumesGetTest-444700092-project-member] http://10.0.0.210/volume/v3/82f7e2d0f97c4072aec607351ff43b97/volumes/3535c12b-9a4f-4395-a37f-69791f9749e3 returned with HTTP 200
Nov 13 18:45:18 user devstack@c-api.service[76045]: [pid: 76045|app: 0|req: 106/313] 10.0.0.210 () {62 vars in 1402 bytes} [Mon Nov 13 18:45:18 2023] GET /volume/v3/82f7e2d0f97c4072aec607351ff43b97/volumes/3535c12b-9a4f-4395-a37f-69791f9749e3 => generated 958 bytes in 61 msecs (HTTP/1.1 200) 7 headers in 285 bytes (1 switches on core 0)
Nov 13 18:45:18 user devstack@c-api.service[76044]: DEBUG cinder.api.middleware.request_id [None req-4ab08624-b327-44d2-bd89-9ecef726895c None None] RequestId filter calling following filter/app {{(pid=76044) _context_setter /opt/stack/cinder/cinder/api/middleware/request_id.py:62}}
Nov 13 18:45:18 user devstack@c-api.service[76043]: INFO cinder.volume.api [None req-6a96691b-b358-498e-b009-62661ab9d0cf tempest-VolumeTypesAccessTest-660842597 tempest-VolumeTypesAccessTest-660842597-project-member] Delete volume request issued successfully.
Nov 13 18:45:18 user devstack@c-api.service[76043]: INFO cinder.api.openstack.wsgi [None req-6a96691b-b358-498e-b009-62661ab9d0cf tempest-VolumeTypesAccessTest-660842597 tempest-VolumeTypesAccessTest-660842597-project-member] http://10.0.0.210/volume/v3/dd44ddad27b440b1a48cd178d651b88d/volumes/b47bfee5-291a-433e-99fa-46658a3fe48d returned with HTTP 202
Nov 13 18:45:18 user devstack@c-api.service[76043]: [pid: 76043|app: 0|req: 101/314] 10.0.0.210 () {62 vars in 1405 bytes} [Mon Nov 13 18:45:18 2023] DELETE /volume/v3/dd44ddad27b440b1a48cd178d651b88d/volumes/b47bfee5-291a-433e-99fa-46658a3fe48d => generated 0 bytes in 120 msecs (HTTP/1.1 202) 6 headers in 233 bytes (1 switches on core 0)
Nov 13 18:45:18 user devstack@c-api.service[76045]: DEBUG cinder.api.middleware.request_id [None req-f6a863d7-dfc3-4670-a9e4-dbc64193f39c None None] RequestId filter calling following filter/app {{(pid=76045) _context_setter /opt/stack/cinder/cinder/api/middleware/request_id.py:62}}
Nov 13 18:45:18 user devstack@c-api.service[76045]: INFO cinder.api.openstack.wsgi [None req-f6a863d7-dfc3-4670-a9e4-dbc64193f39c tempest-VolumeTypesAccessTest-660842597 tempest-VolumeTypesAccessTest-660842597-project-member] GET http://10.0.0.210/volume/v3/dd44ddad27b440b1a48cd178d651b88d/volumes/b47bfee5-291a-433e-99fa-46658a3fe48d
Nov 13 18:45:18 user devstack@c-api.service[76045]: DEBUG cinder.api.openstack.wsgi [None req-f6a863d7-dfc3-4670-a9e4-dbc64193f39c tempest-VolumeTypesAccessTest-660842597 tempest-VolumeTypesAccessTest-660842597-project-member] Empty body provided in request {{(pid=76045) get_body /opt/stack/cinder/cinder/api/openstack/wsgi.py:715}}
Nov 13 18:45:18 user devstack@c-api.service[76045]: DEBUG cinder.api.openstack.wsgi [None req-f6a863d7-dfc3-4670-a9e4-dbc64193f39c tempest-VolumeTypesAccessTest-660842597 tempest-VolumeTypesAccessTest-660842597-project-member] Calling method 'show' {{(pid=76045) _process_stack /opt/stack/cinder/cinder/api/openstack/wsgi.py:868}}
Nov 13 18:45:18 user devstack@c-api.service[76044]: INFO cinder.api.openstack.wsgi [None req-4ab08624-b327-44d2-bd89-9ecef726895c tempest-VolumesGetTest-444700092 tempest-VolumesGetTest-444700092-project-member] POST http://10.0.0.210/volume/v3/82f7e2d0f97c4072aec607351ff43b97/volumes
Nov 13 18:45:18 user devstack@c-api.service[76044]: DEBUG cinder.api.openstack.wsgi [None req-4ab08624-b327-44d2-bd89-9ecef726895c tempest-VolumesGetTest-444700092 tempest-VolumesGetTest-444700092-project-member] Action: 'create', calling method: create, body: {"volume": {"description": "tempest-@#$%^* description-444222244", "availability_zone": "nova", "size": 1}} {{(pid=76044) _process_stack /opt/stack/cinder/cinder/api/openstack/wsgi.py:866}}
Nov 13 18:45:18 user devstack@c-api.service[76044]: DEBUG cinder.api.v3.volumes [None req-4ab08624-b327-44d2-bd89-9ecef726895c tempest-VolumesGetTest-444700092 tempest-VolumesGetTest-444700092-project-member] Create volume request body: {'volume': {'description': 'tempest-@#$%^* description-444222244', 'availability_zone': 'nova', 'size': 1}} {{(pid=76044) create /opt/stack/cinder/cinder/api/v3/volumes.py:297}}
Nov 13 18:45:18 user devstack@c-api.service[76044]: INFO cinder.api.v3.volumes [None req-4ab08624-b327-44d2-bd89-9ecef726895c tempest-VolumesGetTest-444700092 tempest-VolumesGetTest-444700092-project-member] Create volume of 1 GB
Nov 13 18:45:18 user devstack@c-api.service[76045]: /opt/stack/data/venv/lib/python3.10/site-packages/oslo_context/context.py:100: DeprecationWarning: Policy enforcement is depending on the value of is_admin. This key is deprecated. Please update your policy file to use the standard policy values.
Nov 13 18:45:18 user devstack@c-api.service[76045]: warnings.warn('Policy enforcement is depending on the value of '
Nov 13 18:45:18 user devstack@c-api.service[76044]: INFO cinder.volume.api [None req-4ab08624-b327-44d2-bd89-9ecef726895c tempest-VolumesGetTest-444700092 tempest-VolumesGetTest-444700092-project-member] Availability Zones retrieved successfully.
Nov 13 18:45:18 user devstack@c-api.service[76045]: INFO cinder.volume.api [None req-f6a863d7-dfc3-4670-a9e4-dbc64193f39c tempest-VolumeTypesAccessTest-660842597 tempest-VolumeTypesAccessTest-660842597-project-member] Volume info retrieved successfully.
Nov 13 18:45:18 user devstack@c-api.service[76045]: INFO cinder.api.openstack.wsgi [None req-f6a863d7-dfc3-4670-a9e4-dbc64193f39c tempest-VolumeTypesAccessTest-660842597 tempest-VolumeTypesAccessTest-660842597-project-member] http://10.0.0.210/volume/v3/dd44ddad27b440b1a48cd178d651b88d/volumes/b47bfee5-291a-433e-99fa-46658a3fe48d returned with HTTP 200
Nov 13 18:45:18 user devstack@c-api.service[76045]: [pid: 76045|app: 0|req: 107/315] 10.0.0.210 () {62 vars in 1402 bytes} [Mon Nov 13 18:45:18 2023] GET /volume/v3/dd44ddad27b440b1a48cd178d651b88d/volumes/b47bfee5-291a-433e-99fa-46658a3fe48d => generated 950 bytes in 119 msecs (HTTP/1.1 200) 7 headers in 285 bytes (2 switches on core 0)
Nov 13 18:45:18 user devstack@c-api.service[76044]: DEBUG cinder.volume.api [None req-4ab08624-b327-44d2-bd89-9ecef726895c tempest-VolumesGetTest-444700092 tempest-VolumesGetTest-444700092-project-member] Flow 'volume_create_api' (7ab4903a-64e0-40ec-9844-adb176d5fe04) transitioned into state 'RUNNING' from state 'PENDING' {{(pid=76044) _flow_receiver /opt/stack/data/venv/lib/python3.10/site-packages/taskflow/listeners/logging.py:141}}
Nov 13 18:45:18 user devstack@c-api.service[76044]: DEBUG cinder.volume.api [None req-4ab08624-b327-44d2-bd89-9ecef726895c tempest-VolumesGetTest-444700092 tempest-VolumesGetTest-444700092-project-member] Task 'cinder.volume.flows.api.create_volume.ExtractVolumeRequestTask;volume:create' (3937dd79-2f06-4be0-8b50-dd2d788afb19) transitioned into state 'RUNNING' from state 'PENDING' {{(pid=76044) _task_receiver /opt/stack/data/venv/lib/python3.10/site-packages/taskflow/listeners/logging.py:190}}
Nov 13 18:45:18 user devstack@c-api.service[76044]: DEBUG cinder.volume.flows.api.create_volume [None req-4ab08624-b327-44d2-bd89-9ecef726895c tempest-VolumesGetTest-444700092 tempest-VolumesGetTest-444700092-project-member] Validating volume size '1' using validate_int {{(pid=76044) _extract_size /opt/stack/cinder/cinder/volume/flows/api/create_volume.py:228}}
Nov 13 18:45:18 user devstack@c-api.service[76044]: DEBUG cinder.volume.api [None req-4ab08624-b327-44d2-bd89-9ecef726895c tempest-VolumesGetTest-444700092 tempest-VolumesGetTest-444700092-project-member] Task 'cinder.volume.flows.api.create_volume.ExtractVolumeRequestTask;volume:create' (3937dd79-2f06-4be0-8b50-dd2d788afb19) transitioned into state 'SUCCESS' from state 'RUNNING' with result '{'size': 1, 'snapshot_id': None, 'source_volid': None, 'volume_type': VolumeType(created_at=2023-11-13T18:40:52Z,deleted=False,deleted_at=None,description=None,extra_specs={volume_backend_name='joviandss-2'},id=196bbdf0-559f-4025-aeb8-8c338a70007f,is_public=True,name='joviandss-2',projects=[],qos_specs=,qos_specs_id=None,updated_at=None), 'volume_type_id': '196bbdf0-559f-4025-aeb8-8c338a70007f', 'encryption_key_id': None, 'qos_specs': None, 'consistencygroup_id': None, 'cgsnapshot_id': None, 'group_id': None, 'replication_status': 'disabled', 'refresh_az': False, 'backup_id': None, 'multiattach': False, 'availability_zones': ['nova']}' {{(pid=76044) _task_receiver /opt/stack/data/venv/lib/python3.10/site-packages/taskflow/listeners/logging.py:178}}
Nov 13 18:45:18 user devstack@c-api.service[76044]: DEBUG cinder.volume.api [None req-4ab08624-b327-44d2-bd89-9ecef726895c tempest-VolumesGetTest-444700092 tempest-VolumesGetTest-444700092-project-member] Task 'cinder.volume.flows.api.create_volume.QuotaReserveTask;volume:create' (d6035c62-2269-4954-a4be-b84e2a8f5506) transitioned into state 'RUNNING' from state 'PENDING' {{(pid=76044) _task_receiver /opt/stack/data/venv/lib/python3.10/site-packages/taskflow/listeners/logging.py:190}}
Nov 13 18:45:18 user devstack@c-api.service[76044]: DEBUG cinder.quota [None req-4ab08624-b327-44d2-bd89-9ecef726895c tempest-VolumesGetTest-444700092 tempest-VolumesGetTest-444700092-project-member] Created reservations ['e5e79a4c-d574-4a7a-8b85-802c89a8a661', 'e967400c-56d3-44db-9c21-6ef6b0be8f5f', '8905d01e-0759-4ceb-9630-8f0f26735b3f', 'e0409687-3d8b-48e4-9849-bc54a77f59a5'] {{(pid=76044) reserve /opt/stack/cinder/cinder/quota.py:755}}
Nov 13 18:45:18 user devstack@c-api.service[76044]: DEBUG cinder.volume.api [None req-4ab08624-b327-44d2-bd89-9ecef726895c tempest-VolumesGetTest-444700092 tempest-VolumesGetTest-444700092-project-member] Task 'cinder.volume.flows.api.create_volume.QuotaReserveTask;volume:create' (d6035c62-2269-4954-a4be-b84e2a8f5506) transitioned into state 'SUCCESS' from state 'RUNNING' with result '{'reservations': ['e5e79a4c-d574-4a7a-8b85-802c89a8a661', 'e967400c-56d3-44db-9c21-6ef6b0be8f5f', '8905d01e-0759-4ceb-9630-8f0f26735b3f', 'e0409687-3d8b-48e4-9849-bc54a77f59a5']}' {{(pid=76044) _task_receiver /opt/stack/data/venv/lib/python3.10/site-packages/taskflow/listeners/logging.py:178}}
Nov 13 18:45:18 user devstack@c-api.service[76044]: DEBUG cinder.volume.api [None req-4ab08624-b327-44d2-bd89-9ecef726895c tempest-VolumesGetTest-444700092 tempest-VolumesGetTest-444700092-project-member] Task 'cinder.volume.flows.api.create_volume.EntryCreateTask;volume:create' (3be71e5f-63ba-4e96-89e9-81043a30ce04) transitioned into state 'RUNNING' from state 'PENDING' {{(pid=76044) _task_receiver /opt/stack/data/venv/lib/python3.10/site-packages/taskflow/listeners/logging.py:190}}
Nov 13 18:45:18 user devstack@c-api.service[76044]: DEBUG cinder.volume.api [None req-4ab08624-b327-44d2-bd89-9ecef726895c tempest-VolumesGetTest-444700092 tempest-VolumesGetTest-444700092-project-member] Task 'cinder.volume.flows.api.create_volume.EntryCreateTask;volume:create' (3be71e5f-63ba-4e96-89e9-81043a30ce04) transitioned into state 'SUCCESS' from state 'RUNNING' with result '{'volume_id': '668ab7c6-73ed-4631-9798-d4dae330d024', 'volume_properties': VolumeProperties(attach_status='detached',availability_zone='nova',cgsnapshot_id=None,consistencygroup_id=None,display_description='tempest-@#$%^* description-444222244',display_name=None,encryption_key_id=None,group_id=None,group_type_id=,metadata={},multiattach=False,project_id='82f7e2d0f97c4072aec607351ff43b97',qos_specs=None,replication_status=,reservations=['e5e79a4c-d574-4a7a-8b85-802c89a8a661','e967400c-56d3-44db-9c21-6ef6b0be8f5f','8905d01e-0759-4ceb-9630-8f0f26735b3f','e0409687-3d8b-48e4-9849-bc54a77f59a5'],size=1,snapshot_id=None,source_replicaid=,source_volid=None,status='creating',user_id='f9150328f0844c30ba2a53b0e27015cf',volume_type_id=196bbdf0-559f-4025-aeb8-8c338a70007f), 'volume': Volume(_name_id=None,admin_metadata=,attach_status='detached',availability_zone='nova',bootable=False,cluster=,cluster_name=None,consistencygroup=,consistencygroup_id=None,created_at=2023-11-13T18:45:18Z,deleted=False,deleted_at=None,display_description='tempest-@#$%^* description-444222244',display_name=None,ec2_id=None,encryption_key_id=None,glance_metadata=,group=,group_id=None,host=None,id=668ab7c6-73ed-4631-9798-d4dae330d024,launched_at=None,metadata={},migration_status=None,multiattach=False,previous_status=None,project_id='82f7e2d0f97c4072aec607351ff43b97',provider_auth=None,provider_geometry=None,provider_id=None,provider_location=None,replication_driver_data=None,replication_extended_status=None,replication_status=None,scheduled_at=None,service_uuid=None,shared_targets=True,size=1,snapshot_id=None,snapshots=,source_volid=None,status='creating',terminated_at=None,updated_at=None,use_quota=True,user_id='f9150328f0844c30ba2a53b0e27015cf',volume_attachment=VolumeAttachmentList,volume_type=VolumeType(196bbdf0-559f-4025-aeb8-8c338a70007f),volume_type_id=196bbdf0-559f-4025-aeb8-8c338a70007f)}' {{(pid=76044) _task_receiver /opt/stack/data/venv/lib/python3.10/site-packages/taskflow/listeners/logging.py:178}}
Nov 13 18:45:18 user devstack@c-api.service[76044]: DEBUG cinder.volume.api [None req-4ab08624-b327-44d2-bd89-9ecef726895c tempest-VolumesGetTest-444700092 tempest-VolumesGetTest-444700092-project-member] Task 'cinder.volume.flows.api.create_volume.QuotaCommitTask;volume:create' (6667acf9-fcb4-4246-86a8-0069dfcc6753) transitioned into state 'RUNNING' from state 'PENDING' {{(pid=76044) _task_receiver /opt/stack/data/venv/lib/python3.10/site-packages/taskflow/listeners/logging.py:190}}
Nov 13 18:45:18 user devstack@c-api.service[76044]: DEBUG cinder.volume.api [None req-4ab08624-b327-44d2-bd89-9ecef726895c tempest-VolumesGetTest-444700092 tempest-VolumesGetTest-444700092-project-member] Task 'cinder.volume.flows.api.create_volume.QuotaCommitTask;volume:create' (6667acf9-fcb4-4246-86a8-0069dfcc6753) transitioned into state 'SUCCESS' from state 'RUNNING' with result '{'volume_properties': VolumeProperties(attach_status='detached',availability_zone='nova',cgsnapshot_id=None,consistencygroup_id=None,display_description='tempest-@#$%^* description-444222244',display_name=None,encryption_key_id=None,group_id=None,group_type_id=,metadata={},multiattach=False,project_id='82f7e2d0f97c4072aec607351ff43b97',qos_specs=None,replication_status=,reservations=['e5e79a4c-d574-4a7a-8b85-802c89a8a661','e967400c-56d3-44db-9c21-6ef6b0be8f5f','8905d01e-0759-4ceb-9630-8f0f26735b3f','e0409687-3d8b-48e4-9849-bc54a77f59a5'],size=1,snapshot_id=None,source_replicaid=,source_volid=None,status='creating',user_id='f9150328f0844c30ba2a53b0e27015cf',volume_type_id=196bbdf0-559f-4025-aeb8-8c338a70007f)}' {{(pid=76044) _task_receiver /opt/stack/data/venv/lib/python3.10/site-packages/taskflow/listeners/logging.py:178}}
Nov 13 18:45:18 user devstack@c-api.service[76044]: DEBUG cinder.volume.api [None req-4ab08624-b327-44d2-bd89-9ecef726895c tempest-VolumesGetTest-444700092 tempest-VolumesGetTest-444700092-project-member] Task 'cinder.volume.flows.api.create_volume.VolumeCastTask;volume:create' (3b2acd2d-e225-438d-940a-b6ecfc92d476) transitioned into state 'RUNNING' from state 'PENDING' {{(pid=76044) _task_receiver /opt/stack/data/venv/lib/python3.10/site-packages/taskflow/listeners/logging.py:190}}
Nov 13 18:45:18 user devstack@c-api.service[76044]: DEBUG cinder.volume.api [None req-4ab08624-b327-44d2-bd89-9ecef726895c tempest-VolumesGetTest-444700092 tempest-VolumesGetTest-444700092-project-member] Task 'cinder.volume.flows.api.create_volume.VolumeCastTask;volume:create' (3b2acd2d-e225-438d-940a-b6ecfc92d476) transitioned into state 'SUCCESS' from state 'RUNNING' with result 'None' {{(pid=76044) _task_receiver /opt/stack/data/venv/lib/python3.10/site-packages/taskflow/listeners/logging.py:178}}
Nov 13 18:45:18 user devstack@c-api.service[76044]: DEBUG cinder.volume.api [None req-4ab08624-b327-44d2-bd89-9ecef726895c tempest-VolumesGetTest-444700092 tempest-VolumesGetTest-444700092-project-member] Flow 'volume_create_api' (7ab4903a-64e0-40ec-9844-adb176d5fe04) transitioned into state 'SUCCESS' from state 'RUNNING' {{(pid=76044) _flow_receiver /opt/stack/data/venv/lib/python3.10/site-packages/taskflow/listeners/logging.py:141}}
Nov 13 18:45:18 user devstack@c-api.service[76044]: INFO cinder.volume.api [None req-4ab08624-b327-44d2-bd89-9ecef726895c tempest-VolumesGetTest-444700092 tempest-VolumesGetTest-444700092-project-member] Create volume request issued successfully.
Nov 13 18:45:18 user devstack@c-api.service[76044]: INFO cinder.api.openstack.wsgi [None req-4ab08624-b327-44d2-bd89-9ecef726895c tempest-VolumesGetTest-444700092 tempest-VolumesGetTest-444700092-project-member] http://10.0.0.210/volume/v3/82f7e2d0f97c4072aec607351ff43b97/volumes returned with HTTP 202
Nov 13 18:45:18 user devstack@c-api.service[76044]: [pid: 76044|app: 0|req: 108/316] 10.0.0.210 () {64 vars in 1313 bytes} [Mon Nov 13 18:45:18 2023] POST /volume/v3/82f7e2d0f97c4072aec607351ff43b97/volumes => generated 808 bytes in 428 msecs (HTTP/1.1 202) 7 headers in 291 bytes (1 switches on core 0)
Nov 13 18:45:18 user devstack@c-api.service[76043]: DEBUG cinder.api.middleware.request_id [None req-9a728c78-28b8-48f2-8163-73c073a5214f None None] RequestId filter calling following filter/app {{(pid=76043) _context_setter /opt/stack/cinder/cinder/api/middleware/request_id.py:62}}
Nov 13 18:45:18 user devstack@c-api.service[76043]: INFO cinder.api.openstack.wsgi [None req-9a728c78-28b8-48f2-8163-73c073a5214f tempest-VolumesGetTest-444700092 tempest-VolumesGetTest-444700092-project-member] GET http://10.0.0.210/volume/v3/82f7e2d0f97c4072aec607351ff43b97/volumes/668ab7c6-73ed-4631-9798-d4dae330d024
Nov 13 18:45:18 user devstack@c-api.service[76043]: DEBUG cinder.api.openstack.wsgi [None req-9a728c78-28b8-48f2-8163-73c073a5214f tempest-VolumesGetTest-444700092 tempest-VolumesGetTest-444700092-project-member] Empty body provided in request {{(pid=76043) get_body /opt/stack/cinder/cinder/api/openstack/wsgi.py:715}}
Nov 13 18:45:18 user devstack@c-api.service[76043]: DEBUG cinder.api.openstack.wsgi [None req-9a728c78-28b8-48f2-8163-73c073a5214f tempest-VolumesGetTest-444700092 tempest-VolumesGetTest-444700092-project-member] Calling method 'show' {{(pid=76043) _process_stack /opt/stack/cinder/cinder/api/openstack/wsgi.py:868}}
Nov 13 18:45:18 user devstack@c-api.service[76043]: /opt/stack/data/venv/lib/python3.10/site-packages/oslo_context/context.py:100: DeprecationWarning: Policy enforcement is depending on the value of is_admin. This key is deprecated. Please update your policy file to use the standard policy values.
Nov 13 18:45:18 user devstack@c-api.service[76043]: warnings.warn('Policy enforcement is depending on the value of '
Nov 13 18:45:18 user devstack@c-api.service[76043]: INFO cinder.volume.api [None req-9a728c78-28b8-48f2-8163-73c073a5214f tempest-VolumesGetTest-444700092 tempest-VolumesGetTest-444700092-project-member] Volume info retrieved successfully.
Nov 13 18:45:18 user devstack@c-api.service[76043]: INFO cinder.api.openstack.wsgi [None req-9a728c78-28b8-48f2-8163-73c073a5214f tempest-VolumesGetTest-444700092 tempest-VolumesGetTest-444700092-project-member] http://10.0.0.210/volume/v3/82f7e2d0f97c4072aec607351ff43b97/volumes/668ab7c6-73ed-4631-9798-d4dae330d024 returned with HTTP 200
Nov 13 18:45:18 user devstack@c-api.service[76043]: [pid: 76043|app: 0|req: 102/317] 10.0.0.210 () {62 vars in 1402 bytes} [Mon Nov 13 18:45:18 2023] GET /volume/v3/82f7e2d0f97c4072aec607351ff43b97/volumes/668ab7c6-73ed-4631-9798-d4dae330d024 => generated 876 bytes in 73 msecs (HTTP/1.1 200) 7 headers in 285 bytes (1 switches on core 0)
Nov 13 18:45:19 user devstack@c-api.service[76045]: DEBUG cinder.api.middleware.request_id [None req-3f61f73f-bcbd-4227-89a9-d5437c7a45ee None None] RequestId filter calling following filter/app {{(pid=76045) _context_setter /opt/stack/cinder/cinder/api/middleware/request_id.py:62}}
Nov 13 18:45:19 user devstack@c-api.service[76045]: INFO cinder.api.openstack.wsgi [None req-3f61f73f-bcbd-4227-89a9-d5437c7a45ee tempest-VolumesTransfersTest-168849152 tempest-VolumesTransfersTest-168849152-project-member] GET http://10.0.0.210/volume/v3/da0ff221125d470aaca7217e456a3861/volumes/186a9cfe-6d88-4042-b8cc-6ab9558a8a20
Nov 13 18:45:19 user devstack@c-api.service[76045]: DEBUG cinder.api.openstack.wsgi [None req-3f61f73f-bcbd-4227-89a9-d5437c7a45ee tempest-VolumesTransfersTest-168849152 tempest-VolumesTransfersTest-168849152-project-member] Empty body provided in request {{(pid=76045) get_body /opt/stack/cinder/cinder/api/openstack/wsgi.py:715}}
Nov 13 18:45:19 user devstack@c-api.service[76045]: DEBUG cinder.api.openstack.wsgi [None req-3f61f73f-bcbd-4227-89a9-d5437c7a45ee tempest-VolumesTransfersTest-168849152 tempest-VolumesTransfersTest-168849152-project-member] Calling method 'show' {{(pid=76045) _process_stack /opt/stack/cinder/cinder/api/openstack/wsgi.py:868}}
Nov 13 18:45:19 user devstack@c-api.service[76045]: /opt/stack/data/venv/lib/python3.10/site-packages/oslo_context/context.py:100: DeprecationWarning: Policy enforcement is depending on the value of is_admin. This key is deprecated. Please update your policy file to use the standard policy values.
Nov 13 18:45:19 user devstack@c-api.service[76045]: warnings.warn('Policy enforcement is depending on the value of '
Nov 13 18:45:19 user devstack@c-api.service[76045]: INFO cinder.volume.api [None req-3f61f73f-bcbd-4227-89a9-d5437c7a45ee tempest-VolumesTransfersTest-168849152 tempest-VolumesTransfersTest-168849152-project-member] Volume info retrieved successfully.
Nov 13 18:45:19 user devstack@c-api.service[76045]: INFO cinder.api.openstack.wsgi [None req-3f61f73f-bcbd-4227-89a9-d5437c7a45ee tempest-VolumesTransfersTest-168849152 tempest-VolumesTransfersTest-168849152-project-member] http://10.0.0.210/volume/v3/da0ff221125d470aaca7217e456a3861/volumes/186a9cfe-6d88-4042-b8cc-6ab9558a8a20 returned with HTTP 200
Nov 13 18:45:19 user devstack@c-api.service[76045]: [pid: 76045|app: 0|req: 108/318] 10.0.0.210 () {62 vars in 1402 bytes} [Mon Nov 13 18:45:19 2023] GET /volume/v3/da0ff221125d470aaca7217e456a3861/volumes/186a9cfe-6d88-4042-b8cc-6ab9558a8a20 => generated 910 bytes in 68 msecs (HTTP/1.1 200) 7 headers in 285 bytes (1 switches on core 0)
Nov 13 18:45:19 user devstack@c-api.service[76044]: DEBUG cinder.api.middleware.request_id [None req-cb26fb02-d7fd-4b5b-8d9b-bceccac0dd7a None None] RequestId filter calling following filter/app {{(pid=76044) _context_setter /opt/stack/cinder/cinder/api/middleware/request_id.py:62}}
Nov 13 18:45:19 user devstack@c-api.service[76043]: DEBUG cinder.api.middleware.request_id [None req-224e0915-ae23-4d1c-bf1d-9406ba2bbc7c None None] RequestId filter calling following filter/app {{(pid=76043) _context_setter /opt/stack/cinder/cinder/api/middleware/request_id.py:62}}
Nov 13 18:45:19 user devstack@c-api.service[76043]: INFO cinder.api.openstack.wsgi [None req-224e0915-ae23-4d1c-bf1d-9406ba2bbc7c tempest-VolumeTypesAccessTest-660842597 tempest-VolumeTypesAccessTest-660842597-project-member] GET http://10.0.0.210/volume/v3/dd44ddad27b440b1a48cd178d651b88d/volumes/b47bfee5-291a-433e-99fa-46658a3fe48d
Nov 13 18:45:19 user devstack@c-api.service[76043]: DEBUG cinder.api.openstack.wsgi [None req-224e0915-ae23-4d1c-bf1d-9406ba2bbc7c tempest-VolumeTypesAccessTest-660842597 tempest-VolumeTypesAccessTest-660842597-project-member] Empty body provided in request {{(pid=76043) get_body /opt/stack/cinder/cinder/api/openstack/wsgi.py:715}}
Nov 13 18:45:19 user devstack@c-api.service[76043]: DEBUG cinder.api.openstack.wsgi [None req-224e0915-ae23-4d1c-bf1d-9406ba2bbc7c tempest-VolumeTypesAccessTest-660842597 tempest-VolumeTypesAccessTest-660842597-project-member] Calling method 'show' {{(pid=76043) _process_stack /opt/stack/cinder/cinder/api/openstack/wsgi.py:868}}
Nov 13 18:45:19 user devstack@c-api.service[76043]: /opt/stack/data/venv/lib/python3.10/site-packages/oslo_context/context.py:100: DeprecationWarning: Policy enforcement is depending on the value of is_admin. This key is deprecated. Please update your policy file to use the standard policy values.
Nov 13 18:45:19 user devstack@c-api.service[76043]: warnings.warn('Policy enforcement is depending on the value of '
Nov 13 18:45:19 user devstack@c-api.service[76043]: INFO cinder.volume.api [None req-224e0915-ae23-4d1c-bf1d-9406ba2bbc7c tempest-VolumeTypesAccessTest-660842597 tempest-VolumeTypesAccessTest-660842597-project-member] Volume info retrieved successfully.
Nov 13 18:45:19 user devstack@c-api.service[76043]: INFO cinder.api.openstack.wsgi [None req-224e0915-ae23-4d1c-bf1d-9406ba2bbc7c tempest-VolumeTypesAccessTest-660842597 tempest-VolumeTypesAccessTest-660842597-project-member] http://10.0.0.210/volume/v3/dd44ddad27b440b1a48cd178d651b88d/volumes/b47bfee5-291a-433e-99fa-46658a3fe48d returned with HTTP 200
Nov 13 18:45:19 user devstack@c-api.service[76043]: [pid: 76043|app: 0|req: 103/319] 10.0.0.210 () {62 vars in 1402 bytes} [Mon Nov 13 18:45:19 2023] GET /volume/v3/dd44ddad27b440b1a48cd178d651b88d/volumes/b47bfee5-291a-433e-99fa-46658a3fe48d => generated 950 bytes in 122 msecs (HTTP/1.1 200) 7 headers in 285 bytes (1 switches on core 0)
Nov 13 18:45:20 user devstack@c-api.service[76045]: DEBUG cinder.api.middleware.request_id [None req-7e6b1d54-9e87-499e-ad76-a689772c40ad None None] RequestId filter calling following filter/app {{(pid=76045) _context_setter /opt/stack/cinder/cinder/api/middleware/request_id.py:62}}
Nov 13 18:45:20 user devstack@c-api.service[76044]: INFO cinder.api.openstack.wsgi [None req-cb26fb02-d7fd-4b5b-8d9b-bceccac0dd7a tempest-VolumesAssistedSnapshotsTest-1584726322 tempest-VolumesAssistedSnapshotsTest-1584726322-project-admin] POST http://10.0.0.210/volume/v3/a101faf8f6c94c02a39a8f78ed912481/volumes
Nov 13 18:45:20 user devstack@c-api.service[76044]: DEBUG cinder.api.openstack.wsgi [None req-cb26fb02-d7fd-4b5b-8d9b-bceccac0dd7a tempest-VolumesAssistedSnapshotsTest-1584726322 tempest-VolumesAssistedSnapshotsTest-1584726322-project-admin] Action: 'create', calling method: create, body: {"volume": {"size": 1, "display_name": "tempest-VolumesAssistedSnapshotsTest-volume-446015530"}} {{(pid=76044) _process_stack /opt/stack/cinder/cinder/api/openstack/wsgi.py:866}}
Nov 13 18:45:20 user devstack@c-api.service[76045]: INFO cinder.api.openstack.wsgi [None req-7e6b1d54-9e87-499e-ad76-a689772c40ad tempest-VolumesGetTest-444700092 tempest-VolumesGetTest-444700092-project-member] GET http://10.0.0.210/volume/v3/82f7e2d0f97c4072aec607351ff43b97/volumes/668ab7c6-73ed-4631-9798-d4dae330d024
Nov 13 18:45:20 user devstack@c-api.service[76045]: DEBUG cinder.api.openstack.wsgi [None req-7e6b1d54-9e87-499e-ad76-a689772c40ad tempest-VolumesGetTest-444700092 tempest-VolumesGetTest-444700092-project-member] Empty body provided in request {{(pid=76045) get_body /opt/stack/cinder/cinder/api/openstack/wsgi.py:715}}
Nov 13 18:45:20 user devstack@c-api.service[76045]: DEBUG cinder.api.openstack.wsgi [None req-7e6b1d54-9e87-499e-ad76-a689772c40ad tempest-VolumesGetTest-444700092 tempest-VolumesGetTest-444700092-project-member] Calling method 'show' {{(pid=76045) _process_stack /opt/stack/cinder/cinder/api/openstack/wsgi.py:868}}
Nov 13 18:45:20 user devstack@c-api.service[76044]: DEBUG cinder.api.v3.volumes [None req-cb26fb02-d7fd-4b5b-8d9b-bceccac0dd7a tempest-VolumesAssistedSnapshotsTest-1584726322 tempest-VolumesAssistedSnapshotsTest-1584726322-project-admin] Create volume request body: {'volume': {'size': 1, 'display_name': 'tempest-VolumesAssistedSnapshotsTest-volume-446015530'}} {{(pid=76044) create /opt/stack/cinder/cinder/api/v3/volumes.py:297}}
Nov 13 18:45:20 user devstack@c-api.service[76044]: INFO cinder.api.v3.volumes [None req-cb26fb02-d7fd-4b5b-8d9b-bceccac0dd7a tempest-VolumesAssistedSnapshotsTest-1584726322 tempest-VolumesAssistedSnapshotsTest-1584726322-project-admin] Create volume of 1 GB
Nov 13 18:45:20 user devstack@c-api.service[76044]: /opt/stack/data/venv/lib/python3.10/site-packages/oslo_context/context.py:100: DeprecationWarning: Policy enforcement is depending on the value of is_admin. This key is deprecated. Please update your policy file to use the standard policy values.
Nov 13 18:45:20 user devstack@c-api.service[76044]: warnings.warn('Policy enforcement is depending on the value of '
Nov 13 18:45:20 user devstack@c-api.service[76045]: /opt/stack/data/venv/lib/python3.10/site-packages/oslo_context/context.py:100: DeprecationWarning: Policy enforcement is depending on the value of is_admin. This key is deprecated. Please update your policy file to use the standard policy values.
Nov 13 18:45:20 user devstack@c-api.service[76045]: warnings.warn('Policy enforcement is depending on the value of '
Nov 13 18:45:20 user devstack@c-api.service[76044]: INFO cinder.volume.api [None req-cb26fb02-d7fd-4b5b-8d9b-bceccac0dd7a tempest-VolumesAssistedSnapshotsTest-1584726322 tempest-VolumesAssistedSnapshotsTest-1584726322-project-admin] Availability Zones retrieved successfully.
Nov 13 18:45:20 user devstack@c-api.service[76045]: INFO cinder.volume.api [None req-7e6b1d54-9e87-499e-ad76-a689772c40ad tempest-VolumesGetTest-444700092 tempest-VolumesGetTest-444700092-project-member] Volume info retrieved successfully.
Nov 13 18:45:20 user devstack@c-api.service[76044]: DEBUG cinder.volume.api [None req-cb26fb02-d7fd-4b5b-8d9b-bceccac0dd7a tempest-VolumesAssistedSnapshotsTest-1584726322 tempest-VolumesAssistedSnapshotsTest-1584726322-project-admin] Flow 'volume_create_api' (5ef74a8f-2c18-474f-93d5-8e55371f2d91) transitioned into state 'RUNNING' from state 'PENDING' {{(pid=76044) _flow_receiver /opt/stack/data/venv/lib/python3.10/site-packages/taskflow/listeners/logging.py:141}}
Nov 13 18:45:20 user devstack@c-api.service[76044]: DEBUG cinder.volume.api [None req-cb26fb02-d7fd-4b5b-8d9b-bceccac0dd7a tempest-VolumesAssistedSnapshotsTest-1584726322 tempest-VolumesAssistedSnapshotsTest-1584726322-project-admin] Task 'cinder.volume.flows.api.create_volume.ExtractVolumeRequestTask;volume:create' (e9826fb2-428a-4269-b7b2-abef0b020817) transitioned into state 'RUNNING' from state 'PENDING' {{(pid=76044) _task_receiver /opt/stack/data/venv/lib/python3.10/site-packages/taskflow/listeners/logging.py:190}}
Nov 13 18:45:20 user devstack@c-api.service[76044]: DEBUG cinder.volume.flows.api.create_volume [None req-cb26fb02-d7fd-4b5b-8d9b-bceccac0dd7a tempest-VolumesAssistedSnapshotsTest-1584726322 tempest-VolumesAssistedSnapshotsTest-1584726322-project-admin] Validating volume size '1' using validate_int {{(pid=76044) _extract_size /opt/stack/cinder/cinder/volume/flows/api/create_volume.py:228}}
Nov 13 18:45:20 user devstack@c-api.service[76045]: INFO cinder.api.openstack.wsgi [None req-7e6b1d54-9e87-499e-ad76-a689772c40ad tempest-VolumesGetTest-444700092 tempest-VolumesGetTest-444700092-project-member] http://10.0.0.210/volume/v3/82f7e2d0f97c4072aec607351ff43b97/volumes/668ab7c6-73ed-4631-9798-d4dae330d024 returned with HTTP 200
Nov 13 18:45:20 user devstack@c-api.service[76045]: [pid: 76045|app: 0|req: 109/320] 10.0.0.210 () {62 vars in 1402 bytes} [Mon Nov 13 18:45:20 2023] GET /volume/v3/82f7e2d0f97c4072aec607351ff43b97/volumes/668ab7c6-73ed-4631-9798-d4dae330d024 => generated 900 bytes in 82 msecs (HTTP/1.1 200) 7 headers in 285 bytes (2 switches on core 0)
Nov 13 18:45:20 user devstack@c-api.service[76044]: DEBUG cinder.volume.api [None req-cb26fb02-d7fd-4b5b-8d9b-bceccac0dd7a tempest-VolumesAssistedSnapshotsTest-1584726322 tempest-VolumesAssistedSnapshotsTest-1584726322-project-admin] Task 'cinder.volume.flows.api.create_volume.ExtractVolumeRequestTask;volume:create' (e9826fb2-428a-4269-b7b2-abef0b020817) transitioned into state 'SUCCESS' from state 'RUNNING' with result '{'size': 1, 'snapshot_id': None, 'source_volid': None, 'volume_type': VolumeType(created_at=2023-11-13T18:40:52Z,deleted=False,deleted_at=None,description=None,extra_specs={volume_backend_name='joviandss-2'},id=196bbdf0-559f-4025-aeb8-8c338a70007f,is_public=True,name='joviandss-2',projects=[],qos_specs=,qos_specs_id=None,updated_at=None), 'volume_type_id': '196bbdf0-559f-4025-aeb8-8c338a70007f', 'encryption_key_id': None, 'qos_specs': None, 'consistencygroup_id': None, 'cgsnapshot_id': None, 'group_id': None, 'replication_status': 'disabled', 'refresh_az': False, 'backup_id': None, 'multiattach': False, 'availability_zones': ['nova']}' {{(pid=76044) _task_receiver /opt/stack/data/venv/lib/python3.10/site-packages/taskflow/listeners/logging.py:178}}
Nov 13 18:45:20 user devstack@c-api.service[76044]: DEBUG cinder.volume.api [None req-cb26fb02-d7fd-4b5b-8d9b-bceccac0dd7a tempest-VolumesAssistedSnapshotsTest-1584726322 tempest-VolumesAssistedSnapshotsTest-1584726322-project-admin] Task 'cinder.volume.flows.api.create_volume.QuotaReserveTask;volume:create' (fc2d0595-73e9-40f4-ad23-04d628af3be9) transitioned into state 'RUNNING' from state 'PENDING' {{(pid=76044) _task_receiver /opt/stack/data/venv/lib/python3.10/site-packages/taskflow/listeners/logging.py:190}}
Nov 13 18:45:20 user devstack@c-api.service[76044]: DEBUG cinder.quota [None req-cb26fb02-d7fd-4b5b-8d9b-bceccac0dd7a tempest-VolumesAssistedSnapshotsTest-1584726322 tempest-VolumesAssistedSnapshotsTest-1584726322-project-admin] Created reservations ['ac7a4df1-9d93-45c1-8e3c-1f2ce1c8965f', '5bed91ee-a10f-44ce-99fd-7a47b9c4bc56', 'a3bd0f11-891d-448b-9e05-609f44e431ca', '49cdaf47-ca9e-471f-845e-3736eddda725'] {{(pid=76044) reserve /opt/stack/cinder/cinder/quota.py:755}}
Nov 13 18:45:20 user devstack@c-api.service[76044]: DEBUG cinder.volume.api [None req-cb26fb02-d7fd-4b5b-8d9b-bceccac0dd7a tempest-VolumesAssistedSnapshotsTest-1584726322 tempest-VolumesAssistedSnapshotsTest-1584726322-project-admin] Task 'cinder.volume.flows.api.create_volume.QuotaReserveTask;volume:create' (fc2d0595-73e9-40f4-ad23-04d628af3be9) transitioned into state 'SUCCESS' from state 'RUNNING' with result '{'reservations': ['ac7a4df1-9d93-45c1-8e3c-1f2ce1c8965f', '5bed91ee-a10f-44ce-99fd-7a47b9c4bc56', 'a3bd0f11-891d-448b-9e05-609f44e431ca', '49cdaf47-ca9e-471f-845e-3736eddda725']}' {{(pid=76044) _task_receiver /opt/stack/data/venv/lib/python3.10/site-packages/taskflow/listeners/logging.py:178}}
Nov 13 18:45:20 user devstack@c-api.service[76044]: DEBUG cinder.volume.api [None req-cb26fb02-d7fd-4b5b-8d9b-bceccac0dd7a tempest-VolumesAssistedSnapshotsTest-1584726322 tempest-VolumesAssistedSnapshotsTest-1584726322-project-admin] Task 'cinder.volume.flows.api.create_volume.EntryCreateTask;volume:create' (1a3cde7a-0947-4f93-b259-20ccdd836dc6) transitioned into state 'RUNNING' from state 'PENDING' {{(pid=76044) _task_receiver /opt/stack/data/venv/lib/python3.10/site-packages/taskflow/listeners/logging.py:190}}
Nov 13 18:45:20 user devstack@c-api.service[76044]: DEBUG cinder.volume.api [None req-cb26fb02-d7fd-4b5b-8d9b-bceccac0dd7a tempest-VolumesAssistedSnapshotsTest-1584726322 tempest-VolumesAssistedSnapshotsTest-1584726322-project-admin] Task 'cinder.volume.flows.api.create_volume.EntryCreateTask;volume:create' (1a3cde7a-0947-4f93-b259-20ccdd836dc6) transitioned into state 'SUCCESS' from state 'RUNNING' with result '{'volume_id': 'd72e8803-2ded-42f6-858f-803c16c2d2a4', 'volume_properties': VolumeProperties(attach_status='detached',availability_zone='nova',cgsnapshot_id=None,consistencygroup_id=None,display_description=None,display_name='tempest-VolumesAssistedSnapshotsTest-volume-446015530',encryption_key_id=None,group_id=None,group_type_id=,metadata={},multiattach=False,project_id='a101faf8f6c94c02a39a8f78ed912481',qos_specs=None,replication_status=,reservations=['ac7a4df1-9d93-45c1-8e3c-1f2ce1c8965f','5bed91ee-a10f-44ce-99fd-7a47b9c4bc56','a3bd0f11-891d-448b-9e05-609f44e431ca','49cdaf47-ca9e-471f-845e-3736eddda725'],size=1,snapshot_id=None,source_replicaid=,source_volid=None,status='creating',user_id='2b37d3fa0aa94050831f8dda1d92ba9c',volume_type_id=196bbdf0-559f-4025-aeb8-8c338a70007f), 'volume': Volume(_name_id=None,admin_metadata={},attach_status='detached',availability_zone='nova',bootable=False,cluster=,cluster_name=None,consistencygroup=,consistencygroup_id=None,created_at=2023-11-13T18:45:20Z,deleted=False,deleted_at=None,display_description=None,display_name='tempest-VolumesAssistedSnapshotsTest-volume-446015530',ec2_id=None,encryption_key_id=None,glance_metadata=,group=,group_id=None,host=None,id=d72e8803-2ded-42f6-858f-803c16c2d2a4,launched_at=None,metadata={},migration_status=None,multiattach=False,previous_status=None,project_id='a101faf8f6c94c02a39a8f78ed912481',provider_auth=None,provider_geometry=None,provider_id=None,provider_location=None,replication_driver_data=None,replication_extended_status=None,replication_status=None,scheduled_at=None,service_uuid=None,shared_targets=True,size=1,snapshot_id=None,snapshots=,source_volid=None,status='creating',terminated_at=None,updated_at=None,use_quota=True,user_id='2b37d3fa0aa94050831f8dda1d92ba9c',volume_attachment=VolumeAttachmentList,volume_type=VolumeType(196bbdf0-559f-4025-aeb8-8c338a70007f),volume_type_id=196bbdf0-559f-4025-aeb8-8c338a70007f)}' {{(pid=76044) _task_receiver /opt/stack/data/venv/lib/python3.10/site-packages/taskflow/listeners/logging.py:178}}
Nov 13 18:45:20 user devstack@c-api.service[76044]: DEBUG cinder.volume.api [None req-cb26fb02-d7fd-4b5b-8d9b-bceccac0dd7a tempest-VolumesAssistedSnapshotsTest-1584726322 tempest-VolumesAssistedSnapshotsTest-1584726322-project-admin] Task 'cinder.volume.flows.api.create_volume.QuotaCommitTask;volume:create' (177cc293-4c1b-4082-8440-41d9411dd10d) transitioned into state 'RUNNING' from state 'PENDING' {{(pid=76044) _task_receiver /opt/stack/data/venv/lib/python3.10/site-packages/taskflow/listeners/logging.py:190}}
Nov 13 18:45:20 user devstack@c-api.service[76044]: DEBUG cinder.volume.api [None req-cb26fb02-d7fd-4b5b-8d9b-bceccac0dd7a tempest-VolumesAssistedSnapshotsTest-1584726322 tempest-VolumesAssistedSnapshotsTest-1584726322-project-admin] Task 'cinder.volume.flows.api.create_volume.QuotaCommitTask;volume:create' (177cc293-4c1b-4082-8440-41d9411dd10d) transitioned into state 'SUCCESS' from state 'RUNNING' with result '{'volume_properties': VolumeProperties(attach_status='detached',availability_zone='nova',cgsnapshot_id=None,consistencygroup_id=None,display_description=None,display_name='tempest-VolumesAssistedSnapshotsTest-volume-446015530',encryption_key_id=None,group_id=None,group_type_id=,metadata={},multiattach=False,project_id='a101faf8f6c94c02a39a8f78ed912481',qos_specs=None,replication_status=,reservations=['ac7a4df1-9d93-45c1-8e3c-1f2ce1c8965f','5bed91ee-a10f-44ce-99fd-7a47b9c4bc56','a3bd0f11-891d-448b-9e05-609f44e431ca','49cdaf47-ca9e-471f-845e-3736eddda725'],size=1,snapshot_id=None,source_replicaid=,source_volid=None,status='creating',user_id='2b37d3fa0aa94050831f8dda1d92ba9c',volume_type_id=196bbdf0-559f-4025-aeb8-8c338a70007f)}' {{(pid=76044) _task_receiver /opt/stack/data/venv/lib/python3.10/site-packages/taskflow/listeners/logging.py:178}}
Nov 13 18:45:20 user devstack@c-api.service[76044]: DEBUG cinder.volume.api [None req-cb26fb02-d7fd-4b5b-8d9b-bceccac0dd7a tempest-VolumesAssistedSnapshotsTest-1584726322 tempest-VolumesAssistedSnapshotsTest-1584726322-project-admin] Task 'cinder.volume.flows.api.create_volume.VolumeCastTask;volume:create' (51396472-5c06-450d-9998-c05a26a3f1d6) transitioned into state 'RUNNING' from state 'PENDING' {{(pid=76044) _task_receiver /opt/stack/data/venv/lib/python3.10/site-packages/taskflow/listeners/logging.py:190}}
Nov 13 18:45:20 user devstack@c-api.service[76044]: DEBUG cinder.volume.api [None req-cb26fb02-d7fd-4b5b-8d9b-bceccac0dd7a tempest-VolumesAssistedSnapshotsTest-1584726322 tempest-VolumesAssistedSnapshotsTest-1584726322-project-admin] Task 'cinder.volume.flows.api.create_volume.VolumeCastTask;volume:create' (51396472-5c06-450d-9998-c05a26a3f1d6) transitioned into state 'SUCCESS' from state 'RUNNING' with result 'None' {{(pid=76044) _task_receiver /opt/stack/data/venv/lib/python3.10/site-packages/taskflow/listeners/logging.py:178}}
Nov 13 18:45:20 user devstack@c-api.service[76044]: DEBUG cinder.volume.api [None req-cb26fb02-d7fd-4b5b-8d9b-bceccac0dd7a tempest-VolumesAssistedSnapshotsTest-1584726322 tempest-VolumesAssistedSnapshotsTest-1584726322-project-admin] Flow 'volume_create_api' (5ef74a8f-2c18-474f-93d5-8e55371f2d91) transitioned into state 'SUCCESS' from state 'RUNNING' {{(pid=76044) _flow_receiver /opt/stack/data/venv/lib/python3.10/site-packages/taskflow/listeners/logging.py:141}}
Nov 13 18:45:20 user devstack@c-api.service[76044]: INFO cinder.volume.api [None req-cb26fb02-d7fd-4b5b-8d9b-bceccac0dd7a tempest-VolumesAssistedSnapshotsTest-1584726322 tempest-VolumesAssistedSnapshotsTest-1584726322-project-admin] Create volume request issued successfully.
Nov 13 18:45:20 user devstack@c-api.service[76044]: INFO cinder.api.openstack.wsgi [None req-cb26fb02-d7fd-4b5b-8d9b-bceccac0dd7a tempest-VolumesAssistedSnapshotsTest-1584726322 tempest-VolumesAssistedSnapshotsTest-1584726322-project-admin] http://10.0.0.210/volume/v3/a101faf8f6c94c02a39a8f78ed912481/volumes returned with HTTP 202
Nov 13 18:45:20 user devstack@c-api.service[76044]: [pid: 76044|app: 0|req: 109/321] 10.0.0.210 () {64 vars in 1312 bytes} [Mon Nov 13 18:45:19 2023] POST /volume/v3/a101faf8f6c94c02a39a8f78ed912481/volumes => generated 851 bytes in 720 msecs (HTTP/1.1 202) 7 headers in 291 bytes (1 switches on core 0)
Nov 13 18:45:20 user devstack@c-api.service[76043]: DEBUG cinder.api.middleware.request_id [None req-4308642f-c56c-4359-9b9b-b15ef4b5bda9 None None] RequestId filter calling following filter/app {{(pid=76043) _context_setter /opt/stack/cinder/cinder/api/middleware/request_id.py:62}}
