Apr 14 16:53:58 user devstack@keystone.service[43056]: DEBUG keystone.common.rbac_enforcer.enforcer [None req-5640f077-c81f-4501-a427-2935f0ca111c None admin] RBAC: Authorization granted {{(pid=43056) enforce_call /opt/stack/keystone/keystone/common/rbac_enforcer/enforcer.py:457}}
Apr 14 16:53:58 user devstack@keystone.service[43057]: DEBUG keystone.server.flask.request_processing.req_logging [None req-d91943cc-d1c1-43ac-b0c2-4ed32d52907f None None] REQUEST_METHOD: `POST` {{(pid=43057) log_request_info /opt/stack/keystone/keystone/server/flask/request_processing/req_logging.py:27}}
Apr 14 16:53:58 user devstack@keystone.service[43057]: DEBUG keystone.server.flask.request_processing.req_logging [None req-d91943cc-d1c1-43ac-b0c2-4ed32d52907f None None] SCRIPT_NAME: `/identity` {{(pid=43057) log_request_info /opt/stack/keystone/keystone/server/flask/request_processing/req_logging.py:28}}
Apr 14 16:53:58 user devstack@keystone.service[43057]: DEBUG keystone.server.flask.request_processing.req_logging [None req-d91943cc-d1c1-43ac-b0c2-4ed32d52907f None None] PATH_INFO: `/v3/auth/tokens` {{(pid=43057) log_request_info /opt/stack/keystone/keystone/server/flask/request_processing/req_logging.py:29}}
Apr 14 16:53:58 user devstack@keystone.service[43056]: [pid: 43056|app: 0|req: 117/343] 10.0.0.210 () {56 vars in 1104 bytes} [Fri Apr 14 16:53:57 2023] GET /identity/v3/domains?name=Default => generated 306 bytes in 135 msecs (HTTP/1.1 200) 5 headers in 177 bytes (1 switches on core 0)
Apr 14 16:53:58 user devstack@keystone.service[43056]: DEBUG keystone.server.flask.request_processing.middleware.auth_context [None req-5640f077-c81f-4501-a427-2935f0ca111c None admin] Authenticating user token {{(pid=43056) process_request /usr/local/lib/python3.10/dist-packages/keystonemiddleware/auth_token/__init__.py:406}}
Apr 14 16:53:58 user devstack@keystone.service[43057]: WARNING keystone.common.password_hashing [None req-d91943cc-d1c1-43ac-b0c2-4ed32d52907f None None] Truncating password to algorithm specific maximum length 54 characters.
Apr 14 16:53:58 user devstack@keystone.service[43057]: DEBUG keystone.auth.core [None req-d91943cc-d1c1-43ac-b0c2-4ed32d52907f None None] MFA Rules not processed for user `31a84c78da8d4500ae0ffd999a7cf6b0`. Rule list: `[]` (Enabled: `True`). {{(pid=43057) check_auth_methods_against_rules /opt/stack/keystone/keystone/auth/core.py:438}}
Apr 14 16:53:58 user devstack@keystone.service[43057]: DEBUG keystone.common.fernet_utils [None req-d91943cc-d1c1-43ac-b0c2-4ed32d52907f None None] Loaded 2 Fernet keys from /etc/keystone/fernet-keys/, but `[fernet_tokens] max_active_keys = 3`; perhaps there have not been enough key rotations to reach `max_active_keys` yet? {{(pid=43057) load_keys /opt/stack/keystone/keystone/common/fernet_utils.py:286}}
Apr 14 16:53:58 user devstack@keystone.service[43058]: DEBUG dbcounter [-] [43058] Writing DB stats keystone:SELECT=100 {{(pid=43058) stat_writer /usr/local/lib/python3.10/dist-packages/dbcounter.py:117}}
Apr 14 16:53:58 user devstack@keystone.service[43056]: DEBUG dbcounter [-] [43056] Writing DB stats keystone:SELECT=100 {{(pid=43056) stat_writer /usr/local/lib/python3.10/dist-packages/dbcounter.py:117}}
Apr 14 16:53:58 user devstack@keystone.service[43057]: [pid: 43057|app: 0|req: 112/344] 10.0.0.210 () {58 vars in 1017 bytes} [Fri Apr 14 16:53:58 2023] POST /identity/v3/auth/tokens => generated 798 bytes in 79 msecs (HTTP/1.1 201) 6 headers in 363 bytes (1 switches on core 0)
Apr 14 16:53:58 user devstack@keystone.service[43058]: DEBUG keystone.server.flask.request_processing.middleware.auth_context [None req-8fb2c409-fccc-457a-b4f6-075ab50b57c3 None None] Validating token access rules against request {{(pid=43058) validate_allowed_request /usr/local/lib/python3.10/dist-packages/keystonemiddleware/auth_token/__init__.py:544}}
Apr 14 16:53:58 user devstack@keystone.service[43056]: DEBUG keystone.server.flask.request_processing.middleware.auth_context [None req-5640f077-c81f-4501-a427-2935f0ca111c None admin] Validating token access rules against request {{(pid=43056) validate_allowed_request /usr/local/lib/python3.10/dist-packages/keystonemiddleware/auth_token/__init__.py:544}}
Apr 14 16:53:58 user devstack@keystone.service[43058]: DEBUG keystone.server.flask.request_processing.middleware.auth_context [None req-55bf20d7-fb8d-4d90-8893-953b0cae183c None admin] RBAC: auth_context: {'token': , 'domain_id': None, 'trust_id': None, 'trustor_id': None, 'trustee_id': None, 'domain_name': None, 'group_ids': [], 'user_id': '31a84c78da8d4500ae0ffd999a7cf6b0', 'user_domain_id': 'default', 'system_scope': 'all', 'project_id': None, 'project_domain_id': None, 'roles': ['admin', 'member', 'reader'], 'is_admin_project': True, 'service_user_id': None, 'service_user_domain_id': None, 'service_project_id': None, 'service_project_domain_id': None, 'service_roles': []} {{(pid=43058) fill_context /opt/stack/keystone/keystone/server/flask/request_processing/middleware/auth_context.py:478}}
Apr 14 16:53:58 user devstack@keystone.service[43058]: DEBUG keystone.server.flask.request_processing.req_logging [None req-55bf20d7-fb8d-4d90-8893-953b0cae183c None admin] REQUEST_METHOD: `GET` {{(pid=43058) log_request_info /opt/stack/keystone/keystone/server/flask/request_processing/req_logging.py:27}}
Apr 14 16:53:58 user devstack@keystone.service[43058]: DEBUG keystone.server.flask.request_processing.req_logging [None req-55bf20d7-fb8d-4d90-8893-953b0cae183c None admin] SCRIPT_NAME: `/identity` {{(pid=43058) log_request_info /opt/stack/keystone/keystone/server/flask/request_processing/req_logging.py:28}}
Apr 14 16:53:58 user devstack@keystone.service[43058]: DEBUG keystone.server.flask.request_processing.req_logging [None req-55bf20d7-fb8d-4d90-8893-953b0cae183c None admin] PATH_INFO: `/v3/domains/Default` {{(pid=43058) log_request_info /opt/stack/keystone/keystone/server/flask/request_processing/req_logging.py:29}}
Apr 14 16:53:58 user devstack@keystone.service[43056]: DEBUG keystone.server.flask.request_processing.middleware.auth_context [None req-cb5c3a52-019e-4872-b0e7-adacc27ac103 None admin] RBAC: auth_context: {'token': , 'domain_id': None, 'trust_id': None, 'trustor_id': None, 'trustee_id': None, 'domain_name': None, 'group_ids': [], 'user_id': '31a84c78da8d4500ae0ffd999a7cf6b0', 'user_domain_id': 'default', 'system_scope': 'all', 'project_id': None, 'project_domain_id': None, 'roles': ['admin', 'member', 'reader'], 'is_admin_project': True, 'service_user_id': None, 'service_user_domain_id': None, 'service_project_id': None, 'service_project_domain_id': None, 'service_roles': []} {{(pid=43056) fill_context /opt/stack/keystone/keystone/server/flask/request_processing/middleware/auth_context.py:478}}
Apr 14 16:53:58 user devstack@keystone.service[43056]: DEBUG keystone.server.flask.request_processing.req_logging [None req-cb5c3a52-019e-4872-b0e7-adacc27ac103 None admin] REQUEST_METHOD: `POST` {{(pid=43056) log_request_info /opt/stack/keystone/keystone/server/flask/request_processing/req_logging.py:27}}
Apr 14 16:53:58 user devstack@keystone.service[43056]: DEBUG keystone.server.flask.request_processing.req_logging [None req-cb5c3a52-019e-4872-b0e7-adacc27ac103 None admin] SCRIPT_NAME: `/identity` {{(pid=43056) log_request_info /opt/stack/keystone/keystone/server/flask/request_processing/req_logging.py:28}}
Apr 14 16:53:58 user devstack@keystone.service[43056]: DEBUG keystone.server.flask.request_processing.req_logging [None req-cb5c3a52-019e-4872-b0e7-adacc27ac103 None admin] PATH_INFO: `/v3/users` {{(pid=43056) log_request_info /opt/stack/keystone/keystone/server/flask/request_processing/req_logging.py:29}}
Apr 14 16:53:58 user devstack@keystone.service[43056]: DEBUG keystone.common.rbac_enforcer.enforcer [None req-cb5c3a52-019e-4872-b0e7-adacc27ac103 None admin] RBAC: Authorizing `identity:create_user()` {{(pid=43056) enforce_call /opt/stack/keystone/keystone/common/rbac_enforcer/enforcer.py:449}}
Apr 14 16:53:58 user devstack@keystone.service[43056]: DEBUG keystone.common.rbac_enforcer.enforcer [None req-cb5c3a52-019e-4872-b0e7-adacc27ac103 None admin] RBAC: Authorization granted {{(pid=43056) enforce_call /opt/stack/keystone/keystone/common/rbac_enforcer/enforcer.py:457}}
Apr 14 16:53:58 user devstack@keystone.service[43058]: DEBUG keystone.common.rbac_enforcer.enforcer [None req-55bf20d7-fb8d-4d90-8893-953b0cae183c None admin] RBAC: Authorizing `identity:get_domain(domain_id=Default)` {{(pid=43058) enforce_call /opt/stack/keystone/keystone/common/rbac_enforcer/enforcer.py:449}}
Apr 14 16:53:58 user devstack@keystone.service[43058]: DEBUG keystone.common.rbac_enforcer.enforcer [None req-55bf20d7-fb8d-4d90-8893-953b0cae183c None admin] RBAC: Authorization granted {{(pid=43058) enforce_call /opt/stack/keystone/keystone/common/rbac_enforcer/enforcer.py:457}}
Apr 14 16:53:58 user devstack@keystone.service[43056]: WARNING keystone.common.password_hashing [None req-cb5c3a52-019e-4872-b0e7-adacc27ac103 None admin] Truncating password to algorithm specific maximum length 54 characters.
Apr 14 16:53:58 user devstack@keystone.service[43058]: ERROR keystone.server.flask.application [None req-55bf20d7-fb8d-4d90-8893-953b0cae183c None admin] Could not find domain: Default.: keystone.exception.DomainNotFound: Could not find domain: Default.
Apr 14 16:53:58 user devstack@keystone.service[43058]: ERROR keystone.server.flask.application
Traceback (most recent call last):
Apr 14 16:53:58 user devstack@keystone.service[43058]: ERROR keystone.server.flask.application
File "/usr/local/lib/python3.10/dist-packages/flask/app.py", line 1823, in full_dispatch_request
Apr 14 16:53:58 user devstack@keystone.service[43058]: ERROR keystone.server.flask.application rv = self.dispatch_request()
Apr 14 16:53:58 user devstack@keystone.service[43058]: ERROR keystone.server.flask.application
File "/usr/local/lib/python3.10/dist-packages/flask/app.py", line 1799, in dispatch_request
Apr 14 16:53:58 user devstack@keystone.service[43058]: ERROR keystone.server.flask.application return self.ensure_sync(self.view_functions[rule.endpoint])(**view_args)
Apr 14 16:53:58 user devstack@keystone.service[43058]: ERROR keystone.server.flask.application
File "/usr/local/lib/python3.10/dist-packages/flask_restful/__init__.py", line 467, in wrapper
Apr 14 16:53:58 user devstack@keystone.service[43058]: ERROR keystone.server.flask.application resp = resource(*args, **kwargs)
Apr 14 16:53:58 user devstack@keystone.service[43058]: ERROR keystone.server.flask.application
File "/usr/local/lib/python3.10/dist-packages/flask/views.py", line 107, in view
Apr 14 16:53:58 user devstack@keystone.service[43058]: ERROR keystone.server.flask.application return current_app.ensure_sync(self.dispatch_request)(**kwargs)
Apr 14 16:53:58 user devstack@keystone.service[43058]: ERROR keystone.server.flask.application
File "/usr/local/lib/python3.10/dist-packages/flask_restful/__init__.py", line 582, in dispatch_request
Apr 14 16:53:58 user devstack@keystone.service[43058]: ERROR keystone.server.flask.application resp = meth(*args, **kwargs)
Apr 14 16:53:58 user devstack@keystone.service[43058]: ERROR keystone.server.flask.application
File "/opt/stack/keystone/keystone/api/domains.py", line 89, in get
Apr 14 16:53:58 user devstack@keystone.service[43058]: ERROR keystone.server.flask.application return self._get_domain(domain_id)
Apr 14 16:53:58 user devstack@keystone.service[43058]: ERROR keystone.server.flask.application
File "/opt/stack/keystone/keystone/api/domains.py", line 97, in _get_domain
Apr 14 16:53:58 user devstack@keystone.service[43058]: ERROR keystone.server.flask.application domain = PROVIDERS.resource_api.get_domain(domain_id)
Apr 14 16:53:58 user devstack@keystone.service[43058]: ERROR keystone.server.flask.application
File "/opt/stack/keystone/keystone/common/manager.py", line 115, in wrapped
Apr 14 16:53:58 user devstack@keystone.service[43058]: ERROR keystone.server.flask.application __ret_val = __f(*args, **kwargs)
Apr 14 16:53:58 user devstack@keystone.service[43058]: ERROR keystone.server.flask.application
File "/usr/local/lib/python3.10/dist-packages/decorator.py", line 232, in fun
Apr 14 16:53:58 user devstack@keystone.service[43058]: ERROR keystone.server.flask.application return caller(func, *(extras + args), **kw)
Apr 14 16:53:58 user devstack@keystone.service[43058]: ERROR keystone.server.flask.application
File "/usr/local/lib/python3.10/dist-packages/dogpile/cache/region.py", line 1577, in get_or_create_for_user_func
Apr 14 16:53:58 user devstack@keystone.service[43058]: ERROR keystone.server.flask.application return self.get_or_create(
Apr 14 16:53:58 user devstack@keystone.service[43058]: ERROR keystone.server.flask.application
File "/usr/local/lib/python3.10/dist-packages/dogpile/cache/region.py", line 1042, in get_or_create
Apr 14 16:53:58 user devstack@keystone.service[43058]: ERROR keystone.server.flask.application with Lock(
Apr 14 16:53:58 user devstack@keystone.service[43058]: ERROR keystone.server.flask.application
File "/usr/local/lib/python3.10/dist-packages/dogpile/lock.py", line 185, in __enter__
Apr 14 16:53:58 user devstack@keystone.service[43058]: ERROR keystone.server.flask.application return self._enter()
Apr 14 16:53:58 user devstack@keystone.service[43058]: ERROR keystone.server.flask.application
File "/usr/local/lib/python3.10/dist-packages/dogpile/lock.py", line 94, in _enter
Apr 14 16:53:58 user devstack@keystone.service[43058]: ERROR keystone.server.flask.application generated = self._enter_create(value, createdtime)
Apr 14 16:53:58 user devstack@keystone.service[43058]: ERROR keystone.server.flask.application
File "/usr/local/lib/python3.10/dist-packages/dogpile/lock.py", line 178, in _enter_create
Apr 14 16:53:58 user devstack@keystone.service[43058]: ERROR keystone.server.flask.application return self.creator()
Apr 14 16:53:58 user devstack@keystone.service[43058]: ERROR keystone.server.flask.application
File "/usr/local/lib/python3.10/dist-packages/dogpile/cache/region.py", line 995, in gen_value
Apr 14 16:53:58 user devstack@keystone.service[43058]: ERROR keystone.server.flask.application created_value = creator(
Apr 14 16:53:58 user devstack@keystone.service[43058]: ERROR keystone.server.flask.application
File "/opt/stack/keystone/keystone/resource/core.py", line 716, in get_domain
Apr 14 16:53:58 user devstack@keystone.service[43058]: ERROR keystone.server.flask.application raise exception.DomainNotFound(domain_id=domain_id)
Apr 14 16:53:58 user devstack@keystone.service[43058]: ERROR keystone.server.flask.application keystone.exception.DomainNotFound: Could not find domain: Default.
Apr 14 16:53:58 user devstack@keystone.service[43058]: ERROR keystone.server.flask.application
Apr 14 16:53:58 user devstack@keystone.service[43058]: [pid: 43058|app: 0|req: 116/345] 10.0.0.210 () {56 vars in 1103 bytes} [Fri Apr 14 16:53:58 2023] GET /identity/v3/domains/Default => generated 87 bytes in 160 msecs (HTTP/1.1 404) 5 headers in 183 bytes (1 switches on core 0)
Apr 14 16:53:58 user devstack@keystone.service[43057]: DEBUG keystone.server.flask.request_processing.middleware.auth_context [None req-d91943cc-d1c1-43ac-b0c2-4ed32d52907f None None] Authenticating user token {{(pid=43057) process_request /usr/local/lib/python3.10/dist-packages/keystonemiddleware/auth_token/__init__.py:406}}
Apr 14 16:53:58 user devstack@keystone.service[43056]: [pid: 43056|app: 0|req: 118/346] 10.0.0.210 () {60 vars in 1127 bytes} [Fri Apr 14 16:53:58 2023] POST /identity/v3/users => generated 245 bytes in 145 msecs (HTTP/1.1 201) 5 headers in 182 bytes (1 switches on core 0)
Apr 14 16:53:58 user devstack@keystone.service[43057]: DEBUG dbcounter [-] [43057] Writing DB stats keystone:SELECT=100 {{(pid=43057) stat_writer /usr/local/lib/python3.10/dist-packages/dbcounter.py:117}}
Apr 14 16:53:58 user devstack@keystone.service[43058]: DEBUG keystone.server.flask.request_processing.req_logging [None req-1b8d75b9-2f89-4bcc-a381-fd3a29a80e94 None None] REQUEST_METHOD: `GET` {{(pid=43058) log_request_info /opt/stack/keystone/keystone/server/flask/request_processing/req_logging.py:27}}
Apr 14 16:53:58 user devstack@keystone.service[43058]: DEBUG keystone.server.flask.request_processing.req_logging [None req-1b8d75b9-2f89-4bcc-a381-fd3a29a80e94 None None] SCRIPT_NAME: `/identity` {{(pid=43058) log_request_info /opt/stack/keystone/keystone/server/flask/request_processing/req_logging.py:28}}
Apr 14 16:53:58 user devstack@keystone.service[43058]: DEBUG keystone.server.flask.request_processing.req_logging [None req-1b8d75b9-2f89-4bcc-a381-fd3a29a80e94 None None] PATH_INFO: `/` {{(pid=43058) log_request_info /opt/stack/keystone/keystone/server/flask/request_processing/req_logging.py:29}}
Apr 14 16:53:58 user devstack@keystone.service[43058]: [pid: 43058|app: 0|req: 117/347] 10.0.0.210 () {54 vars in 920 bytes} [Fri Apr 14 16:53:58 2023] GET /identity => generated 269 bytes in 4 msecs (HTTP/1.1 300) 6 headers in 233 bytes (1 switches on core 0)
Apr 14 16:53:58 user devstack@keystone.service[43056]: DEBUG keystone.server.flask.request_processing.req_logging [None req-836af44b-4d4c-4dde-b983-a9775aa3e94c None None] REQUEST_METHOD: `POST` {{(pid=43056) log_request_info /opt/stack/keystone/keystone/server/flask/request_processing/req_logging.py:27}}
Apr 14 16:53:58 user devstack@keystone.service[43056]: DEBUG keystone.server.flask.request_processing.req_logging [None req-836af44b-4d4c-4dde-b983-a9775aa3e94c None None] SCRIPT_NAME: `/identity` {{(pid=43056) log_request_info /opt/stack/keystone/keystone/server/flask/request_processing/req_logging.py:28}}
Apr 14 16:53:58 user devstack@keystone.service[43056]: DEBUG keystone.server.flask.request_processing.req_logging [None req-836af44b-4d4c-4dde-b983-a9775aa3e94c None None] PATH_INFO: `/v3/auth/tokens` {{(pid=43056) log_request_info /opt/stack/keystone/keystone/server/flask/request_processing/req_logging.py:29}}
Apr 14 16:53:58 user devstack@keystone.service[43056]: WARNING keystone.common.password_hashing [None req-836af44b-4d4c-4dde-b983-a9775aa3e94c None None] Truncating password to algorithm specific maximum length 54 characters.
Apr 14 16:53:58 user devstack@keystone.service[43056]: DEBUG keystone.auth.core [None req-836af44b-4d4c-4dde-b983-a9775aa3e94c None None] MFA Rules not processed for user `31a84c78da8d4500ae0ffd999a7cf6b0`. Rule list: `[]` (Enabled: `True`). {{(pid=43056) check_auth_methods_against_rules /opt/stack/keystone/keystone/auth/core.py:438}}
Apr 14 16:53:58 user devstack@keystone.service[43056]: DEBUG keystone.common.fernet_utils [None req-836af44b-4d4c-4dde-b983-a9775aa3e94c None None] Loaded 2 Fernet keys from /etc/keystone/fernet-keys/, but `[fernet_tokens] max_active_keys = 3`; perhaps there have not been enough key rotations to reach `max_active_keys` yet? {{(pid=43056) load_keys /opt/stack/keystone/keystone/common/fernet_utils.py:286}}
Apr 14 16:53:58 user devstack@keystone.service[43057]: DEBUG keystone.server.flask.request_processing.middleware.auth_context [None req-d91943cc-d1c1-43ac-b0c2-4ed32d52907f None None] Validating token access rules against request {{(pid=43057) validate_allowed_request /usr/local/lib/python3.10/dist-packages/keystonemiddleware/auth_token/__init__.py:544}}
Apr 14 16:53:58 user devstack@keystone.service[43056]: [pid: 43056|app: 0|req: 119/348] 10.0.0.210 () {58 vars in 1017 bytes} [Fri Apr 14 16:53:58 2023] POST /identity/v3/auth/tokens => generated 798 bytes in 78 msecs (HTTP/1.1 201) 6 headers in 363 bytes (1 switches on core 0)
Apr 14 16:53:58 user devstack@keystone.service[43058]: DEBUG keystone.server.flask.request_processing.middleware.auth_context [None req-1b8d75b9-2f89-4bcc-a381-fd3a29a80e94 None None] Authenticating user token {{(pid=43058) process_request /usr/local/lib/python3.10/dist-packages/keystonemiddleware/auth_token/__init__.py:406}}
Apr 14 16:53:58 user devstack@keystone.service[43057]: DEBUG keystone.server.flask.request_processing.middleware.auth_context [None req-a30450ed-7e01-430c-994d-d1b86c7265ee None admin] RBAC: auth_context: {'token': , 'domain_id': None, 'trust_id': None, 'trustor_id': None, 'trustee_id': None, 'domain_name': None, 'group_ids': [], 'user_id': '31a84c78da8d4500ae0ffd999a7cf6b0', 'user_domain_id': 'default', 'system_scope': 'all', 'project_id': None, 'project_domain_id': None, 'roles': ['admin', 'member', 'reader'], 'is_admin_project': True, 'service_user_id': None, 'service_user_domain_id': None, 'service_project_id': None, 'service_project_domain_id': None, 'service_roles': []} {{(pid=43057) fill_context /opt/stack/keystone/keystone/server/flask/request_processing/middleware/auth_context.py:478}}
Apr 14 16:53:58 user devstack@keystone.service[43057]: DEBUG keystone.server.flask.request_processing.req_logging [None req-a30450ed-7e01-430c-994d-d1b86c7265ee None admin] REQUEST_METHOD: `GET` {{(pid=43057) log_request_info /opt/stack/keystone/keystone/server/flask/request_processing/req_logging.py:27}}
Apr 14 16:53:58 user devstack@keystone.service[43057]: DEBUG keystone.server.flask.request_processing.req_logging [None req-a30450ed-7e01-430c-994d-d1b86c7265ee None admin] SCRIPT_NAME: `/identity` {{(pid=43057) log_request_info /opt/stack/keystone/keystone/server/flask/request_processing/req_logging.py:28}}
Apr 14 16:53:58 user devstack@keystone.service[43057]: DEBUG keystone.server.flask.request_processing.req_logging [None req-a30450ed-7e01-430c-994d-d1b86c7265ee None admin] PATH_INFO: `/v3/domains` {{(pid=43057) log_request_info /opt/stack/keystone/keystone/server/flask/request_processing/req_logging.py:29}}
Apr 14 16:53:58 user devstack@keystone.service[43057]: DEBUG keystone.common.rbac_enforcer.enforcer [None req-a30450ed-7e01-430c-994d-d1b86c7265ee None admin] RBAC: Adding query filter params (name=Default) {{(pid=43057) _extract_filter_values /opt/stack/keystone/keystone/common/rbac_enforcer/enforcer.py:167}}
Apr 14 16:53:58 user devstack@keystone.service[43057]: DEBUG keystone.common.rbac_enforcer.enforcer [None req-a30450ed-7e01-430c-994d-d1b86c7265ee None admin] RBAC: Authorizing `identity:list_domains()` {{(pid=43057) enforce_call /opt/stack/keystone/keystone/common/rbac_enforcer/enforcer.py:449}}
Apr 14 16:53:58 user devstack@keystone.service[43057]: DEBUG keystone.common.rbac_enforcer.enforcer [None req-a30450ed-7e01-430c-994d-d1b86c7265ee None admin] RBAC: Authorization granted {{(pid=43057) enforce_call /opt/stack/keystone/keystone/common/rbac_enforcer/enforcer.py:457}}
Apr 14 16:53:58 user devstack@keystone.service[43057]: [pid: 43057|app: 0|req: 113/349] 10.0.0.210 () {56 vars in 1104 bytes} [Fri Apr 14 16:53:58 2023] GET /identity/v3/domains?name=Default => generated 306 bytes in 144 msecs (HTTP/1.1 200) 5 headers in 177 bytes (1 switches on core 0)
Apr 14 16:53:58 user devstack@keystone.service[43056]: DEBUG keystone.server.flask.request_processing.middleware.auth_context [None req-836af44b-4d4c-4dde-b983-a9775aa3e94c None None] Authenticating user token {{(pid=43056) process_request /usr/local/lib/python3.10/dist-packages/keystonemiddleware/auth_token/__init__.py:406}}
Apr 14 16:53:58 user devstack@keystone.service[43056]: DEBUG dbcounter [-] [43056] Writing DB stats keystone:SELECT=97,keystone:INSERT=3 {{(pid=43056) stat_writer /usr/local/lib/python3.10/dist-packages/dbcounter.py:117}}
Apr 14 16:53:58 user devstack@keystone.service[43058]: DEBUG dbcounter [-] [43058] Writing DB stats keystone:SELECT=100 {{(pid=43058) stat_writer /usr/local/lib/python3.10/dist-packages/dbcounter.py:117}}
Apr 14 16:53:58 user devstack@keystone.service[43058]: DEBUG keystone.server.flask.request_processing.middleware.auth_context [None req-1b8d75b9-2f89-4bcc-a381-fd3a29a80e94 None None] Validating token access rules against request {{(pid=43058) validate_allowed_request /usr/local/lib/python3.10/dist-packages/keystonemiddleware/auth_token/__init__.py:544}}
Apr 14 16:53:58 user devstack@keystone.service[43058]: DEBUG keystone.server.flask.request_processing.middleware.auth_context [None req-be2058cb-5d87-4e65-bfc2-c61f55b5ec25 None admin] RBAC: auth_context: {'token': , 'domain_id': None, 'trust_id': None, 'trustor_id': None, 'trustee_id': None, 'domain_name': None, 'group_ids': [], 'user_id': '31a84c78da8d4500ae0ffd999a7cf6b0', 'user_domain_id': 'default', 'system_scope': 'all', 'project_id': None, 'project_domain_id': None, 'roles': ['admin', 'member', 'reader'], 'is_admin_project': True, 'service_user_id': None, 'service_user_domain_id': None, 'service_project_id': None, 'service_project_domain_id': None, 'service_roles': []} {{(pid=43058) fill_context /opt/stack/keystone/keystone/server/flask/request_processing/middleware/auth_context.py:478}}
Apr 14 16:53:58 user devstack@keystone.service[43058]: DEBUG keystone.server.flask.request_processing.req_logging [None req-be2058cb-5d87-4e65-bfc2-c61f55b5ec25 None admin] REQUEST_METHOD: `GET` {{(pid=43058) log_request_info /opt/stack/keystone/keystone/server/flask/request_processing/req_logging.py:27}}
Apr 14 16:53:58 user devstack@keystone.service[43058]: DEBUG keystone.server.flask.request_processing.req_logging [None req-be2058cb-5d87-4e65-bfc2-c61f55b5ec25 None admin] SCRIPT_NAME: `/identity` {{(pid=43058) log_request_info /opt/stack/keystone/keystone/server/flask/request_processing/req_logging.py:28}}
Apr 14 16:53:58 user devstack@keystone.service[43058]: DEBUG keystone.server.flask.request_processing.req_logging [None req-be2058cb-5d87-4e65-bfc2-c61f55b5ec25 None admin] PATH_INFO: `/v3/domains/Default` {{(pid=43058) log_request_info /opt/stack/keystone/keystone/server/flask/request_processing/req_logging.py:29}}
Apr 14 16:53:58 user devstack@keystone.service[43056]: DEBUG keystone.server.flask.request_processing.middleware.auth_context [None req-836af44b-4d4c-4dde-b983-a9775aa3e94c None None] Validating token access rules against request {{(pid=43056) validate_allowed_request /usr/local/lib/python3.10/dist-packages/keystonemiddleware/auth_token/__init__.py:544}}
Apr 14 16:53:58 user devstack@keystone.service[43058]: DEBUG keystone.common.rbac_enforcer.enforcer [None req-be2058cb-5d87-4e65-bfc2-c61f55b5ec25 None admin] RBAC: Authorizing `identity:get_domain(domain_id=Default)` {{(pid=43058) enforce_call /opt/stack/keystone/keystone/common/rbac_enforcer/enforcer.py:449}}
Apr 14 16:53:58 user devstack@keystone.service[43058]: DEBUG keystone.common.rbac_enforcer.enforcer [None req-be2058cb-5d87-4e65-bfc2-c61f55b5ec25 None admin] RBAC: Authorization granted {{(pid=43058) enforce_call /opt/stack/keystone/keystone/common/rbac_enforcer/enforcer.py:457}}
Apr 14 16:53:58 user devstack@keystone.service[43058]: ERROR keystone.server.flask.application [None req-be2058cb-5d87-4e65-bfc2-c61f55b5ec25 None admin] Could not find domain: Default.: keystone.exception.DomainNotFound: Could not find domain: Default.
Apr 14 16:53:58 user devstack@keystone.service[43058]: ERROR keystone.server.flask.application
Traceback (most recent call last):
Apr 14 16:53:58 user devstack@keystone.service[43058]: ERROR keystone.server.flask.application
File "/usr/local/lib/python3.10/dist-packages/flask/app.py", line 1823, in full_dispatch_request
Apr 14 16:53:58 user devstack@keystone.service[43058]: ERROR keystone.server.flask.application rv = self.dispatch_request()
Apr 14 16:53:58 user devstack@keystone.service[43058]: ERROR keystone.server.flask.application
File "/usr/local/lib/python3.10/dist-packages/flask/app.py", line 1799, in dispatch_request
Apr 14 16:53:58 user devstack@keystone.service[43058]: ERROR keystone.server.flask.application return self.ensure_sync(self.view_functions[rule.endpoint])(**view_args)
Apr 14 16:53:58 user devstack@keystone.service[43058]: ERROR keystone.server.flask.application
File "/usr/local/lib/python3.10/dist-packages/flask_restful/__init__.py", line 467, in wrapper
Apr 14 16:53:58 user devstack@keystone.service[43058]: ERROR keystone.server.flask.application resp = resource(*args, **kwargs)
Apr 14 16:53:58 user devstack@keystone.service[43058]: ERROR keystone.server.flask.application
File "/usr/local/lib/python3.10/dist-packages/flask/views.py", line 107, in view
Apr 14 16:53:58 user devstack@keystone.service[43058]: ERROR keystone.server.flask.application return current_app.ensure_sync(self.dispatch_request)(**kwargs)
Apr 14 16:53:58 user devstack@keystone.service[43058]: ERROR keystone.server.flask.application
File "/usr/local/lib/python3.10/dist-packages/flask_restful/__init__.py", line 582, in dispatch_request
Apr 14 16:53:58 user devstack@keystone.service[43058]: ERROR keystone.server.flask.application resp = meth(*args, **kwargs)
Apr 14 16:53:58 user devstack@keystone.service[43058]: ERROR keystone.server.flask.application
File "/opt/stack/keystone/keystone/api/domains.py", line 89, in get
Apr 14 16:53:58 user devstack@keystone.service[43058]: ERROR keystone.server.flask.application return self._get_domain(domain_id)
Apr 14 16:53:58 user devstack@keystone.service[43058]: ERROR keystone.server.flask.application
File "/opt/stack/keystone/keystone/api/domains.py", line 97, in _get_domain
Apr 14 16:53:58 user devstack@keystone.service[43058]: ERROR keystone.server.flask.application domain = PROVIDERS.resource_api.get_domain(domain_id)
Apr 14 16:53:58 user devstack@keystone.service[43058]: ERROR keystone.server.flask.application
File "/opt/stack/keystone/keystone/common/manager.py", line 115, in wrapped
Apr 14 16:53:58 user devstack@keystone.service[43058]: ERROR keystone.server.flask.application __ret_val = __f(*args, **kwargs)
Apr 14 16:53:58 user devstack@keystone.service[43058]: ERROR keystone.server.flask.application
File "/usr/local/lib/python3.10/dist-packages/decorator.py", line 232, in fun
Apr 14 16:53:58 user devstack@keystone.service[43058]: ERROR keystone.server.flask.application return caller(func, *(extras + args), **kw)
Apr 14 16:53:58 user devstack@keystone.service[43058]: ERROR keystone.server.flask.application
File "/usr/local/lib/python3.10/dist-packages/dogpile/cache/region.py", line 1577, in get_or_create_for_user_func
Apr 14 16:53:58 user devstack@keystone.service[43058]: ERROR keystone.server.flask.application return self.get_or_create(
Apr 14 16:53:58 user devstack@keystone.service[43058]: ERROR keystone.server.flask.application
File "/usr/local/lib/python3.10/dist-packages/dogpile/cache/region.py", line 1042, in get_or_create
Apr 14 16:53:58 user devstack@keystone.service[43058]: ERROR keystone.server.flask.application with Lock(
Apr 14 16:53:58 user devstack@keystone.service[43058]: ERROR keystone.server.flask.application
File "/usr/local/lib/python3.10/dist-packages/dogpile/lock.py", line 185, in __enter__
Apr 14 16:53:58 user devstack@keystone.service[43058]: ERROR keystone.server.flask.application return self._enter()
Apr 14 16:53:58 user devstack@keystone.service[43058]: ERROR keystone.server.flask.application
File "/usr/local/lib/python3.10/dist-packages/dogpile/lock.py", line 94, in _enter
Apr 14 16:53:58 user devstack@keystone.service[43058]: ERROR keystone.server.flask.application generated = self._enter_create(value, createdtime)
Apr 14 16:53:58 user devstack@keystone.service[43058]: ERROR keystone.server.flask.application
File "/usr/local/lib/python3.10/dist-packages/dogpile/lock.py", line 178, in _enter_create
Apr 14 16:53:58 user devstack@keystone.service[43058]: ERROR keystone.server.flask.application return self.creator()
Apr 14 16:53:58 user devstack@keystone.service[43058]: ERROR keystone.server.flask.application
File "/usr/local/lib/python3.10/dist-packages/dogpile/cache/region.py", line 995, in gen_value
Apr 14 16:53:58 user devstack@keystone.service[43058]: ERROR keystone.server.flask.application created_value = creator(
Apr 14 16:53:58 user devstack@keystone.service[43058]: ERROR keystone.server.flask.application
File "/opt/stack/keystone/keystone/resource/core.py", line 716, in get_domain
Apr 14 16:53:58 user devstack@keystone.service[43058]: ERROR keystone.server.flask.application raise exception.DomainNotFound(domain_id=domain_id)
Apr 14 16:53:58 user devstack@keystone.service[43058]: ERROR keystone.server.flask.application keystone.exception.DomainNotFound: Could not find domain: Default.
Apr 14 16:53:58 user devstack@keystone.service[43058]: ERROR keystone.server.flask.application
Apr 14 16:53:58 user devstack@keystone.service[43058]: [pid: 43058|app: 0|req: 118/350] 10.0.0.210 () {56 vars in 1103 bytes} [Fri Apr 14 16:53:58 2023] GET /identity/v3/domains/Default => generated 87 bytes in 149 msecs (HTTP/1.1 404) 5 headers in 183 bytes (1 switches on core 0)
Apr 14 16:53:58 user devstack@keystone.service[43057]: DEBUG keystone.server.flask.request_processing.middleware.auth_context [None req-a30450ed-7e01-430c-994d-d1b86c7265ee None admin] Authenticating user token {{(pid=43057) process_request /usr/local/lib/python3.10/dist-packages/keystonemiddleware/auth_token/__init__.py:406}}
Apr 14 16:53:58 user devstack@keystone.service[43056]: DEBUG keystone.server.flask.request_processing.middleware.auth_context [None req-5cde2a51-90fe-4088-aa67-74cb8321b33c None admin] RBAC: auth_context: {'token': , 'domain_id': None, 'trust_id': None, 'trustor_id': None, 'trustee_id': None, 'domain_name': None, 'group_ids': [], 'user_id': '31a84c78da8d4500ae0ffd999a7cf6b0', 'user_domain_id': 'default', 'system_scope': 'all', 'project_id': None, 'project_domain_id': None, 'roles': ['admin', 'member', 'reader'], 'is_admin_project': True, 'service_user_id': None, 'service_user_domain_id': None, 'service_project_id': None, 'service_project_domain_id': None, 'service_roles': []} {{(pid=43056) fill_context /opt/stack/keystone/keystone/server/flask/request_processing/middleware/auth_context.py:478}}
Apr 14 16:53:58 user devstack@keystone.service[43056]: DEBUG keystone.server.flask.request_processing.req_logging [None req-5cde2a51-90fe-4088-aa67-74cb8321b33c None admin] REQUEST_METHOD: `POST` {{(pid=43056) log_request_info /opt/stack/keystone/keystone/server/flask/request_processing/req_logging.py:27}}
Apr 14 16:53:58 user devstack@keystone.service[43056]: DEBUG keystone.server.flask.request_processing.req_logging [None req-5cde2a51-90fe-4088-aa67-74cb8321b33c None admin] SCRIPT_NAME: `/identity` {{(pid=43056) log_request_info /opt/stack/keystone/keystone/server/flask/request_processing/req_logging.py:28}}
Apr 14 16:53:58 user devstack@keystone.service[43056]: DEBUG keystone.server.flask.request_processing.req_logging [None req-5cde2a51-90fe-4088-aa67-74cb8321b33c None admin] PATH_INFO: `/v3/users` {{(pid=43056) log_request_info /opt/stack/keystone/keystone/server/flask/request_processing/req_logging.py:29}}
Apr 14 16:53:58 user devstack@keystone.service[43056]: DEBUG keystone.common.rbac_enforcer.enforcer [None req-5cde2a51-90fe-4088-aa67-74cb8321b33c None admin] RBAC: Authorizing `identity:create_user()` {{(pid=43056) enforce_call /opt/stack/keystone/keystone/common/rbac_enforcer/enforcer.py:449}}
Apr 14 16:53:58 user devstack@keystone.service[43056]: DEBUG keystone.common.rbac_enforcer.enforcer [None req-5cde2a51-90fe-4088-aa67-74cb8321b33c None admin] RBAC: Authorization granted {{(pid=43056) enforce_call /opt/stack/keystone/keystone/common/rbac_enforcer/enforcer.py:457}}
Apr 14 16:53:58 user devstack@keystone.service[43056]: WARNING keystone.common.password_hashing [None req-5cde2a51-90fe-4088-aa67-74cb8321b33c None admin] Truncating password to algorithm specific maximum length 54 characters.
Apr 14 16:53:58 user devstack@keystone.service[43056]: [pid: 43056|app: 0|req: 120/351] 10.0.0.210 () {60 vars in 1127 bytes} [Fri Apr 14 16:53:58 2023] POST /identity/v3/users => generated 247 bytes in 148 msecs (HTTP/1.1 201) 5 headers in 182 bytes (1 switches on core 0)
Apr 14 16:53:58 user devstack@keystone.service[43058]: DEBUG keystone.server.flask.request_processing.middleware.auth_context [None req-be2058cb-5d87-4e65-bfc2-c61f55b5ec25 None admin] Authenticating user token {{(pid=43058) process_request /usr/local/lib/python3.10/dist-packages/keystonemiddleware/auth_token/__init__.py:406}}
Apr 14 16:53:58 user devstack@keystone.service[43057]: DEBUG dbcounter [-] [43057] Writing DB stats keystone:SELECT=100 {{(pid=43057) stat_writer /usr/local/lib/python3.10/dist-packages/dbcounter.py:117}}
Apr 14 16:53:58 user devstack@keystone.service[43057]: DEBUG keystone.server.flask.request_processing.middleware.auth_context [None req-a30450ed-7e01-430c-994d-d1b86c7265ee None admin] Validating token access rules against request {{(pid=43057) validate_allowed_request /usr/local/lib/python3.10/dist-packages/keystonemiddleware/auth_token/__init__.py:544}}
Apr 14 16:53:58 user devstack@keystone.service[43057]: DEBUG keystone.server.flask.request_processing.middleware.auth_context [None req-b4f159d0-1945-4ef9-bf52-75f8549e99d3 None admin] RBAC: auth_context: {'token': , 'domain_id': None, 'trust_id': None, 'trustor_id': None, 'trustee_id': None, 'domain_name': None, 'group_ids': [], 'user_id': '31a84c78da8d4500ae0ffd999a7cf6b0', 'user_domain_id': 'default', 'system_scope': 'all', 'project_id': None, 'project_domain_id': None, 'roles': ['admin', 'member', 'reader'], 'is_admin_project': True, 'service_user_id': None, 'service_user_domain_id': None, 'service_project_id': None, 'service_project_domain_id': None, 'service_roles': []} {{(pid=43057) fill_context /opt/stack/keystone/keystone/server/flask/request_processing/middleware/auth_context.py:478}}
Apr 14 16:53:58 user devstack@keystone.service[43057]: DEBUG keystone.server.flask.request_processing.req_logging [None req-b4f159d0-1945-4ef9-bf52-75f8549e99d3 None admin] REQUEST_METHOD: `GET` {{(pid=43057) log_request_info /opt/stack/keystone/keystone/server/flask/request_processing/req_logging.py:27}}
Apr 14 16:53:58 user devstack@keystone.service[43057]: DEBUG keystone.server.flask.request_processing.req_logging [None req-b4f159d0-1945-4ef9-bf52-75f8549e99d3 None admin] SCRIPT_NAME: `/identity` {{(pid=43057) log_request_info /opt/stack/keystone/keystone/server/flask/request_processing/req_logging.py:28}}
Apr 14 16:53:58 user devstack@keystone.service[43057]: DEBUG keystone.server.flask.request_processing.req_logging [None req-b4f159d0-1945-4ef9-bf52-75f8549e99d3 None admin] PATH_INFO: `/v3/domains` {{(pid=43057) log_request_info /opt/stack/keystone/keystone/server/flask/request_processing/req_logging.py:29}}
Apr 14 16:53:58 user devstack@keystone.service[43057]: DEBUG keystone.common.rbac_enforcer.enforcer [None req-b4f159d0-1945-4ef9-bf52-75f8549e99d3 None admin] RBAC: Adding query filter params (name=Default) {{(pid=43057) _extract_filter_values /opt/stack/keystone/keystone/common/rbac_enforcer/enforcer.py:167}}
Apr 14 16:53:58 user devstack@keystone.service[43057]: DEBUG keystone.common.rbac_enforcer.enforcer [None req-b4f159d0-1945-4ef9-bf52-75f8549e99d3 None admin] RBAC: Authorizing `identity:list_domains()` {{(pid=43057) enforce_call /opt/stack/keystone/keystone/common/rbac_enforcer/enforcer.py:449}}
Apr 14 16:53:58 user devstack@keystone.service[43057]: DEBUG keystone.common.rbac_enforcer.enforcer [None req-b4f159d0-1945-4ef9-bf52-75f8549e99d3 None admin] RBAC: Authorization granted {{(pid=43057) enforce_call /opt/stack/keystone/keystone/common/rbac_enforcer/enforcer.py:457}}
Apr 14 16:53:58 user devstack@keystone.service[43058]: DEBUG keystone.server.flask.request_processing.middleware.auth_context [None req-be2058cb-5d87-4e65-bfc2-c61f55b5ec25 None admin] Validating token access rules against request {{(pid=43058) validate_allowed_request /usr/local/lib/python3.10/dist-packages/keystonemiddleware/auth_token/__init__.py:544}}
Apr 14 16:53:58 user devstack@keystone.service[43057]: [pid: 43057|app: 0|req: 114/352] 10.0.0.210 () {56 vars in 1104 bytes} [Fri Apr 14 16:53:58 2023] GET /identity/v3/domains?name=Default => generated 306 bytes in 131 msecs (HTTP/1.1 200) 5 headers in 177 bytes (1 switches on core 0)
Apr 14 16:53:58 user devstack@keystone.service[43056]: DEBUG keystone.server.flask.request_processing.middleware.auth_context [None req-5cde2a51-90fe-4088-aa67-74cb8321b33c None admin] Authenticating user token {{(pid=43056) process_request /usr/local/lib/python3.10/dist-packages/keystonemiddleware/auth_token/__init__.py:406}}
Apr 14 16:53:58 user devstack@keystone.service[43058]: DEBUG keystone.server.flask.request_processing.middleware.auth_context [None req-492642d3-bd8e-40f8-ae2b-ff16a712ec26 None admin] RBAC: auth_context: {'token': , 'domain_id': None, 'trust_id': None, 'trustor_id': None, 'trustee_id': None, 'domain_name': None, 'group_ids': [], 'user_id': '31a84c78da8d4500ae0ffd999a7cf6b0', 'user_domain_id': 'default', 'system_scope': 'all', 'project_id': None, 'project_domain_id': None, 'roles': ['admin', 'member', 'reader'], 'is_admin_project': True, 'service_user_id': None, 'service_user_domain_id': None, 'service_project_id': None, 'service_project_domain_id': None, 'service_roles': []} {{(pid=43058) fill_context /opt/stack/keystone/keystone/server/flask/request_processing/middleware/auth_context.py:478}}
Apr 14 16:53:58 user devstack@keystone.service[43058]: DEBUG keystone.server.flask.request_processing.req_logging [None req-492642d3-bd8e-40f8-ae2b-ff16a712ec26 None admin] REQUEST_METHOD: `GET` {{(pid=43058) log_request_info /opt/stack/keystone/keystone/server/flask/request_processing/req_logging.py:27}}
Apr 14 16:53:58 user devstack@keystone.service[43058]: DEBUG keystone.server.flask.request_processing.req_logging [None req-492642d3-bd8e-40f8-ae2b-ff16a712ec26 None admin] SCRIPT_NAME: `/identity` {{(pid=43058) log_request_info /opt/stack/keystone/keystone/server/flask/request_processing/req_logging.py:28}}
Apr 14 16:53:58 user devstack@keystone.service[43058]: DEBUG keystone.server.flask.request_processing.req_logging [None req-492642d3-bd8e-40f8-ae2b-ff16a712ec26 None admin] PATH_INFO: `/v3/domains/Default` {{(pid=43058) log_request_info /opt/stack/keystone/keystone/server/flask/request_processing/req_logging.py:29}}
Apr 14 16:53:58 user devstack@keystone.service[43058]: DEBUG keystone.common.rbac_enforcer.enforcer [None req-492642d3-bd8e-40f8-ae2b-ff16a712ec26 None admin] RBAC: Authorizing `identity:get_domain(domain_id=Default)` {{(pid=43058) enforce_call /opt/stack/keystone/keystone/common/rbac_enforcer/enforcer.py:449}}
Apr 14 16:53:58 user devstack@keystone.service[43058]: DEBUG keystone.common.rbac_enforcer.enforcer [None req-492642d3-bd8e-40f8-ae2b-ff16a712ec26 None admin] RBAC: Authorization granted {{(pid=43058) enforce_call /opt/stack/keystone/keystone/common/rbac_enforcer/enforcer.py:457}}
Apr 14 16:53:58 user devstack@keystone.service[43058]: ERROR keystone.server.flask.application [None req-492642d3-bd8e-40f8-ae2b-ff16a712ec26 None admin] Could not find domain: Default.: keystone.exception.DomainNotFound: Could not find domain: Default.
Apr 14 16:53:58 user devstack@keystone.service[43058]: ERROR keystone.server.flask.application
Traceback (most recent call last):
Apr 14 16:53:58 user devstack@keystone.service[43058]: ERROR keystone.server.flask.application
File "/usr/local/lib/python3.10/dist-packages/flask/app.py", line 1823, in full_dispatch_request
Apr 14 16:53:58 user devstack@keystone.service[43058]: ERROR keystone.server.flask.application rv = self.dispatch_request()
Apr 14 16:53:58 user devstack@keystone.service[43058]: ERROR keystone.server.flask.application
File "/usr/local/lib/python3.10/dist-packages/flask/app.py", line 1799, in dispatch_request
Apr 14 16:53:58 user devstack@keystone.service[43058]: ERROR keystone.server.flask.application return self.ensure_sync(self.view_functions[rule.endpoint])(**view_args)
Apr 14 16:53:58 user devstack@keystone.service[43058]: ERROR keystone.server.flask.application
File "/usr/local/lib/python3.10/dist-packages/flask_restful/__init__.py", line 467, in wrapper
Apr 14 16:53:58 user devstack@keystone.service[43058]: ERROR keystone.server.flask.application resp = resource(*args, **kwargs)
Apr 14 16:53:58 user devstack@keystone.service[43058]: ERROR keystone.server.flask.application
File "/usr/local/lib/python3.10/dist-packages/flask/views.py", line 107, in view
Apr 14 16:53:58 user devstack@keystone.service[43058]: ERROR keystone.server.flask.application return current_app.ensure_sync(self.dispatch_request)(**kwargs)
Apr 14 16:53:58 user devstack@keystone.service[43058]: ERROR keystone.server.flask.application
File "/usr/local/lib/python3.10/dist-packages/flask_restful/__init__.py", line 582, in dispatch_request
Apr 14 16:53:58 user devstack@keystone.service[43058]: ERROR keystone.server.flask.application resp = meth(*args, **kwargs)
Apr 14 16:53:58 user devstack@keystone.service[43058]: ERROR keystone.server.flask.application
File "/opt/stack/keystone/keystone/api/domains.py", line 89, in get
Apr 14 16:53:58 user devstack@keystone.service[43058]: ERROR keystone.server.flask.application return self._get_domain(domain_id)
Apr 14 16:53:58 user devstack@keystone.service[43058]: ERROR keystone.server.flask.application
File "/opt/stack/keystone/keystone/api/domains.py", line 97, in _get_domain
Apr 14 16:53:58 user devstack@keystone.service[43058]: ERROR keystone.server.flask.application domain = PROVIDERS.resource_api.get_domain(domain_id)
Apr 14 16:53:58 user devstack@keystone.service[43058]: ERROR keystone.server.flask.application
File "/opt/stack/keystone/keystone/common/manager.py", line 115, in wrapped
Apr 14 16:53:58 user devstack@keystone.service[43058]: ERROR keystone.server.flask.application __ret_val = __f(*args, **kwargs)
Apr 14 16:53:58 user devstack@keystone.service[43058]: ERROR keystone.server.flask.application
File "/usr/local/lib/python3.10/dist-packages/decorator.py", line 232, in fun
Apr 14 16:53:58 user devstack@keystone.service[43058]: ERROR keystone.server.flask.application return caller(func, *(extras + args), **kw)
Apr 14 16:53:58 user devstack@keystone.service[43058]: ERROR keystone.server.flask.application
File "/usr/local/lib/python3.10/dist-packages/dogpile/cache/region.py", line 1577, in get_or_create_for_user_func
Apr 14 16:53:58 user devstack@keystone.service[43058]: ERROR keystone.server.flask.application return self.get_or_create(
Apr 14 16:53:58 user devstack@keystone.service[43058]: ERROR keystone.server.flask.application
File "/usr/local/lib/python3.10/dist-packages/dogpile/cache/region.py", line 1042, in get_or_create
Apr 14 16:53:58 user devstack@keystone.service[43058]: ERROR keystone.server.flask.application with Lock(
Apr 14 16:53:58 user devstack@keystone.service[43058]: ERROR keystone.server.flask.application
File "/usr/local/lib/python3.10/dist-packages/dogpile/lock.py", line 185, in __enter__
Apr 14 16:53:58 user devstack@keystone.service[43058]: ERROR keystone.server.flask.application return self._enter()
Apr 14 16:53:58 user devstack@keystone.service[43058]: ERROR keystone.server.flask.application
File "/usr/local/lib/python3.10/dist-packages/dogpile/lock.py", line 94, in _enter
Apr 14 16:53:58 user devstack@keystone.service[43058]: ERROR keystone.server.flask.application generated = self._enter_create(value, createdtime)
Apr 14 16:53:58 user devstack@keystone.service[43058]: ERROR keystone.server.flask.application
File "/usr/local/lib/python3.10/dist-packages/dogpile/lock.py", line 178, in _enter_create
Apr 14 16:53:58 user devstack@keystone.service[43058]: ERROR keystone.server.flask.application return self.creator()
Apr 14 16:53:58 user devstack@keystone.service[43058]: ERROR keystone.server.flask.application
File "/usr/local/lib/python3.10/dist-packages/dogpile/cache/region.py", line 995, in gen_value
Apr 14 16:53:58 user devstack@keystone.service[43058]: ERROR keystone.server.flask.application created_value = creator(
Apr 14 16:53:58 user devstack@keystone.service[43058]: ERROR keystone.server.flask.application
File "/opt/stack/keystone/keystone/resource/core.py", line 716, in get_domain
Apr 14 16:53:58 user devstack@keystone.service[43058]: ERROR keystone.server.flask.application raise exception.DomainNotFound(domain_id=domain_id)
Apr 14 16:53:58 user devstack@keystone.service[43058]: ERROR keystone.server.flask.application keystone.exception.DomainNotFound: Could not find domain: Default.
Apr 14 16:53:58 user devstack@keystone.service[43058]: ERROR keystone.server.flask.application
Apr 14 16:53:58 user devstack@keystone.service[43058]: [pid: 43058|app: 0|req: 119/353] 10.0.0.210 () {56 vars in 1103 bytes} [Fri Apr 14 16:53:58 2023] GET /identity/v3/domains/Default => generated 87 bytes in 152 msecs (HTTP/1.1 404) 5 headers in 183 bytes (1 switches on core 0)
Apr 14 16:53:58 user devstack@keystone.service[43057]: DEBUG keystone.server.flask.request_processing.middleware.auth_context [None req-b4f159d0-1945-4ef9-bf52-75f8549e99d3 None admin] Authenticating user token {{(pid=43057) process_request /usr/local/lib/python3.10/dist-packages/keystonemiddleware/auth_token/__init__.py:406}}
Apr 14 16:53:58 user devstack@keystone.service[43056]: DEBUG keystone.server.flask.request_processing.middleware.auth_context [None req-5cde2a51-90fe-4088-aa67-74cb8321b33c None admin] Validating token access rules against request {{(pid=43056) validate_allowed_request /usr/local/lib/python3.10/dist-packages/keystonemiddleware/auth_token/__init__.py:544}}
Apr 14 16:53:58 user devstack@keystone.service[43056]: DEBUG dbcounter [-] [43056] Writing DB stats keystone:SELECT=97,keystone:INSERT=3 {{(pid=43056) stat_writer /usr/local/lib/python3.10/dist-packages/dbcounter.py:117}}
