Apr 14 16:53:30 user devstack@keystone.service[43056]: [pid: 43056|app: 0|req: 37/109] 10.0.0.210 () {56 vars in 1096 bytes} [Fri Apr 14 16:53:30 2023] GET /identity/v3/roles?name=reader => generated 339 bytes in 174 msecs (HTTP/1.1 200) 5 headers in 177 bytes (1 switches on core 0)
Apr 14 16:53:30 user devstack@keystone.service[43056]: DEBUG keystone.server.flask.request_processing.middleware.auth_context [None req-8c0ded74-9f9e-4a27-95c2-c81395900976 None admin] Authenticating user token {{(pid=43056) process_request /usr/local/lib/python3.10/dist-packages/keystonemiddleware/auth_token/__init__.py:406}}
Apr 14 16:53:30 user devstack@keystone.service[43058]: DEBUG keystone.server.flask.request_processing.middleware.auth_context [None req-429f30bb-9e7c-4879-8c56-ede1a5bc083e None admin] RBAC: auth_context: {'token': , 'domain_id': None, 'trust_id': None, 'trustor_id': None, 'trustee_id': None, 'domain_name': None, 'group_ids': [], 'user_id': '31a84c78da8d4500ae0ffd999a7cf6b0', 'user_domain_id': 'default', 'system_scope': 'all', 'project_id': None, 'project_domain_id': None, 'roles': ['admin', 'member', 'reader'], 'is_admin_project': True, 'service_user_id': None, 'service_user_domain_id': None, 'service_project_id': None, 'service_project_domain_id': None, 'service_roles': []} {{(pid=43058) fill_context /opt/stack/keystone/keystone/server/flask/request_processing/middleware/auth_context.py:478}}
Apr 14 16:53:30 user devstack@keystone.service[43058]: DEBUG keystone.server.flask.request_processing.req_logging [None req-429f30bb-9e7c-4879-8c56-ede1a5bc083e None admin] REQUEST_METHOD: `GET` {{(pid=43058) log_request_info /opt/stack/keystone/keystone/server/flask/request_processing/req_logging.py:27}}
Apr 14 16:53:30 user devstack@keystone.service[43058]: DEBUG keystone.server.flask.request_processing.req_logging [None req-429f30bb-9e7c-4879-8c56-ede1a5bc083e None admin] SCRIPT_NAME: `/identity` {{(pid=43058) log_request_info /opt/stack/keystone/keystone/server/flask/request_processing/req_logging.py:28}}
Apr 14 16:53:30 user devstack@keystone.service[43058]: DEBUG keystone.server.flask.request_processing.req_logging [None req-429f30bb-9e7c-4879-8c56-ede1a5bc083e None admin] PATH_INFO: `/v3/users/7461757c61e34a0fb5b033d5f51f5080` {{(pid=43058) log_request_info /opt/stack/keystone/keystone/server/flask/request_processing/req_logging.py:29}}
Apr 14 16:53:30 user devstack@keystone.service[43058]: DEBUG keystone.common.rbac_enforcer.enforcer [None req-429f30bb-9e7c-4879-8c56-ede1a5bc083e None admin] RBAC: Authorizing `identity:get_user(user_id=7461757c61e34a0fb5b033d5f51f5080)` {{(pid=43058) enforce_call /opt/stack/keystone/keystone/common/rbac_enforcer/enforcer.py:449}}
Apr 14 16:53:30 user devstack@keystone.service[43058]: DEBUG keystone.common.rbac_enforcer.enforcer [None req-429f30bb-9e7c-4879-8c56-ede1a5bc083e None admin] RBAC: Authorization granted {{(pid=43058) enforce_call /opt/stack/keystone/keystone/common/rbac_enforcer/enforcer.py:457}}
Apr 14 16:53:30 user devstack@keystone.service[43058]: [pid: 43058|app: 0|req: 40/110] 10.0.0.210 () {56 vars in 1172 bytes} [Fri Apr 14 16:53:30 2023] GET /identity/v3/users/7461757c61e34a0fb5b033d5f51f5080 => generated 274 bytes in 119 msecs (HTTP/1.1 200) 5 headers in 177 bytes (1 switches on core 0)
Apr 14 16:53:30 user devstack@keystone.service[43058]: DEBUG keystone.server.flask.request_processing.middleware.auth_context [None req-429f30bb-9e7c-4879-8c56-ede1a5bc083e None admin] Authenticating user token {{(pid=43058) process_request /usr/local/lib/python3.10/dist-packages/keystonemiddleware/auth_token/__init__.py:406}}
Apr 14 16:53:30 user devstack@keystone.service[43057]: DEBUG keystone.server.flask.request_processing.middleware.auth_context [None req-6ff8c521-160f-4a42-9ac6-d8775a94e3bd None admin] Validating token access rules against request {{(pid=43057) validate_allowed_request /usr/local/lib/python3.10/dist-packages/keystonemiddleware/auth_token/__init__.py:544}}
Apr 14 16:53:30 user devstack@keystone.service[43057]: DEBUG keystone.server.flask.request_processing.middleware.auth_context [None req-abb5ee94-fb8d-4603-9cd6-32fe6985d14c None admin] RBAC: auth_context: {'token': , 'domain_id': None, 'trust_id': None, 'trustor_id': None, 'trustee_id': None, 'domain_name': None, 'group_ids': [], 'user_id': '31a84c78da8d4500ae0ffd999a7cf6b0', 'user_domain_id': 'default', 'system_scope': 'all', 'project_id': None, 'project_domain_id': None, 'roles': ['admin', 'member', 'reader'], 'is_admin_project': True, 'service_user_id': None, 'service_user_domain_id': None, 'service_project_id': None, 'service_project_domain_id': None, 'service_roles': []} {{(pid=43057) fill_context /opt/stack/keystone/keystone/server/flask/request_processing/middleware/auth_context.py:478}}
Apr 14 16:53:30 user devstack@keystone.service[43057]: DEBUG keystone.server.flask.request_processing.req_logging [None req-abb5ee94-fb8d-4603-9cd6-32fe6985d14c None admin] REQUEST_METHOD: `GET` {{(pid=43057) log_request_info /opt/stack/keystone/keystone/server/flask/request_processing/req_logging.py:27}}
Apr 14 16:53:30 user devstack@keystone.service[43057]: DEBUG keystone.server.flask.request_processing.req_logging [None req-abb5ee94-fb8d-4603-9cd6-32fe6985d14c None admin] SCRIPT_NAME: `/identity` {{(pid=43057) log_request_info /opt/stack/keystone/keystone/server/flask/request_processing/req_logging.py:28}}
Apr 14 16:53:30 user devstack@keystone.service[43057]: DEBUG keystone.server.flask.request_processing.req_logging [None req-abb5ee94-fb8d-4603-9cd6-32fe6985d14c None admin] PATH_INFO: `/v3/users/7461757c61e34a0fb5b033d5f51f5080` {{(pid=43057) log_request_info /opt/stack/keystone/keystone/server/flask/request_processing/req_logging.py:29}}
Apr 14 16:53:30 user devstack@keystone.service[43057]: DEBUG keystone.common.rbac_enforcer.enforcer [None req-abb5ee94-fb8d-4603-9cd6-32fe6985d14c None admin] RBAC: Authorizing `identity:get_user(user_id=7461757c61e34a0fb5b033d5f51f5080)` {{(pid=43057) enforce_call /opt/stack/keystone/keystone/common/rbac_enforcer/enforcer.py:449}}
Apr 14 16:53:30 user devstack@keystone.service[43057]: DEBUG keystone.common.rbac_enforcer.enforcer [None req-abb5ee94-fb8d-4603-9cd6-32fe6985d14c None admin] RBAC: Authorization granted {{(pid=43057) enforce_call /opt/stack/keystone/keystone/common/rbac_enforcer/enforcer.py:457}}
Apr 14 16:53:30 user devstack@keystone.service[43057]: [pid: 43057|app: 0|req: 34/111] 10.0.0.210 () {56 vars in 1172 bytes} [Fri Apr 14 16:53:30 2023] GET /identity/v3/users/7461757c61e34a0fb5b033d5f51f5080 => generated 274 bytes in 124 msecs (HTTP/1.1 200) 5 headers in 177 bytes (1 switches on core 0)
Apr 14 16:53:30 user devstack@keystone.service[43057]: DEBUG keystone.server.flask.request_processing.middleware.auth_context [None req-abb5ee94-fb8d-4603-9cd6-32fe6985d14c None admin] Authenticating user token {{(pid=43057) process_request /usr/local/lib/python3.10/dist-packages/keystonemiddleware/auth_token/__init__.py:406}}
Apr 14 16:53:30 user devstack@keystone.service[43056]: DEBUG keystone.server.flask.request_processing.middleware.auth_context [None req-8c0ded74-9f9e-4a27-95c2-c81395900976 None admin] Validating token access rules against request {{(pid=43056) validate_allowed_request /usr/local/lib/python3.10/dist-packages/keystonemiddleware/auth_token/__init__.py:544}}
Apr 14 16:53:30 user devstack@keystone.service[43058]: DEBUG keystone.server.flask.request_processing.middleware.auth_context [None req-429f30bb-9e7c-4879-8c56-ede1a5bc083e None admin] Validating token access rules against request {{(pid=43058) validate_allowed_request /usr/local/lib/python3.10/dist-packages/keystonemiddleware/auth_token/__init__.py:544}}
Apr 14 16:53:30 user devstack@keystone.service[43056]: DEBUG keystone.server.flask.request_processing.middleware.auth_context [None req-49bb6af5-9e7d-4158-9b71-eb67e26b0789 None admin] RBAC: auth_context: {'token': , 'domain_id': None, 'trust_id': None, 'trustor_id': None, 'trustee_id': None, 'domain_name': None, 'group_ids': [], 'user_id': '31a84c78da8d4500ae0ffd999a7cf6b0', 'user_domain_id': 'default', 'system_scope': 'all', 'project_id': None, 'project_domain_id': None, 'roles': ['admin', 'member', 'reader'], 'is_admin_project': True, 'service_user_id': None, 'service_user_domain_id': None, 'service_project_id': None, 'service_project_domain_id': None, 'service_roles': []} {{(pid=43056) fill_context /opt/stack/keystone/keystone/server/flask/request_processing/middleware/auth_context.py:478}}
Apr 14 16:53:30 user devstack@keystone.service[43056]: DEBUG keystone.server.flask.request_processing.req_logging [None req-49bb6af5-9e7d-4158-9b71-eb67e26b0789 None admin] REQUEST_METHOD: `POST` {{(pid=43056) log_request_info /opt/stack/keystone/keystone/server/flask/request_processing/req_logging.py:27}}
Apr 14 16:53:30 user devstack@keystone.service[43056]: DEBUG keystone.server.flask.request_processing.req_logging [None req-49bb6af5-9e7d-4158-9b71-eb67e26b0789 None admin] SCRIPT_NAME: `/identity` {{(pid=43056) log_request_info /opt/stack/keystone/keystone/server/flask/request_processing/req_logging.py:28}}
Apr 14 16:53:30 user devstack@keystone.service[43056]: DEBUG keystone.server.flask.request_processing.req_logging [None req-49bb6af5-9e7d-4158-9b71-eb67e26b0789 None admin] PATH_INFO: `/v3/projects` {{(pid=43056) log_request_info /opt/stack/keystone/keystone/server/flask/request_processing/req_logging.py:29}}
Apr 14 16:53:30 user devstack@keystone.service[43056]: DEBUG keystone.common.rbac_enforcer.enforcer [None req-49bb6af5-9e7d-4158-9b71-eb67e26b0789 None admin] RBAC: Authorizing `identity:create_project()` {{(pid=43056) enforce_call /opt/stack/keystone/keystone/common/rbac_enforcer/enforcer.py:449}}
Apr 14 16:53:30 user devstack@keystone.service[43056]: DEBUG keystone.common.rbac_enforcer.enforcer [None req-49bb6af5-9e7d-4158-9b71-eb67e26b0789 None admin] RBAC: Authorization granted {{(pid=43056) enforce_call /opt/stack/keystone/keystone/common/rbac_enforcer/enforcer.py:457}}
Apr 14 16:53:30 user devstack@keystone.service[43056]: DEBUG dbcounter [-] [43056] Writing DB stats keystone:SELECT=100 {{(pid=43056) stat_writer /usr/local/lib/python3.10/dist-packages/dbcounter.py:117}}
Apr 14 16:53:30 user devstack@keystone.service[43058]: DEBUG dbcounter [-] [43058] Writing DB stats keystone:SELECT=100 {{(pid=43058) stat_writer /usr/local/lib/python3.10/dist-packages/dbcounter.py:117}}
Apr 14 16:53:30 user devstack@keystone.service[43058]: DEBUG keystone.server.flask.request_processing.middleware.auth_context [None req-c9ca8103-0bdd-4b92-bd46-8c42872659ca None admin] RBAC: auth_context: {'token': , 'domain_id': None, 'trust_id': None, 'trustor_id': None, 'trustee_id': None, 'domain_name': None, 'group_ids': [], 'user_id': '31a84c78da8d4500ae0ffd999a7cf6b0', 'user_domain_id': 'default', 'system_scope': 'all', 'project_id': None, 'project_domain_id': None, 'roles': ['admin', 'member', 'reader'], 'is_admin_project': True, 'service_user_id': None, 'service_user_domain_id': None, 'service_project_id': None, 'service_project_domain_id': None, 'service_roles': []} {{(pid=43058) fill_context /opt/stack/keystone/keystone/server/flask/request_processing/middleware/auth_context.py:478}}
Apr 14 16:53:30 user devstack@keystone.service[43058]: DEBUG keystone.server.flask.request_processing.req_logging [None req-c9ca8103-0bdd-4b92-bd46-8c42872659ca None admin] REQUEST_METHOD: `GET` {{(pid=43058) log_request_info /opt/stack/keystone/keystone/server/flask/request_processing/req_logging.py:27}}
Apr 14 16:53:30 user devstack@keystone.service[43057]: DEBUG dbcounter [-] [43057] Writing DB stats keystone:SELECT=100 {{(pid=43057) stat_writer /usr/local/lib/python3.10/dist-packages/dbcounter.py:117}}
Apr 14 16:53:30 user devstack@keystone.service[43058]: DEBUG keystone.server.flask.request_processing.req_logging [None req-c9ca8103-0bdd-4b92-bd46-8c42872659ca None admin] SCRIPT_NAME: `/identity` {{(pid=43058) log_request_info /opt/stack/keystone/keystone/server/flask/request_processing/req_logging.py:28}}
Apr 14 16:53:30 user devstack@keystone.service[43058]: DEBUG keystone.server.flask.request_processing.req_logging [None req-c9ca8103-0bdd-4b92-bd46-8c42872659ca None admin] PATH_INFO: `/v3/projects/7122844a3ec04f409cf57280f8f56eb4` {{(pid=43058) log_request_info /opt/stack/keystone/keystone/server/flask/request_processing/req_logging.py:29}}
Apr 14 16:53:30 user devstack@keystone.service[43058]: DEBUG keystone.common.rbac_enforcer.enforcer [None req-c9ca8103-0bdd-4b92-bd46-8c42872659ca None admin] RBAC: Authorizing `identity:get_project(project_id=7122844a3ec04f409cf57280f8f56eb4)` {{(pid=43058) enforce_call /opt/stack/keystone/keystone/common/rbac_enforcer/enforcer.py:449}}
Apr 14 16:53:30 user devstack@keystone.service[43058]: DEBUG keystone.common.rbac_enforcer.enforcer [None req-c9ca8103-0bdd-4b92-bd46-8c42872659ca None admin] RBAC: Authorization granted {{(pid=43058) enforce_call /opt/stack/keystone/keystone/common/rbac_enforcer/enforcer.py:457}}
Apr 14 16:53:30 user devstack@keystone.service[43058]: [pid: 43058|app: 0|req: 41/112] 10.0.0.210 () {56 vars in 1181 bytes} [Fri Apr 14 16:53:30 2023] GET /identity/v3/projects/7122844a3ec04f409cf57280f8f56eb4 => generated 297 bytes in 121 msecs (HTTP/1.1 200) 5 headers in 177 bytes (1 switches on core 0)
Apr 14 16:53:30 user devstack@keystone.service[43058]: DEBUG keystone.server.flask.request_processing.middleware.auth_context [None req-c9ca8103-0bdd-4b92-bd46-8c42872659ca None admin] Authenticating user token {{(pid=43058) process_request /usr/local/lib/python3.10/dist-packages/keystonemiddleware/auth_token/__init__.py:406}}
Apr 14 16:53:30 user devstack@keystone.service[43056]: [pid: 43056|app: 0|req: 38/113] 10.0.0.210 () {60 vars in 1136 bytes} [Fri Apr 14 16:53:30 2023] POST /identity/v3/projects => generated 301 bytes in 149 msecs (HTTP/1.1 201) 5 headers in 182 bytes (1 switches on core 0)
Apr 14 16:53:31 user devstack@keystone.service[43057]: DEBUG keystone.server.flask.request_processing.middleware.auth_context [None req-abb5ee94-fb8d-4603-9cd6-32fe6985d14c None admin] Validating token access rules against request {{(pid=43057) validate_allowed_request /usr/local/lib/python3.10/dist-packages/keystonemiddleware/auth_token/__init__.py:544}}
Apr 14 16:53:31 user devstack@keystone.service[43056]: DEBUG keystone.server.flask.request_processing.middleware.auth_context [None req-49bb6af5-9e7d-4158-9b71-eb67e26b0789 None admin] Authenticating user token {{(pid=43056) process_request /usr/local/lib/python3.10/dist-packages/keystonemiddleware/auth_token/__init__.py:406}}
Apr 14 16:53:31 user devstack@keystone.service[43057]: DEBUG keystone.server.flask.request_processing.middleware.auth_context [None req-7e4d35e7-04a6-46e8-b564-81ad8dfde899 None admin] RBAC: auth_context: {'token': , 'domain_id': None, 'trust_id': None, 'trustor_id': None, 'trustee_id': None, 'domain_name': None, 'group_ids': [], 'user_id': '31a84c78da8d4500ae0ffd999a7cf6b0', 'user_domain_id': 'default', 'system_scope': 'all', 'project_id': None, 'project_domain_id': None, 'roles': ['admin', 'member', 'reader'], 'is_admin_project': True, 'service_user_id': None, 'service_user_domain_id': None, 'service_project_id': None, 'service_project_domain_id': None, 'service_roles': []} {{(pid=43057) fill_context /opt/stack/keystone/keystone/server/flask/request_processing/middleware/auth_context.py:478}}
Apr 14 16:53:31 user devstack@keystone.service[43057]: DEBUG keystone.server.flask.request_processing.req_logging [None req-7e4d35e7-04a6-46e8-b564-81ad8dfde899 None admin] REQUEST_METHOD: `GET` {{(pid=43057) log_request_info /opt/stack/keystone/keystone/server/flask/request_processing/req_logging.py:27}}
Apr 14 16:53:31 user devstack@keystone.service[43057]: DEBUG keystone.server.flask.request_processing.req_logging [None req-7e4d35e7-04a6-46e8-b564-81ad8dfde899 None admin] SCRIPT_NAME: `/identity` {{(pid=43057) log_request_info /opt/stack/keystone/keystone/server/flask/request_processing/req_logging.py:28}}
Apr 14 16:53:31 user devstack@keystone.service[43057]: DEBUG keystone.server.flask.request_processing.req_logging [None req-7e4d35e7-04a6-46e8-b564-81ad8dfde899 None admin] PATH_INFO: `/v3/users/cb059fa241f14bebbefa6fc348ef2310` {{(pid=43057) log_request_info /opt/stack/keystone/keystone/server/flask/request_processing/req_logging.py:29}}
Apr 14 16:53:31 user devstack@keystone.service[43057]: DEBUG keystone.common.rbac_enforcer.enforcer [None req-7e4d35e7-04a6-46e8-b564-81ad8dfde899 None admin] RBAC: Authorizing `identity:get_user(user_id=cb059fa241f14bebbefa6fc348ef2310)` {{(pid=43057) enforce_call /opt/stack/keystone/keystone/common/rbac_enforcer/enforcer.py:449}}
Apr 14 16:53:31 user devstack@keystone.service[43057]: DEBUG keystone.common.rbac_enforcer.enforcer [None req-7e4d35e7-04a6-46e8-b564-81ad8dfde899 None admin] RBAC: Authorization granted {{(pid=43057) enforce_call /opt/stack/keystone/keystone/common/rbac_enforcer/enforcer.py:457}}
Apr 14 16:53:31 user devstack@keystone.service[43057]: [pid: 43057|app: 0|req: 35/114] 10.0.0.210 () {56 vars in 1172 bytes} [Fri Apr 14 16:53:30 2023] GET /identity/v3/users/cb059fa241f14bebbefa6fc348ef2310 => generated 288 bytes in 136 msecs (HTTP/1.1 200) 5 headers in 177 bytes (1 switches on core 0)
Apr 14 16:53:31 user devstack@keystone.service[43057]: DEBUG keystone.server.flask.request_processing.middleware.auth_context [None req-7e4d35e7-04a6-46e8-b564-81ad8dfde899 None admin] Authenticating user token {{(pid=43057) process_request /usr/local/lib/python3.10/dist-packages/keystonemiddleware/auth_token/__init__.py:406}}
Apr 14 16:53:31 user devstack@keystone.service[43056]: DEBUG keystone.server.flask.request_processing.middleware.auth_context [None req-49bb6af5-9e7d-4158-9b71-eb67e26b0789 None admin] Validating token access rules against request {{(pid=43056) validate_allowed_request /usr/local/lib/python3.10/dist-packages/keystonemiddleware/auth_token/__init__.py:544}}
Apr 14 16:53:31 user devstack@keystone.service[43058]: DEBUG keystone.server.flask.request_processing.middleware.auth_context [None req-c9ca8103-0bdd-4b92-bd46-8c42872659ca None admin] Validating token access rules against request {{(pid=43058) validate_allowed_request /usr/local/lib/python3.10/dist-packages/keystonemiddleware/auth_token/__init__.py:544}}
Apr 14 16:53:31 user devstack@keystone.service[43056]: DEBUG keystone.server.flask.request_processing.middleware.auth_context [None req-6e68a3cf-b631-48d3-941d-13bd9ae787a0 None admin] RBAC: auth_context: {'token': , 'domain_id': None, 'trust_id': None, 'trustor_id': None, 'trustee_id': None, 'domain_name': None, 'group_ids': [], 'user_id': '31a84c78da8d4500ae0ffd999a7cf6b0', 'user_domain_id': 'default', 'system_scope': 'all', 'project_id': None, 'project_domain_id': None, 'roles': ['admin', 'member', 'reader'], 'is_admin_project': True, 'service_user_id': None, 'service_user_domain_id': None, 'service_project_id': None, 'service_project_domain_id': None, 'service_roles': []} {{(pid=43056) fill_context /opt/stack/keystone/keystone/server/flask/request_processing/middleware/auth_context.py:478}}
Apr 14 16:53:31 user devstack@keystone.service[43056]: DEBUG keystone.server.flask.request_processing.req_logging [None req-6e68a3cf-b631-48d3-941d-13bd9ae787a0 None admin] REQUEST_METHOD: `GET` {{(pid=43056) log_request_info /opt/stack/keystone/keystone/server/flask/request_processing/req_logging.py:27}}
Apr 14 16:53:31 user devstack@keystone.service[43056]: DEBUG keystone.server.flask.request_processing.req_logging [None req-6e68a3cf-b631-48d3-941d-13bd9ae787a0 None admin] SCRIPT_NAME: `/identity` {{(pid=43056) log_request_info /opt/stack/keystone/keystone/server/flask/request_processing/req_logging.py:28}}
Apr 14 16:53:31 user devstack@keystone.service[43056]: DEBUG keystone.server.flask.request_processing.req_logging [None req-6e68a3cf-b631-48d3-941d-13bd9ae787a0 None admin] PATH_INFO: `/v3/auth/tokens` {{(pid=43056) log_request_info /opt/stack/keystone/keystone/server/flask/request_processing/req_logging.py:29}}
Apr 14 16:53:31 user devstack@keystone.service[43057]: DEBUG keystone.server.flask.request_processing.middleware.auth_context [None req-7e4d35e7-04a6-46e8-b564-81ad8dfde899 None admin] Validating token access rules against request {{(pid=43057) validate_allowed_request /usr/local/lib/python3.10/dist-packages/keystonemiddleware/auth_token/__init__.py:544}}
Apr 14 16:53:31 user devstack@keystone.service[43058]: DEBUG keystone.server.flask.request_processing.middleware.auth_context [None req-0a0b31d0-f298-4816-b24f-13441b9d115f None admin] RBAC: auth_context: {'token': , 'domain_id': None, 'trust_id': None, 'trustor_id': None, 'trustee_id': None, 'domain_name': None, 'group_ids': [], 'user_id': '31a84c78da8d4500ae0ffd999a7cf6b0', 'user_domain_id': 'default', 'system_scope': 'all', 'project_id': None, 'project_domain_id': None, 'roles': ['admin', 'member', 'reader'], 'is_admin_project': True, 'service_user_id': None, 'service_user_domain_id': None, 'service_project_id': None, 'service_project_domain_id': None, 'service_roles': []} {{(pid=43058) fill_context /opt/stack/keystone/keystone/server/flask/request_processing/middleware/auth_context.py:478}}
Apr 14 16:53:31 user devstack@keystone.service[43058]: DEBUG keystone.server.flask.request_processing.req_logging [None req-0a0b31d0-f298-4816-b24f-13441b9d115f None admin] REQUEST_METHOD: `GET` {{(pid=43058) log_request_info /opt/stack/keystone/keystone/server/flask/request_processing/req_logging.py:27}}
Apr 14 16:53:31 user devstack@keystone.service[43058]: DEBUG keystone.server.flask.request_processing.req_logging [None req-0a0b31d0-f298-4816-b24f-13441b9d115f None admin] SCRIPT_NAME: `/identity` {{(pid=43058) log_request_info /opt/stack/keystone/keystone/server/flask/request_processing/req_logging.py:28}}
Apr 14 16:53:31 user devstack@keystone.service[43058]: DEBUG keystone.server.flask.request_processing.req_logging [None req-0a0b31d0-f298-4816-b24f-13441b9d115f None admin] PATH_INFO: `/v3/auth/tokens` {{(pid=43058) log_request_info /opt/stack/keystone/keystone/server/flask/request_processing/req_logging.py:29}}
Apr 14 16:53:31 user devstack@keystone.service[43057]: DEBUG keystone.server.flask.request_processing.middleware.auth_context [None req-d03b482b-3538-43ba-8ba1-d3cd5c1460e6 None admin] RBAC: auth_context: {'token': , 'domain_id': None, 'trust_id': None, 'trustor_id': None, 'trustee_id': None, 'domain_name': None, 'group_ids': [], 'user_id': '31a84c78da8d4500ae0ffd999a7cf6b0', 'user_domain_id': 'default', 'system_scope': 'all', 'project_id': None, 'project_domain_id': None, 'roles': ['admin', 'member', 'reader'], 'is_admin_project': True, 'service_user_id': None, 'service_user_domain_id': None, 'service_project_id': None, 'service_project_domain_id': None, 'service_roles': []} {{(pid=43057) fill_context /opt/stack/keystone/keystone/server/flask/request_processing/middleware/auth_context.py:478}}
Apr 14 16:53:31 user devstack@keystone.service[43057]: DEBUG keystone.server.flask.request_processing.req_logging [None req-d03b482b-3538-43ba-8ba1-d3cd5c1460e6 None admin] REQUEST_METHOD: `GET` {{(pid=43057) log_request_info /opt/stack/keystone/keystone/server/flask/request_processing/req_logging.py:27}}
Apr 14 16:53:31 user devstack@keystone.service[43057]: DEBUG keystone.server.flask.request_processing.req_logging [None req-d03b482b-3538-43ba-8ba1-d3cd5c1460e6 None admin] SCRIPT_NAME: `/identity` {{(pid=43057) log_request_info /opt/stack/keystone/keystone/server/flask/request_processing/req_logging.py:28}}
Apr 14 16:53:31 user devstack@keystone.service[43057]: DEBUG keystone.server.flask.request_processing.req_logging [None req-d03b482b-3538-43ba-8ba1-d3cd5c1460e6 None admin] PATH_INFO: `/v3/roles/member` {{(pid=43057) log_request_info /opt/stack/keystone/keystone/server/flask/request_processing/req_logging.py:29}}
Apr 14 16:53:31 user devstack@keystone.service[43056]: DEBUG dbcounter [-] [43056] Writing DB stats keystone:SELECT=99,keystone:INSERT=1 {{(pid=43056) stat_writer /usr/local/lib/python3.10/dist-packages/dbcounter.py:117}}
Apr 14 16:53:31 user devstack@keystone.service[43057]: DEBUG keystone.common.rbac_enforcer.enforcer [None req-d03b482b-3538-43ba-8ba1-d3cd5c1460e6 None admin] Extracting inferred target data resulted in "NOT FOUND (404)". {{(pid=43057) enforce_call /opt/stack/keystone/keystone/common/rbac_enforcer/enforcer.py:409}}
Apr 14 16:53:31 user devstack@keystone.service[43056]: DEBUG keystone.common.rbac_enforcer.enforcer [None req-6e68a3cf-b631-48d3-941d-13bd9ae787a0 None admin] RBAC: Authorizing `identity:validate_token()` {{(pid=43056) enforce_call /opt/stack/keystone/keystone/common/rbac_enforcer/enforcer.py:449}}
Apr 14 16:53:31 user devstack@keystone.service[43057]: ERROR keystone.server.flask.application [None req-d03b482b-3538-43ba-8ba1-d3cd5c1460e6 None admin] Could not find role: member.: keystone.exception.RoleNotFound: Could not find role: member.
Apr 14 16:53:31 user devstack@keystone.service[43057]: ERROR keystone.server.flask.application
Traceback (most recent call last):
Apr 14 16:53:31 user devstack@keystone.service[43057]: ERROR keystone.server.flask.application
File "/usr/local/lib/python3.10/dist-packages/flask/app.py", line 1823, in full_dispatch_request
Apr 14 16:53:31 user devstack@keystone.service[43057]: ERROR keystone.server.flask.application rv = self.dispatch_request()
Apr 14 16:53:31 user devstack@keystone.service[43057]: ERROR keystone.server.flask.application
File "/usr/local/lib/python3.10/dist-packages/flask/app.py", line 1799, in dispatch_request
Apr 14 16:53:31 user devstack@keystone.service[43057]: ERROR keystone.server.flask.application return self.ensure_sync(self.view_functions[rule.endpoint])(**view_args)
Apr 14 16:53:31 user devstack@keystone.service[43057]: ERROR keystone.server.flask.application
File "/usr/local/lib/python3.10/dist-packages/flask_restful/__init__.py", line 467, in wrapper
Apr 14 16:53:31 user devstack@keystone.service[43057]: ERROR keystone.server.flask.application resp = resource(*args, **kwargs)
Apr 14 16:53:31 user devstack@keystone.service[43057]: ERROR keystone.server.flask.application
File "/usr/local/lib/python3.10/dist-packages/flask/views.py", line 107, in view
Apr 14 16:53:31 user devstack@keystone.service[43057]: ERROR keystone.server.flask.application return current_app.ensure_sync(self.dispatch_request)(**kwargs)
Apr 14 16:53:31 user devstack@keystone.service[43057]: ERROR keystone.server.flask.application
File "/usr/local/lib/python3.10/dist-packages/flask_restful/__init__.py", line 582, in dispatch_request
Apr 14 16:53:31 user devstack@keystone.service[43057]: ERROR keystone.server.flask.application resp = meth(*args, **kwargs)
Apr 14 16:53:31 user devstack@keystone.service[43057]: ERROR keystone.server.flask.application
File "/opt/stack/keystone/keystone/api/roles.py", line 50, in get
Apr 14 16:53:31 user devstack@keystone.service[43057]: ERROR keystone.server.flask.application return self._get_role(role_id)
Apr 14 16:53:31 user devstack@keystone.service[43057]: ERROR keystone.server.flask.application
File "/opt/stack/keystone/keystone/api/roles.py", line 70, in _get_role
Apr 14 16:53:31 user devstack@keystone.service[43057]: ERROR keystone.server.flask.application ENFORCER.enforce_call(action='identity:get_role')
Apr 14 16:53:31 user devstack@keystone.service[43057]: ERROR keystone.server.flask.application
File "/opt/stack/keystone/keystone/common/rbac_enforcer/enforcer.py", line 402, in enforce_call
Apr 14 16:53:31 user devstack@keystone.service[43057]: ERROR keystone.server.flask.application policy_dict.update(cls._extract_member_target_data(
Apr 14 16:53:31 user devstack@keystone.service[43057]: ERROR keystone.server.flask.application
File "/opt/stack/keystone/keystone/common/rbac_enforcer/enforcer.py", line 234, in _extract_member_target_data
Apr 14 16:53:31 user devstack@keystone.service[43057]: ERROR keystone.server.flask.application member_name: func(flask.request.view_args[key])
Apr 14 16:53:31 user devstack@keystone.service[43057]: ERROR keystone.server.flask.application
File "/opt/stack/keystone/keystone/common/manager.py", line 115, in wrapped
Apr 14 16:53:31 user devstack@keystone.service[43057]: ERROR keystone.server.flask.application __ret_val = __f(*args, **kwargs)
Apr 14 16:53:31 user devstack@keystone.service[43057]: ERROR keystone.server.flask.application
File "/usr/local/lib/python3.10/dist-packages/decorator.py", line 232, in fun
Apr 14 16:53:31 user devstack@keystone.service[43057]: ERROR keystone.server.flask.application return caller(func, *(extras + args), **kw)
Apr 14 16:53:31 user devstack@keystone.service[43057]: ERROR keystone.server.flask.application
File "/usr/local/lib/python3.10/dist-packages/dogpile/cache/region.py", line 1577, in get_or_create_for_user_func
Apr 14 16:53:31 user devstack@keystone.service[43057]: ERROR keystone.server.flask.application return self.get_or_create(
Apr 14 16:53:31 user devstack@keystone.service[43057]: ERROR keystone.server.flask.application
File "/usr/local/lib/python3.10/dist-packages/dogpile/cache/region.py", line 1042, in get_or_create
Apr 14 16:53:31 user devstack@keystone.service[43057]: ERROR keystone.server.flask.application with Lock(
Apr 14 16:53:31 user devstack@keystone.service[43057]: ERROR keystone.server.flask.application
File "/usr/local/lib/python3.10/dist-packages/dogpile/lock.py", line 185, in __enter__
Apr 14 16:53:31 user devstack@keystone.service[43057]: ERROR keystone.server.flask.application return self._enter()
Apr 14 16:53:31 user devstack@keystone.service[43057]: ERROR keystone.server.flask.application
File "/usr/local/lib/python3.10/dist-packages/dogpile/lock.py", line 94, in _enter
Apr 14 16:53:31 user devstack@keystone.service[43057]: ERROR keystone.server.flask.application generated = self._enter_create(value, createdtime)
Apr 14 16:53:31 user devstack@keystone.service[43057]: ERROR keystone.server.flask.application
File "/usr/local/lib/python3.10/dist-packages/dogpile/lock.py", line 178, in _enter_create
Apr 14 16:53:31 user devstack@keystone.service[43057]: ERROR keystone.server.flask.application return self.creator()
Apr 14 16:53:31 user devstack@keystone.service[43057]: ERROR keystone.server.flask.application
File "/usr/local/lib/python3.10/dist-packages/dogpile/cache/region.py", line 995, in gen_value
Apr 14 16:53:31 user devstack@keystone.service[43057]: ERROR keystone.server.flask.application created_value = creator(
Apr 14 16:53:31 user devstack@keystone.service[43057]: ERROR keystone.server.flask.application
File "/opt/stack/keystone/keystone/assignment/core.py", line 1276, in get_role
Apr 14 16:53:31 user devstack@keystone.service[43057]: ERROR keystone.server.flask.application return self.driver.get_role(role_id)
Apr 14 16:53:31 user devstack@keystone.service[43057]: ERROR keystone.server.flask.application
File "/opt/stack/keystone/keystone/assignment/role_backends/sql.py", line 70, in get_role
Apr 14 16:53:31 user devstack@keystone.service[43057]: ERROR keystone.server.flask.application return self._get_role(session, role_id).to_dict()
Apr 14 16:53:31 user devstack@keystone.service[43057]: ERROR keystone.server.flask.application
File "/opt/stack/keystone/keystone/assignment/role_backends/sql.py", line 65, in _get_role
Apr 14 16:53:31 user devstack@keystone.service[43057]: ERROR keystone.server.flask.application raise exception.RoleNotFound(role_id=role_id)
Apr 14 16:53:31 user devstack@keystone.service[43057]: ERROR keystone.server.flask.application keystone.exception.RoleNotFound: Could not find role: member.
Apr 14 16:53:31 user devstack@keystone.service[43057]: ERROR keystone.server.flask.application
Apr 14 16:53:31 user devstack@keystone.service[43056]: DEBUG keystone.common.rbac_enforcer.enforcer [None req-6e68a3cf-b631-48d3-941d-13bd9ae787a0 None admin] RBAC: Authorization granted {{(pid=43056) enforce_call /opt/stack/keystone/keystone/common/rbac_enforcer/enforcer.py:457}}
Apr 14 16:53:31 user devstack@keystone.service[43057]: [pid: 43057|app: 0|req: 36/115] 10.0.0.210 () {56 vars in 1094 bytes} [Fri Apr 14 16:53:31 2023] GET /identity/v3/roles/member => generated 84 bytes in 133 msecs (HTTP/1.1 404) 5 headers in 183 bytes (1 switches on core 0)
Apr 14 16:53:31 user devstack@keystone.service[43057]: DEBUG keystone.server.flask.request_processing.middleware.auth_context [None req-d03b482b-3538-43ba-8ba1-d3cd5c1460e6 None admin] Authenticating user token {{(pid=43057) process_request /usr/local/lib/python3.10/dist-packages/keystonemiddleware/auth_token/__init__.py:406}}
Apr 14 16:53:31 user devstack@keystone.service[43057]: DEBUG dbcounter [-] [43057] Writing DB stats keystone:SELECT=100 {{(pid=43057) stat_writer /usr/local/lib/python3.10/dist-packages/dbcounter.py:117}}
Apr 14 16:53:31 user devstack@keystone.service[43058]: DEBUG dbcounter [-] [43058] Writing DB stats keystone:SELECT=100 {{(pid=43058) stat_writer /usr/local/lib/python3.10/dist-packages/dbcounter.py:117}}
Apr 14 16:53:31 user devstack@keystone.service[43058]: DEBUG keystone.common.rbac_enforcer.enforcer [None req-0a0b31d0-f298-4816-b24f-13441b9d115f None admin] RBAC: Authorizing `identity:validate_token()` {{(pid=43058) enforce_call /opt/stack/keystone/keystone/common/rbac_enforcer/enforcer.py:449}}
Apr 14 16:53:31 user devstack@keystone.service[43058]: DEBUG keystone.common.rbac_enforcer.enforcer [None req-0a0b31d0-f298-4816-b24f-13441b9d115f None admin] RBAC: Authorization granted {{(pid=43058) enforce_call /opt/stack/keystone/keystone/common/rbac_enforcer/enforcer.py:457}}
Apr 14 16:53:31 user devstack@keystone.service[43056]: [pid: 43056|app: 0|req: 39/116] 10.0.0.210 () {58 vars in 1277 bytes} [Fri Apr 14 16:53:31 2023] GET /identity/v3/auth/tokens => generated 798 bytes in 270 msecs (HTTP/1.1 200) 6 headers in 358 bytes (1 switches on core 0)
Apr 14 16:53:31 user devstack@keystone.service[43056]: DEBUG keystone.server.flask.request_processing.middleware.auth_context [None req-6e68a3cf-b631-48d3-941d-13bd9ae787a0 None admin] Authenticating user token {{(pid=43056) process_request /usr/local/lib/python3.10/dist-packages/keystonemiddleware/auth_token/__init__.py:406}}
Apr 14 16:53:31 user devstack@keystone.service[43057]: DEBUG keystone.server.flask.request_processing.middleware.auth_context [None req-d03b482b-3538-43ba-8ba1-d3cd5c1460e6 None admin] Validating token access rules against request {{(pid=43057) validate_allowed_request /usr/local/lib/python3.10/dist-packages/keystonemiddleware/auth_token/__init__.py:544}}
Apr 14 16:53:31 user devstack@keystone.service[43058]: [pid: 43058|app: 0|req: 42/117] 10.0.0.210 () {58 vars in 1277 bytes} [Fri Apr 14 16:53:30 2023] GET /identity/v3/auth/tokens => generated 798 bytes in 304 msecs (HTTP/1.1 200) 6 headers in 358 bytes (1 switches on core 0)
Apr 14 16:53:31 user devstack@keystone.service[43058]: DEBUG keystone.server.flask.request_processing.middleware.auth_context [None req-0a0b31d0-f298-4816-b24f-13441b9d115f None admin] Authenticating user token {{(pid=43058) process_request /usr/local/lib/python3.10/dist-packages/keystonemiddleware/auth_token/__init__.py:406}}
Apr 14 16:53:31 user devstack@keystone.service[43057]: DEBUG keystone.server.flask.request_processing.middleware.auth_context [None req-ebe2e55c-a05f-45fd-8f10-9826f5c290e8 None admin] RBAC: auth_context: {'token': , 'domain_id': None, 'trust_id': None, 'trustor_id': None, 'trustee_id': None, 'domain_name': None, 'group_ids': [], 'user_id': '31a84c78da8d4500ae0ffd999a7cf6b0', 'user_domain_id': 'default', 'system_scope': 'all', 'project_id': None, 'project_domain_id': None, 'roles': ['admin', 'member', 'reader'], 'is_admin_project': True, 'service_user_id': None, 'service_user_domain_id': None, 'service_project_id': None, 'service_project_domain_id': None, 'service_roles': []} {{(pid=43057) fill_context /opt/stack/keystone/keystone/server/flask/request_processing/middleware/auth_context.py:478}}
Apr 14 16:53:31 user devstack@keystone.service[43057]: DEBUG keystone.server.flask.request_processing.req_logging [None req-ebe2e55c-a05f-45fd-8f10-9826f5c290e8 None admin] REQUEST_METHOD: `GET` {{(pid=43057) log_request_info /opt/stack/keystone/keystone/server/flask/request_processing/req_logging.py:27}}
Apr 14 16:53:31 user devstack@keystone.service[43057]: DEBUG keystone.server.flask.request_processing.req_logging [None req-ebe2e55c-a05f-45fd-8f10-9826f5c290e8 None admin] SCRIPT_NAME: `/identity` {{(pid=43057) log_request_info /opt/stack/keystone/keystone/server/flask/request_processing/req_logging.py:28}}
Apr 14 16:53:31 user devstack@keystone.service[43057]: DEBUG keystone.server.flask.request_processing.req_logging [None req-ebe2e55c-a05f-45fd-8f10-9826f5c290e8 None admin] PATH_INFO: `/v3/role_assignments` {{(pid=43057) log_request_info /opt/stack/keystone/keystone/server/flask/request_processing/req_logging.py:29}}
Apr 14 16:53:31 user devstack@keystone.service[43057]: DEBUG keystone.common.rbac_enforcer.enforcer [None req-ebe2e55c-a05f-45fd-8f10-9826f5c290e8 None admin] RBAC: Adding query filter params (role.id=06cc7c9af7f340b68fdf03883bc289c6, scope.project.id=7122844a3ec04f409cf57280f8f56eb4, user.id=31a84c78da8d4500ae0ffd999a7cf6b0) {{(pid=43057) _extract_filter_values /opt/stack/keystone/keystone/common/rbac_enforcer/enforcer.py:167}}
Apr 14 16:53:31 user devstack@keystone.service[43057]: DEBUG keystone.common.rbac_enforcer.enforcer [None req-ebe2e55c-a05f-45fd-8f10-9826f5c290e8 None admin] RBAC: Authorizing `identity:list_role_assignments()` {{(pid=43057) enforce_call /opt/stack/keystone/keystone/common/rbac_enforcer/enforcer.py:449}}
Apr 14 16:53:31 user devstack@keystone.service[43057]: DEBUG keystone.common.rbac_enforcer.enforcer [None req-ebe2e55c-a05f-45fd-8f10-9826f5c290e8 None admin] RBAC: Authorization granted {{(pid=43057) enforce_call /opt/stack/keystone/keystone/common/rbac_enforcer/enforcer.py:457}}
Apr 14 16:53:31 user devstack@keystone.service[43057]: [pid: 43057|app: 0|req: 37/118] 10.0.0.210 () {56 vars in 1369 bytes} [Fri Apr 14 16:53:31 2023] GET /identity/v3/role_assignments?user.id=31a84c78da8d4500ae0ffd999a7cf6b0&scope.project.id=7122844a3ec04f409cf57280f8f56eb4&role.id=06cc7c9af7f340b68fdf03883bc289c6 => generated 606 bytes in 145 msecs (HTTP/1.1 200) 5 headers in 177 bytes (1 switches on core 0)
Apr 14 16:53:31 user devstack@keystone.service[43057]: DEBUG keystone.server.flask.request_processing.middleware.auth_context [None req-ebe2e55c-a05f-45fd-8f10-9826f5c290e8 None admin] Authenticating user token {{(pid=43057) process_request /usr/local/lib/python3.10/dist-packages/keystonemiddleware/auth_token/__init__.py:406}}
Apr 14 16:53:31 user devstack@keystone.service[43056]: DEBUG dbcounter [-] [43056] Writing DB stats keystone:SELECT=100 {{(pid=43056) stat_writer /usr/local/lib/python3.10/dist-packages/dbcounter.py:117}}
Apr 14 16:53:31 user devstack@keystone.service[43056]: DEBUG keystone.server.flask.request_processing.middleware.auth_context [None req-6e68a3cf-b631-48d3-941d-13bd9ae787a0 None admin] Validating token access rules against request {{(pid=43056) validate_allowed_request /usr/local/lib/python3.10/dist-packages/keystonemiddleware/auth_token/__init__.py:544}}
Apr 14 16:53:31 user devstack@keystone.service[43057]: DEBUG dbcounter [-] [43057] Writing DB stats keystone:SELECT=100 {{(pid=43057) stat_writer /usr/local/lib/python3.10/dist-packages/dbcounter.py:117}}
Apr 14 16:53:31 user devstack@keystone.service[43056]: DEBUG keystone.server.flask.request_processing.middleware.auth_context [None req-8d151392-e07a-4844-bc87-d9291ddb9d76 None admin] RBAC: auth_context: {'token': , 'domain_id': None, 'trust_id': None, 'trustor_id': None, 'trustee_id': None, 'domain_name': None, 'group_ids': [], 'user_id': '31a84c78da8d4500ae0ffd999a7cf6b0', 'user_domain_id': 'default', 'system_scope': 'all', 'project_id': None, 'project_domain_id': None, 'roles': ['admin', 'member', 'reader'], 'is_admin_project': True, 'service_user_id': None, 'service_user_domain_id': None, 'service_project_id': None, 'service_project_domain_id': None, 'service_roles': []} {{(pid=43056) fill_context /opt/stack/keystone/keystone/server/flask/request_processing/middleware/auth_context.py:478}}
Apr 14 16:53:31 user devstack@keystone.service[43056]: DEBUG keystone.server.flask.request_processing.req_logging [None req-8d151392-e07a-4844-bc87-d9291ddb9d76 None admin] REQUEST_METHOD: `GET` {{(pid=43056) log_request_info /opt/stack/keystone/keystone/server/flask/request_processing/req_logging.py:27}}
Apr 14 16:53:31 user devstack@keystone.service[43056]: DEBUG keystone.server.flask.request_processing.req_logging [None req-8d151392-e07a-4844-bc87-d9291ddb9d76 None admin] SCRIPT_NAME: `/identity` {{(pid=43056) log_request_info /opt/stack/keystone/keystone/server/flask/request_processing/req_logging.py:28}}
Apr 14 16:53:31 user devstack@keystone.service[43056]: DEBUG keystone.server.flask.request_processing.req_logging [None req-8d151392-e07a-4844-bc87-d9291ddb9d76 None admin] PATH_INFO: `/v3/projects/7122844a3ec04f409cf57280f8f56eb4` {{(pid=43056) log_request_info /opt/stack/keystone/keystone/server/flask/request_processing/req_logging.py:29}}
Apr 14 16:53:31 user devstack@keystone.service[43056]: DEBUG keystone.common.rbac_enforcer.enforcer [None req-8d151392-e07a-4844-bc87-d9291ddb9d76 None admin] RBAC: Authorizing `identity:get_project(project_id=7122844a3ec04f409cf57280f8f56eb4)` {{(pid=43056) enforce_call /opt/stack/keystone/keystone/common/rbac_enforcer/enforcer.py:449}}
Apr 14 16:53:31 user devstack@keystone.service[43056]: DEBUG keystone.common.rbac_enforcer.enforcer [None req-8d151392-e07a-4844-bc87-d9291ddb9d76 None admin] RBAC: Authorization granted {{(pid=43056) enforce_call /opt/stack/keystone/keystone/common/rbac_enforcer/enforcer.py:457}}
Apr 14 16:53:31 user devstack@keystone.service[43056]: [pid: 43056|app: 0|req: 40/119] 10.0.0.210 () {56 vars in 1181 bytes} [Fri Apr 14 16:53:31 2023] GET /identity/v3/projects/7122844a3ec04f409cf57280f8f56eb4 => generated 297 bytes in 131 msecs (HTTP/1.1 200) 5 headers in 177 bytes (1 switches on core 0)
Apr 14 16:53:31 user devstack@keystone.service[43058]: DEBUG dbcounter [-] [43058] Writing DB stats keystone:SELECT=100 {{(pid=43058) stat_writer /usr/local/lib/python3.10/dist-packages/dbcounter.py:117}}
Apr 14 16:53:31 user devstack@keystone.service[43056]: DEBUG keystone.server.flask.request_processing.middleware.auth_context [None req-8d151392-e07a-4844-bc87-d9291ddb9d76 None admin] Authenticating user token {{(pid=43056) process_request /usr/local/lib/python3.10/dist-packages/keystonemiddleware/auth_token/__init__.py:406}}
Apr 14 16:53:31 user devstack@keystone.service[43058]: DEBUG keystone.server.flask.request_processing.middleware.auth_context [None req-0a0b31d0-f298-4816-b24f-13441b9d115f None admin] Validating token access rules against request {{(pid=43058) validate_allowed_request /usr/local/lib/python3.10/dist-packages/keystonemiddleware/auth_token/__init__.py:544}}
Apr 14 16:53:31 user devstack@keystone.service[43057]: DEBUG keystone.server.flask.request_processing.middleware.auth_context [None req-ebe2e55c-a05f-45fd-8f10-9826f5c290e8 None admin] Validating token access rules against request {{(pid=43057) validate_allowed_request /usr/local/lib/python3.10/dist-packages/keystonemiddleware/auth_token/__init__.py:544}}
Apr 14 16:53:31 user devstack@keystone.service[43058]: DEBUG keystone.server.flask.request_processing.middleware.auth_context [None req-1519bf5c-52d6-45cb-b2fc-f2a88cbbd537 None admin] RBAC: auth_context: {'token': , 'domain_id': None, 'trust_id': None, 'trustor_id': None, 'trustee_id': None, 'domain_name': None, 'group_ids': [], 'user_id': '31a84c78da8d4500ae0ffd999a7cf6b0', 'user_domain_id': 'default', 'system_scope': 'all', 'project_id': None, 'project_domain_id': None, 'roles': ['admin', 'member', 'reader'], 'is_admin_project': True, 'service_user_id': None, 'service_user_domain_id': None, 'service_project_id': None, 'service_project_domain_id': None, 'service_roles': []} {{(pid=43058) fill_context /opt/stack/keystone/keystone/server/flask/request_processing/middleware/auth_context.py:478}}
Apr 14 16:53:31 user devstack@keystone.service[43058]: DEBUG keystone.server.flask.request_processing.req_logging [None req-1519bf5c-52d6-45cb-b2fc-f2a88cbbd537 None admin] REQUEST_METHOD: `GET` {{(pid=43058) log_request_info /opt/stack/keystone/keystone/server/flask/request_processing/req_logging.py:27}}
Apr 14 16:53:31 user devstack@keystone.service[43058]: DEBUG keystone.server.flask.request_processing.req_logging [None req-1519bf5c-52d6-45cb-b2fc-f2a88cbbd537 None admin] SCRIPT_NAME: `/identity` {{(pid=43058) log_request_info /opt/stack/keystone/keystone/server/flask/request_processing/req_logging.py:28}}
Apr 14 16:53:31 user devstack@keystone.service[43058]: DEBUG keystone.server.flask.request_processing.req_logging [None req-1519bf5c-52d6-45cb-b2fc-f2a88cbbd537 None admin] PATH_INFO: `/v3/roles` {{(pid=43058) log_request_info /opt/stack/keystone/keystone/server/flask/request_processing/req_logging.py:29}}
Apr 14 16:53:31 user devstack@keystone.service[43058]: DEBUG keystone.common.rbac_enforcer.enforcer [None req-1519bf5c-52d6-45cb-b2fc-f2a88cbbd537 None admin] RBAC: Adding query filter params (name=member) {{(pid=43058) _extract_filter_values /opt/stack/keystone/keystone/common/rbac_enforcer/enforcer.py:167}}
Apr 14 16:53:31 user devstack@keystone.service[43058]: DEBUG keystone.common.rbac_enforcer.enforcer [None req-1519bf5c-52d6-45cb-b2fc-f2a88cbbd537 None admin] RBAC: Authorizing `identity:list_roles()` {{(pid=43058) enforce_call /opt/stack/keystone/keystone/common/rbac_enforcer/enforcer.py:449}}
Apr 14 16:53:31 user devstack@keystone.service[43058]: DEBUG keystone.common.rbac_enforcer.enforcer [None req-1519bf5c-52d6-45cb-b2fc-f2a88cbbd537 None admin] RBAC: Authorization granted {{(pid=43058) enforce_call /opt/stack/keystone/keystone/common/rbac_enforcer/enforcer.py:457}}
Apr 14 16:53:31 user devstack@keystone.service[43057]: DEBUG keystone.server.flask.request_processing.middleware.auth_context [None req-90cc4a45-0958-4fb9-bda6-9514f4d97046 None admin] RBAC: auth_context: {'token': , 'domain_id': None, 'trust_id': None, 'trustor_id': None, 'trustee_id': None, 'domain_name': None, 'group_ids': [], 'user_id': '31a84c78da8d4500ae0ffd999a7cf6b0', 'user_domain_id': 'default', 'system_scope': 'all', 'project_id': None, 'project_domain_id': None, 'roles': ['admin', 'member', 'reader'], 'is_admin_project': True, 'service_user_id': None, 'service_user_domain_id': None, 'service_project_id': None, 'service_project_domain_id': None, 'service_roles': []} {{(pid=43057) fill_context /opt/stack/keystone/keystone/server/flask/request_processing/middleware/auth_context.py:478}}
Apr 14 16:53:31 user devstack@keystone.service[43057]: DEBUG keystone.server.flask.request_processing.req_logging [None req-90cc4a45-0958-4fb9-bda6-9514f4d97046 None admin] REQUEST_METHOD: `GET` {{(pid=43057) log_request_info /opt/stack/keystone/keystone/server/flask/request_processing/req_logging.py:27}}
Apr 14 16:53:31 user devstack@keystone.service[43057]: DEBUG keystone.server.flask.request_processing.req_logging [None req-90cc4a45-0958-4fb9-bda6-9514f4d97046 None admin] SCRIPT_NAME: `/identity` {{(pid=43057) log_request_info /opt/stack/keystone/keystone/server/flask/request_processing/req_logging.py:28}}
Apr 14 16:53:31 user devstack@keystone.service[43057]: DEBUG keystone.server.flask.request_processing.req_logging [None req-90cc4a45-0958-4fb9-bda6-9514f4d97046 None admin] PATH_INFO: `/v3/projects/7122844a3ec04f409cf57280f8f56eb4` {{(pid=43057) log_request_info /opt/stack/keystone/keystone/server/flask/request_processing/req_logging.py:29}}
Apr 14 16:53:31 user devstack@keystone.service[43057]: DEBUG keystone.common.rbac_enforcer.enforcer [None req-90cc4a45-0958-4fb9-bda6-9514f4d97046 None admin] RBAC: Authorizing `identity:get_project(project_id=7122844a3ec04f409cf57280f8f56eb4)` {{(pid=43057) enforce_call /opt/stack/keystone/keystone/common/rbac_enforcer/enforcer.py:449}}
Apr 14 16:53:31 user devstack@keystone.service[43057]: DEBUG keystone.common.rbac_enforcer.enforcer [None req-90cc4a45-0958-4fb9-bda6-9514f4d97046 None admin] RBAC: Authorization granted {{(pid=43057) enforce_call /opt/stack/keystone/keystone/common/rbac_enforcer/enforcer.py:457}}
Apr 14 16:53:31 user devstack@keystone.service[43057]: [pid: 43057|app: 0|req: 38/120] 10.0.0.210 () {56 vars in 1181 bytes} [Fri Apr 14 16:53:31 2023] GET /identity/v3/projects/7122844a3ec04f409cf57280f8f56eb4 => generated 297 bytes in 124 msecs (HTTP/1.1 200) 5 headers in 177 bytes (1 switches on core 0)
Apr 14 16:53:31 user devstack@keystone.service[43057]: DEBUG keystone.server.flask.request_processing.middleware.auth_context [None req-90cc4a45-0958-4fb9-bda6-9514f4d97046 None admin] Authenticating user token {{(pid=43057) process_request /usr/local/lib/python3.10/dist-packages/keystonemiddleware/auth_token/__init__.py:406}}
Apr 14 16:53:31 user devstack@keystone.service[43058]: [pid: 43058|app: 0|req: 43/121] 10.0.0.210 () {56 vars in 1096 bytes} [Fri Apr 14 16:53:31 2023] GET /identity/v3/roles?name=member => generated 339 bytes in 153 msecs (HTTP/1.1 200) 5 headers in 177 bytes (1 switches on core 0)
Apr 14 16:53:31 user devstack@keystone.service[43058]: DEBUG keystone.server.flask.request_processing.middleware.auth_context [None req-1519bf5c-52d6-45cb-b2fc-f2a88cbbd537 None admin] Authenticating user token {{(pid=43058) process_request /usr/local/lib/python3.10/dist-packages/keystonemiddleware/auth_token/__init__.py:406}}
