Apr 14 16:53:27 user devstack@keystone.service[43056]: [pid: 43056|app: 0|req: 23/70] 10.0.0.210 () {56 vars in 1172 bytes} [Fri Apr 14 16:53:27 2023] GET /identity/v3/users/31a84c78da8d4500ae0ffd999a7cf6b0 => generated 246 bytes in 124 msecs (HTTP/1.1 200) 5 headers in 177 bytes (2 switches on core 0)
Apr 14 16:53:27 user devstack@keystone.service[43056]: DEBUG keystone.server.flask.request_processing.middleware.auth_context [None req-7691f428-e49b-4c6c-8540-eef097215904 None admin] Authenticating user token {{(pid=43056) process_request /usr/local/lib/python3.10/dist-packages/keystonemiddleware/auth_token/__init__.py:406}}
Apr 14 16:53:27 user devstack@keystone.service[43058]: DEBUG keystone.common.rbac_enforcer.enforcer [None req-bb95f36b-1996-47f4-89af-afe6f27fb946 None admin] RBAC: Authorizing `identity:get_user(user_id=7461757c61e34a0fb5b033d5f51f5080)` {{(pid=43058) enforce_call /opt/stack/keystone/keystone/common/rbac_enforcer/enforcer.py:449}}
Apr 14 16:53:27 user devstack@keystone.service[43058]: DEBUG keystone.common.rbac_enforcer.enforcer [None req-bb95f36b-1996-47f4-89af-afe6f27fb946 None admin] RBAC: Authorization granted {{(pid=43058) enforce_call /opt/stack/keystone/keystone/common/rbac_enforcer/enforcer.py:457}}
Apr 14 16:53:27 user devstack@keystone.service[43058]: [pid: 43058|app: 0|req: 27/71] 10.0.0.210 () {56 vars in 1172 bytes} [Fri Apr 14 16:53:27 2023] GET /identity/v3/users/7461757c61e34a0fb5b033d5f51f5080 => generated 274 bytes in 145 msecs (HTTP/1.1 200) 5 headers in 177 bytes (1 switches on core 0)
Apr 14 16:53:27 user devstack@keystone.service[43058]: DEBUG keystone.server.flask.request_processing.middleware.auth_context [None req-bb95f36b-1996-47f4-89af-afe6f27fb946 None admin] Authenticating user token {{(pid=43058) process_request /usr/local/lib/python3.10/dist-packages/keystonemiddleware/auth_token/__init__.py:406}}
Apr 14 16:53:27 user devstack@keystone.service[43057]: DEBUG keystone.server.flask.request_processing.middleware.auth_context [None req-6ffebe8a-de88-4422-99ee-ddf6f118e75a None admin] Validating token access rules against request {{(pid=43057) validate_allowed_request /usr/local/lib/python3.10/dist-packages/keystonemiddleware/auth_token/__init__.py:544}}
Apr 14 16:53:27 user devstack@keystone.service[43057]: DEBUG keystone.server.flask.request_processing.middleware.auth_context [None req-42f467ea-8369-4c91-8a27-14ee07d6f3a1 None admin] RBAC: auth_context: {'token': , 'domain_id': None, 'trust_id': None, 'trustor_id': None, 'trustee_id': None, 'domain_name': None, 'group_ids': [], 'user_id': '31a84c78da8d4500ae0ffd999a7cf6b0', 'user_domain_id': 'default', 'system_scope': 'all', 'project_id': None, 'project_domain_id': None, 'roles': ['admin', 'member', 'reader'], 'is_admin_project': True, 'service_user_id': None, 'service_user_domain_id': None, 'service_project_id': None, 'service_project_domain_id': None, 'service_roles': []} {{(pid=43057) fill_context /opt/stack/keystone/keystone/server/flask/request_processing/middleware/auth_context.py:478}}
Apr 14 16:53:27 user devstack@keystone.service[43057]: DEBUG keystone.server.flask.request_processing.req_logging [None req-42f467ea-8369-4c91-8a27-14ee07d6f3a1 None admin] REQUEST_METHOD: `GET` {{(pid=43057) log_request_info /opt/stack/keystone/keystone/server/flask/request_processing/req_logging.py:27}}
Apr 14 16:53:27 user devstack@keystone.service[43057]: DEBUG keystone.server.flask.request_processing.req_logging [None req-42f467ea-8369-4c91-8a27-14ee07d6f3a1 None admin] SCRIPT_NAME: `/identity` {{(pid=43057) log_request_info /opt/stack/keystone/keystone/server/flask/request_processing/req_logging.py:28}}
Apr 14 16:53:27 user devstack@keystone.service[43057]: DEBUG keystone.server.flask.request_processing.req_logging [None req-42f467ea-8369-4c91-8a27-14ee07d6f3a1 None admin] PATH_INFO: `/v3/roles` {{(pid=43057) log_request_info /opt/stack/keystone/keystone/server/flask/request_processing/req_logging.py:29}}
Apr 14 16:53:27 user devstack@keystone.service[43057]: DEBUG keystone.common.rbac_enforcer.enforcer [None req-42f467ea-8369-4c91-8a27-14ee07d6f3a1 None admin] RBAC: Adding query filter params (name=anotherrole) {{(pid=43057) _extract_filter_values /opt/stack/keystone/keystone/common/rbac_enforcer/enforcer.py:167}}
Apr 14 16:53:27 user devstack@keystone.service[43057]: DEBUG keystone.common.rbac_enforcer.enforcer [None req-42f467ea-8369-4c91-8a27-14ee07d6f3a1 None admin] RBAC: Authorizing `identity:list_roles()` {{(pid=43057) enforce_call /opt/stack/keystone/keystone/common/rbac_enforcer/enforcer.py:449}}
Apr 14 16:53:27 user devstack@keystone.service[43057]: DEBUG keystone.common.rbac_enforcer.enforcer [None req-42f467ea-8369-4c91-8a27-14ee07d6f3a1 None admin] RBAC: Authorization granted {{(pid=43057) enforce_call /opt/stack/keystone/keystone/common/rbac_enforcer/enforcer.py:457}}
Apr 14 16:53:27 user devstack@keystone.service[43056]: DEBUG dbcounter [-] [43056] Writing DB stats keystone:SELECT=100 {{(pid=43056) stat_writer /usr/local/lib/python3.10/dist-packages/dbcounter.py:117}}
Apr 14 16:53:27 user devstack@keystone.service[43057]: [pid: 43057|app: 0|req: 22/72] 10.0.0.210 () {56 vars in 1106 bytes} [Fri Apr 14 16:53:27 2023] GET /identity/v3/roles?name=anotherrole => generated 332 bytes in 136 msecs (HTTP/1.1 200) 5 headers in 177 bytes (2 switches on core 0)
Apr 14 16:53:27 user devstack@keystone.service[43057]: DEBUG keystone.server.flask.request_processing.middleware.auth_context [None req-42f467ea-8369-4c91-8a27-14ee07d6f3a1 None admin] Authenticating user token {{(pid=43057) process_request /usr/local/lib/python3.10/dist-packages/keystonemiddleware/auth_token/__init__.py:406}}
Apr 14 16:53:27 user devstack@keystone.service[43058]: DEBUG dbcounter [-] [43058] Writing DB stats keystone:SELECT=100 {{(pid=43058) stat_writer /usr/local/lib/python3.10/dist-packages/dbcounter.py:117}}
Apr 14 16:53:27 user devstack@keystone.service[43058]: DEBUG keystone.server.flask.request_processing.middleware.auth_context [None req-bb95f36b-1996-47f4-89af-afe6f27fb946 None admin] Validating token access rules against request {{(pid=43058) validate_allowed_request /usr/local/lib/python3.10/dist-packages/keystonemiddleware/auth_token/__init__.py:544}}
Apr 14 16:53:27 user devstack@keystone.service[43056]: DEBUG keystone.server.flask.request_processing.middleware.auth_context [None req-7691f428-e49b-4c6c-8540-eef097215904 None admin] Validating token access rules against request {{(pid=43056) validate_allowed_request /usr/local/lib/python3.10/dist-packages/keystonemiddleware/auth_token/__init__.py:544}}
Apr 14 16:53:27 user devstack@keystone.service[43058]: DEBUG keystone.server.flask.request_processing.middleware.auth_context [None req-4c342df4-92b9-49b2-a175-2a2deee5b442 None admin] RBAC: auth_context: {'token': , 'domain_id': None, 'trust_id': None, 'trustor_id': None, 'trustee_id': None, 'domain_name': None, 'group_ids': [], 'user_id': '31a84c78da8d4500ae0ffd999a7cf6b0', 'user_domain_id': 'default', 'system_scope': 'all', 'project_id': None, 'project_domain_id': None, 'roles': ['admin', 'member', 'reader'], 'is_admin_project': True, 'service_user_id': None, 'service_user_domain_id': None, 'service_project_id': None, 'service_project_domain_id': None, 'service_roles': []} {{(pid=43058) fill_context /opt/stack/keystone/keystone/server/flask/request_processing/middleware/auth_context.py:478}}
Apr 14 16:53:27 user devstack@keystone.service[43058]: DEBUG keystone.server.flask.request_processing.req_logging [None req-4c342df4-92b9-49b2-a175-2a2deee5b442 None admin] REQUEST_METHOD: `GET` {{(pid=43058) log_request_info /opt/stack/keystone/keystone/server/flask/request_processing/req_logging.py:27}}
Apr 14 16:53:27 user devstack@keystone.service[43058]: DEBUG keystone.server.flask.request_processing.req_logging [None req-4c342df4-92b9-49b2-a175-2a2deee5b442 None admin] SCRIPT_NAME: `/identity` {{(pid=43058) log_request_info /opt/stack/keystone/keystone/server/flask/request_processing/req_logging.py:28}}
Apr 14 16:53:27 user devstack@keystone.service[43058]: DEBUG keystone.server.flask.request_processing.req_logging [None req-4c342df4-92b9-49b2-a175-2a2deee5b442 None admin] PATH_INFO: `/v3/projects/7122844a3ec04f409cf57280f8f56eb4` {{(pid=43058) log_request_info /opt/stack/keystone/keystone/server/flask/request_processing/req_logging.py:29}}
Apr 14 16:53:27 user devstack@keystone.service[43058]: DEBUG keystone.common.rbac_enforcer.enforcer [None req-4c342df4-92b9-49b2-a175-2a2deee5b442 None admin] RBAC: Authorizing `identity:get_project(project_id=7122844a3ec04f409cf57280f8f56eb4)` {{(pid=43058) enforce_call /opt/stack/keystone/keystone/common/rbac_enforcer/enforcer.py:449}}
Apr 14 16:53:27 user devstack@keystone.service[43056]: DEBUG keystone.server.flask.request_processing.middleware.auth_context [None req-e05c2e56-309d-4de9-9010-41cb15568c28 None admin] RBAC: auth_context: {'token': , 'domain_id': None, 'trust_id': None, 'trustor_id': None, 'trustee_id': None, 'domain_name': None, 'group_ids': [], 'user_id': '31a84c78da8d4500ae0ffd999a7cf6b0', 'user_domain_id': 'default', 'system_scope': 'all', 'project_id': None, 'project_domain_id': None, 'roles': ['admin', 'member', 'reader'], 'is_admin_project': True, 'service_user_id': None, 'service_user_domain_id': None, 'service_project_id': None, 'service_project_domain_id': None, 'service_roles': []} {{(pid=43056) fill_context /opt/stack/keystone/keystone/server/flask/request_processing/middleware/auth_context.py:478}}
Apr 14 16:53:27 user devstack@keystone.service[43058]: DEBUG keystone.common.rbac_enforcer.enforcer [None req-4c342df4-92b9-49b2-a175-2a2deee5b442 None admin] RBAC: Authorization granted {{(pid=43058) enforce_call /opt/stack/keystone/keystone/common/rbac_enforcer/enforcer.py:457}}
Apr 14 16:53:27 user devstack@keystone.service[43056]: DEBUG keystone.server.flask.request_processing.req_logging [None req-e05c2e56-309d-4de9-9010-41cb15568c28 None admin] REQUEST_METHOD: `GET` {{(pid=43056) log_request_info /opt/stack/keystone/keystone/server/flask/request_processing/req_logging.py:27}}
Apr 14 16:53:27 user devstack@keystone.service[43056]: DEBUG keystone.server.flask.request_processing.req_logging [None req-e05c2e56-309d-4de9-9010-41cb15568c28 None admin] SCRIPT_NAME: `/identity` {{(pid=43056) log_request_info /opt/stack/keystone/keystone/server/flask/request_processing/req_logging.py:28}}
Apr 14 16:53:27 user devstack@keystone.service[43056]: DEBUG keystone.server.flask.request_processing.req_logging [None req-e05c2e56-309d-4de9-9010-41cb15568c28 None admin] PATH_INFO: `/v3/roles/member` {{(pid=43056) log_request_info /opt/stack/keystone/keystone/server/flask/request_processing/req_logging.py:29}}
Apr 14 16:53:27 user devstack@keystone.service[43058]: [pid: 43058|app: 0|req: 28/73] 10.0.0.210 () {56 vars in 1181 bytes} [Fri Apr 14 16:53:27 2023] GET /identity/v3/projects/7122844a3ec04f409cf57280f8f56eb4 => generated 297 bytes in 120 msecs (HTTP/1.1 200) 5 headers in 177 bytes (1 switches on core 0)
Apr 14 16:53:27 user devstack@keystone.service[43058]: DEBUG keystone.server.flask.request_processing.middleware.auth_context [None req-4c342df4-92b9-49b2-a175-2a2deee5b442 None admin] Authenticating user token {{(pid=43058) process_request /usr/local/lib/python3.10/dist-packages/keystonemiddleware/auth_token/__init__.py:406}}
Apr 14 16:53:27 user devstack@keystone.service[43057]: DEBUG dbcounter [-] [43057] Writing DB stats keystone:SELECT=100 {{(pid=43057) stat_writer /usr/local/lib/python3.10/dist-packages/dbcounter.py:117}}
Apr 14 16:53:27 user devstack@keystone.service[43056]: DEBUG keystone.common.rbac_enforcer.enforcer [None req-e05c2e56-309d-4de9-9010-41cb15568c28 None admin] Extracting inferred target data resulted in "NOT FOUND (404)". {{(pid=43056) enforce_call /opt/stack/keystone/keystone/common/rbac_enforcer/enforcer.py:409}}
Apr 14 16:53:27 user devstack@keystone.service[43056]: ERROR keystone.server.flask.application [None req-e05c2e56-309d-4de9-9010-41cb15568c28 None admin] Could not find role: member.: keystone.exception.RoleNotFound: Could not find role: member.
Apr 14 16:53:27 user devstack@keystone.service[43056]: ERROR keystone.server.flask.application
Traceback (most recent call last):
Apr 14 16:53:27 user devstack@keystone.service[43056]: ERROR keystone.server.flask.application
File "/usr/local/lib/python3.10/dist-packages/flask/app.py", line 1823, in full_dispatch_request
Apr 14 16:53:27 user devstack@keystone.service[43056]: ERROR keystone.server.flask.application rv = self.dispatch_request()
Apr 14 16:53:27 user devstack@keystone.service[43056]: ERROR keystone.server.flask.application
File "/usr/local/lib/python3.10/dist-packages/flask/app.py", line 1799, in dispatch_request
Apr 14 16:53:27 user devstack@keystone.service[43056]: ERROR keystone.server.flask.application return self.ensure_sync(self.view_functions[rule.endpoint])(**view_args)
Apr 14 16:53:27 user devstack@keystone.service[43056]: ERROR keystone.server.flask.application
File "/usr/local/lib/python3.10/dist-packages/flask_restful/__init__.py", line 467, in wrapper
Apr 14 16:53:27 user devstack@keystone.service[43056]: ERROR keystone.server.flask.application resp = resource(*args, **kwargs)
Apr 14 16:53:27 user devstack@keystone.service[43056]: ERROR keystone.server.flask.application
File "/usr/local/lib/python3.10/dist-packages/flask/views.py", line 107, in view
Apr 14 16:53:27 user devstack@keystone.service[43056]: ERROR keystone.server.flask.application return current_app.ensure_sync(self.dispatch_request)(**kwargs)
Apr 14 16:53:27 user devstack@keystone.service[43056]: ERROR keystone.server.flask.application
File "/usr/local/lib/python3.10/dist-packages/flask_restful/__init__.py", line 582, in dispatch_request
Apr 14 16:53:27 user devstack@keystone.service[43056]: ERROR keystone.server.flask.application resp = meth(*args, **kwargs)
Apr 14 16:53:27 user devstack@keystone.service[43056]: ERROR keystone.server.flask.application
File "/opt/stack/keystone/keystone/api/roles.py", line 50, in get
Apr 14 16:53:27 user devstack@keystone.service[43056]: ERROR keystone.server.flask.application return self._get_role(role_id)
Apr 14 16:53:27 user devstack@keystone.service[43056]: ERROR keystone.server.flask.application
File "/opt/stack/keystone/keystone/api/roles.py", line 70, in _get_role
Apr 14 16:53:27 user devstack@keystone.service[43056]: ERROR keystone.server.flask.application ENFORCER.enforce_call(action='identity:get_role')
Apr 14 16:53:27 user devstack@keystone.service[43056]: ERROR keystone.server.flask.application
File "/opt/stack/keystone/keystone/common/rbac_enforcer/enforcer.py", line 402, in enforce_call
Apr 14 16:53:27 user devstack@keystone.service[43056]: ERROR keystone.server.flask.application policy_dict.update(cls._extract_member_target_data(
Apr 14 16:53:27 user devstack@keystone.service[43056]: ERROR keystone.server.flask.application
File "/opt/stack/keystone/keystone/common/rbac_enforcer/enforcer.py", line 234, in _extract_member_target_data
Apr 14 16:53:27 user devstack@keystone.service[43056]: ERROR keystone.server.flask.application member_name: func(flask.request.view_args[key])
Apr 14 16:53:27 user devstack@keystone.service[43056]: ERROR keystone.server.flask.application
File "/opt/stack/keystone/keystone/common/manager.py", line 115, in wrapped
Apr 14 16:53:27 user devstack@keystone.service[43056]: ERROR keystone.server.flask.application __ret_val = __f(*args, **kwargs)
Apr 14 16:53:27 user devstack@keystone.service[43056]: ERROR keystone.server.flask.application
File "/usr/local/lib/python3.10/dist-packages/decorator.py", line 232, in fun
Apr 14 16:53:27 user devstack@keystone.service[43056]: ERROR keystone.server.flask.application return caller(func, *(extras + args), **kw)
Apr 14 16:53:27 user devstack@keystone.service[43056]: ERROR keystone.server.flask.application
File "/usr/local/lib/python3.10/dist-packages/dogpile/cache/region.py", line 1577, in get_or_create_for_user_func
Apr 14 16:53:27 user devstack@keystone.service[43056]: ERROR keystone.server.flask.application return self.get_or_create(
Apr 14 16:53:27 user devstack@keystone.service[43056]: ERROR keystone.server.flask.application
File "/usr/local/lib/python3.10/dist-packages/dogpile/cache/region.py", line 1042, in get_or_create
Apr 14 16:53:27 user devstack@keystone.service[43056]: ERROR keystone.server.flask.application with Lock(
Apr 14 16:53:27 user devstack@keystone.service[43056]: ERROR keystone.server.flask.application
File "/usr/local/lib/python3.10/dist-packages/dogpile/lock.py", line 185, in __enter__
Apr 14 16:53:27 user devstack@keystone.service[43056]: ERROR keystone.server.flask.application return self._enter()
Apr 14 16:53:27 user devstack@keystone.service[43056]: ERROR keystone.server.flask.application
File "/usr/local/lib/python3.10/dist-packages/dogpile/lock.py", line 94, in _enter
Apr 14 16:53:27 user devstack@keystone.service[43056]: ERROR keystone.server.flask.application generated = self._enter_create(value, createdtime)
Apr 14 16:53:27 user devstack@keystone.service[43056]: ERROR keystone.server.flask.application
File "/usr/local/lib/python3.10/dist-packages/dogpile/lock.py", line 178, in _enter_create
Apr 14 16:53:27 user devstack@keystone.service[43056]: ERROR keystone.server.flask.application return self.creator()
Apr 14 16:53:27 user devstack@keystone.service[43056]: ERROR keystone.server.flask.application
File "/usr/local/lib/python3.10/dist-packages/dogpile/cache/region.py", line 995, in gen_value
Apr 14 16:53:27 user devstack@keystone.service[43056]: ERROR keystone.server.flask.application created_value = creator(
Apr 14 16:53:27 user devstack@keystone.service[43056]: ERROR keystone.server.flask.application
File "/opt/stack/keystone/keystone/assignment/core.py", line 1276, in get_role
Apr 14 16:53:27 user devstack@keystone.service[43056]: ERROR keystone.server.flask.application return self.driver.get_role(role_id)
Apr 14 16:53:27 user devstack@keystone.service[43056]: ERROR keystone.server.flask.application
File "/opt/stack/keystone/keystone/assignment/role_backends/sql.py", line 70, in get_role
Apr 14 16:53:27 user devstack@keystone.service[43056]: ERROR keystone.server.flask.application return self._get_role(session, role_id).to_dict()
Apr 14 16:53:27 user devstack@keystone.service[43056]: ERROR keystone.server.flask.application
File "/opt/stack/keystone/keystone/assignment/role_backends/sql.py", line 65, in _get_role
Apr 14 16:53:27 user devstack@keystone.service[43056]: ERROR keystone.server.flask.application raise exception.RoleNotFound(role_id=role_id)
Apr 14 16:53:27 user devstack@keystone.service[43056]: ERROR keystone.server.flask.application keystone.exception.RoleNotFound: Could not find role: member.
Apr 14 16:53:27 user devstack@keystone.service[43056]: ERROR keystone.server.flask.application
Apr 14 16:53:27 user devstack@keystone.service[43056]: [pid: 43056|app: 0|req: 24/74] 10.0.0.210 () {56 vars in 1094 bytes} [Fri Apr 14 16:53:27 2023] GET /identity/v3/roles/member => generated 84 bytes in 138 msecs (HTTP/1.1 404) 5 headers in 183 bytes (1 switches on core 0)
Apr 14 16:53:27 user devstack@keystone.service[43057]: DEBUG keystone.server.flask.request_processing.middleware.auth_context [None req-42f467ea-8369-4c91-8a27-14ee07d6f3a1 None admin] Validating token access rules against request {{(pid=43057) validate_allowed_request /usr/local/lib/python3.10/dist-packages/keystonemiddleware/auth_token/__init__.py:544}}
Apr 14 16:53:27 user devstack@keystone.service[43056]: DEBUG keystone.server.flask.request_processing.middleware.auth_context [None req-e05c2e56-309d-4de9-9010-41cb15568c28 None admin] Authenticating user token {{(pid=43056) process_request /usr/local/lib/python3.10/dist-packages/keystonemiddleware/auth_token/__init__.py:406}}
Apr 14 16:53:27 user devstack@keystone.service[43057]: DEBUG keystone.server.flask.request_processing.middleware.auth_context [None req-4811eb72-7562-4584-b796-d6102d3d3b73 None admin] RBAC: auth_context: {'token': , 'domain_id': None, 'trust_id': None, 'trustor_id': None, 'trustee_id': None, 'domain_name': None, 'group_ids': [], 'user_id': '31a84c78da8d4500ae0ffd999a7cf6b0', 'user_domain_id': 'default', 'system_scope': 'all', 'project_id': None, 'project_domain_id': None, 'roles': ['admin', 'member', 'reader'], 'is_admin_project': True, 'service_user_id': None, 'service_user_domain_id': None, 'service_project_id': None, 'service_project_domain_id': None, 'service_roles': []} {{(pid=43057) fill_context /opt/stack/keystone/keystone/server/flask/request_processing/middleware/auth_context.py:478}}
Apr 14 16:53:27 user devstack@keystone.service[43057]: DEBUG keystone.server.flask.request_processing.req_logging [None req-4811eb72-7562-4584-b796-d6102d3d3b73 None admin] REQUEST_METHOD: `GET` {{(pid=43057) log_request_info /opt/stack/keystone/keystone/server/flask/request_processing/req_logging.py:27}}
Apr 14 16:53:27 user devstack@keystone.service[43057]: DEBUG keystone.server.flask.request_processing.req_logging [None req-4811eb72-7562-4584-b796-d6102d3d3b73 None admin] SCRIPT_NAME: `/identity` {{(pid=43057) log_request_info /opt/stack/keystone/keystone/server/flask/request_processing/req_logging.py:28}}
Apr 14 16:53:27 user devstack@keystone.service[43057]: DEBUG keystone.server.flask.request_processing.req_logging [None req-4811eb72-7562-4584-b796-d6102d3d3b73 None admin] PATH_INFO: `/v3/projects/7122844a3ec04f409cf57280f8f56eb4` {{(pid=43057) log_request_info /opt/stack/keystone/keystone/server/flask/request_processing/req_logging.py:29}}
Apr 14 16:53:27 user devstack@keystone.service[43057]: DEBUG keystone.common.rbac_enforcer.enforcer [None req-4811eb72-7562-4584-b796-d6102d3d3b73 None admin] RBAC: Authorizing `identity:get_project(project_id=7122844a3ec04f409cf57280f8f56eb4)` {{(pid=43057) enforce_call /opt/stack/keystone/keystone/common/rbac_enforcer/enforcer.py:449}}
Apr 14 16:53:27 user devstack@keystone.service[43057]: DEBUG keystone.common.rbac_enforcer.enforcer [None req-4811eb72-7562-4584-b796-d6102d3d3b73 None admin] RBAC: Authorization granted {{(pid=43057) enforce_call /opt/stack/keystone/keystone/common/rbac_enforcer/enforcer.py:457}}
Apr 14 16:53:27 user devstack@keystone.service[43057]: [pid: 43057|app: 0|req: 23/75] 10.0.0.210 () {56 vars in 1181 bytes} [Fri Apr 14 16:53:27 2023] GET /identity/v3/projects/7122844a3ec04f409cf57280f8f56eb4 => generated 297 bytes in 121 msecs (HTTP/1.1 200) 5 headers in 177 bytes (1 switches on core 0)
Apr 14 16:53:27 user devstack@keystone.service[43057]: DEBUG keystone.server.flask.request_processing.middleware.auth_context [None req-4811eb72-7562-4584-b796-d6102d3d3b73 None admin] Authenticating user token {{(pid=43057) process_request /usr/local/lib/python3.10/dist-packages/keystonemiddleware/auth_token/__init__.py:406}}
Apr 14 16:53:27 user devstack@keystone.service[43058]: DEBUG keystone.server.flask.request_processing.middleware.auth_context [None req-4c342df4-92b9-49b2-a175-2a2deee5b442 None admin] Validating token access rules against request {{(pid=43058) validate_allowed_request /usr/local/lib/python3.10/dist-packages/keystonemiddleware/auth_token/__init__.py:544}}
Apr 14 16:53:27 user devstack@keystone.service[43056]: DEBUG keystone.server.flask.request_processing.middleware.auth_context [None req-e05c2e56-309d-4de9-9010-41cb15568c28 None admin] Validating token access rules against request {{(pid=43056) validate_allowed_request /usr/local/lib/python3.10/dist-packages/keystonemiddleware/auth_token/__init__.py:544}}
Apr 14 16:53:27 user devstack@keystone.service[43056]: DEBUG dbcounter [-] [43056] Writing DB stats keystone:SELECT=100 {{(pid=43056) stat_writer /usr/local/lib/python3.10/dist-packages/dbcounter.py:117}}
Apr 14 16:53:27 user devstack@keystone.service[43058]: DEBUG keystone.server.flask.request_processing.middleware.auth_context [None req-4fa79a6d-bf02-4ea7-9941-c0d6b535ef59 None admin] RBAC: auth_context: {'token': , 'domain_id': None, 'trust_id': None, 'trustor_id': None, 'trustee_id': None, 'domain_name': None, 'group_ids': [], 'user_id': '31a84c78da8d4500ae0ffd999a7cf6b0', 'user_domain_id': 'default', 'system_scope': 'all', 'project_id': None, 'project_domain_id': None, 'roles': ['admin', 'member', 'reader'], 'is_admin_project': True, 'service_user_id': None, 'service_user_domain_id': None, 'service_project_id': None, 'service_project_domain_id': None, 'service_roles': []} {{(pid=43058) fill_context /opt/stack/keystone/keystone/server/flask/request_processing/middleware/auth_context.py:478}}
Apr 14 16:53:27 user devstack@keystone.service[43058]: DEBUG keystone.server.flask.request_processing.req_logging [None req-4fa79a6d-bf02-4ea7-9941-c0d6b535ef59 None admin] REQUEST_METHOD: `GET` {{(pid=43058) log_request_info /opt/stack/keystone/keystone/server/flask/request_processing/req_logging.py:27}}
Apr 14 16:53:27 user devstack@keystone.service[43058]: DEBUG keystone.server.flask.request_processing.req_logging [None req-4fa79a6d-bf02-4ea7-9941-c0d6b535ef59 None admin] SCRIPT_NAME: `/identity` {{(pid=43058) log_request_info /opt/stack/keystone/keystone/server/flask/request_processing/req_logging.py:28}}
Apr 14 16:53:27 user devstack@keystone.service[43058]: DEBUG keystone.server.flask.request_processing.req_logging [None req-4fa79a6d-bf02-4ea7-9941-c0d6b535ef59 None admin] PATH_INFO: `/v3/users/7461757c61e34a0fb5b033d5f51f5080` {{(pid=43058) log_request_info /opt/stack/keystone/keystone/server/flask/request_processing/req_logging.py:29}}
Apr 14 16:53:27 user devstack@keystone.service[43058]: DEBUG keystone.common.rbac_enforcer.enforcer [None req-4fa79a6d-bf02-4ea7-9941-c0d6b535ef59 None admin] RBAC: Authorizing `identity:get_user(user_id=7461757c61e34a0fb5b033d5f51f5080)` {{(pid=43058) enforce_call /opt/stack/keystone/keystone/common/rbac_enforcer/enforcer.py:449}}
Apr 14 16:53:27 user devstack@keystone.service[43058]: DEBUG keystone.common.rbac_enforcer.enforcer [None req-4fa79a6d-bf02-4ea7-9941-c0d6b535ef59 None admin] RBAC: Authorization granted {{(pid=43058) enforce_call /opt/stack/keystone/keystone/common/rbac_enforcer/enforcer.py:457}}
Apr 14 16:53:27 user devstack@keystone.service[43058]: [pid: 43058|app: 0|req: 29/76] 10.0.0.210 () {56 vars in 1172 bytes} [Fri Apr 14 16:53:27 2023] GET /identity/v3/users/7461757c61e34a0fb5b033d5f51f5080 => generated 274 bytes in 118 msecs (HTTP/1.1 200) 5 headers in 177 bytes (1 switches on core 0)
Apr 14 16:53:27 user devstack@keystone.service[43058]: DEBUG keystone.server.flask.request_processing.middleware.auth_context [None req-4fa79a6d-bf02-4ea7-9941-c0d6b535ef59 None admin] Authenticating user token {{(pid=43058) process_request /usr/local/lib/python3.10/dist-packages/keystonemiddleware/auth_token/__init__.py:406}}
Apr 14 16:53:28 user devstack@keystone.service[43057]: DEBUG keystone.server.flask.request_processing.middleware.auth_context [None req-4811eb72-7562-4584-b796-d6102d3d3b73 None admin] Validating token access rules against request {{(pid=43057) validate_allowed_request /usr/local/lib/python3.10/dist-packages/keystonemiddleware/auth_token/__init__.py:544}}
Apr 14 16:53:28 user devstack@keystone.service[43056]: DEBUG keystone.server.flask.request_processing.middleware.auth_context [None req-e0ccaca4-36ea-41d7-811c-028ab664fd44 None admin] RBAC: auth_context: {'token': , 'domain_id': None, 'trust_id': None, 'trustor_id': None, 'trustee_id': None, 'domain_name': None, 'group_ids': [], 'user_id': '31a84c78da8d4500ae0ffd999a7cf6b0', 'user_domain_id': 'default', 'system_scope': 'all', 'project_id': None, 'project_domain_id': None, 'roles': ['admin', 'member', 'reader'], 'is_admin_project': True, 'service_user_id': None, 'service_user_domain_id': None, 'service_project_id': None, 'service_project_domain_id': None, 'service_roles': []} {{(pid=43056) fill_context /opt/stack/keystone/keystone/server/flask/request_processing/middleware/auth_context.py:478}}
Apr 14 16:53:28 user devstack@keystone.service[43056]: DEBUG keystone.server.flask.request_processing.req_logging [None req-e0ccaca4-36ea-41d7-811c-028ab664fd44 None admin] REQUEST_METHOD: `GET` {{(pid=43056) log_request_info /opt/stack/keystone/keystone/server/flask/request_processing/req_logging.py:27}}
Apr 14 16:53:28 user devstack@keystone.service[43056]: DEBUG keystone.server.flask.request_processing.req_logging [None req-e0ccaca4-36ea-41d7-811c-028ab664fd44 None admin] SCRIPT_NAME: `/identity` {{(pid=43056) log_request_info /opt/stack/keystone/keystone/server/flask/request_processing/req_logging.py:28}}
Apr 14 16:53:28 user devstack@keystone.service[43056]: DEBUG keystone.server.flask.request_processing.req_logging [None req-e0ccaca4-36ea-41d7-811c-028ab664fd44 None admin] PATH_INFO: `/v3/domains/default` {{(pid=43056) log_request_info /opt/stack/keystone/keystone/server/flask/request_processing/req_logging.py:29}}
Apr 14 16:53:28 user devstack@keystone.service[43056]: DEBUG keystone.common.rbac_enforcer.enforcer [None req-e0ccaca4-36ea-41d7-811c-028ab664fd44 None admin] RBAC: Authorizing `identity:get_domain(domain_id=default)` {{(pid=43056) enforce_call /opt/stack/keystone/keystone/common/rbac_enforcer/enforcer.py:449}}
Apr 14 16:53:28 user devstack@keystone.service[43056]: DEBUG keystone.common.rbac_enforcer.enforcer [None req-e0ccaca4-36ea-41d7-811c-028ab664fd44 None admin] RBAC: Authorization granted {{(pid=43056) enforce_call /opt/stack/keystone/keystone/common/rbac_enforcer/enforcer.py:457}}
Apr 14 16:53:28 user devstack@keystone.service[43056]: [pid: 43056|app: 0|req: 25/77] 10.0.0.210 () {56 vars in 1103 bytes} [Fri Apr 14 16:53:27 2023] GET /identity/v3/domains/default => generated 198 bytes in 125 msecs (HTTP/1.1 200) 5 headers in 177 bytes (1 switches on core 0)
Apr 14 16:53:28 user devstack@keystone.service[43056]: DEBUG keystone.server.flask.request_processing.middleware.auth_context [None req-e0ccaca4-36ea-41d7-811c-028ab664fd44 None admin] Authenticating user token {{(pid=43056) process_request /usr/local/lib/python3.10/dist-packages/keystonemiddleware/auth_token/__init__.py:406}}
Apr 14 16:53:28 user devstack@keystone.service[43058]: DEBUG dbcounter [-] [43058] Writing DB stats keystone:SELECT=100 {{(pid=43058) stat_writer /usr/local/lib/python3.10/dist-packages/dbcounter.py:117}}
Apr 14 16:53:28 user devstack@keystone.service[43057]: DEBUG keystone.server.flask.request_processing.middleware.auth_context [None req-f6f3195f-c981-4bd0-ade2-fa48393e50f5 None admin] RBAC: auth_context: {'token': , 'domain_id': None, 'trust_id': None, 'trustor_id': None, 'trustee_id': None, 'domain_name': None, 'group_ids': [], 'user_id': '31a84c78da8d4500ae0ffd999a7cf6b0', 'user_domain_id': 'default', 'system_scope': 'all', 'project_id': None, 'project_domain_id': None, 'roles': ['admin', 'member', 'reader'], 'is_admin_project': True, 'service_user_id': None, 'service_user_domain_id': None, 'service_project_id': None, 'service_project_domain_id': None, 'service_roles': []} {{(pid=43057) fill_context /opt/stack/keystone/keystone/server/flask/request_processing/middleware/auth_context.py:478}}
Apr 14 16:53:28 user devstack@keystone.service[43057]: DEBUG keystone.server.flask.request_processing.req_logging [None req-f6f3195f-c981-4bd0-ade2-fa48393e50f5 None admin] REQUEST_METHOD: `PUT` {{(pid=43057) log_request_info /opt/stack/keystone/keystone/server/flask/request_processing/req_logging.py:27}}
Apr 14 16:53:28 user devstack@keystone.service[43057]: DEBUG keystone.server.flask.request_processing.req_logging [None req-f6f3195f-c981-4bd0-ade2-fa48393e50f5 None admin] SCRIPT_NAME: `/identity` {{(pid=43057) log_request_info /opt/stack/keystone/keystone/server/flask/request_processing/req_logging.py:28}}
Apr 14 16:53:28 user devstack@keystone.service[43057]: DEBUG keystone.server.flask.request_processing.req_logging [None req-f6f3195f-c981-4bd0-ade2-fa48393e50f5 None admin] PATH_INFO: `/v3/projects/7122844a3ec04f409cf57280f8f56eb4/users/31a84c78da8d4500ae0ffd999a7cf6b0/roles/06cc7c9af7f340b68fdf03883bc289c6` {{(pid=43057) log_request_info /opt/stack/keystone/keystone/server/flask/request_processing/req_logging.py:29}}
Apr 14 16:53:28 user devstack@keystone.service[43057]: DEBUG keystone.common.rbac_enforcer.enforcer [None req-f6f3195f-c981-4bd0-ade2-fa48393e50f5 None admin] RBAC: Authorizing `identity:create_grant(project_id=7122844a3ec04f409cf57280f8f56eb4, user_id=31a84c78da8d4500ae0ffd999a7cf6b0, role_id=06cc7c9af7f340b68fdf03883bc289c6)` {{(pid=43057) enforce_call /opt/stack/keystone/keystone/common/rbac_enforcer/enforcer.py:449}}
Apr 14 16:53:28 user devstack@keystone.service[43057]: DEBUG keystone.common.rbac_enforcer.enforcer [None req-f6f3195f-c981-4bd0-ade2-fa48393e50f5 None admin] RBAC: Authorization granted {{(pid=43057) enforce_call /opt/stack/keystone/keystone/common/rbac_enforcer/enforcer.py:457}}
Apr 14 16:53:28 user devstack@keystone.service[43057]: [pid: 43057|app: 0|req: 24/78] 10.0.0.210 () {58 vars in 1434 bytes} [Fri Apr 14 16:53:27 2023] PUT /identity/v3/projects/7122844a3ec04f409cf57280f8f56eb4/users/31a84c78da8d4500ae0ffd999a7cf6b0/roles/06cc7c9af7f340b68fdf03883bc289c6 => generated 0 bytes in 129 msecs (HTTP/1.1 204) 3 headers in 132 bytes (0 switches on core 0)
Apr 14 16:53:28 user devstack@keystone.service[43057]: DEBUG keystone.server.flask.request_processing.middleware.auth_context [None req-f6f3195f-c981-4bd0-ade2-fa48393e50f5 None admin] Authenticating user token {{(pid=43057) process_request /usr/local/lib/python3.10/dist-packages/keystonemiddleware/auth_token/__init__.py:406}}
Apr 14 16:53:28 user devstack@keystone.service[43057]: DEBUG dbcounter [-] [43057] Writing DB stats keystone:SELECT=99,keystone:INSERT=1 {{(pid=43057) stat_writer /usr/local/lib/python3.10/dist-packages/dbcounter.py:117}}
Apr 14 16:53:28 user devstack@keystone.service[43058]: DEBUG keystone.server.flask.request_processing.middleware.auth_context [None req-4fa79a6d-bf02-4ea7-9941-c0d6b535ef59 None admin] Validating token access rules against request {{(pid=43058) validate_allowed_request /usr/local/lib/python3.10/dist-packages/keystonemiddleware/auth_token/__init__.py:544}}
Apr 14 16:53:28 user devstack@keystone.service[43056]: DEBUG keystone.server.flask.request_processing.middleware.auth_context [None req-e0ccaca4-36ea-41d7-811c-028ab664fd44 None admin] Validating token access rules against request {{(pid=43056) validate_allowed_request /usr/local/lib/python3.10/dist-packages/keystonemiddleware/auth_token/__init__.py:544}}
Apr 14 16:53:28 user devstack@keystone.service[43058]: DEBUG keystone.server.flask.request_processing.middleware.auth_context [None req-0f857ef4-37ef-4b66-b166-9da486e7cac2 None admin] RBAC: auth_context: {'token': , 'domain_id': None, 'trust_id': None, 'trustor_id': None, 'trustee_id': None, 'domain_name': None, 'group_ids': [], 'user_id': '31a84c78da8d4500ae0ffd999a7cf6b0', 'user_domain_id': 'default', 'system_scope': 'all', 'project_id': None, 'project_domain_id': None, 'roles': ['admin', 'member', 'reader'], 'is_admin_project': True, 'service_user_id': None, 'service_user_domain_id': None, 'service_project_id': None, 'service_project_domain_id': None, 'service_roles': []} {{(pid=43058) fill_context /opt/stack/keystone/keystone/server/flask/request_processing/middleware/auth_context.py:478}}
Apr 14 16:53:28 user devstack@keystone.service[43058]: DEBUG keystone.server.flask.request_processing.req_logging [None req-0f857ef4-37ef-4b66-b166-9da486e7cac2 None admin] REQUEST_METHOD: `GET` {{(pid=43058) log_request_info /opt/stack/keystone/keystone/server/flask/request_processing/req_logging.py:27}}
Apr 14 16:53:28 user devstack@keystone.service[43058]: DEBUG keystone.server.flask.request_processing.req_logging [None req-0f857ef4-37ef-4b66-b166-9da486e7cac2 None admin] SCRIPT_NAME: `/identity` {{(pid=43058) log_request_info /opt/stack/keystone/keystone/server/flask/request_processing/req_logging.py:28}}
Apr 14 16:53:28 user devstack@keystone.service[43058]: DEBUG keystone.server.flask.request_processing.req_logging [None req-0f857ef4-37ef-4b66-b166-9da486e7cac2 None admin] PATH_INFO: `/v3/roles` {{(pid=43058) log_request_info /opt/stack/keystone/keystone/server/flask/request_processing/req_logging.py:29}}
Apr 14 16:53:28 user devstack@keystone.service[43058]: DEBUG keystone.common.rbac_enforcer.enforcer [None req-0f857ef4-37ef-4b66-b166-9da486e7cac2 None admin] RBAC: Adding query filter params (name=member) {{(pid=43058) _extract_filter_values /opt/stack/keystone/keystone/common/rbac_enforcer/enforcer.py:167}}
Apr 14 16:53:28 user devstack@keystone.service[43058]: DEBUG keystone.common.rbac_enforcer.enforcer [None req-0f857ef4-37ef-4b66-b166-9da486e7cac2 None admin] RBAC: Authorizing `identity:list_roles()` {{(pid=43058) enforce_call /opt/stack/keystone/keystone/common/rbac_enforcer/enforcer.py:449}}
Apr 14 16:53:28 user devstack@keystone.service[43058]: DEBUG keystone.common.rbac_enforcer.enforcer [None req-0f857ef4-37ef-4b66-b166-9da486e7cac2 None admin] RBAC: Authorization granted {{(pid=43058) enforce_call /opt/stack/keystone/keystone/common/rbac_enforcer/enforcer.py:457}}
Apr 14 16:53:28 user devstack@keystone.service[43058]: [pid: 43058|app: 0|req: 30/79] 10.0.0.210 () {56 vars in 1096 bytes} [Fri Apr 14 16:53:27 2023] GET /identity/v3/roles?name=member => generated 339 bytes in 132 msecs (HTTP/1.1 200) 5 headers in 177 bytes (1 switches on core 0)
Apr 14 16:53:28 user devstack@keystone.service[43058]: DEBUG keystone.server.flask.request_processing.middleware.auth_context [None req-0f857ef4-37ef-4b66-b166-9da486e7cac2 None admin] Authenticating user token {{(pid=43058) process_request /usr/local/lib/python3.10/dist-packages/keystonemiddleware/auth_token/__init__.py:406}}
Apr 14 16:53:28 user devstack@keystone.service[43056]: DEBUG keystone.server.flask.request_processing.middleware.auth_context [None req-a5d5f969-5c4a-4719-8be4-c505fd38e7a4 None admin] RBAC: auth_context: {'token': , 'domain_id': None, 'trust_id': None, 'trustor_id': None, 'trustee_id': None, 'domain_name': None, 'group_ids': [], 'user_id': '31a84c78da8d4500ae0ffd999a7cf6b0', 'user_domain_id': 'default', 'system_scope': 'all', 'project_id': None, 'project_domain_id': None, 'roles': ['admin', 'member', 'reader'], 'is_admin_project': True, 'service_user_id': None, 'service_user_domain_id': None, 'service_project_id': None, 'service_project_domain_id': None, 'service_roles': []} {{(pid=43056) fill_context /opt/stack/keystone/keystone/server/flask/request_processing/middleware/auth_context.py:478}}
Apr 14 16:53:28 user devstack@keystone.service[43056]: DEBUG keystone.server.flask.request_processing.req_logging [None req-a5d5f969-5c4a-4719-8be4-c505fd38e7a4 None admin] REQUEST_METHOD: `PUT` {{(pid=43056) log_request_info /opt/stack/keystone/keystone/server/flask/request_processing/req_logging.py:27}}
Apr 14 16:53:28 user devstack@keystone.service[43056]: DEBUG keystone.server.flask.request_processing.req_logging [None req-a5d5f969-5c4a-4719-8be4-c505fd38e7a4 None admin] SCRIPT_NAME: `/identity` {{(pid=43056) log_request_info /opt/stack/keystone/keystone/server/flask/request_processing/req_logging.py:28}}
Apr 14 16:53:28 user devstack@keystone.service[43056]: DEBUG keystone.server.flask.request_processing.req_logging [None req-a5d5f969-5c4a-4719-8be4-c505fd38e7a4 None admin] PATH_INFO: `/v3/projects/7122844a3ec04f409cf57280f8f56eb4/users/7461757c61e34a0fb5b033d5f51f5080/roles/fa138febc1434722957cef881357d085` {{(pid=43056) log_request_info /opt/stack/keystone/keystone/server/flask/request_processing/req_logging.py:29}}
Apr 14 16:53:28 user devstack@keystone.service[43056]: DEBUG keystone.common.rbac_enforcer.enforcer [None req-a5d5f969-5c4a-4719-8be4-c505fd38e7a4 None admin] RBAC: Authorizing `identity:create_grant(project_id=7122844a3ec04f409cf57280f8f56eb4, user_id=7461757c61e34a0fb5b033d5f51f5080, role_id=fa138febc1434722957cef881357d085)` {{(pid=43056) enforce_call /opt/stack/keystone/keystone/common/rbac_enforcer/enforcer.py:449}}
Apr 14 16:53:28 user devstack@keystone.service[43056]: DEBUG keystone.common.rbac_enforcer.enforcer [None req-a5d5f969-5c4a-4719-8be4-c505fd38e7a4 None admin] RBAC: Authorization granted {{(pid=43056) enforce_call /opt/stack/keystone/keystone/common/rbac_enforcer/enforcer.py:457}}
Apr 14 16:53:28 user devstack@keystone.service[43057]: DEBUG keystone.server.flask.request_processing.middleware.auth_context [None req-f6f3195f-c981-4bd0-ade2-fa48393e50f5 None admin] Validating token access rules against request {{(pid=43057) validate_allowed_request /usr/local/lib/python3.10/dist-packages/keystonemiddleware/auth_token/__init__.py:544}}
Apr 14 16:53:28 user devstack@keystone.service[43056]: [pid: 43056|app: 0|req: 26/80] 10.0.0.210 () {58 vars in 1434 bytes} [Fri Apr 14 16:53:28 2023] PUT /identity/v3/projects/7122844a3ec04f409cf57280f8f56eb4/users/7461757c61e34a0fb5b033d5f51f5080/roles/fa138febc1434722957cef881357d085 => generated 0 bytes in 146 msecs (HTTP/1.1 204) 3 headers in 132 bytes (0 switches on core 0)
Apr 14 16:53:28 user devstack@keystone.service[43056]: DEBUG keystone.server.flask.request_processing.middleware.auth_context [None req-a5d5f969-5c4a-4719-8be4-c505fd38e7a4 None admin] Authenticating user token {{(pid=43056) process_request /usr/local/lib/python3.10/dist-packages/keystonemiddleware/auth_token/__init__.py:406}}
Apr 14 16:53:28 user devstack@keystone.service[43057]: DEBUG keystone.server.flask.request_processing.middleware.auth_context [None req-5031ebe7-261a-40a2-82d6-5d0f964c323b None admin] RBAC: auth_context: {'token': , 'domain_id': None, 'trust_id': None, 'trustor_id': None, 'trustee_id': None, 'domain_name': None, 'group_ids': [], 'user_id': '31a84c78da8d4500ae0ffd999a7cf6b0', 'user_domain_id': 'default', 'system_scope': 'all', 'project_id': None, 'project_domain_id': None, 'roles': ['admin', 'member', 'reader'], 'is_admin_project': True, 'service_user_id': None, 'service_user_domain_id': None, 'service_project_id': None, 'service_project_domain_id': None, 'service_roles': []} {{(pid=43057) fill_context /opt/stack/keystone/keystone/server/flask/request_processing/middleware/auth_context.py:478}}
Apr 14 16:53:28 user devstack@keystone.service[43057]: DEBUG keystone.server.flask.request_processing.req_logging [None req-5031ebe7-261a-40a2-82d6-5d0f964c323b None admin] REQUEST_METHOD: `GET` {{(pid=43057) log_request_info /opt/stack/keystone/keystone/server/flask/request_processing/req_logging.py:27}}
Apr 14 16:53:28 user devstack@keystone.service[43057]: DEBUG keystone.server.flask.request_processing.req_logging [None req-5031ebe7-261a-40a2-82d6-5d0f964c323b None admin] SCRIPT_NAME: `/identity` {{(pid=43057) log_request_info /opt/stack/keystone/keystone/server/flask/request_processing/req_logging.py:28}}
Apr 14 16:53:28 user devstack@keystone.service[43057]: DEBUG keystone.server.flask.request_processing.req_logging [None req-5031ebe7-261a-40a2-82d6-5d0f964c323b None admin] PATH_INFO: `/v3/projects/7122844a3ec04f409cf57280f8f56eb4` {{(pid=43057) log_request_info /opt/stack/keystone/keystone/server/flask/request_processing/req_logging.py:29}}
Apr 14 16:53:28 user devstack@keystone.service[43057]: DEBUG keystone.common.rbac_enforcer.enforcer [None req-5031ebe7-261a-40a2-82d6-5d0f964c323b None admin] RBAC: Authorizing `identity:get_project(project_id=7122844a3ec04f409cf57280f8f56eb4)` {{(pid=43057) enforce_call /opt/stack/keystone/keystone/common/rbac_enforcer/enforcer.py:449}}
Apr 14 16:53:28 user devstack@keystone.service[43057]: DEBUG keystone.common.rbac_enforcer.enforcer [None req-5031ebe7-261a-40a2-82d6-5d0f964c323b None admin] RBAC: Authorization granted {{(pid=43057) enforce_call /opt/stack/keystone/keystone/common/rbac_enforcer/enforcer.py:457}}
Apr 14 16:53:28 user devstack@keystone.service[43057]: [pid: 43057|app: 0|req: 25/81] 10.0.0.210 () {56 vars in 1181 bytes} [Fri Apr 14 16:53:28 2023] GET /identity/v3/projects/7122844a3ec04f409cf57280f8f56eb4 => generated 297 bytes in 132 msecs (HTTP/1.1 200) 5 headers in 177 bytes (1 switches on core 0)
Apr 14 16:53:28 user devstack@keystone.service[43057]: DEBUG keystone.server.flask.request_processing.middleware.auth_context [None req-5031ebe7-261a-40a2-82d6-5d0f964c323b None admin] Authenticating user token {{(pid=43057) process_request /usr/local/lib/python3.10/dist-packages/keystonemiddleware/auth_token/__init__.py:406}}
Apr 14 16:53:28 user devstack@keystone.service[43056]: DEBUG dbcounter [-] [43056] Writing DB stats keystone:SELECT=99,keystone:INSERT=1 {{(pid=43056) stat_writer /usr/local/lib/python3.10/dist-packages/dbcounter.py:117}}
Apr 14 16:53:28 user devstack@keystone.service[43058]: DEBUG dbcounter [-] [43058] Writing DB stats keystone:SELECT=100 {{(pid=43058) stat_writer /usr/local/lib/python3.10/dist-packages/dbcounter.py:117}}
Apr 14 16:53:28 user devstack@keystone.service[43058]: DEBUG keystone.server.flask.request_processing.middleware.auth_context [None req-0f857ef4-37ef-4b66-b166-9da486e7cac2 None admin] Validating token access rules against request {{(pid=43058) validate_allowed_request /usr/local/lib/python3.10/dist-packages/keystonemiddleware/auth_token/__init__.py:544}}
Apr 14 16:53:28 user devstack@keystone.service[43058]: DEBUG keystone.server.flask.request_processing.middleware.auth_context [None req-ce870331-6862-450b-afea-9fb3abbc9746 None admin] RBAC: auth_context: {'token': , 'domain_id': None, 'trust_id': None, 'trustor_id': None, 'trustee_id': None, 'domain_name': None, 'group_ids': [], 'user_id': '31a84c78da8d4500ae0ffd999a7cf6b0', 'user_domain_id': 'default', 'system_scope': 'all', 'project_id': None, 'project_domain_id': None, 'roles': ['admin', 'member', 'reader'], 'is_admin_project': True, 'service_user_id': None, 'service_user_domain_id': None, 'service_project_id': None, 'service_project_domain_id': None, 'service_roles': []} {{(pid=43058) fill_context /opt/stack/keystone/keystone/server/flask/request_processing/middleware/auth_context.py:478}}
Apr 14 16:53:28 user devstack@keystone.service[43058]: DEBUG keystone.server.flask.request_processing.req_logging [None req-ce870331-6862-450b-afea-9fb3abbc9746 None admin] REQUEST_METHOD: `POST` {{(pid=43058) log_request_info /opt/stack/keystone/keystone/server/flask/request_processing/req_logging.py:27}}
Apr 14 16:53:28 user devstack@keystone.service[43058]: DEBUG keystone.server.flask.request_processing.req_logging [None req-ce870331-6862-450b-afea-9fb3abbc9746 None admin] SCRIPT_NAME: `/identity` {{(pid=43058) log_request_info /opt/stack/keystone/keystone/server/flask/request_processing/req_logging.py:28}}
Apr 14 16:53:28 user devstack@keystone.service[43058]: DEBUG keystone.server.flask.request_processing.req_logging [None req-ce870331-6862-450b-afea-9fb3abbc9746 None admin] PATH_INFO: `/v3/users` {{(pid=43058) log_request_info /opt/stack/keystone/keystone/server/flask/request_processing/req_logging.py:29}}
Apr 14 16:53:28 user devstack@keystone.service[43058]: DEBUG keystone.common.rbac_enforcer.enforcer [None req-ce870331-6862-450b-afea-9fb3abbc9746 None admin] RBAC: Authorizing `identity:create_user()` {{(pid=43058) enforce_call /opt/stack/keystone/keystone/common/rbac_enforcer/enforcer.py:449}}
Apr 14 16:53:28 user devstack@keystone.service[43058]: DEBUG keystone.common.rbac_enforcer.enforcer [None req-ce870331-6862-450b-afea-9fb3abbc9746 None admin] RBAC: Authorization granted {{(pid=43058) enforce_call /opt/stack/keystone/keystone/common/rbac_enforcer/enforcer.py:457}}
Apr 14 16:53:28 user devstack@keystone.service[43058]: WARNING keystone.common.password_hashing [None req-ce870331-6862-450b-afea-9fb3abbc9746 None admin] Truncating password to algorithm specific maximum length 54 characters.
Apr 14 16:53:28 user devstack@keystone.service[43056]: DEBUG keystone.server.flask.request_processing.middleware.auth_context [None req-a5d5f969-5c4a-4719-8be4-c505fd38e7a4 None admin] Validating token access rules against request {{(pid=43056) validate_allowed_request /usr/local/lib/python3.10/dist-packages/keystonemiddleware/auth_token/__init__.py:544}}
Apr 14 16:53:28 user devstack@keystone.service[43057]: DEBUG dbcounter [-] [43057] Writing DB stats keystone:SELECT=100 {{(pid=43057) stat_writer /usr/local/lib/python3.10/dist-packages/dbcounter.py:117}}
Apr 14 16:53:28 user devstack@keystone.service[43057]: DEBUG keystone.server.flask.request_processing.middleware.auth_context [None req-5031ebe7-261a-40a2-82d6-5d0f964c323b None admin] Validating token access rules against request {{(pid=43057) validate_allowed_request /usr/local/lib/python3.10/dist-packages/keystonemiddleware/auth_token/__init__.py:544}}
Apr 14 16:53:28 user devstack@keystone.service[43058]: [pid: 43058|app: 0|req: 31/82] 10.0.0.210 () {60 vars in 1127 bytes} [Fri Apr 14 16:53:28 2023] POST /identity/v3/users => generated 288 bytes in 164 msecs (HTTP/1.1 201) 5 headers in 182 bytes (1 switches on core 0)
Apr 14 16:53:28 user devstack@keystone.service[43056]: DEBUG keystone.server.flask.request_processing.middleware.auth_context [None req-107f3e32-a67f-4954-ac5a-dac9dc560816 None admin] RBAC: auth_context: {'token': , 'domain_id': None, 'trust_id': None, 'trustor_id': None, 'trustee_id': None, 'domain_name': None, 'group_ids': [], 'user_id': '31a84c78da8d4500ae0ffd999a7cf6b0', 'user_domain_id': 'default', 'system_scope': 'all', 'project_id': None, 'project_domain_id': None, 'roles': ['admin', 'member', 'reader'], 'is_admin_project': True, 'service_user_id': None, 'service_user_domain_id': None, 'service_project_id': None, 'service_project_domain_id': None, 'service_roles': []} {{(pid=43056) fill_context /opt/stack/keystone/keystone/server/flask/request_processing/middleware/auth_context.py:478}}
