Nov 28 16:49:46 user devstack@keystone.service[46340]: WARNING keystone.common.password_hashing [None req-7ad6ff0f-6304-4cd3-92e2-7df06fbb603c None None] Truncating password to algorithm specific maximum length 72 characters.
Nov 28 16:49:46 user devstack@keystone.service[46340]: DEBUG keystone.auth.core [None req-7ad6ff0f-6304-4cd3-92e2-7df06fbb603c None None] MFA Rules not processed for user `94e62fd408ed46b6a1ce597f038debba`. Rule list: `[]` (Enabled: `True`). {{(pid=46340) check_auth_methods_against_rules /opt/stack/keystone/keystone/auth/core.py:438}}
Nov 28 16:49:46 user devstack@keystone.service[46340]: DEBUG keystone.common.fernet_utils [None req-7ad6ff0f-6304-4cd3-92e2-7df06fbb603c None None] Loaded 2 Fernet keys from /etc/keystone/fernet-keys/, but `[fernet_tokens] max_active_keys = 3`; perhaps there have not been enough key rotations to reach `max_active_keys` yet? {{(pid=46340) load_keys /opt/stack/keystone/keystone/common/fernet_utils.py:286}}
Nov 28 16:49:46 user devstack@keystone.service[46341]: DEBUG keystone.server.flask.request_processing.req_logging [None req-6f7e91f7-a9f7-4a80-a995-8c8e3545fbf3 None None] REQUEST_METHOD: `GET` {{(pid=46341) log_request_info /opt/stack/keystone/keystone/server/flask/request_processing/req_logging.py:27}}
Nov 28 16:49:46 user devstack@keystone.service[46341]: DEBUG keystone.server.flask.request_processing.req_logging [None req-6f7e91f7-a9f7-4a80-a995-8c8e3545fbf3 None None] SCRIPT_NAME: `/identity` {{(pid=46341) log_request_info /opt/stack/keystone/keystone/server/flask/request_processing/req_logging.py:28}}
Nov 28 16:49:46 user devstack@keystone.service[46341]: DEBUG keystone.server.flask.request_processing.req_logging [None req-6f7e91f7-a9f7-4a80-a995-8c8e3545fbf3 None None] PATH_INFO: `/` {{(pid=46341) log_request_info /opt/stack/keystone/keystone/server/flask/request_processing/req_logging.py:29}}
Nov 28 16:49:46 user devstack@keystone.service[46341]: [pid: 46341|app: 0|req: 74/209] 10.0.0.210 () {54 vars in 921 bytes} [Tue Nov 28 16:49:46 2023] GET /identity => generated 269 bytes in 3 msecs (HTTP/1.1 300) 6 headers in 233 bytes (1 switches on core 0)
Nov 28 16:49:46 user devstack@keystone.service[46339]: DEBUG keystone.server.flask.request_processing.req_logging [None req-b4c6601b-e28e-4197-a1c6-7cfbdf2c8d70 None None] REQUEST_METHOD: `POST` {{(pid=46339) log_request_info /opt/stack/keystone/keystone/server/flask/request_processing/req_logging.py:27}}
Nov 28 16:49:46 user devstack@keystone.service[46339]: DEBUG keystone.server.flask.request_processing.req_logging [None req-b4c6601b-e28e-4197-a1c6-7cfbdf2c8d70 None None] SCRIPT_NAME: `/identity` {{(pid=46339) log_request_info /opt/stack/keystone/keystone/server/flask/request_processing/req_logging.py:28}}
Nov 28 16:49:46 user devstack@keystone.service[46339]: DEBUG keystone.server.flask.request_processing.req_logging [None req-b4c6601b-e28e-4197-a1c6-7cfbdf2c8d70 None None] PATH_INFO: `/v3/auth/tokens` {{(pid=46339) log_request_info /opt/stack/keystone/keystone/server/flask/request_processing/req_logging.py:29}}
Nov 28 16:49:46 user devstack@keystone.service[46339]: WARNING keystone.common.password_hashing [None req-b4c6601b-e28e-4197-a1c6-7cfbdf2c8d70 None None] Truncating password to algorithm specific maximum length 72 characters.
Nov 28 16:49:46 user devstack@keystone.service[46339]: DEBUG keystone.auth.core [None req-b4c6601b-e28e-4197-a1c6-7cfbdf2c8d70 None None] MFA Rules not processed for user `94e62fd408ed46b6a1ce597f038debba`. Rule list: `[]` (Enabled: `True`). {{(pid=46339) check_auth_methods_against_rules /opt/stack/keystone/keystone/auth/core.py:438}}
Nov 28 16:49:46 user devstack@keystone.service[46339]: DEBUG keystone.common.fernet_utils [None req-b4c6601b-e28e-4197-a1c6-7cfbdf2c8d70 None None] Loaded 2 Fernet keys from /etc/keystone/fernet-keys/, but `[fernet_tokens] max_active_keys = 3`; perhaps there have not been enough key rotations to reach `max_active_keys` yet? {{(pid=46339) load_keys /opt/stack/keystone/keystone/common/fernet_utils.py:286}}
Nov 28 16:49:46 user devstack@keystone.service[46340]: [pid: 46340|app: 0|req: 67/210] 10.0.0.210 () {58 vars in 1018 bytes} [Tue Nov 28 16:49:46 2023] POST /identity/v3/auth/tokens => generated 861 bytes in 91 msecs (HTTP/1.1 201) 6 headers in 363 bytes (1 switches on core 0)
Nov 28 16:49:46 user devstack@keystone.service[46339]: [pid: 46339|app: 0|req: 70/211] 10.0.0.210 () {58 vars in 1018 bytes} [Tue Nov 28 16:49:46 2023] POST /identity/v3/auth/tokens => generated 861 bytes in 87 msecs (HTTP/1.1 201) 6 headers in 363 bytes (1 switches on core 0)
Nov 28 16:49:46 user devstack@keystone.service[46341]: DEBUG keystone.server.flask.request_processing.middleware.auth_context [None req-6f7e91f7-a9f7-4a80-a995-8c8e3545fbf3 None None] Authenticating user token {{(pid=46341) process_request /opt/stack/data/venv/lib/python3.10/site-packages/keystonemiddleware/auth_token/__init__.py:406}}
Nov 28 16:49:46 user devstack@keystone.service[46340]: DEBUG keystone.server.flask.request_processing.middleware.auth_context [None req-7ad6ff0f-6304-4cd3-92e2-7df06fbb603c None None] Authenticating user token {{(pid=46340) process_request /opt/stack/data/venv/lib/python3.10/site-packages/keystonemiddleware/auth_token/__init__.py:406}}
Nov 28 16:49:47 user devstack@keystone.service[46339]: DEBUG keystone.server.flask.request_processing.req_logging [None req-a666a9d3-8a41-4f2e-8685-8d124c2cfa3b None None] REQUEST_METHOD: `GET` {{(pid=46339) log_request_info /opt/stack/keystone/keystone/server/flask/request_processing/req_logging.py:27}}
Nov 28 16:49:47 user devstack@keystone.service[46339]: DEBUG keystone.server.flask.request_processing.req_logging [None req-a666a9d3-8a41-4f2e-8685-8d124c2cfa3b None None] SCRIPT_NAME: `/identity` {{(pid=46339) log_request_info /opt/stack/keystone/keystone/server/flask/request_processing/req_logging.py:28}}
Nov 28 16:49:47 user devstack@keystone.service[46339]: DEBUG keystone.server.flask.request_processing.req_logging [None req-a666a9d3-8a41-4f2e-8685-8d124c2cfa3b None None] PATH_INFO: `/` {{(pid=46339) log_request_info /opt/stack/keystone/keystone/server/flask/request_processing/req_logging.py:29}}
Nov 28 16:49:47 user devstack@keystone.service[46339]: [pid: 46339|app: 0|req: 71/212] 10.0.0.210 () {54 vars in 921 bytes} [Tue Nov 28 16:49:47 2023] GET /identity => generated 269 bytes in 3 msecs (HTTP/1.1 300) 6 headers in 233 bytes (1 switches on core 0)
Nov 28 16:49:47 user devstack@keystone.service[46339]: DEBUG keystone.server.flask.request_processing.req_logging [None req-d6c3484f-6c45-4bd3-9f8c-0b4f35eb9cf6 None None] REQUEST_METHOD: `POST` {{(pid=46339) log_request_info /opt/stack/keystone/keystone/server/flask/request_processing/req_logging.py:27}}
Nov 28 16:49:47 user devstack@keystone.service[46339]: DEBUG keystone.server.flask.request_processing.req_logging [None req-d6c3484f-6c45-4bd3-9f8c-0b4f35eb9cf6 None None] SCRIPT_NAME: `/identity` {{(pid=46339) log_request_info /opt/stack/keystone/keystone/server/flask/request_processing/req_logging.py:28}}
Nov 28 16:49:47 user devstack@keystone.service[46339]: DEBUG keystone.server.flask.request_processing.req_logging [None req-d6c3484f-6c45-4bd3-9f8c-0b4f35eb9cf6 None None] PATH_INFO: `/v3/auth/tokens` {{(pid=46339) log_request_info /opt/stack/keystone/keystone/server/flask/request_processing/req_logging.py:29}}
Nov 28 16:49:47 user devstack@keystone.service[46341]: DEBUG keystone.server.flask.request_processing.middleware.auth_context [None req-6f7e91f7-a9f7-4a80-a995-8c8e3545fbf3 None None] Validating token access rules against request {{(pid=46341) validate_allowed_request /opt/stack/data/venv/lib/python3.10/site-packages/keystonemiddleware/auth_token/__init__.py:544}}
Nov 28 16:49:47 user devstack@keystone.service[46339]: WARNING keystone.common.password_hashing [None req-d6c3484f-6c45-4bd3-9f8c-0b4f35eb9cf6 None None] Truncating password to algorithm specific maximum length 72 characters.
Nov 28 16:49:47 user devstack@keystone.service[46339]: DEBUG keystone.auth.core [None req-d6c3484f-6c45-4bd3-9f8c-0b4f35eb9cf6 None None] MFA Rules not processed for user `94e62fd408ed46b6a1ce597f038debba`. Rule list: `[]` (Enabled: `True`). {{(pid=46339) check_auth_methods_against_rules /opt/stack/keystone/keystone/auth/core.py:438}}
Nov 28 16:49:47 user devstack@keystone.service[46339]: DEBUG keystone.common.fernet_utils [None req-d6c3484f-6c45-4bd3-9f8c-0b4f35eb9cf6 None None] Loaded 2 Fernet keys from /etc/keystone/fernet-keys/, but `[fernet_tokens] max_active_keys = 3`; perhaps there have not been enough key rotations to reach `max_active_keys` yet? {{(pid=46339) load_keys /opt/stack/keystone/keystone/common/fernet_utils.py:286}}
Nov 28 16:49:47 user devstack@keystone.service[46341]: DEBUG keystone.server.flask.request_processing.middleware.auth_context [None req-c573587f-a5a4-41e0-82d1-ee030dd72088 None admin] RBAC: auth_context: {'token': , 'domain_id': None, 'trust_id': None, 'trustor_id': None, 'trustee_id': None, 'domain_name': None, 'group_ids': [], 'user_id': '94e62fd408ed46b6a1ce597f038debba', 'user_domain_id': 'default', 'system_scope': 'all', 'project_id': None, 'project_domain_id': None, 'roles': ['admin', 'manager', 'member', 'reader'], 'is_admin_project': True, 'service_user_id': None, 'service_user_domain_id': None, 'service_project_id': None, 'service_project_domain_id': None, 'service_roles': []} {{(pid=46341) fill_context /opt/stack/keystone/keystone/server/flask/request_processing/middleware/auth_context.py:480}}
Nov 28 16:49:47 user devstack@keystone.service[46341]: DEBUG keystone.server.flask.request_processing.req_logging [None req-c573587f-a5a4-41e0-82d1-ee030dd72088 None admin] REQUEST_METHOD: `GET` {{(pid=46341) log_request_info /opt/stack/keystone/keystone/server/flask/request_processing/req_logging.py:27}}
Nov 28 16:49:47 user devstack@keystone.service[46341]: DEBUG keystone.server.flask.request_processing.req_logging [None req-c573587f-a5a4-41e0-82d1-ee030dd72088 None admin] SCRIPT_NAME: `/identity` {{(pid=46341) log_request_info /opt/stack/keystone/keystone/server/flask/request_processing/req_logging.py:28}}
Nov 28 16:49:47 user devstack@keystone.service[46341]: DEBUG keystone.server.flask.request_processing.req_logging [None req-c573587f-a5a4-41e0-82d1-ee030dd72088 None admin] PATH_INFO: `/v3/roles/member` {{(pid=46341) log_request_info /opt/stack/keystone/keystone/server/flask/request_processing/req_logging.py:29}}
Nov 28 16:49:47 user devstack@keystone.service[46341]: DEBUG keystone.common.rbac_enforcer.enforcer [None req-c573587f-a5a4-41e0-82d1-ee030dd72088 None admin] Extracting inferred target data resulted in "NOT FOUND (404)". {{(pid=46341) enforce_call /opt/stack/keystone/keystone/common/rbac_enforcer/enforcer.py:409}}
Nov 28 16:49:47 user devstack@keystone.service[46341]: ERROR keystone.server.flask.application [None req-c573587f-a5a4-41e0-82d1-ee030dd72088 None admin] Could not find role: member.: keystone.exception.RoleNotFound: Could not find role: member.
Nov 28 16:49:47 user devstack@keystone.service[46341]: ERROR keystone.server.flask.application
Traceback (most recent call last):
Nov 28 16:49:47 user devstack@keystone.service[46341]: ERROR keystone.server.flask.application
File "/opt/stack/data/venv/lib/python3.10/site-packages/flask/app.py", line 1823, in full_dispatch_request
Nov 28 16:49:47 user devstack@keystone.service[46341]: ERROR keystone.server.flask.application rv = self.dispatch_request()
Nov 28 16:49:47 user devstack@keystone.service[46341]: ERROR keystone.server.flask.application
File "/opt/stack/data/venv/lib/python3.10/site-packages/flask/app.py", line 1799, in dispatch_request
Nov 28 16:49:47 user devstack@keystone.service[46341]: ERROR keystone.server.flask.application return self.ensure_sync(self.view_functions[rule.endpoint])(**view_args)
Nov 28 16:49:47 user devstack@keystone.service[46341]: ERROR keystone.server.flask.application
File "/opt/stack/data/venv/lib/python3.10/site-packages/flask_restful/__init__.py", line 489, in wrapper
Nov 28 16:49:47 user devstack@keystone.service[46341]: ERROR keystone.server.flask.application resp = resource(*args, **kwargs)
Nov 28 16:49:47 user devstack@keystone.service[46341]: ERROR keystone.server.flask.application
File "/opt/stack/data/venv/lib/python3.10/site-packages/flask/views.py", line 107, in view
Nov 28 16:49:47 user devstack@keystone.service[46341]: ERROR keystone.server.flask.application return current_app.ensure_sync(self.dispatch_request)(**kwargs)
Nov 28 16:49:47 user devstack@keystone.service[46341]: ERROR keystone.server.flask.application
File "/opt/stack/data/venv/lib/python3.10/site-packages/flask_restful/__init__.py", line 604, in dispatch_request
Nov 28 16:49:47 user devstack@keystone.service[46341]: ERROR keystone.server.flask.application resp = meth(*args, **kwargs)
Nov 28 16:49:47 user devstack@keystone.service[46341]: ERROR keystone.server.flask.application
File "/opt/stack/keystone/keystone/api/roles.py", line 50, in get
Nov 28 16:49:47 user devstack@keystone.service[46341]: ERROR keystone.server.flask.application return self._get_role(role_id)
Nov 28 16:49:47 user devstack@keystone.service[46341]: ERROR keystone.server.flask.application
File "/opt/stack/keystone/keystone/api/roles.py", line 70, in _get_role
Nov 28 16:49:47 user devstack@keystone.service[46341]: ERROR keystone.server.flask.application ENFORCER.enforce_call(action='identity:get_role')
Nov 28 16:49:47 user devstack@keystone.service[46341]: ERROR keystone.server.flask.application
File "/opt/stack/keystone/keystone/common/rbac_enforcer/enforcer.py", line 402, in enforce_call
Nov 28 16:49:47 user devstack@keystone.service[46341]: ERROR keystone.server.flask.application policy_dict.update(cls._extract_member_target_data(
Nov 28 16:49:47 user devstack@keystone.service[46341]: ERROR keystone.server.flask.application
File "/opt/stack/keystone/keystone/common/rbac_enforcer/enforcer.py", line 234, in _extract_member_target_data
Nov 28 16:49:47 user devstack@keystone.service[46341]: ERROR keystone.server.flask.application member_name: func(flask.request.view_args[key])
Nov 28 16:49:47 user devstack@keystone.service[46341]: ERROR keystone.server.flask.application
File "/opt/stack/keystone/keystone/common/manager.py", line 115, in wrapped
Nov 28 16:49:47 user devstack@keystone.service[46341]: ERROR keystone.server.flask.application __ret_val = __f(*args, **kwargs)
Nov 28 16:49:47 user devstack@keystone.service[46341]: ERROR keystone.server.flask.application
File "/opt/stack/data/venv/lib/python3.10/site-packages/decorator.py", line 232, in fun
Nov 28 16:49:47 user devstack@keystone.service[46341]: ERROR keystone.server.flask.application return caller(func, *(extras + args), **kw)
Nov 28 16:49:47 user devstack@keystone.service[46341]: ERROR keystone.server.flask.application
File "/opt/stack/data/venv/lib/python3.10/site-packages/dogpile/cache/region.py", line 1594, in get_or_create_for_user_func
Nov 28 16:49:47 user devstack@keystone.service[46341]: ERROR keystone.server.flask.application return self.get_or_create(
Nov 28 16:49:47 user devstack@keystone.service[46341]: ERROR keystone.server.flask.application
File "/opt/stack/data/venv/lib/python3.10/site-packages/dogpile/cache/region.py", line 1054, in get_or_create
Nov 28 16:49:47 user devstack@keystone.service[46341]: ERROR keystone.server.flask.application with Lock(
Nov 28 16:49:47 user devstack@keystone.service[46341]: ERROR keystone.server.flask.application
File "/opt/stack/data/venv/lib/python3.10/site-packages/dogpile/lock.py", line 185, in __enter__
Nov 28 16:49:47 user devstack@keystone.service[46341]: ERROR keystone.server.flask.application return self._enter()
Nov 28 16:49:47 user devstack@keystone.service[46341]: ERROR keystone.server.flask.application
File "/opt/stack/data/venv/lib/python3.10/site-packages/dogpile/lock.py", line 94, in _enter
Nov 28 16:49:47 user devstack@keystone.service[46341]: ERROR keystone.server.flask.application generated = self._enter_create(value, createdtime)
Nov 28 16:49:47 user devstack@keystone.service[46341]: ERROR keystone.server.flask.application
File "/opt/stack/data/venv/lib/python3.10/site-packages/dogpile/lock.py", line 178, in _enter_create
Nov 28 16:49:47 user devstack@keystone.service[46341]: ERROR keystone.server.flask.application return self.creator()
Nov 28 16:49:47 user devstack@keystone.service[46341]: ERROR keystone.server.flask.application
File "/opt/stack/data/venv/lib/python3.10/site-packages/dogpile/cache/region.py", line 1007, in gen_value
Nov 28 16:49:47 user devstack@keystone.service[46341]: ERROR keystone.server.flask.application created_value = creator(
Nov 28 16:49:47 user devstack@keystone.service[46341]: ERROR keystone.server.flask.application
File "/opt/stack/keystone/keystone/assignment/core.py", line 1276, in get_role
Nov 28 16:49:47 user devstack@keystone.service[46341]: ERROR keystone.server.flask.application return self.driver.get_role(role_id)
Nov 28 16:49:47 user devstack@keystone.service[46341]: ERROR keystone.server.flask.application
File "/opt/stack/keystone/keystone/assignment/role_backends/sql.py", line 70, in get_role
Nov 28 16:49:47 user devstack@keystone.service[46341]: ERROR keystone.server.flask.application return self._get_role(session, role_id).to_dict()
Nov 28 16:49:47 user devstack@keystone.service[46341]: ERROR keystone.server.flask.application
File "/opt/stack/keystone/keystone/assignment/role_backends/sql.py", line 65, in _get_role
Nov 28 16:49:47 user devstack@keystone.service[46341]: ERROR keystone.server.flask.application raise exception.RoleNotFound(role_id=role_id)
Nov 28 16:49:47 user devstack@keystone.service[46341]: ERROR keystone.server.flask.application keystone.exception.RoleNotFound: Could not find role: member.
Nov 28 16:49:47 user devstack@keystone.service[46341]: ERROR keystone.server.flask.application
Nov 28 16:49:47 user devstack@keystone.service[46341]: [pid: 46341|app: 0|req: 75/213] 10.0.0.210 () {56 vars in 1094 bytes} [Tue Nov 28 16:49:46 2023] GET /identity/v3/roles/member => generated 84 bytes in 143 msecs (HTTP/1.1 404) 5 headers in 183 bytes (1 switches on core 0)
Nov 28 16:49:47 user devstack@keystone.service[46340]: DEBUG keystone.server.flask.request_processing.middleware.auth_context [None req-7ad6ff0f-6304-4cd3-92e2-7df06fbb603c None None] Validating token access rules against request {{(pid=46340) validate_allowed_request /opt/stack/data/venv/lib/python3.10/site-packages/keystonemiddleware/auth_token/__init__.py:544}}
Nov 28 16:49:47 user devstack@keystone.service[46341]: DEBUG keystone.server.flask.request_processing.middleware.auth_context [None req-c573587f-a5a4-41e0-82d1-ee030dd72088 None admin] Authenticating user token {{(pid=46341) process_request /opt/stack/data/venv/lib/python3.10/site-packages/keystonemiddleware/auth_token/__init__.py:406}}
Nov 28 16:49:47 user devstack@keystone.service[46340]: DEBUG keystone.server.flask.request_processing.middleware.auth_context [None req-559973e3-d939-41e9-8df9-5b0763e8d46b None admin] RBAC: auth_context: {'token': , 'domain_id': None, 'trust_id': None, 'trustor_id': None, 'trustee_id': None, 'domain_name': None, 'group_ids': [], 'user_id': '94e62fd408ed46b6a1ce597f038debba', 'user_domain_id': 'default', 'system_scope': 'all', 'project_id': None, 'project_domain_id': None, 'roles': ['admin', 'manager', 'member', 'reader'], 'is_admin_project': True, 'service_user_id': None, 'service_user_domain_id': None, 'service_project_id': None, 'service_project_domain_id': None, 'service_roles': []} {{(pid=46340) fill_context /opt/stack/keystone/keystone/server/flask/request_processing/middleware/auth_context.py:480}}
Nov 28 16:49:47 user devstack@keystone.service[46340]: DEBUG keystone.server.flask.request_processing.req_logging [None req-559973e3-d939-41e9-8df9-5b0763e8d46b None admin] REQUEST_METHOD: `GET` {{(pid=46340) log_request_info /opt/stack/keystone/keystone/server/flask/request_processing/req_logging.py:27}}
Nov 28 16:49:47 user devstack@keystone.service[46340]: DEBUG keystone.server.flask.request_processing.req_logging [None req-559973e3-d939-41e9-8df9-5b0763e8d46b None admin] SCRIPT_NAME: `/identity` {{(pid=46340) log_request_info /opt/stack/keystone/keystone/server/flask/request_processing/req_logging.py:28}}
Nov 28 16:49:47 user devstack@keystone.service[46340]: DEBUG keystone.server.flask.request_processing.req_logging [None req-559973e3-d939-41e9-8df9-5b0763e8d46b None admin] PATH_INFO: `/v3/domains/default` {{(pid=46340) log_request_info /opt/stack/keystone/keystone/server/flask/request_processing/req_logging.py:29}}
Nov 28 16:49:47 user devstack@keystone.service[46340]: DEBUG keystone.common.rbac_enforcer.enforcer [None req-559973e3-d939-41e9-8df9-5b0763e8d46b None admin] RBAC: Authorizing `identity:get_domain(domain_id=default)` {{(pid=46340) enforce_call /opt/stack/keystone/keystone/common/rbac_enforcer/enforcer.py:449}}
Nov 28 16:49:47 user devstack@keystone.service[46339]: [pid: 46339|app: 0|req: 72/214] 10.0.0.210 () {58 vars in 1018 bytes} [Tue Nov 28 16:49:47 2023] POST /identity/v3/auth/tokens => generated 861 bytes in 100 msecs (HTTP/1.1 201) 6 headers in 363 bytes (1 switches on core 0)
Nov 28 16:49:47 user devstack@keystone.service[46340]: DEBUG keystone.common.rbac_enforcer.enforcer [None req-559973e3-d939-41e9-8df9-5b0763e8d46b None admin] RBAC: Authorization granted {{(pid=46340) enforce_call /opt/stack/keystone/keystone/common/rbac_enforcer/enforcer.py:457}}
Nov 28 16:49:47 user devstack@keystone.service[46340]: [pid: 46340|app: 0|req: 68/215] 10.0.0.210 () {56 vars in 1103 bytes} [Tue Nov 28 16:49:46 2023] GET /identity/v3/domains/default => generated 198 bytes in 143 msecs (HTTP/1.1 200) 5 headers in 177 bytes (1 switches on core 0)
Nov 28 16:49:47 user devstack@keystone.service[46339]: DEBUG keystone.server.flask.request_processing.middleware.auth_context [None req-d6c3484f-6c45-4bd3-9f8c-0b4f35eb9cf6 None None] Authenticating user token {{(pid=46339) process_request /opt/stack/data/venv/lib/python3.10/site-packages/keystonemiddleware/auth_token/__init__.py:406}}
Nov 28 16:49:47 user devstack@keystone.service[46341]: DEBUG keystone.server.flask.request_processing.middleware.auth_context [None req-c573587f-a5a4-41e0-82d1-ee030dd72088 None admin] Validating token access rules against request {{(pid=46341) validate_allowed_request /opt/stack/data/venv/lib/python3.10/site-packages/keystonemiddleware/auth_token/__init__.py:544}}
Nov 28 16:49:47 user devstack@keystone.service[46341]: DEBUG keystone.server.flask.request_processing.middleware.auth_context [None req-e1069e2d-9350-4d1a-9b4d-a7f6e066fbf3 None admin] RBAC: auth_context: {'token': , 'domain_id': None, 'trust_id': None, 'trustor_id': None, 'trustee_id': None, 'domain_name': None, 'group_ids': [], 'user_id': '94e62fd408ed46b6a1ce597f038debba', 'user_domain_id': 'default', 'system_scope': 'all', 'project_id': None, 'project_domain_id': None, 'roles': ['admin', 'manager', 'member', 'reader'], 'is_admin_project': True, 'service_user_id': None, 'service_user_domain_id': None, 'service_project_id': None, 'service_project_domain_id': None, 'service_roles': []} {{(pid=46341) fill_context /opt/stack/keystone/keystone/server/flask/request_processing/middleware/auth_context.py:480}}
Nov 28 16:49:47 user devstack@keystone.service[46341]: DEBUG keystone.server.flask.request_processing.req_logging [None req-e1069e2d-9350-4d1a-9b4d-a7f6e066fbf3 None admin] REQUEST_METHOD: `GET` {{(pid=46341) log_request_info /opt/stack/keystone/keystone/server/flask/request_processing/req_logging.py:27}}
Nov 28 16:49:47 user devstack@keystone.service[46341]: DEBUG keystone.server.flask.request_processing.req_logging [None req-e1069e2d-9350-4d1a-9b4d-a7f6e066fbf3 None admin] SCRIPT_NAME: `/identity` {{(pid=46341) log_request_info /opt/stack/keystone/keystone/server/flask/request_processing/req_logging.py:28}}
Nov 28 16:49:47 user devstack@keystone.service[46341]: DEBUG keystone.server.flask.request_processing.req_logging [None req-e1069e2d-9350-4d1a-9b4d-a7f6e066fbf3 None admin] PATH_INFO: `/v3/roles` {{(pid=46341) log_request_info /opt/stack/keystone/keystone/server/flask/request_processing/req_logging.py:29}}
Nov 28 16:49:47 user devstack@keystone.service[46341]: DEBUG keystone.common.rbac_enforcer.enforcer [None req-e1069e2d-9350-4d1a-9b4d-a7f6e066fbf3 None admin] RBAC: Adding query filter params (name=member) {{(pid=46341) _extract_filter_values /opt/stack/keystone/keystone/common/rbac_enforcer/enforcer.py:167}}
Nov 28 16:49:47 user devstack@keystone.service[46341]: DEBUG keystone.common.rbac_enforcer.enforcer [None req-e1069e2d-9350-4d1a-9b4d-a7f6e066fbf3 None admin] RBAC: Authorizing `identity:list_roles()` {{(pid=46341) enforce_call /opt/stack/keystone/keystone/common/rbac_enforcer/enforcer.py:449}}
Nov 28 16:49:47 user devstack@keystone.service[46341]: DEBUG keystone.common.rbac_enforcer.enforcer [None req-e1069e2d-9350-4d1a-9b4d-a7f6e066fbf3 None admin] RBAC: Authorization granted {{(pid=46341) enforce_call /opt/stack/keystone/keystone/common/rbac_enforcer/enforcer.py:457}}
Nov 28 16:49:47 user devstack@keystone.service[46341]: [pid: 46341|app: 0|req: 76/216] 10.0.0.210 () {56 vars in 1096 bytes} [Tue Nov 28 16:49:47 2023] GET /identity/v3/roles?name=member => generated 339 bytes in 134 msecs (HTTP/1.1 200) 5 headers in 177 bytes (1 switches on core 0)
Nov 28 16:49:47 user devstack@keystone.service[46339]: DEBUG keystone.server.flask.request_processing.middleware.auth_context [None req-d6c3484f-6c45-4bd3-9f8c-0b4f35eb9cf6 None None] Validating token access rules against request {{(pid=46339) validate_allowed_request /opt/stack/data/venv/lib/python3.10/site-packages/keystonemiddleware/auth_token/__init__.py:544}}
Nov 28 16:49:47 user devstack@keystone.service[46340]: DEBUG keystone.server.flask.request_processing.middleware.auth_context [None req-559973e3-d939-41e9-8df9-5b0763e8d46b None admin] Authenticating user token {{(pid=46340) process_request /opt/stack/data/venv/lib/python3.10/site-packages/keystonemiddleware/auth_token/__init__.py:406}}
Nov 28 16:49:47 user devstack@keystone.service[46339]: DEBUG keystone.server.flask.request_processing.middleware.auth_context [None req-892e5ac2-bd45-4b58-98da-2f901edc4575 None admin] RBAC: auth_context: {'token': , 'domain_id': None, 'trust_id': None, 'trustor_id': None, 'trustee_id': None, 'domain_name': None, 'group_ids': [], 'user_id': '94e62fd408ed46b6a1ce597f038debba', 'user_domain_id': 'default', 'system_scope': 'all', 'project_id': None, 'project_domain_id': None, 'roles': ['admin', 'manager', 'member', 'reader'], 'is_admin_project': True, 'service_user_id': None, 'service_user_domain_id': None, 'service_project_id': None, 'service_project_domain_id': None, 'service_roles': []} {{(pid=46339) fill_context /opt/stack/keystone/keystone/server/flask/request_processing/middleware/auth_context.py:480}}
Nov 28 16:49:47 user devstack@keystone.service[46339]: DEBUG keystone.server.flask.request_processing.req_logging [None req-892e5ac2-bd45-4b58-98da-2f901edc4575 None admin] REQUEST_METHOD: `POST` {{(pid=46339) log_request_info /opt/stack/keystone/keystone/server/flask/request_processing/req_logging.py:27}}
Nov 28 16:49:47 user devstack@keystone.service[46339]: DEBUG keystone.server.flask.request_processing.req_logging [None req-892e5ac2-bd45-4b58-98da-2f901edc4575 None admin] SCRIPT_NAME: `/identity` {{(pid=46339) log_request_info /opt/stack/keystone/keystone/server/flask/request_processing/req_logging.py:28}}
Nov 28 16:49:47 user devstack@keystone.service[46339]: DEBUG keystone.server.flask.request_processing.req_logging [None req-892e5ac2-bd45-4b58-98da-2f901edc4575 None admin] PATH_INFO: `/v3/users` {{(pid=46339) log_request_info /opt/stack/keystone/keystone/server/flask/request_processing/req_logging.py:29}}
Nov 28 16:49:47 user devstack@keystone.service[46339]: DEBUG keystone.common.rbac_enforcer.enforcer [None req-892e5ac2-bd45-4b58-98da-2f901edc4575 None admin] RBAC: Authorizing `identity:create_user()` {{(pid=46339) enforce_call /opt/stack/keystone/keystone/common/rbac_enforcer/enforcer.py:449}}
Nov 28 16:49:47 user devstack@keystone.service[46339]: DEBUG keystone.common.rbac_enforcer.enforcer [None req-892e5ac2-bd45-4b58-98da-2f901edc4575 None admin] RBAC: Authorization granted {{(pid=46339) enforce_call /opt/stack/keystone/keystone/common/rbac_enforcer/enforcer.py:457}}
Nov 28 16:49:47 user devstack@keystone.service[46339]: WARNING keystone.common.password_hashing [None req-892e5ac2-bd45-4b58-98da-2f901edc4575 None admin] Truncating password to algorithm specific maximum length 72 characters.
Nov 28 16:49:47 user devstack@keystone.service[46339]: [pid: 46339|app: 0|req: 73/217] 10.0.0.210 () {60 vars in 1127 bytes} [Tue Nov 28 16:49:47 2023] POST /identity/v3/users => generated 292 bytes in 160 msecs (HTTP/1.1 201) 5 headers in 182 bytes (1 switches on core 0)
Nov 28 16:49:47 user devstack@keystone.service[46340]: DEBUG keystone.server.flask.request_processing.middleware.auth_context [None req-559973e3-d939-41e9-8df9-5b0763e8d46b None admin] Validating token access rules against request {{(pid=46340) validate_allowed_request /opt/stack/data/venv/lib/python3.10/site-packages/keystonemiddleware/auth_token/__init__.py:544}}
Nov 28 16:49:47 user devstack@keystone.service[46340]: DEBUG keystone.server.flask.request_processing.middleware.auth_context [None req-e6c7e5ba-ceea-45c1-be20-48ee3e488cf4 None admin] RBAC: auth_context: {'token': , 'domain_id': None, 'trust_id': None, 'trustor_id': None, 'trustee_id': None, 'domain_name': None, 'group_ids': [], 'user_id': '94e62fd408ed46b6a1ce597f038debba', 'user_domain_id': 'default', 'system_scope': 'all', 'project_id': None, 'project_domain_id': None, 'roles': ['admin', 'manager', 'member', 'reader'], 'is_admin_project': True, 'service_user_id': None, 'service_user_domain_id': None, 'service_project_id': None, 'service_project_domain_id': None, 'service_roles': []} {{(pid=46340) fill_context /opt/stack/keystone/keystone/server/flask/request_processing/middleware/auth_context.py:480}}
Nov 28 16:49:47 user devstack@keystone.service[46341]: DEBUG keystone.server.flask.request_processing.middleware.auth_context [None req-e1069e2d-9350-4d1a-9b4d-a7f6e066fbf3 None admin] Authenticating user token {{(pid=46341) process_request /opt/stack/data/venv/lib/python3.10/site-packages/keystonemiddleware/auth_token/__init__.py:406}}
Nov 28 16:49:47 user devstack@keystone.service[46340]: DEBUG keystone.server.flask.request_processing.req_logging [None req-e6c7e5ba-ceea-45c1-be20-48ee3e488cf4 None admin] REQUEST_METHOD: `GET` {{(pid=46340) log_request_info /opt/stack/keystone/keystone/server/flask/request_processing/req_logging.py:27}}
Nov 28 16:49:47 user devstack@keystone.service[46340]: DEBUG keystone.server.flask.request_processing.req_logging [None req-e6c7e5ba-ceea-45c1-be20-48ee3e488cf4 None admin] SCRIPT_NAME: `/identity` {{(pid=46340) log_request_info /opt/stack/keystone/keystone/server/flask/request_processing/req_logging.py:28}}
Nov 28 16:49:47 user devstack@keystone.service[46340]: DEBUG keystone.server.flask.request_processing.req_logging [None req-e6c7e5ba-ceea-45c1-be20-48ee3e488cf4 None admin] PATH_INFO: `/v3/users/92f16aad556d4b1983707cf946812212` {{(pid=46340) log_request_info /opt/stack/keystone/keystone/server/flask/request_processing/req_logging.py:29}}
Nov 28 16:49:47 user devstack@keystone.service[46340]: DEBUG keystone.common.rbac_enforcer.enforcer [None req-e6c7e5ba-ceea-45c1-be20-48ee3e488cf4 None admin] RBAC: Authorizing `identity:get_user(user_id=92f16aad556d4b1983707cf946812212)` {{(pid=46340) enforce_call /opt/stack/keystone/keystone/common/rbac_enforcer/enforcer.py:449}}
Nov 28 16:49:47 user devstack@keystone.service[46340]: DEBUG keystone.common.rbac_enforcer.enforcer [None req-e6c7e5ba-ceea-45c1-be20-48ee3e488cf4 None admin] RBAC: Authorization granted {{(pid=46340) enforce_call /opt/stack/keystone/keystone/common/rbac_enforcer/enforcer.py:457}}
Nov 28 16:49:47 user devstack@keystone.service[46340]: [pid: 46340|app: 0|req: 69/218] 10.0.0.210 () {56 vars in 1172 bytes} [Tue Nov 28 16:49:47 2023] GET /identity/v3/users/92f16aad556d4b1983707cf946812212 => generated 292 bytes in 146 msecs (HTTP/1.1 200) 5 headers in 177 bytes (1 switches on core 0)
Nov 28 16:49:47 user devstack@keystone.service[46339]: DEBUG keystone.server.flask.request_processing.middleware.auth_context [None req-892e5ac2-bd45-4b58-98da-2f901edc4575 None admin] Authenticating user token {{(pid=46339) process_request /opt/stack/data/venv/lib/python3.10/site-packages/keystonemiddleware/auth_token/__init__.py:406}}
Nov 28 16:49:47 user devstack@keystone.service[46341]: DEBUG keystone.server.flask.request_processing.middleware.auth_context [None req-e1069e2d-9350-4d1a-9b4d-a7f6e066fbf3 None admin] Validating token access rules against request {{(pid=46341) validate_allowed_request /opt/stack/data/venv/lib/python3.10/site-packages/keystonemiddleware/auth_token/__init__.py:544}}
Nov 28 16:49:47 user devstack@keystone.service[46339]: DEBUG keystone.server.flask.request_processing.middleware.auth_context [None req-892e5ac2-bd45-4b58-98da-2f901edc4575 None admin] Validating token access rules against request {{(pid=46339) validate_allowed_request /opt/stack/data/venv/lib/python3.10/site-packages/keystonemiddleware/auth_token/__init__.py:544}}
Nov 28 16:49:47 user devstack@keystone.service[46341]: DEBUG keystone.server.flask.request_processing.middleware.auth_context [None req-591f9621-bf54-4de8-8b5b-c9469ddb611f None admin] RBAC: auth_context: {'token': , 'domain_id': None, 'trust_id': None, 'trustor_id': None, 'trustee_id': None, 'domain_name': None, 'group_ids': [], 'user_id': '94e62fd408ed46b6a1ce597f038debba', 'user_domain_id': 'default', 'system_scope': 'all', 'project_id': None, 'project_domain_id': None, 'roles': ['admin', 'manager', 'member', 'reader'], 'is_admin_project': True, 'service_user_id': None, 'service_user_domain_id': None, 'service_project_id': None, 'service_project_domain_id': None, 'service_roles': []} {{(pid=46341) fill_context /opt/stack/keystone/keystone/server/flask/request_processing/middleware/auth_context.py:480}}
Nov 28 16:49:47 user devstack@keystone.service[46341]: DEBUG keystone.server.flask.request_processing.req_logging [None req-591f9621-bf54-4de8-8b5b-c9469ddb611f None admin] REQUEST_METHOD: `GET` {{(pid=46341) log_request_info /opt/stack/keystone/keystone/server/flask/request_processing/req_logging.py:27}}
Nov 28 16:49:47 user devstack@keystone.service[46341]: DEBUG keystone.server.flask.request_processing.req_logging [None req-591f9621-bf54-4de8-8b5b-c9469ddb611f None admin] SCRIPT_NAME: `/identity` {{(pid=46341) log_request_info /opt/stack/keystone/keystone/server/flask/request_processing/req_logging.py:28}}
Nov 28 16:49:47 user devstack@keystone.service[46341]: DEBUG keystone.server.flask.request_processing.req_logging [None req-591f9621-bf54-4de8-8b5b-c9469ddb611f None admin] PATH_INFO: `/v3/roles/reader` {{(pid=46341) log_request_info /opt/stack/keystone/keystone/server/flask/request_processing/req_logging.py:29}}
Nov 28 16:49:47 user devstack@keystone.service[46341]: DEBUG keystone.common.rbac_enforcer.enforcer [None req-591f9621-bf54-4de8-8b5b-c9469ddb611f None admin] Extracting inferred target data resulted in "NOT FOUND (404)". {{(pid=46341) enforce_call /opt/stack/keystone/keystone/common/rbac_enforcer/enforcer.py:409}}
Nov 28 16:49:47 user devstack@keystone.service[46341]: ERROR keystone.server.flask.application [None req-591f9621-bf54-4de8-8b5b-c9469ddb611f None admin] Could not find role: reader.: keystone.exception.RoleNotFound: Could not find role: reader.
Nov 28 16:49:47 user devstack@keystone.service[46341]: ERROR keystone.server.flask.application
Traceback (most recent call last):
Nov 28 16:49:47 user devstack@keystone.service[46341]: ERROR keystone.server.flask.application
File "/opt/stack/data/venv/lib/python3.10/site-packages/flask/app.py", line 1823, in full_dispatch_request
Nov 28 16:49:47 user devstack@keystone.service[46341]: ERROR keystone.server.flask.application rv = self.dispatch_request()
Nov 28 16:49:47 user devstack@keystone.service[46341]: ERROR keystone.server.flask.application
File "/opt/stack/data/venv/lib/python3.10/site-packages/flask/app.py", line 1799, in dispatch_request
Nov 28 16:49:47 user devstack@keystone.service[46341]: ERROR keystone.server.flask.application return self.ensure_sync(self.view_functions[rule.endpoint])(**view_args)
Nov 28 16:49:47 user devstack@keystone.service[46341]: ERROR keystone.server.flask.application
File "/opt/stack/data/venv/lib/python3.10/site-packages/flask_restful/__init__.py", line 489, in wrapper
Nov 28 16:49:47 user devstack@keystone.service[46341]: ERROR keystone.server.flask.application resp = resource(*args, **kwargs)
Nov 28 16:49:47 user devstack@keystone.service[46341]: ERROR keystone.server.flask.application
File "/opt/stack/data/venv/lib/python3.10/site-packages/flask/views.py", line 107, in view
Nov 28 16:49:47 user devstack@keystone.service[46341]: ERROR keystone.server.flask.application return current_app.ensure_sync(self.dispatch_request)(**kwargs)
Nov 28 16:49:47 user devstack@keystone.service[46341]: ERROR keystone.server.flask.application
File "/opt/stack/data/venv/lib/python3.10/site-packages/flask_restful/__init__.py", line 604, in dispatch_request
Nov 28 16:49:47 user devstack@keystone.service[46341]: ERROR keystone.server.flask.application resp = meth(*args, **kwargs)
Nov 28 16:49:47 user devstack@keystone.service[46341]: ERROR keystone.server.flask.application
File "/opt/stack/keystone/keystone/api/roles.py", line 50, in get
Nov 28 16:49:47 user devstack@keystone.service[46341]: ERROR keystone.server.flask.application return self._get_role(role_id)
Nov 28 16:49:47 user devstack@keystone.service[46341]: ERROR keystone.server.flask.application
File "/opt/stack/keystone/keystone/api/roles.py", line 70, in _get_role
Nov 28 16:49:47 user devstack@keystone.service[46341]: ERROR keystone.server.flask.application ENFORCER.enforce_call(action='identity:get_role')
Nov 28 16:49:47 user devstack@keystone.service[46341]: ERROR keystone.server.flask.application
File "/opt/stack/keystone/keystone/common/rbac_enforcer/enforcer.py", line 402, in enforce_call
Nov 28 16:49:47 user devstack@keystone.service[46341]: ERROR keystone.server.flask.application policy_dict.update(cls._extract_member_target_data(
Nov 28 16:49:47 user devstack@keystone.service[46341]: ERROR keystone.server.flask.application
File "/opt/stack/keystone/keystone/common/rbac_enforcer/enforcer.py", line 234, in _extract_member_target_data
Nov 28 16:49:47 user devstack@keystone.service[46341]: ERROR keystone.server.flask.application member_name: func(flask.request.view_args[key])
Nov 28 16:49:47 user devstack@keystone.service[46341]: ERROR keystone.server.flask.application
File "/opt/stack/keystone/keystone/common/manager.py", line 115, in wrapped
Nov 28 16:49:47 user devstack@keystone.service[46341]: ERROR keystone.server.flask.application __ret_val = __f(*args, **kwargs)
Nov 28 16:49:47 user devstack@keystone.service[46341]: ERROR keystone.server.flask.application
File "/opt/stack/data/venv/lib/python3.10/site-packages/decorator.py", line 232, in fun
Nov 28 16:49:47 user devstack@keystone.service[46341]: ERROR keystone.server.flask.application return caller(func, *(extras + args), **kw)
Nov 28 16:49:47 user devstack@keystone.service[46341]: ERROR keystone.server.flask.application
File "/opt/stack/data/venv/lib/python3.10/site-packages/dogpile/cache/region.py", line 1594, in get_or_create_for_user_func
Nov 28 16:49:47 user devstack@keystone.service[46341]: ERROR keystone.server.flask.application return self.get_or_create(
Nov 28 16:49:47 user devstack@keystone.service[46341]: ERROR keystone.server.flask.application
File "/opt/stack/data/venv/lib/python3.10/site-packages/dogpile/cache/region.py", line 1054, in get_or_create
Nov 28 16:49:47 user devstack@keystone.service[46341]: ERROR keystone.server.flask.application with Lock(
Nov 28 16:49:47 user devstack@keystone.service[46341]: ERROR keystone.server.flask.application
File "/opt/stack/data/venv/lib/python3.10/site-packages/dogpile/lock.py", line 185, in __enter__
Nov 28 16:49:47 user devstack@keystone.service[46341]: ERROR keystone.server.flask.application return self._enter()
Nov 28 16:49:47 user devstack@keystone.service[46341]: ERROR keystone.server.flask.application
File "/opt/stack/data/venv/lib/python3.10/site-packages/dogpile/lock.py", line 94, in _enter
Nov 28 16:49:47 user devstack@keystone.service[46341]: ERROR keystone.server.flask.application generated = self._enter_create(value, createdtime)
Nov 28 16:49:47 user devstack@keystone.service[46341]: ERROR keystone.server.flask.application
File "/opt/stack/data/venv/lib/python3.10/site-packages/dogpile/lock.py", line 178, in _enter_create
Nov 28 16:49:47 user devstack@keystone.service[46341]: ERROR keystone.server.flask.application return self.creator()
Nov 28 16:49:47 user devstack@keystone.service[46341]: ERROR keystone.server.flask.application
File "/opt/stack/data/venv/lib/python3.10/site-packages/dogpile/cache/region.py", line 1007, in gen_value
Nov 28 16:49:47 user devstack@keystone.service[46341]: ERROR keystone.server.flask.application created_value = creator(
Nov 28 16:49:47 user devstack@keystone.service[46341]: ERROR keystone.server.flask.application
File "/opt/stack/keystone/keystone/assignment/core.py", line 1276, in get_role
Nov 28 16:49:47 user devstack@keystone.service[46341]: ERROR keystone.server.flask.application return self.driver.get_role(role_id)
Nov 28 16:49:47 user devstack@keystone.service[46341]: ERROR keystone.server.flask.application
File "/opt/stack/keystone/keystone/assignment/role_backends/sql.py", line 70, in get_role
Nov 28 16:49:47 user devstack@keystone.service[46341]: ERROR keystone.server.flask.application return self._get_role(session, role_id).to_dict()
Nov 28 16:49:47 user devstack@keystone.service[46341]: ERROR keystone.server.flask.application
File "/opt/stack/keystone/keystone/assignment/role_backends/sql.py", line 65, in _get_role
Nov 28 16:49:47 user devstack@keystone.service[46341]: ERROR keystone.server.flask.application raise exception.RoleNotFound(role_id=role_id)
Nov 28 16:49:47 user devstack@keystone.service[46341]: ERROR keystone.server.flask.application keystone.exception.RoleNotFound: Could not find role: reader.
Nov 28 16:49:47 user devstack@keystone.service[46341]: ERROR keystone.server.flask.application
Nov 28 16:49:47 user devstack@keystone.service[46341]: [pid: 46341|app: 0|req: 77/219] 10.0.0.210 () {56 vars in 1094 bytes} [Tue Nov 28 16:49:47 2023] GET /identity/v3/roles/reader => generated 84 bytes in 141 msecs (HTTP/1.1 404) 5 headers in 183 bytes (1 switches on core 0)
Nov 28 16:49:47 user devstack@keystone.service[46340]: DEBUG keystone.server.flask.request_processing.middleware.auth_context [None req-e6c7e5ba-ceea-45c1-be20-48ee3e488cf4 None admin] Authenticating user token {{(pid=46340) process_request /opt/stack/data/venv/lib/python3.10/site-packages/keystonemiddleware/auth_token/__init__.py:406}}
Nov 28 16:49:47 user devstack@keystone.service[46339]: DEBUG keystone.server.flask.request_processing.middleware.auth_context [None req-50e3962f-4323-4ee0-84d6-a005de9d5a93 None admin] RBAC: auth_context: {'token': , 'domain_id': None, 'trust_id': None, 'trustor_id': None, 'trustee_id': None, 'domain_name': None, 'group_ids': [], 'user_id': '94e62fd408ed46b6a1ce597f038debba', 'user_domain_id': 'default', 'system_scope': 'all', 'project_id': None, 'project_domain_id': None, 'roles': ['admin', 'manager', 'member', 'reader'], 'is_admin_project': True, 'service_user_id': None, 'service_user_domain_id': None, 'service_project_id': None, 'service_project_domain_id': None, 'service_roles': []} {{(pid=46339) fill_context /opt/stack/keystone/keystone/server/flask/request_processing/middleware/auth_context.py:480}}
Nov 28 16:49:47 user devstack@keystone.service[46339]: DEBUG keystone.server.flask.request_processing.req_logging [None req-50e3962f-4323-4ee0-84d6-a005de9d5a93 None admin] REQUEST_METHOD: `GET` {{(pid=46339) log_request_info /opt/stack/keystone/keystone/server/flask/request_processing/req_logging.py:27}}
Nov 28 16:49:47 user devstack@keystone.service[46339]: DEBUG keystone.server.flask.request_processing.req_logging [None req-50e3962f-4323-4ee0-84d6-a005de9d5a93 None admin] SCRIPT_NAME: `/identity` {{(pid=46339) log_request_info /opt/stack/keystone/keystone/server/flask/request_processing/req_logging.py:28}}
Nov 28 16:49:47 user devstack@keystone.service[46339]: DEBUG keystone.server.flask.request_processing.req_logging [None req-50e3962f-4323-4ee0-84d6-a005de9d5a93 None admin] PATH_INFO: `/v3/role_assignments` {{(pid=46339) log_request_info /opt/stack/keystone/keystone/server/flask/request_processing/req_logging.py:29}}
Nov 28 16:49:47 user devstack@keystone.service[46339]: DEBUG keystone.common.rbac_enforcer.enforcer [None req-50e3962f-4323-4ee0-84d6-a005de9d5a93 None admin] RBAC: Adding query filter params (role.id=d1db804dcfa84266bdfab459a3ffd486, user.id=92f16aad556d4b1983707cf946812212, scope.system=all) {{(pid=46339) _extract_filter_values /opt/stack/keystone/keystone/common/rbac_enforcer/enforcer.py:167}}
Nov 28 16:49:47 user devstack@keystone.service[46339]: DEBUG keystone.common.rbac_enforcer.enforcer [None req-50e3962f-4323-4ee0-84d6-a005de9d5a93 None admin] RBAC: Authorizing `identity:list_role_assignments()` {{(pid=46339) enforce_call /opt/stack/keystone/keystone/common/rbac_enforcer/enforcer.py:449}}
Nov 28 16:49:47 user devstack@keystone.service[46339]: DEBUG keystone.common.rbac_enforcer.enforcer [None req-50e3962f-4323-4ee0-84d6-a005de9d5a93 None admin] RBAC: Authorization granted {{(pid=46339) enforce_call /opt/stack/keystone/keystone/common/rbac_enforcer/enforcer.py:457}}
Nov 28 16:49:47 user devstack@keystone.service[46339]: [pid: 46339|app: 0|req: 74/220] 10.0.0.210 () {56 vars in 1303 bytes} [Tue Nov 28 16:49:47 2023] GET /identity/v3/role_assignments?user.id=92f16aad556d4b1983707cf946812212&scope.system=all&role.id=d1db804dcfa84266bdfab459a3ffd486 => generated 225 bytes in 142 msecs (HTTP/1.1 200) 5 headers in 177 bytes (1 switches on core 0)
Nov 28 16:49:47 user devstack@keystone.service[46340]: DEBUG keystone.server.flask.request_processing.middleware.auth_context [None req-e6c7e5ba-ceea-45c1-be20-48ee3e488cf4 None admin] Validating token access rules against request {{(pid=46340) validate_allowed_request /opt/stack/data/venv/lib/python3.10/site-packages/keystonemiddleware/auth_token/__init__.py:544}}
Nov 28 16:49:47 user devstack@keystone.service[46340]: DEBUG keystone.server.flask.request_processing.middleware.auth_context [None req-3e55cff9-029d-419c-9cef-bc1bedc3c9fc None admin] RBAC: auth_context: {'token': , 'domain_id': None, 'trust_id': None, 'trustor_id': None, 'trustee_id': None, 'domain_name': None, 'group_ids': [], 'user_id': '94e62fd408ed46b6a1ce597f038debba', 'user_domain_id': 'default', 'system_scope': 'all', 'project_id': None, 'project_domain_id': None, 'roles': ['admin', 'manager', 'member', 'reader'], 'is_admin_project': True, 'service_user_id': None, 'service_user_domain_id': None, 'service_project_id': None, 'service_project_domain_id': None, 'service_roles': []} {{(pid=46340) fill_context /opt/stack/keystone/keystone/server/flask/request_processing/middleware/auth_context.py:480}}
Nov 28 16:49:47 user devstack@keystone.service[46340]: DEBUG keystone.server.flask.request_processing.req_logging [None req-3e55cff9-029d-419c-9cef-bc1bedc3c9fc None admin] REQUEST_METHOD: `GET` {{(pid=46340) log_request_info /opt/stack/keystone/keystone/server/flask/request_processing/req_logging.py:27}}
Nov 28 16:49:47 user devstack@keystone.service[46340]: DEBUG keystone.server.flask.request_processing.req_logging [None req-3e55cff9-029d-419c-9cef-bc1bedc3c9fc None admin] SCRIPT_NAME: `/identity` {{(pid=46340) log_request_info /opt/stack/keystone/keystone/server/flask/request_processing/req_logging.py:28}}
Nov 28 16:49:47 user devstack@keystone.service[46340]: DEBUG keystone.server.flask.request_processing.req_logging [None req-3e55cff9-029d-419c-9cef-bc1bedc3c9fc None admin] PATH_INFO: `/v3/roles` {{(pid=46340) log_request_info /opt/stack/keystone/keystone/server/flask/request_processing/req_logging.py:29}}
Nov 28 16:49:47 user devstack@keystone.service[46340]: DEBUG keystone.common.rbac_enforcer.enforcer [None req-3e55cff9-029d-419c-9cef-bc1bedc3c9fc None admin] RBAC: Adding query filter params (name=reader) {{(pid=46340) _extract_filter_values /opt/stack/keystone/keystone/common/rbac_enforcer/enforcer.py:167}}
Nov 28 16:49:47 user devstack@keystone.service[46340]: DEBUG keystone.common.rbac_enforcer.enforcer [None req-3e55cff9-029d-419c-9cef-bc1bedc3c9fc None admin] RBAC: Authorizing `identity:list_roles()` {{(pid=46340) enforce_call /opt/stack/keystone/keystone/common/rbac_enforcer/enforcer.py:449}}
Nov 28 16:49:47 user devstack@keystone.service[46340]: DEBUG keystone.common.rbac_enforcer.enforcer [None req-3e55cff9-029d-419c-9cef-bc1bedc3c9fc None admin] RBAC: Authorization granted {{(pid=46340) enforce_call /opt/stack/keystone/keystone/common/rbac_enforcer/enforcer.py:457}}
Nov 28 16:49:47 user devstack@keystone.service[46340]: [pid: 46340|app: 0|req: 70/221] 10.0.0.210 () {56 vars in 1096 bytes} [Tue Nov 28 16:49:47 2023] GET /identity/v3/roles?name=reader => generated 339 bytes in 159 msecs (HTTP/1.1 200) 5 headers in 177 bytes (1 switches on core 0)
Nov 28 16:49:47 user devstack@keystone.service[46341]: DEBUG keystone.server.flask.request_processing.middleware.auth_context [None req-591f9621-bf54-4de8-8b5b-c9469ddb611f None admin] Authenticating user token {{(pid=46341) process_request /opt/stack/data/venv/lib/python3.10/site-packages/keystonemiddleware/auth_token/__init__.py:406}}
