Nov 28 16:49:44 user devstack@keystone.service[46339]: DEBUG keystone.server.flask.request_processing.middleware.auth_context [None req-475a6351-c0d1-4f54-9f4e-cbe2198287dd None admin] RBAC: auth_context: {'token': , 'domain_id': None, 'trust_id': None, 'trustor_id': None, 'trustee_id': None, 'domain_name': None, 'group_ids': [], 'user_id': '94e62fd408ed46b6a1ce597f038debba', 'user_domain_id': 'default', 'system_scope': 'all', 'project_id': None, 'project_domain_id': None, 'roles': ['admin', 'manager', 'member', 'reader'], 'is_admin_project': True, 'service_user_id': None, 'service_user_domain_id': None, 'service_project_id': None, 'service_project_domain_id': None, 'service_roles': []} {{(pid=46339) fill_context /opt/stack/keystone/keystone/server/flask/request_processing/middleware/auth_context.py:480}}
Nov 28 16:49:44 user devstack@keystone.service[46339]: DEBUG keystone.server.flask.request_processing.req_logging [None req-475a6351-c0d1-4f54-9f4e-cbe2198287dd None admin] REQUEST_METHOD: `GET` {{(pid=46339) log_request_info /opt/stack/keystone/keystone/server/flask/request_processing/req_logging.py:27}}
Nov 28 16:49:44 user devstack@keystone.service[46339]: DEBUG keystone.server.flask.request_processing.req_logging [None req-475a6351-c0d1-4f54-9f4e-cbe2198287dd None admin] SCRIPT_NAME: `/identity` {{(pid=46339) log_request_info /opt/stack/keystone/keystone/server/flask/request_processing/req_logging.py:28}}
Nov 28 16:49:44 user devstack@keystone.service[46339]: DEBUG keystone.server.flask.request_processing.req_logging [None req-475a6351-c0d1-4f54-9f4e-cbe2198287dd None admin] PATH_INFO: `/v3/domains/default` {{(pid=46339) log_request_info /opt/stack/keystone/keystone/server/flask/request_processing/req_logging.py:29}}
Nov 28 16:49:44 user devstack@keystone.service[46339]: DEBUG keystone.common.rbac_enforcer.enforcer [None req-475a6351-c0d1-4f54-9f4e-cbe2198287dd None admin] RBAC: Authorizing `identity:get_domain(domain_id=default)` {{(pid=46339) enforce_call /opt/stack/keystone/keystone/common/rbac_enforcer/enforcer.py:449}}
Nov 28 16:49:44 user devstack@keystone.service[46339]: DEBUG keystone.common.rbac_enforcer.enforcer [None req-475a6351-c0d1-4f54-9f4e-cbe2198287dd None admin] RBAC: Authorization granted {{(pid=46339) enforce_call /opt/stack/keystone/keystone/common/rbac_enforcer/enforcer.py:457}}
Nov 28 16:49:44 user devstack@keystone.service[46339]: [pid: 46339|app: 0|req: 65/196] 10.0.0.210 () {56 vars in 1103 bytes} [Tue Nov 28 16:49:44 2023] GET /identity/v3/domains/default => generated 198 bytes in 153 msecs (HTTP/1.1 200) 5 headers in 177 bytes (1 switches on core 0)
Nov 28 16:49:44 user devstack@keystone.service[46341]: DEBUG keystone.server.flask.request_processing.middleware.auth_context [None req-9458ce75-016b-4fc7-833c-b869a13cb1f7 None admin] Authenticating user token {{(pid=46341) process_request /opt/stack/data/venv/lib/python3.10/site-packages/keystonemiddleware/auth_token/__init__.py:406}}
Nov 28 16:49:44 user devstack@keystone.service[46340]: DEBUG keystone.server.flask.request_processing.middleware.auth_context [None req-c689f56e-e2cb-41a3-bbfd-fd7c5aec6e99 None None] Validating token access rules against request {{(pid=46340) validate_allowed_request /opt/stack/data/venv/lib/python3.10/site-packages/keystonemiddleware/auth_token/__init__.py:544}}
Nov 28 16:49:44 user devstack@keystone.service[46340]: DEBUG keystone.server.flask.request_processing.middleware.auth_context [None req-d6c1286c-20d0-48a8-897f-c21760bf0e88 None admin] RBAC: auth_context: {'token': , 'domain_id': None, 'trust_id': None, 'trustor_id': None, 'trustee_id': None, 'domain_name': None, 'group_ids': [], 'user_id': '94e62fd408ed46b6a1ce597f038debba', 'user_domain_id': 'default', 'system_scope': 'all', 'project_id': None, 'project_domain_id': None, 'roles': ['admin', 'manager', 'member', 'reader'], 'is_admin_project': True, 'service_user_id': None, 'service_user_domain_id': None, 'service_project_id': None, 'service_project_domain_id': None, 'service_roles': []} {{(pid=46340) fill_context /opt/stack/keystone/keystone/server/flask/request_processing/middleware/auth_context.py:480}}
Nov 28 16:49:44 user devstack@keystone.service[46340]: DEBUG keystone.server.flask.request_processing.req_logging [None req-d6c1286c-20d0-48a8-897f-c21760bf0e88 None admin] REQUEST_METHOD: `GET` {{(pid=46340) log_request_info /opt/stack/keystone/keystone/server/flask/request_processing/req_logging.py:27}}
Nov 28 16:49:44 user devstack@keystone.service[46340]: DEBUG keystone.server.flask.request_processing.req_logging [None req-d6c1286c-20d0-48a8-897f-c21760bf0e88 None admin] SCRIPT_NAME: `/identity` {{(pid=46340) log_request_info /opt/stack/keystone/keystone/server/flask/request_processing/req_logging.py:28}}
Nov 28 16:49:44 user devstack@keystone.service[46340]: DEBUG keystone.server.flask.request_processing.req_logging [None req-d6c1286c-20d0-48a8-897f-c21760bf0e88 None admin] PATH_INFO: `/v3/roles` {{(pid=46340) log_request_info /opt/stack/keystone/keystone/server/flask/request_processing/req_logging.py:29}}
Nov 28 16:49:44 user devstack@keystone.service[46340]: DEBUG keystone.common.rbac_enforcer.enforcer [None req-d6c1286c-20d0-48a8-897f-c21760bf0e88 None admin] RBAC: Adding query filter params (name=reader) {{(pid=46340) _extract_filter_values /opt/stack/keystone/keystone/common/rbac_enforcer/enforcer.py:167}}
Nov 28 16:49:44 user devstack@keystone.service[46340]: DEBUG keystone.common.rbac_enforcer.enforcer [None req-d6c1286c-20d0-48a8-897f-c21760bf0e88 None admin] RBAC: Authorizing `identity:list_roles()` {{(pid=46340) enforce_call /opt/stack/keystone/keystone/common/rbac_enforcer/enforcer.py:449}}
Nov 28 16:49:44 user devstack@keystone.service[46340]: DEBUG keystone.common.rbac_enforcer.enforcer [None req-d6c1286c-20d0-48a8-897f-c21760bf0e88 None admin] RBAC: Authorization granted {{(pid=46340) enforce_call /opt/stack/keystone/keystone/common/rbac_enforcer/enforcer.py:457}}
Nov 28 16:49:44 user devstack@keystone.service[46341]: DEBUG keystone.server.flask.request_processing.middleware.auth_context [None req-9458ce75-016b-4fc7-833c-b869a13cb1f7 None admin] Validating token access rules against request {{(pid=46341) validate_allowed_request /opt/stack/data/venv/lib/python3.10/site-packages/keystonemiddleware/auth_token/__init__.py:544}}
Nov 28 16:49:44 user devstack@keystone.service[46340]: [pid: 46340|app: 0|req: 63/197] 10.0.0.210 () {56 vars in 1096 bytes} [Tue Nov 28 16:49:44 2023] GET /identity/v3/roles?name=reader => generated 339 bytes in 136 msecs (HTTP/1.1 200) 5 headers in 177 bytes (1 switches on core 0)
Nov 28 16:49:44 user devstack@keystone.service[46341]: DEBUG keystone.server.flask.request_processing.middleware.auth_context [None req-df0e9cd9-6837-4798-b909-80b7f0201495 None admin] RBAC: auth_context: {'token': , 'domain_id': None, 'trust_id': None, 'trustor_id': None, 'trustee_id': None, 'domain_name': None, 'group_ids': [], 'user_id': '94e62fd408ed46b6a1ce597f038debba', 'user_domain_id': 'default', 'system_scope': 'all', 'project_id': None, 'project_domain_id': None, 'roles': ['admin', 'manager', 'member', 'reader'], 'is_admin_project': True, 'service_user_id': None, 'service_user_domain_id': None, 'service_project_id': None, 'service_project_domain_id': None, 'service_roles': []} {{(pid=46341) fill_context /opt/stack/keystone/keystone/server/flask/request_processing/middleware/auth_context.py:480}}
Nov 28 16:49:44 user devstack@keystone.service[46341]: DEBUG keystone.server.flask.request_processing.req_logging [None req-df0e9cd9-6837-4798-b909-80b7f0201495 None admin] REQUEST_METHOD: `POST` {{(pid=46341) log_request_info /opt/stack/keystone/keystone/server/flask/request_processing/req_logging.py:27}}
Nov 28 16:49:44 user devstack@keystone.service[46341]: DEBUG keystone.server.flask.request_processing.req_logging [None req-df0e9cd9-6837-4798-b909-80b7f0201495 None admin] SCRIPT_NAME: `/identity` {{(pid=46341) log_request_info /opt/stack/keystone/keystone/server/flask/request_processing/req_logging.py:28}}
Nov 28 16:49:44 user devstack@keystone.service[46341]: DEBUG keystone.server.flask.request_processing.req_logging [None req-df0e9cd9-6837-4798-b909-80b7f0201495 None admin] PATH_INFO: `/v3/users` {{(pid=46341) log_request_info /opt/stack/keystone/keystone/server/flask/request_processing/req_logging.py:29}}
Nov 28 16:49:44 user devstack@keystone.service[46339]: DEBUG keystone.server.flask.request_processing.middleware.auth_context [None req-475a6351-c0d1-4f54-9f4e-cbe2198287dd None admin] Authenticating user token {{(pid=46339) process_request /opt/stack/data/venv/lib/python3.10/site-packages/keystonemiddleware/auth_token/__init__.py:406}}
Nov 28 16:49:44 user devstack@keystone.service[46341]: DEBUG keystone.common.rbac_enforcer.enforcer [None req-df0e9cd9-6837-4798-b909-80b7f0201495 None admin] RBAC: Authorizing `identity:create_user()` {{(pid=46341) enforce_call /opt/stack/keystone/keystone/common/rbac_enforcer/enforcer.py:449}}
Nov 28 16:49:44 user devstack@keystone.service[46341]: DEBUG keystone.common.rbac_enforcer.enforcer [None req-df0e9cd9-6837-4798-b909-80b7f0201495 None admin] RBAC: Authorization granted {{(pid=46341) enforce_call /opt/stack/keystone/keystone/common/rbac_enforcer/enforcer.py:457}}
Nov 28 16:49:44 user devstack@keystone.service[46341]: WARNING keystone.common.password_hashing [None req-df0e9cd9-6837-4798-b909-80b7f0201495 None admin] Truncating password to algorithm specific maximum length 72 characters.
Nov 28 16:49:44 user devstack@keystone.service[46341]: [pid: 46341|app: 0|req: 70/198] 10.0.0.210 () {60 vars in 1127 bytes} [Tue Nov 28 16:49:44 2023] POST /identity/v3/users => generated 292 bytes in 260 msecs (HTTP/1.1 201) 5 headers in 182 bytes (1 switches on core 0)
Nov 28 16:49:44 user devstack@keystone.service[46339]: DEBUG keystone.server.flask.request_processing.middleware.auth_context [None req-475a6351-c0d1-4f54-9f4e-cbe2198287dd None admin] Validating token access rules against request {{(pid=46339) validate_allowed_request /opt/stack/data/venv/lib/python3.10/site-packages/keystonemiddleware/auth_token/__init__.py:544}}
Nov 28 16:49:44 user devstack@keystone.service[46340]: DEBUG keystone.server.flask.request_processing.middleware.auth_context [None req-d6c1286c-20d0-48a8-897f-c21760bf0e88 None admin] Authenticating user token {{(pid=46340) process_request /opt/stack/data/venv/lib/python3.10/site-packages/keystonemiddleware/auth_token/__init__.py:406}}
Nov 28 16:49:44 user devstack@keystone.service[46339]: DEBUG keystone.server.flask.request_processing.middleware.auth_context [None req-1d8d2cf1-4335-4403-a15a-bd322cf3fcf9 None admin] RBAC: auth_context: {'token': , 'domain_id': None, 'trust_id': None, 'trustor_id': None, 'trustee_id': None, 'domain_name': None, 'group_ids': [], 'user_id': '94e62fd408ed46b6a1ce597f038debba', 'user_domain_id': 'default', 'system_scope': 'all', 'project_id': None, 'project_domain_id': None, 'roles': ['admin', 'manager', 'member', 'reader'], 'is_admin_project': True, 'service_user_id': None, 'service_user_domain_id': None, 'service_project_id': None, 'service_project_domain_id': None, 'service_roles': []} {{(pid=46339) fill_context /opt/stack/keystone/keystone/server/flask/request_processing/middleware/auth_context.py:480}}
Nov 28 16:49:44 user devstack@keystone.service[46339]: DEBUG keystone.server.flask.request_processing.req_logging [None req-1d8d2cf1-4335-4403-a15a-bd322cf3fcf9 None admin] REQUEST_METHOD: `GET` {{(pid=46339) log_request_info /opt/stack/keystone/keystone/server/flask/request_processing/req_logging.py:27}}
Nov 28 16:49:44 user devstack@keystone.service[46339]: DEBUG keystone.server.flask.request_processing.req_logging [None req-1d8d2cf1-4335-4403-a15a-bd322cf3fcf9 None admin] SCRIPT_NAME: `/identity` {{(pid=46339) log_request_info /opt/stack/keystone/keystone/server/flask/request_processing/req_logging.py:28}}
Nov 28 16:49:44 user devstack@keystone.service[46339]: DEBUG keystone.server.flask.request_processing.req_logging [None req-1d8d2cf1-4335-4403-a15a-bd322cf3fcf9 None admin] PATH_INFO: `/v3/users/82e1747e1af54c6ca1e484c7be7b2828` {{(pid=46339) log_request_info /opt/stack/keystone/keystone/server/flask/request_processing/req_logging.py:29}}
Nov 28 16:49:44 user devstack@keystone.service[46339]: DEBUG keystone.common.rbac_enforcer.enforcer [None req-1d8d2cf1-4335-4403-a15a-bd322cf3fcf9 None admin] RBAC: Authorizing `identity:get_user(user_id=82e1747e1af54c6ca1e484c7be7b2828)` {{(pid=46339) enforce_call /opt/stack/keystone/keystone/common/rbac_enforcer/enforcer.py:449}}
Nov 28 16:49:44 user devstack@keystone.service[46339]: DEBUG keystone.common.rbac_enforcer.enforcer [None req-1d8d2cf1-4335-4403-a15a-bd322cf3fcf9 None admin] RBAC: Authorization granted {{(pid=46339) enforce_call /opt/stack/keystone/keystone/common/rbac_enforcer/enforcer.py:457}}
Nov 28 16:49:44 user devstack@keystone.service[46339]: [pid: 46339|app: 0|req: 66/199] 10.0.0.210 () {56 vars in 1172 bytes} [Tue Nov 28 16:49:44 2023] GET /identity/v3/users/82e1747e1af54c6ca1e484c7be7b2828 => generated 296 bytes in 151 msecs (HTTP/1.1 200) 5 headers in 177 bytes (1 switches on core 0)
Nov 28 16:49:44 user devstack@keystone.service[46341]: DEBUG keystone.server.flask.request_processing.middleware.auth_context [None req-df0e9cd9-6837-4798-b909-80b7f0201495 None admin] Authenticating user token {{(pid=46341) process_request /opt/stack/data/venv/lib/python3.10/site-packages/keystonemiddleware/auth_token/__init__.py:406}}
Nov 28 16:49:45 user devstack@keystone.service[46340]: DEBUG keystone.server.flask.request_processing.middleware.auth_context [None req-d6c1286c-20d0-48a8-897f-c21760bf0e88 None admin] Validating token access rules against request {{(pid=46340) validate_allowed_request /opt/stack/data/venv/lib/python3.10/site-packages/keystonemiddleware/auth_token/__init__.py:544}}
Nov 28 16:49:45 user devstack@keystone.service[46341]: DEBUG keystone.server.flask.request_processing.middleware.auth_context [None req-df0e9cd9-6837-4798-b909-80b7f0201495 None admin] Validating token access rules against request {{(pid=46341) validate_allowed_request /opt/stack/data/venv/lib/python3.10/site-packages/keystonemiddleware/auth_token/__init__.py:544}}
Nov 28 16:49:45 user devstack@keystone.service[46340]: DEBUG keystone.server.flask.request_processing.middleware.auth_context [None req-113a8fb1-77a2-459a-bac4-2a3008d2fdd4 None admin] RBAC: auth_context: {'token': , 'domain_id': None, 'trust_id': None, 'trustor_id': None, 'trustee_id': None, 'domain_name': None, 'group_ids': [], 'user_id': '94e62fd408ed46b6a1ce597f038debba', 'user_domain_id': 'default', 'system_scope': 'all', 'project_id': None, 'project_domain_id': None, 'roles': ['admin', 'manager', 'member', 'reader'], 'is_admin_project': True, 'service_user_id': None, 'service_user_domain_id': None, 'service_project_id': None, 'service_project_domain_id': None, 'service_roles': []} {{(pid=46340) fill_context /opt/stack/keystone/keystone/server/flask/request_processing/middleware/auth_context.py:480}}
Nov 28 16:49:45 user devstack@keystone.service[46340]: DEBUG keystone.server.flask.request_processing.req_logging [None req-113a8fb1-77a2-459a-bac4-2a3008d2fdd4 None admin] REQUEST_METHOD: `GET` {{(pid=46340) log_request_info /opt/stack/keystone/keystone/server/flask/request_processing/req_logging.py:27}}
Nov 28 16:49:45 user devstack@keystone.service[46340]: DEBUG keystone.server.flask.request_processing.req_logging [None req-113a8fb1-77a2-459a-bac4-2a3008d2fdd4 None admin] SCRIPT_NAME: `/identity` {{(pid=46340) log_request_info /opt/stack/keystone/keystone/server/flask/request_processing/req_logging.py:28}}
Nov 28 16:49:45 user devstack@keystone.service[46340]: DEBUG keystone.server.flask.request_processing.req_logging [None req-113a8fb1-77a2-459a-bac4-2a3008d2fdd4 None admin] PATH_INFO: `/v3/roles/member` {{(pid=46340) log_request_info /opt/stack/keystone/keystone/server/flask/request_processing/req_logging.py:29}}
Nov 28 16:49:45 user devstack@keystone.service[46340]: DEBUG keystone.common.rbac_enforcer.enforcer [None req-113a8fb1-77a2-459a-bac4-2a3008d2fdd4 None admin] Extracting inferred target data resulted in "NOT FOUND (404)". {{(pid=46340) enforce_call /opt/stack/keystone/keystone/common/rbac_enforcer/enforcer.py:409}}
Nov 28 16:49:45 user devstack@keystone.service[46340]: ERROR keystone.server.flask.application [None req-113a8fb1-77a2-459a-bac4-2a3008d2fdd4 None admin] Could not find role: member.: keystone.exception.RoleNotFound: Could not find role: member.
Nov 28 16:49:45 user devstack@keystone.service[46340]: ERROR keystone.server.flask.application
Traceback (most recent call last):
Nov 28 16:49:45 user devstack@keystone.service[46340]: ERROR keystone.server.flask.application
File "/opt/stack/data/venv/lib/python3.10/site-packages/flask/app.py", line 1823, in full_dispatch_request
Nov 28 16:49:45 user devstack@keystone.service[46340]: ERROR keystone.server.flask.application rv = self.dispatch_request()
Nov 28 16:49:45 user devstack@keystone.service[46340]: ERROR keystone.server.flask.application
File "/opt/stack/data/venv/lib/python3.10/site-packages/flask/app.py", line 1799, in dispatch_request
Nov 28 16:49:45 user devstack@keystone.service[46340]: ERROR keystone.server.flask.application return self.ensure_sync(self.view_functions[rule.endpoint])(**view_args)
Nov 28 16:49:45 user devstack@keystone.service[46340]: ERROR keystone.server.flask.application
File "/opt/stack/data/venv/lib/python3.10/site-packages/flask_restful/__init__.py", line 489, in wrapper
Nov 28 16:49:45 user devstack@keystone.service[46340]: ERROR keystone.server.flask.application resp = resource(*args, **kwargs)
Nov 28 16:49:45 user devstack@keystone.service[46340]: ERROR keystone.server.flask.application
File "/opt/stack/data/venv/lib/python3.10/site-packages/flask/views.py", line 107, in view
Nov 28 16:49:45 user devstack@keystone.service[46340]: ERROR keystone.server.flask.application return current_app.ensure_sync(self.dispatch_request)(**kwargs)
Nov 28 16:49:45 user devstack@keystone.service[46340]: ERROR keystone.server.flask.application
File "/opt/stack/data/venv/lib/python3.10/site-packages/flask_restful/__init__.py", line 604, in dispatch_request
Nov 28 16:49:45 user devstack@keystone.service[46340]: ERROR keystone.server.flask.application resp = meth(*args, **kwargs)
Nov 28 16:49:45 user devstack@keystone.service[46340]: ERROR keystone.server.flask.application
File "/opt/stack/keystone/keystone/api/roles.py", line 50, in get
Nov 28 16:49:45 user devstack@keystone.service[46340]: ERROR keystone.server.flask.application return self._get_role(role_id)
Nov 28 16:49:45 user devstack@keystone.service[46340]: ERROR keystone.server.flask.application
File "/opt/stack/keystone/keystone/api/roles.py", line 70, in _get_role
Nov 28 16:49:45 user devstack@keystone.service[46340]: ERROR keystone.server.flask.application ENFORCER.enforce_call(action='identity:get_role')
Nov 28 16:49:45 user devstack@keystone.service[46340]: ERROR keystone.server.flask.application
File "/opt/stack/keystone/keystone/common/rbac_enforcer/enforcer.py", line 402, in enforce_call
Nov 28 16:49:45 user devstack@keystone.service[46340]: ERROR keystone.server.flask.application policy_dict.update(cls._extract_member_target_data(
Nov 28 16:49:45 user devstack@keystone.service[46340]: ERROR keystone.server.flask.application
File "/opt/stack/keystone/keystone/common/rbac_enforcer/enforcer.py", line 234, in _extract_member_target_data
Nov 28 16:49:45 user devstack@keystone.service[46340]: ERROR keystone.server.flask.application member_name: func(flask.request.view_args[key])
Nov 28 16:49:45 user devstack@keystone.service[46340]: ERROR keystone.server.flask.application
File "/opt/stack/keystone/keystone/common/manager.py", line 115, in wrapped
Nov 28 16:49:45 user devstack@keystone.service[46340]: ERROR keystone.server.flask.application __ret_val = __f(*args, **kwargs)
Nov 28 16:49:45 user devstack@keystone.service[46340]: ERROR keystone.server.flask.application
File "/opt/stack/data/venv/lib/python3.10/site-packages/decorator.py", line 232, in fun
Nov 28 16:49:45 user devstack@keystone.service[46340]: ERROR keystone.server.flask.application return caller(func, *(extras + args), **kw)
Nov 28 16:49:45 user devstack@keystone.service[46340]: ERROR keystone.server.flask.application
File "/opt/stack/data/venv/lib/python3.10/site-packages/dogpile/cache/region.py", line 1594, in get_or_create_for_user_func
Nov 28 16:49:45 user devstack@keystone.service[46340]: ERROR keystone.server.flask.application return self.get_or_create(
Nov 28 16:49:45 user devstack@keystone.service[46340]: ERROR keystone.server.flask.application
File "/opt/stack/data/venv/lib/python3.10/site-packages/dogpile/cache/region.py", line 1054, in get_or_create
Nov 28 16:49:45 user devstack@keystone.service[46340]: ERROR keystone.server.flask.application with Lock(
Nov 28 16:49:45 user devstack@keystone.service[46340]: ERROR keystone.server.flask.application
File "/opt/stack/data/venv/lib/python3.10/site-packages/dogpile/lock.py", line 185, in __enter__
Nov 28 16:49:45 user devstack@keystone.service[46340]: ERROR keystone.server.flask.application return self._enter()
Nov 28 16:49:45 user devstack@keystone.service[46340]: ERROR keystone.server.flask.application
File "/opt/stack/data/venv/lib/python3.10/site-packages/dogpile/lock.py", line 94, in _enter
Nov 28 16:49:45 user devstack@keystone.service[46340]: ERROR keystone.server.flask.application generated = self._enter_create(value, createdtime)
Nov 28 16:49:45 user devstack@keystone.service[46340]: ERROR keystone.server.flask.application
File "/opt/stack/data/venv/lib/python3.10/site-packages/dogpile/lock.py", line 178, in _enter_create
Nov 28 16:49:45 user devstack@keystone.service[46340]: ERROR keystone.server.flask.application return self.creator()
Nov 28 16:49:45 user devstack@keystone.service[46340]: ERROR keystone.server.flask.application
File "/opt/stack/data/venv/lib/python3.10/site-packages/dogpile/cache/region.py", line 1007, in gen_value
Nov 28 16:49:45 user devstack@keystone.service[46340]: ERROR keystone.server.flask.application created_value = creator(
Nov 28 16:49:45 user devstack@keystone.service[46340]: ERROR keystone.server.flask.application
File "/opt/stack/keystone/keystone/assignment/core.py", line 1276, in get_role
Nov 28 16:49:45 user devstack@keystone.service[46340]: ERROR keystone.server.flask.application return self.driver.get_role(role_id)
Nov 28 16:49:45 user devstack@keystone.service[46340]: ERROR keystone.server.flask.application
File "/opt/stack/keystone/keystone/assignment/role_backends/sql.py", line 70, in get_role
Nov 28 16:49:45 user devstack@keystone.service[46340]: ERROR keystone.server.flask.application return self._get_role(session, role_id).to_dict()
Nov 28 16:49:45 user devstack@keystone.service[46340]: ERROR keystone.server.flask.application
File "/opt/stack/keystone/keystone/assignment/role_backends/sql.py", line 65, in _get_role
Nov 28 16:49:45 user devstack@keystone.service[46340]: ERROR keystone.server.flask.application raise exception.RoleNotFound(role_id=role_id)
Nov 28 16:49:45 user devstack@keystone.service[46340]: ERROR keystone.server.flask.application keystone.exception.RoleNotFound: Could not find role: member.
Nov 28 16:49:45 user devstack@keystone.service[46340]: ERROR keystone.server.flask.application
Nov 28 16:49:45 user devstack@keystone.service[46340]: [pid: 46340|app: 0|req: 64/200] 10.0.0.210 () {56 vars in 1094 bytes} [Tue Nov 28 16:49:44 2023] GET /identity/v3/roles/member => generated 84 bytes in 152 msecs (HTTP/1.1 404) 5 headers in 183 bytes (1 switches on core 0)
Nov 28 16:49:45 user devstack@keystone.service[46339]: DEBUG keystone.server.flask.request_processing.middleware.auth_context [None req-1d8d2cf1-4335-4403-a15a-bd322cf3fcf9 None admin] Authenticating user token {{(pid=46339) process_request /opt/stack/data/venv/lib/python3.10/site-packages/keystonemiddleware/auth_token/__init__.py:406}}
Nov 28 16:49:45 user devstack@keystone.service[46341]: DEBUG keystone.server.flask.request_processing.middleware.auth_context [None req-5fd4fd2f-77e8-43ce-8ec6-8e0587c5f550 None admin] RBAC: auth_context: {'token': , 'domain_id': None, 'trust_id': None, 'trustor_id': None, 'trustee_id': None, 'domain_name': None, 'group_ids': [], 'user_id': '94e62fd408ed46b6a1ce597f038debba', 'user_domain_id': 'default', 'system_scope': 'all', 'project_id': None, 'project_domain_id': None, 'roles': ['admin', 'manager', 'member', 'reader'], 'is_admin_project': True, 'service_user_id': None, 'service_user_domain_id': None, 'service_project_id': None, 'service_project_domain_id': None, 'service_roles': []} {{(pid=46341) fill_context /opt/stack/keystone/keystone/server/flask/request_processing/middleware/auth_context.py:480}}
Nov 28 16:49:45 user devstack@keystone.service[46341]: DEBUG keystone.server.flask.request_processing.req_logging [None req-5fd4fd2f-77e8-43ce-8ec6-8e0587c5f550 None admin] REQUEST_METHOD: `GET` {{(pid=46341) log_request_info /opt/stack/keystone/keystone/server/flask/request_processing/req_logging.py:27}}
Nov 28 16:49:45 user devstack@keystone.service[46341]: DEBUG keystone.server.flask.request_processing.req_logging [None req-5fd4fd2f-77e8-43ce-8ec6-8e0587c5f550 None admin] SCRIPT_NAME: `/identity` {{(pid=46341) log_request_info /opt/stack/keystone/keystone/server/flask/request_processing/req_logging.py:28}}
Nov 28 16:49:45 user devstack@keystone.service[46341]: DEBUG keystone.server.flask.request_processing.req_logging [None req-5fd4fd2f-77e8-43ce-8ec6-8e0587c5f550 None admin] PATH_INFO: `/v3/projects/727f984d688a49f091096bfb97863380` {{(pid=46341) log_request_info /opt/stack/keystone/keystone/server/flask/request_processing/req_logging.py:29}}
Nov 28 16:49:45 user devstack@keystone.service[46341]: DEBUG keystone.common.rbac_enforcer.enforcer [None req-5fd4fd2f-77e8-43ce-8ec6-8e0587c5f550 None admin] RBAC: Authorizing `identity:get_project(project_id=727f984d688a49f091096bfb97863380)` {{(pid=46341) enforce_call /opt/stack/keystone/keystone/common/rbac_enforcer/enforcer.py:449}}
Nov 28 16:49:45 user devstack@keystone.service[46341]: DEBUG keystone.common.rbac_enforcer.enforcer [None req-5fd4fd2f-77e8-43ce-8ec6-8e0587c5f550 None admin] RBAC: Authorization granted {{(pid=46341) enforce_call /opt/stack/keystone/keystone/common/rbac_enforcer/enforcer.py:457}}
Nov 28 16:49:45 user devstack@keystone.service[46341]: [pid: 46341|app: 0|req: 71/201] 10.0.0.210 () {56 vars in 1181 bytes} [Tue Nov 28 16:49:44 2023] GET /identity/v3/projects/727f984d688a49f091096bfb97863380 => generated 301 bytes in 146 msecs (HTTP/1.1 200) 5 headers in 177 bytes (1 switches on core 0)
Nov 28 16:49:45 user devstack@keystone.service[46340]: DEBUG keystone.server.flask.request_processing.middleware.auth_context [None req-113a8fb1-77a2-459a-bac4-2a3008d2fdd4 None admin] Authenticating user token {{(pid=46340) process_request /opt/stack/data/venv/lib/python3.10/site-packages/keystonemiddleware/auth_token/__init__.py:406}}
Nov 28 16:49:45 user devstack@keystone.service[46339]: DEBUG keystone.server.flask.request_processing.middleware.auth_context [None req-1d8d2cf1-4335-4403-a15a-bd322cf3fcf9 None admin] Validating token access rules against request {{(pid=46339) validate_allowed_request /opt/stack/data/venv/lib/python3.10/site-packages/keystonemiddleware/auth_token/__init__.py:544}}
Nov 28 16:49:45 user devstack@keystone.service[46340]: DEBUG keystone.server.flask.request_processing.middleware.auth_context [None req-113a8fb1-77a2-459a-bac4-2a3008d2fdd4 None admin] Validating token access rules against request {{(pid=46340) validate_allowed_request /opt/stack/data/venv/lib/python3.10/site-packages/keystonemiddleware/auth_token/__init__.py:544}}
Nov 28 16:49:45 user devstack@keystone.service[46339]: DEBUG keystone.server.flask.request_processing.middleware.auth_context [None req-1eee0941-8a8e-495f-91d2-26a3565a2246 None admin] RBAC: auth_context: {'token': , 'domain_id': None, 'trust_id': None, 'trustor_id': None, 'trustee_id': None, 'domain_name': None, 'group_ids': [], 'user_id': '94e62fd408ed46b6a1ce597f038debba', 'user_domain_id': 'default', 'system_scope': 'all', 'project_id': None, 'project_domain_id': None, 'roles': ['admin', 'manager', 'member', 'reader'], 'is_admin_project': True, 'service_user_id': None, 'service_user_domain_id': None, 'service_project_id': None, 'service_project_domain_id': None, 'service_roles': []} {{(pid=46339) fill_context /opt/stack/keystone/keystone/server/flask/request_processing/middleware/auth_context.py:480}}
Nov 28 16:49:45 user devstack@keystone.service[46339]: DEBUG keystone.server.flask.request_processing.req_logging [None req-1eee0941-8a8e-495f-91d2-26a3565a2246 None admin] REQUEST_METHOD: `GET` {{(pid=46339) log_request_info /opt/stack/keystone/keystone/server/flask/request_processing/req_logging.py:27}}
Nov 28 16:49:45 user devstack@keystone.service[46339]: DEBUG keystone.server.flask.request_processing.req_logging [None req-1eee0941-8a8e-495f-91d2-26a3565a2246 None admin] SCRIPT_NAME: `/identity` {{(pid=46339) log_request_info /opt/stack/keystone/keystone/server/flask/request_processing/req_logging.py:28}}
Nov 28 16:49:45 user devstack@keystone.service[46339]: DEBUG keystone.server.flask.request_processing.req_logging [None req-1eee0941-8a8e-495f-91d2-26a3565a2246 None admin] PATH_INFO: `/v3/roles` {{(pid=46339) log_request_info /opt/stack/keystone/keystone/server/flask/request_processing/req_logging.py:29}}
Nov 28 16:49:45 user devstack@keystone.service[46339]: DEBUG keystone.common.rbac_enforcer.enforcer [None req-1eee0941-8a8e-495f-91d2-26a3565a2246 None admin] RBAC: Adding query filter params (name=member) {{(pid=46339) _extract_filter_values /opt/stack/keystone/keystone/common/rbac_enforcer/enforcer.py:167}}
Nov 28 16:49:45 user devstack@keystone.service[46339]: DEBUG keystone.common.rbac_enforcer.enforcer [None req-1eee0941-8a8e-495f-91d2-26a3565a2246 None admin] RBAC: Authorizing `identity:list_roles()` {{(pid=46339) enforce_call /opt/stack/keystone/keystone/common/rbac_enforcer/enforcer.py:449}}
Nov 28 16:49:45 user devstack@keystone.service[46339]: DEBUG keystone.common.rbac_enforcer.enforcer [None req-1eee0941-8a8e-495f-91d2-26a3565a2246 None admin] RBAC: Authorization granted {{(pid=46339) enforce_call /opt/stack/keystone/keystone/common/rbac_enforcer/enforcer.py:457}}
Nov 28 16:49:45 user devstack@keystone.service[46339]: [pid: 46339|app: 0|req: 67/202] 10.0.0.210 () {56 vars in 1096 bytes} [Tue Nov 28 16:49:45 2023] GET /identity/v3/roles?name=member => generated 339 bytes in 144 msecs (HTTP/1.1 200) 5 headers in 177 bytes (1 switches on core 0)
Nov 28 16:49:45 user devstack@keystone.service[46341]: DEBUG keystone.server.flask.request_processing.middleware.auth_context [None req-5fd4fd2f-77e8-43ce-8ec6-8e0587c5f550 None admin] Authenticating user token {{(pid=46341) process_request /opt/stack/data/venv/lib/python3.10/site-packages/keystonemiddleware/auth_token/__init__.py:406}}
Nov 28 16:49:45 user devstack@keystone.service[46340]: DEBUG keystone.server.flask.request_processing.middleware.auth_context [None req-a454a6c3-549d-4414-a5a8-71077986e76e None admin] RBAC: auth_context: {'token': , 'domain_id': None, 'trust_id': None, 'trustor_id': None, 'trustee_id': None, 'domain_name': None, 'group_ids': [], 'user_id': '94e62fd408ed46b6a1ce597f038debba', 'user_domain_id': 'default', 'system_scope': 'all', 'project_id': None, 'project_domain_id': None, 'roles': ['admin', 'manager', 'member', 'reader'], 'is_admin_project': True, 'service_user_id': None, 'service_user_domain_id': None, 'service_project_id': None, 'service_project_domain_id': None, 'service_roles': []} {{(pid=46340) fill_context /opt/stack/keystone/keystone/server/flask/request_processing/middleware/auth_context.py:480}}
Nov 28 16:49:45 user devstack@keystone.service[46340]: DEBUG keystone.server.flask.request_processing.req_logging [None req-a454a6c3-549d-4414-a5a8-71077986e76e None admin] REQUEST_METHOD: `PUT` {{(pid=46340) log_request_info /opt/stack/keystone/keystone/server/flask/request_processing/req_logging.py:27}}
Nov 28 16:49:45 user devstack@keystone.service[46340]: DEBUG keystone.server.flask.request_processing.req_logging [None req-a454a6c3-549d-4414-a5a8-71077986e76e None admin] SCRIPT_NAME: `/identity` {{(pid=46340) log_request_info /opt/stack/keystone/keystone/server/flask/request_processing/req_logging.py:28}}
Nov 28 16:49:45 user devstack@keystone.service[46340]: DEBUG keystone.server.flask.request_processing.req_logging [None req-a454a6c3-549d-4414-a5a8-71077986e76e None admin] PATH_INFO: `/v3/projects/727f984d688a49f091096bfb97863380/users/82e1747e1af54c6ca1e484c7be7b2828/roles/c3f3f0681c94457db5b458f865de1787` {{(pid=46340) log_request_info /opt/stack/keystone/keystone/server/flask/request_processing/req_logging.py:29}}
Nov 28 16:49:45 user devstack@keystone.service[46340]: DEBUG keystone.common.rbac_enforcer.enforcer [None req-a454a6c3-549d-4414-a5a8-71077986e76e None admin] RBAC: Authorizing `identity:create_grant(project_id=727f984d688a49f091096bfb97863380, user_id=82e1747e1af54c6ca1e484c7be7b2828, role_id=c3f3f0681c94457db5b458f865de1787)` {{(pid=46340) enforce_call /opt/stack/keystone/keystone/common/rbac_enforcer/enforcer.py:449}}
Nov 28 16:49:45 user devstack@keystone.service[46340]: DEBUG keystone.common.rbac_enforcer.enforcer [None req-a454a6c3-549d-4414-a5a8-71077986e76e None admin] RBAC: Authorization granted {{(pid=46340) enforce_call /opt/stack/keystone/keystone/common/rbac_enforcer/enforcer.py:457}}
Nov 28 16:49:45 user devstack@keystone.service[46340]: [pid: 46340|app: 0|req: 65/203] 10.0.0.210 () {58 vars in 1434 bytes} [Tue Nov 28 16:49:45 2023] PUT /identity/v3/projects/727f984d688a49f091096bfb97863380/users/82e1747e1af54c6ca1e484c7be7b2828/roles/c3f3f0681c94457db5b458f865de1787 => generated 0 bytes in 161 msecs (HTTP/1.1 204) 3 headers in 132 bytes (0 switches on core 0)
Nov 28 16:49:45 user devstack@keystone.service[46341]: DEBUG keystone.server.flask.request_processing.middleware.auth_context [None req-5fd4fd2f-77e8-43ce-8ec6-8e0587c5f550 None admin] Validating token access rules against request {{(pid=46341) validate_allowed_request /opt/stack/data/venv/lib/python3.10/site-packages/keystonemiddleware/auth_token/__init__.py:544}}
Nov 28 16:49:45 user devstack@keystone.service[46341]: DEBUG keystone.server.flask.request_processing.middleware.auth_context [None req-9c95ddbf-3e49-4adb-99bc-709d4b5bbcda None admin] RBAC: auth_context: {'token': , 'domain_id': None, 'trust_id': None, 'trustor_id': None, 'trustee_id': None, 'domain_name': None, 'group_ids': [], 'user_id': '94e62fd408ed46b6a1ce597f038debba', 'user_domain_id': 'default', 'system_scope': 'all', 'project_id': None, 'project_domain_id': None, 'roles': ['admin', 'manager', 'member', 'reader'], 'is_admin_project': True, 'service_user_id': None, 'service_user_domain_id': None, 'service_project_id': None, 'service_project_domain_id': None, 'service_roles': []} {{(pid=46341) fill_context /opt/stack/keystone/keystone/server/flask/request_processing/middleware/auth_context.py:480}}
Nov 28 16:49:45 user devstack@keystone.service[46341]: DEBUG keystone.server.flask.request_processing.req_logging [None req-9c95ddbf-3e49-4adb-99bc-709d4b5bbcda None admin] REQUEST_METHOD: `GET` {{(pid=46341) log_request_info /opt/stack/keystone/keystone/server/flask/request_processing/req_logging.py:27}}
Nov 28 16:49:45 user devstack@keystone.service[46341]: DEBUG keystone.server.flask.request_processing.req_logging [None req-9c95ddbf-3e49-4adb-99bc-709d4b5bbcda None admin] SCRIPT_NAME: `/identity` {{(pid=46341) log_request_info /opt/stack/keystone/keystone/server/flask/request_processing/req_logging.py:28}}
Nov 28 16:49:45 user devstack@keystone.service[46341]: DEBUG keystone.server.flask.request_processing.req_logging [None req-9c95ddbf-3e49-4adb-99bc-709d4b5bbcda None admin] PATH_INFO: `/v3/users/7481f512b98a47aeaa48a58144a31850` {{(pid=46341) log_request_info /opt/stack/keystone/keystone/server/flask/request_processing/req_logging.py:29}}
Nov 28 16:49:45 user devstack@keystone.service[46341]: DEBUG keystone.common.rbac_enforcer.enforcer [None req-9c95ddbf-3e49-4adb-99bc-709d4b5bbcda None admin] RBAC: Authorizing `identity:get_user(user_id=7481f512b98a47aeaa48a58144a31850)` {{(pid=46341) enforce_call /opt/stack/keystone/keystone/common/rbac_enforcer/enforcer.py:449}}
Nov 28 16:49:45 user devstack@keystone.service[46341]: DEBUG keystone.common.rbac_enforcer.enforcer [None req-9c95ddbf-3e49-4adb-99bc-709d4b5bbcda None admin] RBAC: Authorization granted {{(pid=46341) enforce_call /opt/stack/keystone/keystone/common/rbac_enforcer/enforcer.py:457}}
Nov 28 16:49:45 user devstack@keystone.service[46341]: [pid: 46341|app: 0|req: 72/204] 10.0.0.210 () {56 vars in 1172 bytes} [Tue Nov 28 16:49:45 2023] GET /identity/v3/users/7481f512b98a47aeaa48a58144a31850 => generated 296 bytes in 150 msecs (HTTP/1.1 200) 5 headers in 177 bytes (1 switches on core 0)
Nov 28 16:49:45 user devstack@keystone.service[46339]: DEBUG keystone.server.flask.request_processing.middleware.auth_context [None req-1eee0941-8a8e-495f-91d2-26a3565a2246 None admin] Authenticating user token {{(pid=46339) process_request /opt/stack/data/venv/lib/python3.10/site-packages/keystonemiddleware/auth_token/__init__.py:406}}
Nov 28 16:49:45 user devstack@keystone.service[46339]: DEBUG keystone.server.flask.request_processing.middleware.auth_context [None req-1eee0941-8a8e-495f-91d2-26a3565a2246 None admin] Validating token access rules against request {{(pid=46339) validate_allowed_request /opt/stack/data/venv/lib/python3.10/site-packages/keystonemiddleware/auth_token/__init__.py:544}}
Nov 28 16:49:45 user devstack@keystone.service[46339]: DEBUG keystone.server.flask.request_processing.middleware.auth_context [None req-ad0f9f43-4ff6-4e62-aa32-b7c6a927e0e8 None admin] RBAC: auth_context: {'token': , 'domain_id': None, 'trust_id': None, 'trustor_id': None, 'trustee_id': None, 'domain_name': None, 'group_ids': [], 'user_id': '94e62fd408ed46b6a1ce597f038debba', 'user_domain_id': 'default', 'system_scope': 'all', 'project_id': None, 'project_domain_id': None, 'roles': ['admin', 'manager', 'member', 'reader'], 'is_admin_project': True, 'service_user_id': None, 'service_user_domain_id': None, 'service_project_id': None, 'service_project_domain_id': None, 'service_roles': []} {{(pid=46339) fill_context /opt/stack/keystone/keystone/server/flask/request_processing/middleware/auth_context.py:480}}
Nov 28 16:49:45 user devstack@keystone.service[46339]: DEBUG keystone.server.flask.request_processing.req_logging [None req-ad0f9f43-4ff6-4e62-aa32-b7c6a927e0e8 None admin] REQUEST_METHOD: `GET` {{(pid=46339) log_request_info /opt/stack/keystone/keystone/server/flask/request_processing/req_logging.py:27}}
Nov 28 16:49:45 user devstack@keystone.service[46339]: DEBUG keystone.server.flask.request_processing.req_logging [None req-ad0f9f43-4ff6-4e62-aa32-b7c6a927e0e8 None admin] SCRIPT_NAME: `/identity` {{(pid=46339) log_request_info /opt/stack/keystone/keystone/server/flask/request_processing/req_logging.py:28}}
Nov 28 16:49:45 user devstack@keystone.service[46339]: DEBUG keystone.server.flask.request_processing.req_logging [None req-ad0f9f43-4ff6-4e62-aa32-b7c6a927e0e8 None admin] PATH_INFO: `/v3/auth/tokens` {{(pid=46339) log_request_info /opt/stack/keystone/keystone/server/flask/request_processing/req_logging.py:29}}
Nov 28 16:49:45 user devstack@keystone.service[46339]: DEBUG keystone.common.rbac_enforcer.enforcer [None req-ad0f9f43-4ff6-4e62-aa32-b7c6a927e0e8 None admin] RBAC: Authorizing `identity:validate_token()` {{(pid=46339) enforce_call /opt/stack/keystone/keystone/common/rbac_enforcer/enforcer.py:449}}
Nov 28 16:49:45 user devstack@keystone.service[46339]: DEBUG keystone.common.rbac_enforcer.enforcer [None req-ad0f9f43-4ff6-4e62-aa32-b7c6a927e0e8 None admin] RBAC: Authorization granted {{(pid=46339) enforce_call /opt/stack/keystone/keystone/common/rbac_enforcer/enforcer.py:457}}
Nov 28 16:49:45 user devstack@keystone.service[46339]: [pid: 46339|app: 0|req: 68/205] 10.0.0.210 () {58 vars in 1277 bytes} [Tue Nov 28 16:49:45 2023] GET /identity/v3/auth/tokens => generated 861 bytes in 287 msecs (HTTP/1.1 200) 6 headers in 358 bytes (1 switches on core 0)
Nov 28 16:49:45 user devstack@keystone.service[46340]: DEBUG keystone.server.flask.request_processing.middleware.auth_context [None req-a454a6c3-549d-4414-a5a8-71077986e76e None admin] Authenticating user token {{(pid=46340) process_request /opt/stack/data/venv/lib/python3.10/site-packages/keystonemiddleware/auth_token/__init__.py:406}}
Nov 28 16:49:45 user devstack@keystone.service[46340]: DEBUG keystone.server.flask.request_processing.middleware.auth_context [None req-a454a6c3-549d-4414-a5a8-71077986e76e None admin] Validating token access rules against request {{(pid=46340) validate_allowed_request /opt/stack/data/venv/lib/python3.10/site-packages/keystonemiddleware/auth_token/__init__.py:544}}
Nov 28 16:49:45 user devstack@keystone.service[46340]: DEBUG keystone.server.flask.request_processing.middleware.auth_context [None req-4cd25a43-4a7f-40cb-b482-3e93ea9d4c59 None admin] RBAC: auth_context: {'token': , 'domain_id': None, 'trust_id': None, 'trustor_id': None, 'trustee_id': None, 'domain_name': None, 'group_ids': [], 'user_id': '94e62fd408ed46b6a1ce597f038debba', 'user_domain_id': 'default', 'system_scope': 'all', 'project_id': None, 'project_domain_id': None, 'roles': ['admin', 'manager', 'member', 'reader'], 'is_admin_project': True, 'service_user_id': None, 'service_user_domain_id': None, 'service_project_id': None, 'service_project_domain_id': None, 'service_roles': []} {{(pid=46340) fill_context /opt/stack/keystone/keystone/server/flask/request_processing/middleware/auth_context.py:480}}
Nov 28 16:49:45 user devstack@keystone.service[46340]: DEBUG keystone.server.flask.request_processing.req_logging [None req-4cd25a43-4a7f-40cb-b482-3e93ea9d4c59 None admin] REQUEST_METHOD: `GET` {{(pid=46340) log_request_info /opt/stack/keystone/keystone/server/flask/request_processing/req_logging.py:27}}
Nov 28 16:49:45 user devstack@keystone.service[46340]: DEBUG keystone.server.flask.request_processing.req_logging [None req-4cd25a43-4a7f-40cb-b482-3e93ea9d4c59 None admin] SCRIPT_NAME: `/identity` {{(pid=46340) log_request_info /opt/stack/keystone/keystone/server/flask/request_processing/req_logging.py:28}}
Nov 28 16:49:45 user devstack@keystone.service[46340]: DEBUG keystone.server.flask.request_processing.req_logging [None req-4cd25a43-4a7f-40cb-b482-3e93ea9d4c59 None admin] PATH_INFO: `/v3/projects/727f984d688a49f091096bfb97863380` {{(pid=46340) log_request_info /opt/stack/keystone/keystone/server/flask/request_processing/req_logging.py:29}}
Nov 28 16:49:45 user devstack@keystone.service[46340]: DEBUG keystone.common.rbac_enforcer.enforcer [None req-4cd25a43-4a7f-40cb-b482-3e93ea9d4c59 None admin] RBAC: Authorizing `identity:get_project(project_id=727f984d688a49f091096bfb97863380)` {{(pid=46340) enforce_call /opt/stack/keystone/keystone/common/rbac_enforcer/enforcer.py:449}}
Nov 28 16:49:45 user devstack@keystone.service[46340]: DEBUG keystone.common.rbac_enforcer.enforcer [None req-4cd25a43-4a7f-40cb-b482-3e93ea9d4c59 None admin] RBAC: Authorization granted {{(pid=46340) enforce_call /opt/stack/keystone/keystone/common/rbac_enforcer/enforcer.py:457}}
Nov 28 16:49:45 user devstack@keystone.service[46340]: [pid: 46340|app: 0|req: 66/206] 10.0.0.210 () {56 vars in 1181 bytes} [Tue Nov 28 16:49:45 2023] GET /identity/v3/projects/727f984d688a49f091096bfb97863380 => generated 301 bytes in 131 msecs (HTTP/1.1 200) 5 headers in 177 bytes (1 switches on core 0)
Nov 28 16:49:45 user devstack@keystone.service[46341]: DEBUG keystone.server.flask.request_processing.middleware.auth_context [None req-9c95ddbf-3e49-4adb-99bc-709d4b5bbcda None admin] Authenticating user token {{(pid=46341) process_request /opt/stack/data/venv/lib/python3.10/site-packages/keystonemiddleware/auth_token/__init__.py:406}}
Nov 28 16:49:45 user devstack@keystone.service[46341]: DEBUG keystone.server.flask.request_processing.middleware.auth_context [None req-9c95ddbf-3e49-4adb-99bc-709d4b5bbcda None admin] Validating token access rules against request {{(pid=46341) validate_allowed_request /opt/stack/data/venv/lib/python3.10/site-packages/keystonemiddleware/auth_token/__init__.py:544}}
Nov 28 16:49:45 user devstack@keystone.service[46341]: DEBUG keystone.server.flask.request_processing.middleware.auth_context [None req-21644cea-210a-4ea6-b3c6-fd4022af28d2 None admin] RBAC: auth_context: {'token': , 'domain_id': None, 'trust_id': None, 'trustor_id': None, 'trustee_id': None, 'domain_name': None, 'group_ids': [], 'user_id': '94e62fd408ed46b6a1ce597f038debba', 'user_domain_id': 'default', 'system_scope': 'all', 'project_id': None, 'project_domain_id': None, 'roles': ['admin', 'manager', 'member', 'reader'], 'is_admin_project': True, 'service_user_id': None, 'service_user_domain_id': None, 'service_project_id': None, 'service_project_domain_id': None, 'service_roles': []} {{(pid=46341) fill_context /opt/stack/keystone/keystone/server/flask/request_processing/middleware/auth_context.py:480}}
Nov 28 16:49:45 user devstack@keystone.service[46341]: DEBUG keystone.server.flask.request_processing.req_logging [None req-21644cea-210a-4ea6-b3c6-fd4022af28d2 None admin] REQUEST_METHOD: `GET` {{(pid=46341) log_request_info /opt/stack/keystone/keystone/server/flask/request_processing/req_logging.py:27}}
Nov 28 16:49:45 user devstack@keystone.service[46341]: DEBUG keystone.server.flask.request_processing.req_logging [None req-21644cea-210a-4ea6-b3c6-fd4022af28d2 None admin] SCRIPT_NAME: `/identity` {{(pid=46341) log_request_info /opt/stack/keystone/keystone/server/flask/request_processing/req_logging.py:28}}
Nov 28 16:49:45 user devstack@keystone.service[46341]: DEBUG keystone.server.flask.request_processing.req_logging [None req-21644cea-210a-4ea6-b3c6-fd4022af28d2 None admin] PATH_INFO: `/v3/role_assignments` {{(pid=46341) log_request_info /opt/stack/keystone/keystone/server/flask/request_processing/req_logging.py:29}}
Nov 28 16:49:45 user devstack@keystone.service[46341]: DEBUG keystone.common.rbac_enforcer.enforcer [None req-21644cea-210a-4ea6-b3c6-fd4022af28d2 None admin] RBAC: Adding query filter params (role.id=d1db804dcfa84266bdfab459a3ffd486, scope.project.id=727f984d688a49f091096bfb97863380, user.id=7481f512b98a47aeaa48a58144a31850) {{(pid=46341) _extract_filter_values /opt/stack/keystone/keystone/common/rbac_enforcer/enforcer.py:167}}
Nov 28 16:49:45 user devstack@keystone.service[46341]: DEBUG keystone.common.rbac_enforcer.enforcer [None req-21644cea-210a-4ea6-b3c6-fd4022af28d2 None admin] RBAC: Authorizing `identity:list_role_assignments()` {{(pid=46341) enforce_call /opt/stack/keystone/keystone/common/rbac_enforcer/enforcer.py:449}}
Nov 28 16:49:45 user devstack@keystone.service[46341]: DEBUG keystone.common.rbac_enforcer.enforcer [None req-21644cea-210a-4ea6-b3c6-fd4022af28d2 None admin] RBAC: Authorization granted {{(pid=46341) enforce_call /opt/stack/keystone/keystone/common/rbac_enforcer/enforcer.py:457}}
Nov 28 16:49:45 user devstack@keystone.service[46341]: [pid: 46341|app: 0|req: 73/207] 10.0.0.210 () {56 vars in 1369 bytes} [Tue Nov 28 16:49:45 2023] GET /identity/v3/role_assignments?user.id=7481f512b98a47aeaa48a58144a31850&scope.project.id=727f984d688a49f091096bfb97863380&role.id=d1db804dcfa84266bdfab459a3ffd486 => generated 606 bytes in 130 msecs (HTTP/1.1 200) 5 headers in 177 bytes (1 switches on core 0)
Nov 28 16:49:46 user devstack@keystone.service[46339]: DEBUG keystone.server.flask.request_processing.req_logging [None req-3018384d-1fa4-45ca-bd57-4dd100e53128 None None] REQUEST_METHOD: `GET` {{(pid=46339) log_request_info /opt/stack/keystone/keystone/server/flask/request_processing/req_logging.py:27}}
Nov 28 16:49:46 user devstack@keystone.service[46339]: DEBUG keystone.server.flask.request_processing.req_logging [None req-3018384d-1fa4-45ca-bd57-4dd100e53128 None None] SCRIPT_NAME: `/identity` {{(pid=46339) log_request_info /opt/stack/keystone/keystone/server/flask/request_processing/req_logging.py:28}}
Nov 28 16:49:46 user devstack@keystone.service[46339]: DEBUG keystone.server.flask.request_processing.req_logging [None req-3018384d-1fa4-45ca-bd57-4dd100e53128 None None] PATH_INFO: `/` {{(pid=46339) log_request_info /opt/stack/keystone/keystone/server/flask/request_processing/req_logging.py:29}}
Nov 28 16:49:46 user devstack@keystone.service[46339]: [pid: 46339|app: 0|req: 69/208] 10.0.0.210 () {54 vars in 921 bytes} [Tue Nov 28 16:49:46 2023] GET /identity => generated 269 bytes in 3 msecs (HTTP/1.1 300) 6 headers in 233 bytes (1 switches on core 0)
Nov 28 16:49:46 user devstack@keystone.service[46340]: DEBUG keystone.server.flask.request_processing.req_logging [None req-7ad6ff0f-6304-4cd3-92e2-7df06fbb603c None None] REQUEST_METHOD: `POST` {{(pid=46340) log_request_info /opt/stack/keystone/keystone/server/flask/request_processing/req_logging.py:27}}
Nov 28 16:49:46 user devstack@keystone.service[46340]: DEBUG keystone.server.flask.request_processing.req_logging [None req-7ad6ff0f-6304-4cd3-92e2-7df06fbb603c None None] SCRIPT_NAME: `/identity` {{(pid=46340) log_request_info /opt/stack/keystone/keystone/server/flask/request_processing/req_logging.py:28}}
Nov 28 16:49:46 user devstack@keystone.service[46340]: DEBUG keystone.server.flask.request_processing.req_logging [None req-7ad6ff0f-6304-4cd3-92e2-7df06fbb603c None None] PATH_INFO: `/v3/auth/tokens` {{(pid=46340) log_request_info /opt/stack/keystone/keystone/server/flask/request_processing/req_logging.py:29}}
