Dec 01 19:05:06 user devstack@keystone.service[46410]: [pid: 46410|app: 0|req: 27/86] 10.0.0.210 () {56 vars in 1181 bytes} [Fri Dec 1 19:05:06 2023] GET /identity/v3/projects/e227e6a7c08149a099dc2843ab6c5b6c => generated 311 bytes in 162 msecs (HTTP/1.1 200) 5 headers in 177 bytes (1 switches on core 0)
Dec 01 19:05:06 user devstack@keystone.service[46412]: DEBUG keystone.server.flask.request_processing.middleware.auth_context [None req-16bc940e-906e-4366-b0ad-fbd2d115f147 None admin] Authenticating user token {{(pid=46412) process_request /opt/stack/data/venv/lib/python3.10/site-packages/keystonemiddleware/auth_token/__init__.py:406}}
Dec 01 19:05:06 user devstack@keystone.service[46411]: DEBUG keystone.server.flask.request_processing.middleware.auth_context [None req-e0db2d5c-3a95-4698-b150-51f4a075ec86 None admin] Validating token access rules against request {{(pid=46411) validate_allowed_request /opt/stack/data/venv/lib/python3.10/site-packages/keystonemiddleware/auth_token/__init__.py:544}}
Dec 01 19:05:06 user devstack@keystone.service[46411]: DEBUG keystone.server.flask.request_processing.middleware.auth_context [None req-d8589899-592b-4ecf-bb74-03b8e26d19ea None admin] RBAC: auth_context: {'token': , 'domain_id': None, 'trust_id': None, 'trustor_id': None, 'trustee_id': None, 'domain_name': None, 'group_ids': [], 'user_id': '351d0fd710f34359a48fd3ecf802699f', 'user_domain_id': 'default', 'system_scope': 'all', 'project_id': None, 'project_domain_id': None, 'roles': ['admin', 'manager', 'member', 'reader'], 'is_admin_project': True, 'service_user_id': None, 'service_user_domain_id': None, 'service_project_id': None, 'service_project_domain_id': None, 'service_roles': []} {{(pid=46411) fill_context /opt/stack/keystone/keystone/server/flask/request_processing/middleware/auth_context.py:480}}
Dec 01 19:05:06 user devstack@keystone.service[46411]: DEBUG keystone.server.flask.request_processing.req_logging [None req-d8589899-592b-4ecf-bb74-03b8e26d19ea None admin] REQUEST_METHOD: `PUT` {{(pid=46411) log_request_info /opt/stack/keystone/keystone/server/flask/request_processing/req_logging.py:27}}
Dec 01 19:05:06 user devstack@keystone.service[46411]: DEBUG keystone.server.flask.request_processing.req_logging [None req-d8589899-592b-4ecf-bb74-03b8e26d19ea None admin] SCRIPT_NAME: `/identity` {{(pid=46411) log_request_info /opt/stack/keystone/keystone/server/flask/request_processing/req_logging.py:28}}
Dec 01 19:05:06 user devstack@keystone.service[46411]: DEBUG keystone.server.flask.request_processing.req_logging [None req-d8589899-592b-4ecf-bb74-03b8e26d19ea None admin] PATH_INFO: `/v3/projects/b91640da515949eb909aab6a52ca583c/users/8d2240d8c02f41289b37d34ed6c89990/roles/e872447eeb9b40f9a94643622e4b0b7a` {{(pid=46411) log_request_info /opt/stack/keystone/keystone/server/flask/request_processing/req_logging.py:29}}
Dec 01 19:05:06 user devstack@keystone.service[46411]: DEBUG keystone.common.rbac_enforcer.enforcer [None req-d8589899-592b-4ecf-bb74-03b8e26d19ea None admin] RBAC: Authorizing `identity:create_grant(project_id=b91640da515949eb909aab6a52ca583c, user_id=8d2240d8c02f41289b37d34ed6c89990, role_id=e872447eeb9b40f9a94643622e4b0b7a)` {{(pid=46411) enforce_call /opt/stack/keystone/keystone/common/rbac_enforcer/enforcer.py:449}}
Dec 01 19:05:06 user devstack@keystone.service[46411]: DEBUG keystone.common.rbac_enforcer.enforcer [None req-d8589899-592b-4ecf-bb74-03b8e26d19ea None admin] RBAC: Authorization granted {{(pid=46411) enforce_call /opt/stack/keystone/keystone/common/rbac_enforcer/enforcer.py:457}}
Dec 01 19:05:06 user devstack@keystone.service[46411]: [pid: 46411|app: 0|req: 28/87] 10.0.0.210 () {58 vars in 1434 bytes} [Fri Dec 1 19:05:06 2023] PUT /identity/v3/projects/b91640da515949eb909aab6a52ca583c/users/8d2240d8c02f41289b37d34ed6c89990/roles/e872447eeb9b40f9a94643622e4b0b7a => generated 0 bytes in 168 msecs (HTTP/1.1 204) 3 headers in 132 bytes (0 switches on core 0)
Dec 01 19:05:06 user devstack@keystone.service[46412]: DEBUG keystone.server.flask.request_processing.middleware.auth_context [None req-16bc940e-906e-4366-b0ad-fbd2d115f147 None admin] Validating token access rules against request {{(pid=46412) validate_allowed_request /opt/stack/data/venv/lib/python3.10/site-packages/keystonemiddleware/auth_token/__init__.py:544}}
Dec 01 19:05:07 user devstack@keystone.service[46412]: DEBUG keystone.server.flask.request_processing.middleware.auth_context [None req-cf25b909-bd7b-4a67-902c-13982c93032b None admin] RBAC: auth_context: {'token': , 'domain_id': None, 'trust_id': None, 'trustor_id': None, 'trustee_id': None, 'domain_name': None, 'group_ids': [], 'user_id': '351d0fd710f34359a48fd3ecf802699f', 'user_domain_id': 'default', 'system_scope': 'all', 'project_id': None, 'project_domain_id': None, 'roles': ['admin', 'manager', 'member', 'reader'], 'is_admin_project': True, 'service_user_id': None, 'service_user_domain_id': None, 'service_project_id': None, 'service_project_domain_id': None, 'service_roles': []} {{(pid=46412) fill_context /opt/stack/keystone/keystone/server/flask/request_processing/middleware/auth_context.py:480}}
Dec 01 19:05:07 user devstack@keystone.service[46412]: DEBUG keystone.server.flask.request_processing.req_logging [None req-cf25b909-bd7b-4a67-902c-13982c93032b None admin] REQUEST_METHOD: `PUT` {{(pid=46412) log_request_info /opt/stack/keystone/keystone/server/flask/request_processing/req_logging.py:27}}
Dec 01 19:05:07 user devstack@keystone.service[46412]: DEBUG keystone.server.flask.request_processing.req_logging [None req-cf25b909-bd7b-4a67-902c-13982c93032b None admin] SCRIPT_NAME: `/identity` {{(pid=46412) log_request_info /opt/stack/keystone/keystone/server/flask/request_processing/req_logging.py:28}}
Dec 01 19:05:07 user devstack@keystone.service[46412]: DEBUG keystone.server.flask.request_processing.req_logging [None req-cf25b909-bd7b-4a67-902c-13982c93032b None admin] PATH_INFO: `/v3/projects/e227e6a7c08149a099dc2843ab6c5b6c/users/8d2240d8c02f41289b37d34ed6c89990/roles/dde6203324be4e0897f801c7d499a370` {{(pid=46412) log_request_info /opt/stack/keystone/keystone/server/flask/request_processing/req_logging.py:29}}
Dec 01 19:05:07 user devstack@keystone.service[46412]: DEBUG keystone.common.rbac_enforcer.enforcer [None req-cf25b909-bd7b-4a67-902c-13982c93032b None admin] RBAC: Authorizing `identity:create_grant(project_id=e227e6a7c08149a099dc2843ab6c5b6c, user_id=8d2240d8c02f41289b37d34ed6c89990, role_id=dde6203324be4e0897f801c7d499a370)` {{(pid=46412) enforce_call /opt/stack/keystone/keystone/common/rbac_enforcer/enforcer.py:449}}
Dec 01 19:05:07 user devstack@keystone.service[46412]: DEBUG keystone.common.rbac_enforcer.enforcer [None req-cf25b909-bd7b-4a67-902c-13982c93032b None admin] RBAC: Authorization granted {{(pid=46412) enforce_call /opt/stack/keystone/keystone/common/rbac_enforcer/enforcer.py:457}}
Dec 01 19:05:07 user devstack@keystone.service[46412]: [pid: 46412|app: 0|req: 33/88] 10.0.0.210 () {58 vars in 1434 bytes} [Fri Dec 1 19:05:06 2023] PUT /identity/v3/projects/e227e6a7c08149a099dc2843ab6c5b6c/users/8d2240d8c02f41289b37d34ed6c89990/roles/dde6203324be4e0897f801c7d499a370 => generated 0 bytes in 421 msecs (HTTP/1.1 204) 3 headers in 132 bytes (0 switches on core 0)
Dec 01 19:05:07 user devstack@keystone.service[46410]: DEBUG keystone.server.flask.request_processing.req_logging [None req-77a249b7-c4de-4bb6-ba82-d3272ae4ee2b None None] REQUEST_METHOD: `GET` {{(pid=46410) log_request_info /opt/stack/keystone/keystone/server/flask/request_processing/req_logging.py:27}}
Dec 01 19:05:07 user devstack@keystone.service[46410]: DEBUG keystone.server.flask.request_processing.req_logging [None req-77a249b7-c4de-4bb6-ba82-d3272ae4ee2b None None] SCRIPT_NAME: `/identity` {{(pid=46410) log_request_info /opt/stack/keystone/keystone/server/flask/request_processing/req_logging.py:28}}
Dec 01 19:05:07 user devstack@keystone.service[46410]: DEBUG keystone.server.flask.request_processing.req_logging [None req-77a249b7-c4de-4bb6-ba82-d3272ae4ee2b None None] PATH_INFO: `/` {{(pid=46410) log_request_info /opt/stack/keystone/keystone/server/flask/request_processing/req_logging.py:29}}
Dec 01 19:05:07 user devstack@keystone.service[46410]: [pid: 46410|app: 0|req: 28/89] 10.0.0.210 () {54 vars in 921 bytes} [Fri Dec 1 19:05:07 2023] GET /identity => generated 269 bytes in 5 msecs (HTTP/1.1 300) 6 headers in 233 bytes (1 switches on core 0)
Dec 01 19:05:07 user devstack@keystone.service[46411]: DEBUG keystone.server.flask.request_processing.req_logging [None req-bbce172e-f008-4c0f-8fdf-4a0d828b66bb None None] REQUEST_METHOD: `POST` {{(pid=46411) log_request_info /opt/stack/keystone/keystone/server/flask/request_processing/req_logging.py:27}}
Dec 01 19:05:07 user devstack@keystone.service[46411]: DEBUG keystone.server.flask.request_processing.req_logging [None req-bbce172e-f008-4c0f-8fdf-4a0d828b66bb None None] SCRIPT_NAME: `/identity` {{(pid=46411) log_request_info /opt/stack/keystone/keystone/server/flask/request_processing/req_logging.py:28}}
Dec 01 19:05:07 user devstack@keystone.service[46411]: DEBUG keystone.server.flask.request_processing.req_logging [None req-bbce172e-f008-4c0f-8fdf-4a0d828b66bb None None] PATH_INFO: `/v3/auth/tokens` {{(pid=46411) log_request_info /opt/stack/keystone/keystone/server/flask/request_processing/req_logging.py:29}}
Dec 01 19:05:07 user devstack@keystone.service[46411]: WARNING keystone.common.password_hashing [None req-bbce172e-f008-4c0f-8fdf-4a0d828b66bb None None] Truncating password to algorithm specific maximum length 72 characters.
Dec 01 19:05:07 user devstack@keystone.service[46411]: DEBUG keystone.auth.core [None req-bbce172e-f008-4c0f-8fdf-4a0d828b66bb None None] MFA Rules not processed for user `351d0fd710f34359a48fd3ecf802699f`. Rule list: `[]` (Enabled: `True`). {{(pid=46411) check_auth_methods_against_rules /opt/stack/keystone/keystone/auth/core.py:438}}
Dec 01 19:05:07 user devstack@keystone.service[46411]: DEBUG keystone.common.fernet_utils [None req-bbce172e-f008-4c0f-8fdf-4a0d828b66bb None None] Loaded 2 Fernet keys from /etc/keystone/fernet-keys/, but `[fernet_tokens] max_active_keys = 3`; perhaps there have not been enough key rotations to reach `max_active_keys` yet? {{(pid=46411) load_keys /opt/stack/keystone/keystone/common/fernet_utils.py:286}}
Dec 01 19:05:07 user devstack@keystone.service[46411]: [pid: 46411|app: 0|req: 29/90] 10.0.0.210 () {58 vars in 1018 bytes} [Fri Dec 1 19:05:07 2023] POST /identity/v3/auth/tokens => generated 861 bytes in 88 msecs (HTTP/1.1 201) 6 headers in 363 bytes (1 switches on core 0)
Dec 01 19:05:08 user devstack@keystone.service[46412]: DEBUG keystone.server.flask.request_processing.middleware.auth_context [None req-cf25b909-bd7b-4a67-902c-13982c93032b None admin] Authenticating user token {{(pid=46412) process_request /opt/stack/data/venv/lib/python3.10/site-packages/keystonemiddleware/auth_token/__init__.py:406}}
Dec 01 19:05:08 user devstack@keystone.service[46412]: DEBUG keystone.server.flask.request_processing.middleware.auth_context [None req-cf25b909-bd7b-4a67-902c-13982c93032b None admin] Validating token access rules against request {{(pid=46412) validate_allowed_request /opt/stack/data/venv/lib/python3.10/site-packages/keystonemiddleware/auth_token/__init__.py:544}}
Dec 01 19:05:08 user devstack@keystone.service[46410]: DEBUG keystone.server.flask.request_processing.req_logging [None req-9eea44ee-5d30-433f-80ae-6d7a48c7b37b None None] REQUEST_METHOD: `GET` {{(pid=46410) log_request_info /opt/stack/keystone/keystone/server/flask/request_processing/req_logging.py:27}}
Dec 01 19:05:08 user devstack@keystone.service[46411]: DEBUG keystone.server.flask.request_processing.req_logging [None req-12614fdd-b202-497b-84b2-4e58f9c6812f None None] REQUEST_METHOD: `GET` {{(pid=46411) log_request_info /opt/stack/keystone/keystone/server/flask/request_processing/req_logging.py:27}}
Dec 01 19:05:08 user devstack@keystone.service[46410]: DEBUG keystone.server.flask.request_processing.req_logging [None req-9eea44ee-5d30-433f-80ae-6d7a48c7b37b None None] SCRIPT_NAME: `/identity` {{(pid=46410) log_request_info /opt/stack/keystone/keystone/server/flask/request_processing/req_logging.py:28}}
Dec 01 19:05:08 user devstack@keystone.service[46410]: DEBUG keystone.server.flask.request_processing.req_logging [None req-9eea44ee-5d30-433f-80ae-6d7a48c7b37b None None] PATH_INFO: `/` {{(pid=46410) log_request_info /opt/stack/keystone/keystone/server/flask/request_processing/req_logging.py:29}}
Dec 01 19:05:08 user devstack@keystone.service[46411]: DEBUG keystone.server.flask.request_processing.req_logging [None req-12614fdd-b202-497b-84b2-4e58f9c6812f None None] SCRIPT_NAME: `/identity` {{(pid=46411) log_request_info /opt/stack/keystone/keystone/server/flask/request_processing/req_logging.py:28}}
Dec 01 19:05:08 user devstack@keystone.service[46411]: DEBUG keystone.server.flask.request_processing.req_logging [None req-12614fdd-b202-497b-84b2-4e58f9c6812f None None] PATH_INFO: `/` {{(pid=46411) log_request_info /opt/stack/keystone/keystone/server/flask/request_processing/req_logging.py:29}}
Dec 01 19:05:08 user devstack@keystone.service[46411]: [pid: 46411|app: 0|req: 30/91] 10.0.0.210 () {54 vars in 921 bytes} [Fri Dec 1 19:05:08 2023] GET /identity => generated 269 bytes in 4 msecs (HTTP/1.1 300) 6 headers in 233 bytes (2 switches on core 0)
Dec 01 19:05:08 user devstack@keystone.service[46410]: [pid: 46410|app: 0|req: 29/92] 10.0.0.210 () {54 vars in 921 bytes} [Fri Dec 1 19:05:08 2023] GET /identity => generated 269 bytes in 6 msecs (HTTP/1.1 300) 6 headers in 233 bytes (1 switches on core 0)
Dec 01 19:05:08 user devstack@keystone.service[46410]: DEBUG keystone.server.flask.request_processing.req_logging [None req-85b96de6-f59e-4508-84a7-9dcf6ff5e170 None None] REQUEST_METHOD: `POST` {{(pid=46410) log_request_info /opt/stack/keystone/keystone/server/flask/request_processing/req_logging.py:27}}
Dec 01 19:05:08 user devstack@keystone.service[46410]: DEBUG keystone.server.flask.request_processing.req_logging [None req-85b96de6-f59e-4508-84a7-9dcf6ff5e170 None None] SCRIPT_NAME: `/identity` {{(pid=46410) log_request_info /opt/stack/keystone/keystone/server/flask/request_processing/req_logging.py:28}}
Dec 01 19:05:08 user devstack@keystone.service[46410]: DEBUG keystone.server.flask.request_processing.req_logging [None req-85b96de6-f59e-4508-84a7-9dcf6ff5e170 None None] PATH_INFO: `/v3/auth/tokens` {{(pid=46410) log_request_info /opt/stack/keystone/keystone/server/flask/request_processing/req_logging.py:29}}
Dec 01 19:05:08 user devstack@keystone.service[46411]: DEBUG keystone.server.flask.request_processing.req_logging [None req-842cd379-079a-4a2e-9e93-219ff0bb703f None None] REQUEST_METHOD: `POST` {{(pid=46411) log_request_info /opt/stack/keystone/keystone/server/flask/request_processing/req_logging.py:27}}
Dec 01 19:05:08 user devstack@keystone.service[46411]: DEBUG keystone.server.flask.request_processing.req_logging [None req-842cd379-079a-4a2e-9e93-219ff0bb703f None None] SCRIPT_NAME: `/identity` {{(pid=46411) log_request_info /opt/stack/keystone/keystone/server/flask/request_processing/req_logging.py:28}}
Dec 01 19:05:08 user devstack@keystone.service[46411]: DEBUG keystone.server.flask.request_processing.req_logging [None req-842cd379-079a-4a2e-9e93-219ff0bb703f None None] PATH_INFO: `/v3/auth/tokens` {{(pid=46411) log_request_info /opt/stack/keystone/keystone/server/flask/request_processing/req_logging.py:29}}
Dec 01 19:05:08 user devstack@keystone.service[46410]: WARNING keystone.common.password_hashing [None req-85b96de6-f59e-4508-84a7-9dcf6ff5e170 None None] Truncating password to algorithm specific maximum length 72 characters.
Dec 01 19:05:08 user devstack@keystone.service[46412]: DEBUG keystone.server.flask.request_processing.middleware.auth_context [None req-55e9486b-e9ab-4593-b207-ede48cca70d3 None admin] RBAC: auth_context: {'token': , 'domain_id': None, 'trust_id': None, 'trustor_id': None, 'trustee_id': None, 'domain_name': None, 'group_ids': [], 'user_id': '351d0fd710f34359a48fd3ecf802699f', 'user_domain_id': 'default', 'system_scope': 'all', 'project_id': None, 'project_domain_id': None, 'roles': ['admin', 'manager', 'member', 'reader'], 'is_admin_project': True, 'service_user_id': None, 'service_user_domain_id': None, 'service_project_id': None, 'service_project_domain_id': None, 'service_roles': []} {{(pid=46412) fill_context /opt/stack/keystone/keystone/server/flask/request_processing/middleware/auth_context.py:480}}
Dec 01 19:05:08 user devstack@keystone.service[46412]: DEBUG keystone.server.flask.request_processing.req_logging [None req-55e9486b-e9ab-4593-b207-ede48cca70d3 None admin] REQUEST_METHOD: `GET` {{(pid=46412) log_request_info /opt/stack/keystone/keystone/server/flask/request_processing/req_logging.py:27}}
Dec 01 19:05:08 user devstack@keystone.service[46412]: DEBUG keystone.server.flask.request_processing.req_logging [None req-55e9486b-e9ab-4593-b207-ede48cca70d3 None admin] SCRIPT_NAME: `/identity` {{(pid=46412) log_request_info /opt/stack/keystone/keystone/server/flask/request_processing/req_logging.py:28}}
Dec 01 19:05:08 user devstack@keystone.service[46412]: DEBUG keystone.server.flask.request_processing.req_logging [None req-55e9486b-e9ab-4593-b207-ede48cca70d3 None admin] PATH_INFO: `/v3/roles/member` {{(pid=46412) log_request_info /opt/stack/keystone/keystone/server/flask/request_processing/req_logging.py:29}}
Dec 01 19:05:08 user devstack@keystone.service[46410]: DEBUG keystone.auth.core [None req-85b96de6-f59e-4508-84a7-9dcf6ff5e170 None None] MFA Rules not processed for user `351d0fd710f34359a48fd3ecf802699f`. Rule list: `[]` (Enabled: `True`). {{(pid=46410) check_auth_methods_against_rules /opt/stack/keystone/keystone/auth/core.py:438}}
Dec 01 19:05:08 user devstack@keystone.service[46410]: DEBUG keystone.common.fernet_utils [None req-85b96de6-f59e-4508-84a7-9dcf6ff5e170 None None] Loaded 2 Fernet keys from /etc/keystone/fernet-keys/, but `[fernet_tokens] max_active_keys = 3`; perhaps there have not been enough key rotations to reach `max_active_keys` yet? {{(pid=46410) load_keys /opt/stack/keystone/keystone/common/fernet_utils.py:286}}
Dec 01 19:05:08 user devstack@keystone.service[46412]: DEBUG keystone.common.rbac_enforcer.enforcer [None req-55e9486b-e9ab-4593-b207-ede48cca70d3 None admin] Extracting inferred target data resulted in "NOT FOUND (404)". {{(pid=46412) enforce_call /opt/stack/keystone/keystone/common/rbac_enforcer/enforcer.py:409}}
Dec 01 19:05:08 user devstack@keystone.service[46411]: WARNING keystone.common.password_hashing [None req-842cd379-079a-4a2e-9e93-219ff0bb703f None None] Truncating password to algorithm specific maximum length 72 characters.
Dec 01 19:05:08 user devstack@keystone.service[46412]: ERROR keystone.server.flask.application [None req-55e9486b-e9ab-4593-b207-ede48cca70d3 None admin] Could not find role: member.: keystone.exception.RoleNotFound: Could not find role: member.
Dec 01 19:05:08 user devstack@keystone.service[46412]: ERROR keystone.server.flask.application
Traceback (most recent call last):
Dec 01 19:05:08 user devstack@keystone.service[46412]: ERROR keystone.server.flask.application
File "/opt/stack/data/venv/lib/python3.10/site-packages/flask/app.py", line 1823, in full_dispatch_request
Dec 01 19:05:08 user devstack@keystone.service[46412]: ERROR keystone.server.flask.application rv = self.dispatch_request()
Dec 01 19:05:08 user devstack@keystone.service[46412]: ERROR keystone.server.flask.application
File "/opt/stack/data/venv/lib/python3.10/site-packages/flask/app.py", line 1799, in dispatch_request
Dec 01 19:05:08 user devstack@keystone.service[46412]: ERROR keystone.server.flask.application return self.ensure_sync(self.view_functions[rule.endpoint])(**view_args)
Dec 01 19:05:08 user devstack@keystone.service[46412]: ERROR keystone.server.flask.application
File "/opt/stack/data/venv/lib/python3.10/site-packages/flask_restful/__init__.py", line 489, in wrapper
Dec 01 19:05:08 user devstack@keystone.service[46412]: ERROR keystone.server.flask.application resp = resource(*args, **kwargs)
Dec 01 19:05:08 user devstack@keystone.service[46412]: ERROR keystone.server.flask.application
File "/opt/stack/data/venv/lib/python3.10/site-packages/flask/views.py", line 107, in view
Dec 01 19:05:08 user devstack@keystone.service[46412]: ERROR keystone.server.flask.application return current_app.ensure_sync(self.dispatch_request)(**kwargs)
Dec 01 19:05:08 user devstack@keystone.service[46412]: ERROR keystone.server.flask.application
File "/opt/stack/data/venv/lib/python3.10/site-packages/flask_restful/__init__.py", line 604, in dispatch_request
Dec 01 19:05:08 user devstack@keystone.service[46412]: ERROR keystone.server.flask.application resp = meth(*args, **kwargs)
Dec 01 19:05:08 user devstack@keystone.service[46412]: ERROR keystone.server.flask.application
File "/opt/stack/keystone/keystone/api/roles.py", line 50, in get
Dec 01 19:05:08 user devstack@keystone.service[46412]: ERROR keystone.server.flask.application return self._get_role(role_id)
Dec 01 19:05:08 user devstack@keystone.service[46412]: ERROR keystone.server.flask.application
File "/opt/stack/keystone/keystone/api/roles.py", line 70, in _get_role
Dec 01 19:05:08 user devstack@keystone.service[46412]: ERROR keystone.server.flask.application ENFORCER.enforce_call(action='identity:get_role')
Dec 01 19:05:08 user devstack@keystone.service[46412]: ERROR keystone.server.flask.application
File "/opt/stack/keystone/keystone/common/rbac_enforcer/enforcer.py", line 402, in enforce_call
Dec 01 19:05:08 user devstack@keystone.service[46412]: ERROR keystone.server.flask.application policy_dict.update(cls._extract_member_target_data(
Dec 01 19:05:08 user devstack@keystone.service[46412]: ERROR keystone.server.flask.application
File "/opt/stack/keystone/keystone/common/rbac_enforcer/enforcer.py", line 234, in _extract_member_target_data
Dec 01 19:05:08 user devstack@keystone.service[46412]: ERROR keystone.server.flask.application member_name: func(flask.request.view_args[key])
Dec 01 19:05:08 user devstack@keystone.service[46412]: ERROR keystone.server.flask.application
File "/opt/stack/keystone/keystone/common/manager.py", line 115, in wrapped
Dec 01 19:05:08 user devstack@keystone.service[46412]: ERROR keystone.server.flask.application __ret_val = __f(*args, **kwargs)
Dec 01 19:05:08 user devstack@keystone.service[46412]: ERROR keystone.server.flask.application
File "/opt/stack/data/venv/lib/python3.10/site-packages/decorator.py", line 232, in fun
Dec 01 19:05:08 user devstack@keystone.service[46412]: ERROR keystone.server.flask.application return caller(func, *(extras + args), **kw)
Dec 01 19:05:08 user devstack@keystone.service[46412]: ERROR keystone.server.flask.application
File "/opt/stack/data/venv/lib/python3.10/site-packages/dogpile/cache/region.py", line 1594, in get_or_create_for_user_func
Dec 01 19:05:08 user devstack@keystone.service[46412]: ERROR keystone.server.flask.application return self.get_or_create(
Dec 01 19:05:08 user devstack@keystone.service[46412]: ERROR keystone.server.flask.application
File "/opt/stack/data/venv/lib/python3.10/site-packages/dogpile/cache/region.py", line 1054, in get_or_create
Dec 01 19:05:08 user devstack@keystone.service[46412]: ERROR keystone.server.flask.application with Lock(
Dec 01 19:05:08 user devstack@keystone.service[46412]: ERROR keystone.server.flask.application
File "/opt/stack/data/venv/lib/python3.10/site-packages/dogpile/lock.py", line 185, in __enter__
Dec 01 19:05:08 user devstack@keystone.service[46412]: ERROR keystone.server.flask.application return self._enter()
Dec 01 19:05:08 user devstack@keystone.service[46412]: ERROR keystone.server.flask.application
File "/opt/stack/data/venv/lib/python3.10/site-packages/dogpile/lock.py", line 94, in _enter
Dec 01 19:05:08 user devstack@keystone.service[46412]: ERROR keystone.server.flask.application generated = self._enter_create(value, createdtime)
Dec 01 19:05:08 user devstack@keystone.service[46412]: ERROR keystone.server.flask.application
File "/opt/stack/data/venv/lib/python3.10/site-packages/dogpile/lock.py", line 178, in _enter_create
Dec 01 19:05:08 user devstack@keystone.service[46412]: ERROR keystone.server.flask.application return self.creator()
Dec 01 19:05:08 user devstack@keystone.service[46412]: ERROR keystone.server.flask.application
File "/opt/stack/data/venv/lib/python3.10/site-packages/dogpile/cache/region.py", line 1007, in gen_value
Dec 01 19:05:08 user devstack@keystone.service[46412]: ERROR keystone.server.flask.application created_value = creator(
Dec 01 19:05:08 user devstack@keystone.service[46412]: ERROR keystone.server.flask.application
File "/opt/stack/keystone/keystone/assignment/core.py", line 1276, in get_role
Dec 01 19:05:08 user devstack@keystone.service[46412]: ERROR keystone.server.flask.application return self.driver.get_role(role_id)
Dec 01 19:05:08 user devstack@keystone.service[46412]: ERROR keystone.server.flask.application
File "/opt/stack/keystone/keystone/assignment/role_backends/sql.py", line 70, in get_role
Dec 01 19:05:08 user devstack@keystone.service[46412]: ERROR keystone.server.flask.application return self._get_role(session, role_id).to_dict()
Dec 01 19:05:08 user devstack@keystone.service[46412]: ERROR keystone.server.flask.application
File "/opt/stack/keystone/keystone/assignment/role_backends/sql.py", line 65, in _get_role
Dec 01 19:05:08 user devstack@keystone.service[46412]: ERROR keystone.server.flask.application raise exception.RoleNotFound(role_id=role_id)
Dec 01 19:05:08 user devstack@keystone.service[46412]: ERROR keystone.server.flask.application keystone.exception.RoleNotFound: Could not find role: member.
Dec 01 19:05:08 user devstack@keystone.service[46412]: ERROR keystone.server.flask.application
Dec 01 19:05:08 user devstack@keystone.service[46411]: DEBUG keystone.auth.core [None req-842cd379-079a-4a2e-9e93-219ff0bb703f None None] MFA Rules not processed for user `351d0fd710f34359a48fd3ecf802699f`. Rule list: `[]` (Enabled: `True`). {{(pid=46411) check_auth_methods_against_rules /opt/stack/keystone/keystone/auth/core.py:438}}
Dec 01 19:05:08 user devstack@keystone.service[46412]: [pid: 46412|app: 0|req: 34/93] 10.0.0.210 () {56 vars in 1094 bytes} [Fri Dec 1 19:05:08 2023] GET /identity/v3/roles/member => generated 84 bytes in 143 msecs (HTTP/1.1 404) 5 headers in 183 bytes (1 switches on core 0)
Dec 01 19:05:08 user devstack@keystone.service[46411]: DEBUG keystone.common.fernet_utils [None req-842cd379-079a-4a2e-9e93-219ff0bb703f None None] Loaded 2 Fernet keys from /etc/keystone/fernet-keys/, but `[fernet_tokens] max_active_keys = 3`; perhaps there have not been enough key rotations to reach `max_active_keys` yet? {{(pid=46411) load_keys /opt/stack/keystone/keystone/common/fernet_utils.py:286}}
Dec 01 19:05:08 user devstack@keystone.service[46412]: DEBUG keystone.server.flask.request_processing.middleware.auth_context [None req-55e9486b-e9ab-4593-b207-ede48cca70d3 None admin] Authenticating user token {{(pid=46412) process_request /opt/stack/data/venv/lib/python3.10/site-packages/keystonemiddleware/auth_token/__init__.py:406}}
Dec 01 19:05:08 user devstack@keystone.service[46411]: [pid: 46411|app: 0|req: 31/94] 10.0.0.210 () {58 vars in 1018 bytes} [Fri Dec 1 19:05:08 2023] POST /identity/v3/auth/tokens => generated 861 bytes in 119 msecs (HTTP/1.1 201) 6 headers in 363 bytes (1 switches on core 0)
Dec 01 19:05:08 user devstack@keystone.service[46411]: DEBUG keystone.server.flask.request_processing.req_logging [None req-710b2718-1555-461a-b9b9-3dce5d0379cd None None] REQUEST_METHOD: `GET` {{(pid=46411) log_request_info /opt/stack/keystone/keystone/server/flask/request_processing/req_logging.py:27}}
Dec 01 19:05:08 user devstack@keystone.service[46411]: DEBUG keystone.server.flask.request_processing.req_logging [None req-710b2718-1555-461a-b9b9-3dce5d0379cd None None] SCRIPT_NAME: `/identity` {{(pid=46411) log_request_info /opt/stack/keystone/keystone/server/flask/request_processing/req_logging.py:28}}
Dec 01 19:05:08 user devstack@keystone.service[46411]: DEBUG keystone.server.flask.request_processing.req_logging [None req-710b2718-1555-461a-b9b9-3dce5d0379cd None None] PATH_INFO: `/` {{(pid=46411) log_request_info /opt/stack/keystone/keystone/server/flask/request_processing/req_logging.py:29}}
Dec 01 19:05:08 user devstack@keystone.service[46411]: [pid: 46411|app: 0|req: 32/95] 10.0.0.210 () {54 vars in 921 bytes} [Fri Dec 1 19:05:08 2023] GET /identity => generated 269 bytes in 3 msecs (HTTP/1.1 300) 6 headers in 233 bytes (1 switches on core 0)
Dec 01 19:05:08 user devstack@keystone.service[46411]: DEBUG keystone.server.flask.request_processing.req_logging [None req-c3155672-e5db-4f39-8c99-3dabbfe7a7cf None None] REQUEST_METHOD: `POST` {{(pid=46411) log_request_info /opt/stack/keystone/keystone/server/flask/request_processing/req_logging.py:27}}
Dec 01 19:05:08 user devstack@keystone.service[46411]: DEBUG keystone.server.flask.request_processing.req_logging [None req-c3155672-e5db-4f39-8c99-3dabbfe7a7cf None None] SCRIPT_NAME: `/identity` {{(pid=46411) log_request_info /opt/stack/keystone/keystone/server/flask/request_processing/req_logging.py:28}}
Dec 01 19:05:08 user devstack@keystone.service[46411]: DEBUG keystone.server.flask.request_processing.req_logging [None req-c3155672-e5db-4f39-8c99-3dabbfe7a7cf None None] PATH_INFO: `/v3/auth/tokens` {{(pid=46411) log_request_info /opt/stack/keystone/keystone/server/flask/request_processing/req_logging.py:29}}
Dec 01 19:05:08 user devstack@keystone.service[46410]: [pid: 46410|app: 0|req: 30/96] 10.0.0.210 () {58 vars in 1018 bytes} [Fri Dec 1 19:05:08 2023] POST /identity/v3/auth/tokens => generated 861 bytes in 135 msecs (HTTP/1.1 201) 6 headers in 363 bytes (1 switches on core 0)
Dec 01 19:05:08 user devstack@keystone.service[46412]: DEBUG keystone.server.flask.request_processing.middleware.auth_context [None req-55e9486b-e9ab-4593-b207-ede48cca70d3 None admin] Validating token access rules against request {{(pid=46412) validate_allowed_request /opt/stack/data/venv/lib/python3.10/site-packages/keystonemiddleware/auth_token/__init__.py:544}}
Dec 01 19:05:08 user devstack@keystone.service[46411]: WARNING keystone.common.password_hashing [None req-c3155672-e5db-4f39-8c99-3dabbfe7a7cf None None] Truncating password to algorithm specific maximum length 72 characters.
Dec 01 19:05:08 user devstack@keystone.service[46411]: DEBUG keystone.auth.core [None req-c3155672-e5db-4f39-8c99-3dabbfe7a7cf None None] MFA Rules not processed for user `351d0fd710f34359a48fd3ecf802699f`. Rule list: `[]` (Enabled: `True`). {{(pid=46411) check_auth_methods_against_rules /opt/stack/keystone/keystone/auth/core.py:438}}
Dec 01 19:05:08 user devstack@keystone.service[46411]: DEBUG keystone.common.fernet_utils [None req-c3155672-e5db-4f39-8c99-3dabbfe7a7cf None None] Loaded 2 Fernet keys from /etc/keystone/fernet-keys/, but `[fernet_tokens] max_active_keys = 3`; perhaps there have not been enough key rotations to reach `max_active_keys` yet? {{(pid=46411) load_keys /opt/stack/keystone/keystone/common/fernet_utils.py:286}}
Dec 01 19:05:08 user devstack@keystone.service[46412]: DEBUG keystone.server.flask.request_processing.middleware.auth_context [None req-b79e8248-875f-4258-8400-7de64aa0fe1c None admin] RBAC: auth_context: {'token': , 'domain_id': None, 'trust_id': None, 'trustor_id': None, 'trustee_id': None, 'domain_name': None, 'group_ids': [], 'user_id': '351d0fd710f34359a48fd3ecf802699f', 'user_domain_id': 'default', 'system_scope': 'all', 'project_id': None, 'project_domain_id': None, 'roles': ['admin', 'manager', 'member', 'reader'], 'is_admin_project': True, 'service_user_id': None, 'service_user_domain_id': None, 'service_project_id': None, 'service_project_domain_id': None, 'service_roles': []} {{(pid=46412) fill_context /opt/stack/keystone/keystone/server/flask/request_processing/middleware/auth_context.py:480}}
Dec 01 19:05:08 user devstack@keystone.service[46412]: DEBUG keystone.server.flask.request_processing.req_logging [None req-b79e8248-875f-4258-8400-7de64aa0fe1c None admin] REQUEST_METHOD: `GET` {{(pid=46412) log_request_info /opt/stack/keystone/keystone/server/flask/request_processing/req_logging.py:27}}
Dec 01 19:05:08 user devstack@keystone.service[46412]: DEBUG keystone.server.flask.request_processing.req_logging [None req-b79e8248-875f-4258-8400-7de64aa0fe1c None admin] SCRIPT_NAME: `/identity` {{(pid=46412) log_request_info /opt/stack/keystone/keystone/server/flask/request_processing/req_logging.py:28}}
Dec 01 19:05:08 user devstack@keystone.service[46412]: DEBUG keystone.server.flask.request_processing.req_logging [None req-b79e8248-875f-4258-8400-7de64aa0fe1c None admin] PATH_INFO: `/v3/roles` {{(pid=46412) log_request_info /opt/stack/keystone/keystone/server/flask/request_processing/req_logging.py:29}}
Dec 01 19:05:08 user devstack@keystone.service[46412]: DEBUG keystone.common.rbac_enforcer.enforcer [None req-b79e8248-875f-4258-8400-7de64aa0fe1c None admin] RBAC: Adding query filter params (name=member) {{(pid=46412) _extract_filter_values /opt/stack/keystone/keystone/common/rbac_enforcer/enforcer.py:167}}
Dec 01 19:05:08 user devstack@keystone.service[46412]: DEBUG keystone.common.rbac_enforcer.enforcer [None req-b79e8248-875f-4258-8400-7de64aa0fe1c None admin] RBAC: Authorizing `identity:list_roles()` {{(pid=46412) enforce_call /opt/stack/keystone/keystone/common/rbac_enforcer/enforcer.py:449}}
Dec 01 19:05:08 user devstack@keystone.service[46412]: DEBUG keystone.common.rbac_enforcer.enforcer [None req-b79e8248-875f-4258-8400-7de64aa0fe1c None admin] RBAC: Authorization granted {{(pid=46412) enforce_call /opt/stack/keystone/keystone/common/rbac_enforcer/enforcer.py:457}}
Dec 01 19:05:08 user devstack@keystone.service[46412]: [pid: 46412|app: 0|req: 35/97] 10.0.0.210 () {56 vars in 1096 bytes} [Fri Dec 1 19:05:08 2023] GET /identity/v3/roles?name=member => generated 339 bytes in 136 msecs (HTTP/1.1 200) 5 headers in 177 bytes (2 switches on core 0)
Dec 01 19:05:08 user devstack@keystone.service[46410]: DEBUG keystone.server.flask.request_processing.middleware.auth_context [None req-85b96de6-f59e-4508-84a7-9dcf6ff5e170 None None] Authenticating user token {{(pid=46410) process_request /opt/stack/data/venv/lib/python3.10/site-packages/keystonemiddleware/auth_token/__init__.py:406}}
Dec 01 19:05:08 user devstack@keystone.service[46412]: DEBUG keystone.server.flask.request_processing.req_logging [None req-eeca7285-d028-49f2-8e52-42032d4deb2c None None] REQUEST_METHOD: `GET` {{(pid=46412) log_request_info /opt/stack/keystone/keystone/server/flask/request_processing/req_logging.py:27}}
Dec 01 19:05:08 user devstack@keystone.service[46412]: DEBUG keystone.server.flask.request_processing.req_logging [None req-eeca7285-d028-49f2-8e52-42032d4deb2c None None] SCRIPT_NAME: `/identity` {{(pid=46412) log_request_info /opt/stack/keystone/keystone/server/flask/request_processing/req_logging.py:28}}
Dec 01 19:05:08 user devstack@keystone.service[46412]: DEBUG keystone.server.flask.request_processing.req_logging [None req-eeca7285-d028-49f2-8e52-42032d4deb2c None None] PATH_INFO: `/` {{(pid=46412) log_request_info /opt/stack/keystone/keystone/server/flask/request_processing/req_logging.py:29}}
Dec 01 19:05:08 user devstack@keystone.service[46412]: [pid: 46412|app: 0|req: 36/98] 10.0.0.210 () {54 vars in 921 bytes} [Fri Dec 1 19:05:08 2023] GET /identity => generated 269 bytes in 3 msecs (HTTP/1.1 300) 6 headers in 233 bytes (1 switches on core 0)
Dec 01 19:05:08 user devstack@keystone.service[46412]: DEBUG keystone.server.flask.request_processing.req_logging [None req-b96ff2b0-42e8-49ad-93a3-cd11776f265c None None] REQUEST_METHOD: `POST` {{(pid=46412) log_request_info /opt/stack/keystone/keystone/server/flask/request_processing/req_logging.py:27}}
Dec 01 19:05:08 user devstack@keystone.service[46412]: DEBUG keystone.server.flask.request_processing.req_logging [None req-b96ff2b0-42e8-49ad-93a3-cd11776f265c None None] SCRIPT_NAME: `/identity` {{(pid=46412) log_request_info /opt/stack/keystone/keystone/server/flask/request_processing/req_logging.py:28}}
Dec 01 19:05:08 user devstack@keystone.service[46412]: DEBUG keystone.server.flask.request_processing.req_logging [None req-b96ff2b0-42e8-49ad-93a3-cd11776f265c None None] PATH_INFO: `/v3/auth/tokens` {{(pid=46412) log_request_info /opt/stack/keystone/keystone/server/flask/request_processing/req_logging.py:29}}
Dec 01 19:05:08 user devstack@keystone.service[46410]: DEBUG keystone.server.flask.request_processing.middleware.auth_context [None req-85b96de6-f59e-4508-84a7-9dcf6ff5e170 None None] Validating token access rules against request {{(pid=46410) validate_allowed_request /opt/stack/data/venv/lib/python3.10/site-packages/keystonemiddleware/auth_token/__init__.py:544}}
Dec 01 19:05:08 user devstack@keystone.service[46412]: WARNING keystone.common.password_hashing [None req-b96ff2b0-42e8-49ad-93a3-cd11776f265c None None] Truncating password to algorithm specific maximum length 72 characters.
Dec 01 19:05:08 user devstack@keystone.service[46412]: DEBUG keystone.auth.core [None req-b96ff2b0-42e8-49ad-93a3-cd11776f265c None None] MFA Rules not processed for user `351d0fd710f34359a48fd3ecf802699f`. Rule list: `[]` (Enabled: `True`). {{(pid=46412) check_auth_methods_against_rules /opt/stack/keystone/keystone/auth/core.py:438}}
Dec 01 19:05:08 user devstack@keystone.service[46412]: DEBUG keystone.common.fernet_utils [None req-b96ff2b0-42e8-49ad-93a3-cd11776f265c None None] Loaded 2 Fernet keys from /etc/keystone/fernet-keys/, but `[fernet_tokens] max_active_keys = 3`; perhaps there have not been enough key rotations to reach `max_active_keys` yet? {{(pid=46412) load_keys /opt/stack/keystone/keystone/common/fernet_utils.py:286}}
Dec 01 19:05:08 user devstack@keystone.service[46410]: DEBUG keystone.server.flask.request_processing.middleware.auth_context [None req-20a5a079-e464-4dfd-bd7e-c41dcd6ad307 None admin] RBAC: auth_context: {'token': , 'domain_id': None, 'trust_id': None, 'trustor_id': None, 'trustee_id': None, 'domain_name': None, 'group_ids': [], 'user_id': '351d0fd710f34359a48fd3ecf802699f', 'user_domain_id': 'default', 'system_scope': 'all', 'project_id': None, 'project_domain_id': None, 'roles': ['admin', 'manager', 'member', 'reader'], 'is_admin_project': True, 'service_user_id': None, 'service_user_domain_id': None, 'service_project_id': None, 'service_project_domain_id': None, 'service_roles': []} {{(pid=46410) fill_context /opt/stack/keystone/keystone/server/flask/request_processing/middleware/auth_context.py:480}}
Dec 01 19:05:08 user devstack@keystone.service[46410]: DEBUG keystone.server.flask.request_processing.req_logging [None req-20a5a079-e464-4dfd-bd7e-c41dcd6ad307 None admin] REQUEST_METHOD: `GET` {{(pid=46410) log_request_info /opt/stack/keystone/keystone/server/flask/request_processing/req_logging.py:27}}
Dec 01 19:05:08 user devstack@keystone.service[46410]: DEBUG keystone.server.flask.request_processing.req_logging [None req-20a5a079-e464-4dfd-bd7e-c41dcd6ad307 None admin] SCRIPT_NAME: `/identity` {{(pid=46410) log_request_info /opt/stack/keystone/keystone/server/flask/request_processing/req_logging.py:28}}
Dec 01 19:05:08 user devstack@keystone.service[46410]: DEBUG keystone.server.flask.request_processing.req_logging [None req-20a5a079-e464-4dfd-bd7e-c41dcd6ad307 None admin] PATH_INFO: `/v3/users/8d2240d8c02f41289b37d34ed6c89990` {{(pid=46410) log_request_info /opt/stack/keystone/keystone/server/flask/request_processing/req_logging.py:29}}
Dec 01 19:05:08 user devstack@keystone.service[46410]: DEBUG keystone.common.rbac_enforcer.enforcer [None req-20a5a079-e464-4dfd-bd7e-c41dcd6ad307 None admin] RBAC: Authorizing `identity:get_user(user_id=8d2240d8c02f41289b37d34ed6c89990)` {{(pid=46410) enforce_call /opt/stack/keystone/keystone/common/rbac_enforcer/enforcer.py:449}}
Dec 01 19:05:08 user devstack@keystone.service[46410]: DEBUG keystone.common.rbac_enforcer.enforcer [None req-20a5a079-e464-4dfd-bd7e-c41dcd6ad307 None admin] RBAC: Authorization granted {{(pid=46410) enforce_call /opt/stack/keystone/keystone/common/rbac_enforcer/enforcer.py:457}}
Dec 01 19:05:08 user devstack@keystone.service[46410]: [pid: 46410|app: 0|req: 31/99] 10.0.0.210 () {56 vars in 1172 bytes} [Fri Dec 1 19:05:08 2023] GET /identity/v3/users/8d2240d8c02f41289b37d34ed6c89990 => generated 274 bytes in 181 msecs (HTTP/1.1 200) 5 headers in 177 bytes (1 switches on core 0)
Dec 01 19:05:08 user devstack@keystone.service[46410]: DEBUG keystone.server.flask.request_processing.middleware.auth_context [None req-20a5a079-e464-4dfd-bd7e-c41dcd6ad307 None admin] Authenticating user token {{(pid=46410) process_request /opt/stack/data/venv/lib/python3.10/site-packages/keystonemiddleware/auth_token/__init__.py:406}}
Dec 01 19:05:08 user devstack@keystone.service[46412]: [pid: 46412|app: 0|req: 37/100] 10.0.0.210 () {58 vars in 1018 bytes} [Fri Dec 1 19:05:08 2023] POST /identity/v3/auth/tokens => generated 861 bytes in 91 msecs (HTTP/1.1 201) 6 headers in 363 bytes (2 switches on core 0)
Dec 01 19:05:08 user devstack@keystone.service[46412]: DEBUG keystone.server.flask.request_processing.middleware.auth_context [None req-b96ff2b0-42e8-49ad-93a3-cd11776f265c None None] Authenticating user token {{(pid=46412) process_request /opt/stack/data/venv/lib/python3.10/site-packages/keystonemiddleware/auth_token/__init__.py:406}}
Dec 01 19:05:08 user devstack@keystone.service[46411]: [pid: 46411|app: 0|req: 33/101] 10.0.0.210 () {58 vars in 1018 bytes} [Fri Dec 1 19:05:08 2023] POST /identity/v3/auth/tokens => generated 861 bytes in 277 msecs (HTTP/1.1 201) 6 headers in 363 bytes (2 switches on core 0)
Dec 01 19:05:08 user devstack@keystone.service[46411]: DEBUG keystone.server.flask.request_processing.middleware.auth_context [None req-c3155672-e5db-4f39-8c99-3dabbfe7a7cf None None] Authenticating user token {{(pid=46411) process_request /opt/stack/data/venv/lib/python3.10/site-packages/keystonemiddleware/auth_token/__init__.py:406}}
Dec 01 19:05:08 user devstack@keystone.service[46410]: DEBUG keystone.server.flask.request_processing.middleware.auth_context [None req-20a5a079-e464-4dfd-bd7e-c41dcd6ad307 None admin] Validating token access rules against request {{(pid=46410) validate_allowed_request /opt/stack/data/venv/lib/python3.10/site-packages/keystonemiddleware/auth_token/__init__.py:544}}
Dec 01 19:05:08 user devstack@keystone.service[46412]: DEBUG keystone.server.flask.request_processing.middleware.auth_context [None req-b96ff2b0-42e8-49ad-93a3-cd11776f265c None None] Validating token access rules against request {{(pid=46412) validate_allowed_request /opt/stack/data/venv/lib/python3.10/site-packages/keystonemiddleware/auth_token/__init__.py:544}}
Dec 01 19:05:08 user devstack@keystone.service[46410]: DEBUG keystone.server.flask.request_processing.middleware.auth_context [None req-91044b48-5c8a-4f7c-b58a-dbc157b579e3 None admin] RBAC: auth_context: {'token': , 'domain_id': None, 'trust_id': None, 'trustor_id': None, 'trustee_id': None, 'domain_name': None, 'group_ids': [], 'user_id': '351d0fd710f34359a48fd3ecf802699f', 'user_domain_id': 'default', 'system_scope': 'all', 'project_id': None, 'project_domain_id': None, 'roles': ['admin', 'manager', 'member', 'reader'], 'is_admin_project': True, 'service_user_id': None, 'service_user_domain_id': None, 'service_project_id': None, 'service_project_domain_id': None, 'service_roles': []} {{(pid=46410) fill_context /opt/stack/keystone/keystone/server/flask/request_processing/middleware/auth_context.py:480}}
Dec 01 19:05:08 user devstack@keystone.service[46412]: DEBUG keystone.server.flask.request_processing.middleware.auth_context [None req-66a4392f-e468-4c41-8a35-4e731a775a39 None admin] RBAC: auth_context: {'token': , 'domain_id': None, 'trust_id': None, 'trustor_id': None, 'trustee_id': None, 'domain_name': None, 'group_ids': [], 'user_id': '351d0fd710f34359a48fd3ecf802699f', 'user_domain_id': 'default', 'system_scope': 'all', 'project_id': None, 'project_domain_id': None, 'roles': ['admin', 'manager', 'member', 'reader'], 'is_admin_project': True, 'service_user_id': None, 'service_user_domain_id': None, 'service_project_id': None, 'service_project_domain_id': None, 'service_roles': []} {{(pid=46412) fill_context /opt/stack/keystone/keystone/server/flask/request_processing/middleware/auth_context.py:480}}
Dec 01 19:05:08 user devstack@keystone.service[46412]: DEBUG keystone.server.flask.request_processing.req_logging [None req-66a4392f-e468-4c41-8a35-4e731a775a39 None admin] REQUEST_METHOD: `GET` {{(pid=46412) log_request_info /opt/stack/keystone/keystone/server/flask/request_processing/req_logging.py:27}}
Dec 01 19:05:08 user devstack@keystone.service[46410]: DEBUG keystone.server.flask.request_processing.req_logging [None req-91044b48-5c8a-4f7c-b58a-dbc157b579e3 None admin] REQUEST_METHOD: `GET` {{(pid=46410) log_request_info /opt/stack/keystone/keystone/server/flask/request_processing/req_logging.py:27}}
Dec 01 19:05:08 user devstack@keystone.service[46412]: DEBUG keystone.server.flask.request_processing.req_logging [None req-66a4392f-e468-4c41-8a35-4e731a775a39 None admin] SCRIPT_NAME: `/identity` {{(pid=46412) log_request_info /opt/stack/keystone/keystone/server/flask/request_processing/req_logging.py:28}}
Dec 01 19:05:08 user devstack@keystone.service[46410]: DEBUG keystone.server.flask.request_processing.req_logging [None req-91044b48-5c8a-4f7c-b58a-dbc157b579e3 None admin] SCRIPT_NAME: `/identity` {{(pid=46410) log_request_info /opt/stack/keystone/keystone/server/flask/request_processing/req_logging.py:28}}
Dec 01 19:05:08 user devstack@keystone.service[46412]: DEBUG keystone.server.flask.request_processing.req_logging [None req-66a4392f-e468-4c41-8a35-4e731a775a39 None admin] PATH_INFO: `/v3/roles/reader` {{(pid=46412) log_request_info /opt/stack/keystone/keystone/server/flask/request_processing/req_logging.py:29}}
Dec 01 19:05:08 user devstack@keystone.service[46410]: DEBUG keystone.server.flask.request_processing.req_logging [None req-91044b48-5c8a-4f7c-b58a-dbc157b579e3 None admin] PATH_INFO: `/v3/roles/admin` {{(pid=46410) log_request_info /opt/stack/keystone/keystone/server/flask/request_processing/req_logging.py:29}}
Dec 01 19:05:08 user devstack@keystone.service[46410]: DEBUG keystone.common.rbac_enforcer.enforcer [None req-91044b48-5c8a-4f7c-b58a-dbc157b579e3 None admin] Extracting inferred target data resulted in "NOT FOUND (404)". {{(pid=46410) enforce_call /opt/stack/keystone/keystone/common/rbac_enforcer/enforcer.py:409}}
Dec 01 19:05:08 user devstack@keystone.service[46412]: DEBUG keystone.common.rbac_enforcer.enforcer [None req-66a4392f-e468-4c41-8a35-4e731a775a39 None admin] Extracting inferred target data resulted in "NOT FOUND (404)". {{(pid=46412) enforce_call /opt/stack/keystone/keystone/common/rbac_enforcer/enforcer.py:409}}
Dec 01 19:05:08 user devstack@keystone.service[46412]: ERROR keystone.server.flask.application [None req-66a4392f-e468-4c41-8a35-4e731a775a39 None admin] Could not find role: reader.: keystone.exception.RoleNotFound: Could not find role: reader.
Dec 01 19:05:08 user devstack@keystone.service[46412]: ERROR keystone.server.flask.application
Traceback (most recent call last):
Dec 01 19:05:08 user devstack@keystone.service[46412]: ERROR keystone.server.flask.application
File "/opt/stack/data/venv/lib/python3.10/site-packages/flask/app.py", line 1823, in full_dispatch_request
Dec 01 19:05:08 user devstack@keystone.service[46412]: ERROR keystone.server.flask.application rv = self.dispatch_request()
Dec 01 19:05:08 user devstack@keystone.service[46412]: ERROR keystone.server.flask.application
File "/opt/stack/data/venv/lib/python3.10/site-packages/flask/app.py", line 1799, in dispatch_request
Dec 01 19:05:08 user devstack@keystone.service[46412]: ERROR keystone.server.flask.application return self.ensure_sync(self.view_functions[rule.endpoint])(**view_args)
Dec 01 19:05:08 user devstack@keystone.service[46412]: ERROR keystone.server.flask.application
File "/opt/stack/data/venv/lib/python3.10/site-packages/flask_restful/__init__.py", line 489, in wrapper
Dec 01 19:05:08 user devstack@keystone.service[46412]: ERROR keystone.server.flask.application resp = resource(*args, **kwargs)
Dec 01 19:05:08 user devstack@keystone.service[46412]: ERROR keystone.server.flask.application
File "/opt/stack/data/venv/lib/python3.10/site-packages/flask/views.py", line 107, in view
Dec 01 19:05:08 user devstack@keystone.service[46412]: ERROR keystone.server.flask.application return current_app.ensure_sync(self.dispatch_request)(**kwargs)
Dec 01 19:05:08 user devstack@keystone.service[46412]: ERROR keystone.server.flask.application
File "/opt/stack/data/venv/lib/python3.10/site-packages/flask_restful/__init__.py", line 604, in dispatch_request
Dec 01 19:05:08 user devstack@keystone.service[46412]: ERROR keystone.server.flask.application resp = meth(*args, **kwargs)
Dec 01 19:05:08 user devstack@keystone.service[46412]: ERROR keystone.server.flask.application
File "/opt/stack/keystone/keystone/api/roles.py", line 50, in get
Dec 01 19:05:08 user devstack@keystone.service[46412]: ERROR keystone.server.flask.application return self._get_role(role_id)
Dec 01 19:05:08 user devstack@keystone.service[46412]: ERROR keystone.server.flask.application
File "/opt/stack/keystone/keystone/api/roles.py", line 70, in _get_role
Dec 01 19:05:08 user devstack@keystone.service[46412]: ERROR keystone.server.flask.application ENFORCER.enforce_call(action='identity:get_role')
Dec 01 19:05:08 user devstack@keystone.service[46412]: ERROR keystone.server.flask.application
File "/opt/stack/keystone/keystone/common/rbac_enforcer/enforcer.py", line 402, in enforce_call
