Dec 01 19:05:31 user devstack@keystone.service[46410]: ERROR keystone.server.flask.application return caller(func, *(extras + args), **kw)
Dec 01 19:05:31 user devstack@keystone.service[46410]: ERROR keystone.server.flask.application
File "/opt/stack/data/venv/lib/python3.10/site-packages/dogpile/cache/region.py", line 1594, in get_or_create_for_user_func
Dec 01 19:05:31 user devstack@keystone.service[46410]: ERROR keystone.server.flask.application return self.get_or_create(
Dec 01 19:05:31 user devstack@keystone.service[46410]: ERROR keystone.server.flask.application
File "/opt/stack/data/venv/lib/python3.10/site-packages/dogpile/cache/region.py", line 1054, in get_or_create
Dec 01 19:05:31 user devstack@keystone.service[46410]: ERROR keystone.server.flask.application with Lock(
Dec 01 19:05:31 user devstack@keystone.service[46410]: ERROR keystone.server.flask.application
File "/opt/stack/data/venv/lib/python3.10/site-packages/dogpile/lock.py", line 185, in __enter__
Dec 01 19:05:31 user devstack@keystone.service[46410]: ERROR keystone.server.flask.application return self._enter()
Dec 01 19:05:31 user devstack@keystone.service[46410]: ERROR keystone.server.flask.application
File "/opt/stack/data/venv/lib/python3.10/site-packages/dogpile/lock.py", line 94, in _enter
Dec 01 19:05:31 user devstack@keystone.service[46410]: ERROR keystone.server.flask.application generated = self._enter_create(value, createdtime)
Dec 01 19:05:31 user devstack@keystone.service[46410]: ERROR keystone.server.flask.application
File "/opt/stack/data/venv/lib/python3.10/site-packages/dogpile/lock.py", line 178, in _enter_create
Dec 01 19:05:31 user devstack@keystone.service[46410]: ERROR keystone.server.flask.application return self.creator()
Dec 01 19:05:31 user devstack@keystone.service[46410]: ERROR keystone.server.flask.application
File "/opt/stack/data/venv/lib/python3.10/site-packages/dogpile/cache/region.py", line 1007, in gen_value
Dec 01 19:05:31 user devstack@keystone.service[46410]: ERROR keystone.server.flask.application created_value = creator(
Dec 01 19:05:31 user devstack@keystone.service[46410]: ERROR keystone.server.flask.application
File "/opt/stack/keystone/keystone/assignment/core.py", line 1276, in get_role
Dec 01 19:05:31 user devstack@keystone.service[46410]: ERROR keystone.server.flask.application return self.driver.get_role(role_id)
Dec 01 19:05:31 user devstack@keystone.service[46410]: ERROR keystone.server.flask.application
File "/opt/stack/keystone/keystone/assignment/role_backends/sql.py", line 70, in get_role
Dec 01 19:05:31 user devstack@keystone.service[46410]: ERROR keystone.server.flask.application return self._get_role(session, role_id).to_dict()
Dec 01 19:05:31 user devstack@keystone.service[46410]: ERROR keystone.server.flask.application
File "/opt/stack/keystone/keystone/assignment/role_backends/sql.py", line 65, in _get_role
Dec 01 19:05:31 user devstack@keystone.service[46410]: ERROR keystone.server.flask.application raise exception.RoleNotFound(role_id=role_id)
Dec 01 19:05:31 user devstack@keystone.service[46410]: ERROR keystone.server.flask.application keystone.exception.RoleNotFound: Could not find role: anotherrole.
Dec 01 19:05:31 user devstack@keystone.service[46410]: ERROR keystone.server.flask.application
Dec 01 19:05:31 user devstack@keystone.service[46412]: DEBUG keystone.server.flask.request_processing.req_logging [None req-0135cc35-6e11-4c74-91be-be889f3d895d None admin] REQUEST_METHOD: `GET` {{(pid=46412) log_request_info /opt/stack/keystone/keystone/server/flask/request_processing/req_logging.py:27}}
Dec 01 19:05:31 user devstack@keystone.service[46412]: DEBUG keystone.server.flask.request_processing.req_logging [None req-0135cc35-6e11-4c74-91be-be889f3d895d None admin] SCRIPT_NAME: `/identity` {{(pid=46412) log_request_info /opt/stack/keystone/keystone/server/flask/request_processing/req_logging.py:28}}
Dec 01 19:05:31 user devstack@keystone.service[46410]: [pid: 46410|app: 0|req: 103/310] 10.0.0.210 () {56 vars in 1109 bytes} [Fri Dec 1 19:05:31 2023] GET /identity/v3/roles/anotherrole => generated 89 bytes in 168 msecs (HTTP/1.1 404) 5 headers in 183 bytes (1 switches on core 0)
Dec 01 19:05:31 user devstack@keystone.service[46412]: DEBUG keystone.server.flask.request_processing.req_logging [None req-0135cc35-6e11-4c74-91be-be889f3d895d None admin] PATH_INFO: `/v3/roles` {{(pid=46412) log_request_info /opt/stack/keystone/keystone/server/flask/request_processing/req_logging.py:29}}
Dec 01 19:05:31 user devstack@keystone.service[46412]: DEBUG keystone.common.rbac_enforcer.enforcer [None req-0135cc35-6e11-4c74-91be-be889f3d895d None admin] RBAC: Adding query filter params (name=anotherrole) {{(pid=46412) _extract_filter_values /opt/stack/keystone/keystone/common/rbac_enforcer/enforcer.py:167}}
Dec 01 19:05:31 user devstack@keystone.service[46412]: DEBUG keystone.common.rbac_enforcer.enforcer [None req-0135cc35-6e11-4c74-91be-be889f3d895d None admin] RBAC: Authorizing `identity:list_roles()` {{(pid=46412) enforce_call /opt/stack/keystone/keystone/common/rbac_enforcer/enforcer.py:449}}
Dec 01 19:05:31 user devstack@keystone.service[46412]: DEBUG keystone.common.rbac_enforcer.enforcer [None req-0135cc35-6e11-4c74-91be-be889f3d895d None admin] RBAC: Authorization granted {{(pid=46412) enforce_call /opt/stack/keystone/keystone/common/rbac_enforcer/enforcer.py:457}}
Dec 01 19:05:31 user devstack@keystone.service[46410]: DEBUG keystone.server.flask.request_processing.req_logging [None req-a448f2ca-e2dd-4be4-ba81-9833a68b5159 None None] REQUEST_METHOD: `GET` {{(pid=46410) log_request_info /opt/stack/keystone/keystone/server/flask/request_processing/req_logging.py:27}}
Dec 01 19:05:31 user devstack@keystone.service[46410]: DEBUG keystone.server.flask.request_processing.req_logging [None req-a448f2ca-e2dd-4be4-ba81-9833a68b5159 None None] SCRIPT_NAME: `/identity` {{(pid=46410) log_request_info /opt/stack/keystone/keystone/server/flask/request_processing/req_logging.py:28}}
Dec 01 19:05:31 user devstack@keystone.service[46410]: DEBUG keystone.server.flask.request_processing.req_logging [None req-a448f2ca-e2dd-4be4-ba81-9833a68b5159 None None] PATH_INFO: `/` {{(pid=46410) log_request_info /opt/stack/keystone/keystone/server/flask/request_processing/req_logging.py:29}}
Dec 01 19:05:31 user devstack@keystone.service[46410]: [pid: 46410|app: 0|req: 104/311] 10.0.0.210 () {54 vars in 921 bytes} [Fri Dec 1 19:05:31 2023] GET /identity => generated 269 bytes in 3 msecs (HTTP/1.1 300) 6 headers in 233 bytes (2 switches on core 0)
Dec 01 19:05:31 user devstack@keystone.service[46410]: DEBUG keystone.server.flask.request_processing.middleware.auth_context [None req-a448f2ca-e2dd-4be4-ba81-9833a68b5159 None None] Authenticating user token {{(pid=46410) process_request /opt/stack/data/venv/lib/python3.10/site-packages/keystonemiddleware/auth_token/__init__.py:406}}
Dec 01 19:05:31 user devstack@keystone.service[46412]: [pid: 46412|app: 0|req: 110/312] 10.0.0.210 () {56 vars in 1106 bytes} [Fri Dec 1 19:05:31 2023] GET /identity/v3/roles?name=anotherrole => generated 332 bytes in 139 msecs (HTTP/1.1 200) 5 headers in 177 bytes (1 switches on core 0)
Dec 01 19:05:31 user devstack@keystone.service[46412]: DEBUG keystone.server.flask.request_processing.req_logging [None req-742a13aa-87ed-4958-94fd-7c53ec016e87 None None] REQUEST_METHOD: `POST` {{(pid=46412) log_request_info /opt/stack/keystone/keystone/server/flask/request_processing/req_logging.py:27}}
Dec 01 19:05:31 user devstack@keystone.service[46412]: DEBUG keystone.server.flask.request_processing.req_logging [None req-742a13aa-87ed-4958-94fd-7c53ec016e87 None None] SCRIPT_NAME: `/identity` {{(pid=46412) log_request_info /opt/stack/keystone/keystone/server/flask/request_processing/req_logging.py:28}}
Dec 01 19:05:31 user devstack@keystone.service[46412]: DEBUG keystone.server.flask.request_processing.req_logging [None req-742a13aa-87ed-4958-94fd-7c53ec016e87 None None] PATH_INFO: `/v3/auth/tokens` {{(pid=46412) log_request_info /opt/stack/keystone/keystone/server/flask/request_processing/req_logging.py:29}}
Dec 01 19:05:31 user devstack@keystone.service[46411]: [pid: 46411|app: 0|req: 99/313] 10.0.0.210 () {58 vars in 1277 bytes} [Fri Dec 1 19:05:31 2023] GET /identity/v3/auth/tokens => generated 861 bytes in 301 msecs (HTTP/1.1 200) 6 headers in 358 bytes (1 switches on core 0)
Dec 01 19:05:31 user devstack@keystone.service[46411]: DEBUG keystone.server.flask.request_processing.middleware.auth_context [None req-8b54dc9f-0332-4bca-ba1f-fffdfbaa7ead None admin] Authenticating user token {{(pid=46411) process_request /opt/stack/data/venv/lib/python3.10/site-packages/keystonemiddleware/auth_token/__init__.py:406}}
Dec 01 19:05:31 user devstack@keystone.service[46412]: WARNING keystone.common.password_hashing [None req-742a13aa-87ed-4958-94fd-7c53ec016e87 None None] Truncating password to algorithm specific maximum length 72 characters.
Dec 01 19:05:31 user devstack@keystone.service[46412]: DEBUG keystone.auth.core [None req-742a13aa-87ed-4958-94fd-7c53ec016e87 None None] MFA Rules not processed for user `351d0fd710f34359a48fd3ecf802699f`. Rule list: `[]` (Enabled: `True`). {{(pid=46412) check_auth_methods_against_rules /opt/stack/keystone/keystone/auth/core.py:438}}
Dec 01 19:05:31 user devstack@keystone.service[46412]: DEBUG keystone.common.fernet_utils [None req-742a13aa-87ed-4958-94fd-7c53ec016e87 None None] Loaded 2 Fernet keys from /etc/keystone/fernet-keys/, but `[fernet_tokens] max_active_keys = 3`; perhaps there have not been enough key rotations to reach `max_active_keys` yet? {{(pid=46412) load_keys /opt/stack/keystone/keystone/common/fernet_utils.py:286}}
Dec 01 19:05:31 user devstack@keystone.service[46412]: [pid: 46412|app: 0|req: 111/314] 10.0.0.210 () {58 vars in 1018 bytes} [Fri Dec 1 19:05:31 2023] POST /identity/v3/auth/tokens => generated 861 bytes in 81 msecs (HTTP/1.1 201) 6 headers in 363 bytes (1 switches on core 0)
Dec 01 19:05:31 user devstack@keystone.service[46412]: DEBUG keystone.server.flask.request_processing.middleware.auth_context [None req-742a13aa-87ed-4958-94fd-7c53ec016e87 None None] Authenticating user token {{(pid=46412) process_request /opt/stack/data/venv/lib/python3.10/site-packages/keystonemiddleware/auth_token/__init__.py:406}}
Dec 01 19:05:31 user devstack@keystone.service[46410]: DEBUG keystone.server.flask.request_processing.middleware.auth_context [None req-a448f2ca-e2dd-4be4-ba81-9833a68b5159 None None] Validating token access rules against request {{(pid=46410) validate_allowed_request /opt/stack/data/venv/lib/python3.10/site-packages/keystonemiddleware/auth_token/__init__.py:544}}
Dec 01 19:05:32 user devstack@keystone.service[46411]: DEBUG keystone.server.flask.request_processing.middleware.auth_context [None req-8b54dc9f-0332-4bca-ba1f-fffdfbaa7ead None admin] Validating token access rules against request {{(pid=46411) validate_allowed_request /opt/stack/data/venv/lib/python3.10/site-packages/keystonemiddleware/auth_token/__init__.py:544}}
Dec 01 19:05:32 user devstack@keystone.service[46410]: DEBUG keystone.server.flask.request_processing.middleware.auth_context [None req-62ff928e-9eab-49f6-a5a2-6f661e28395a None admin] RBAC: auth_context: {'token': , 'domain_id': None, 'trust_id': None, 'trustor_id': None, 'trustee_id': None, 'domain_name': None, 'group_ids': [], 'user_id': '351d0fd710f34359a48fd3ecf802699f', 'user_domain_id': 'default', 'system_scope': 'all', 'project_id': None, 'project_domain_id': None, 'roles': ['admin', 'manager', 'member', 'reader'], 'is_admin_project': True, 'service_user_id': None, 'service_user_domain_id': None, 'service_project_id': None, 'service_project_domain_id': None, 'service_roles': []} {{(pid=46410) fill_context /opt/stack/keystone/keystone/server/flask/request_processing/middleware/auth_context.py:480}}
Dec 01 19:05:32 user devstack@keystone.service[46410]: DEBUG keystone.server.flask.request_processing.req_logging [None req-62ff928e-9eab-49f6-a5a2-6f661e28395a None admin] REQUEST_METHOD: `GET` {{(pid=46410) log_request_info /opt/stack/keystone/keystone/server/flask/request_processing/req_logging.py:27}}
Dec 01 19:05:32 user devstack@keystone.service[46410]: DEBUG keystone.server.flask.request_processing.req_logging [None req-62ff928e-9eab-49f6-a5a2-6f661e28395a None admin] SCRIPT_NAME: `/identity` {{(pid=46410) log_request_info /opt/stack/keystone/keystone/server/flask/request_processing/req_logging.py:28}}
Dec 01 19:05:32 user devstack@keystone.service[46410]: DEBUG keystone.server.flask.request_processing.req_logging [None req-62ff928e-9eab-49f6-a5a2-6f661e28395a None admin] PATH_INFO: `/v3/roles` {{(pid=46410) log_request_info /opt/stack/keystone/keystone/server/flask/request_processing/req_logging.py:29}}
Dec 01 19:05:32 user devstack@keystone.service[46410]: DEBUG keystone.common.rbac_enforcer.enforcer [None req-62ff928e-9eab-49f6-a5a2-6f661e28395a None admin] RBAC: Adding query filter params (name=anotherrole) {{(pid=46410) _extract_filter_values /opt/stack/keystone/keystone/common/rbac_enforcer/enforcer.py:167}}
Dec 01 19:05:32 user devstack@keystone.service[46410]: DEBUG keystone.common.rbac_enforcer.enforcer [None req-62ff928e-9eab-49f6-a5a2-6f661e28395a None admin] RBAC: Authorizing `identity:list_roles()` {{(pid=46410) enforce_call /opt/stack/keystone/keystone/common/rbac_enforcer/enforcer.py:449}}
Dec 01 19:05:32 user devstack@keystone.service[46410]: DEBUG keystone.common.rbac_enforcer.enforcer [None req-62ff928e-9eab-49f6-a5a2-6f661e28395a None admin] RBAC: Authorization granted {{(pid=46410) enforce_call /opt/stack/keystone/keystone/common/rbac_enforcer/enforcer.py:457}}
Dec 01 19:05:32 user devstack@keystone.service[46410]: [pid: 46410|app: 0|req: 105/315] 10.0.0.210 () {56 vars in 1106 bytes} [Fri Dec 1 19:05:31 2023] GET /identity/v3/roles?name=anotherrole => generated 332 bytes in 136 msecs (HTTP/1.1 200) 5 headers in 177 bytes (1 switches on core 0)
Dec 01 19:05:32 user devstack@keystone.service[46410]: DEBUG keystone.server.flask.request_processing.middleware.auth_context [None req-62ff928e-9eab-49f6-a5a2-6f661e28395a None admin] Authenticating user token {{(pid=46410) process_request /opt/stack/data/venv/lib/python3.10/site-packages/keystonemiddleware/auth_token/__init__.py:406}}
Dec 01 19:05:32 user devstack@keystone.service[46411]: DEBUG keystone.server.flask.request_processing.middleware.auth_context [None req-9b125617-462a-4895-bebb-36c9a16abdf1 None admin] RBAC: auth_context: {'token': , 'domain_id': None, 'trust_id': None, 'trustor_id': None, 'trustee_id': None, 'domain_name': None, 'group_ids': [], 'user_id': '351d0fd710f34359a48fd3ecf802699f', 'user_domain_id': 'default', 'system_scope': 'all', 'project_id': None, 'project_domain_id': None, 'roles': ['admin', 'manager', 'member', 'reader'], 'is_admin_project': True, 'service_user_id': None, 'service_user_domain_id': None, 'service_project_id': None, 'service_project_domain_id': None, 'service_roles': []} {{(pid=46411) fill_context /opt/stack/keystone/keystone/server/flask/request_processing/middleware/auth_context.py:480}}
Dec 01 19:05:32 user devstack@keystone.service[46411]: DEBUG keystone.server.flask.request_processing.req_logging [None req-9b125617-462a-4895-bebb-36c9a16abdf1 None admin] REQUEST_METHOD: `GET` {{(pid=46411) log_request_info /opt/stack/keystone/keystone/server/flask/request_processing/req_logging.py:27}}
Dec 01 19:05:32 user devstack@keystone.service[46411]: DEBUG keystone.server.flask.request_processing.req_logging [None req-9b125617-462a-4895-bebb-36c9a16abdf1 None admin] SCRIPT_NAME: `/identity` {{(pid=46411) log_request_info /opt/stack/keystone/keystone/server/flask/request_processing/req_logging.py:28}}
Dec 01 19:05:32 user devstack@keystone.service[46411]: DEBUG keystone.server.flask.request_processing.req_logging [None req-9b125617-462a-4895-bebb-36c9a16abdf1 None admin] PATH_INFO: `/v3/auth/tokens` {{(pid=46411) log_request_info /opt/stack/keystone/keystone/server/flask/request_processing/req_logging.py:29}}
Dec 01 19:05:32 user devstack@keystone.service[46412]: DEBUG keystone.server.flask.request_processing.middleware.auth_context [None req-742a13aa-87ed-4958-94fd-7c53ec016e87 None None] Validating token access rules against request {{(pid=46412) validate_allowed_request /opt/stack/data/venv/lib/python3.10/site-packages/keystonemiddleware/auth_token/__init__.py:544}}
Dec 01 19:05:32 user devstack@keystone.service[46411]: DEBUG keystone.common.rbac_enforcer.enforcer [None req-9b125617-462a-4895-bebb-36c9a16abdf1 None admin] RBAC: Authorizing `identity:validate_token()` {{(pid=46411) enforce_call /opt/stack/keystone/keystone/common/rbac_enforcer/enforcer.py:449}}
Dec 01 19:05:32 user devstack@keystone.service[46411]: DEBUG keystone.common.rbac_enforcer.enforcer [None req-9b125617-462a-4895-bebb-36c9a16abdf1 None admin] RBAC: Authorization granted {{(pid=46411) enforce_call /opt/stack/keystone/keystone/common/rbac_enforcer/enforcer.py:457}}
Dec 01 19:05:32 user devstack@keystone.service[46412]: DEBUG keystone.server.flask.request_processing.middleware.auth_context [None req-4b44aa93-39cc-4302-a4d9-527d4a48a3a3 None admin] RBAC: auth_context: {'token': , 'domain_id': None, 'trust_id': None, 'trustor_id': None, 'trustee_id': None, 'domain_name': None, 'group_ids': [], 'user_id': '351d0fd710f34359a48fd3ecf802699f', 'user_domain_id': 'default', 'system_scope': 'all', 'project_id': None, 'project_domain_id': None, 'roles': ['admin', 'manager', 'member', 'reader'], 'is_admin_project': True, 'service_user_id': None, 'service_user_domain_id': None, 'service_project_id': None, 'service_project_domain_id': None, 'service_roles': []} {{(pid=46412) fill_context /opt/stack/keystone/keystone/server/flask/request_processing/middleware/auth_context.py:480}}
Dec 01 19:05:32 user devstack@keystone.service[46412]: DEBUG keystone.server.flask.request_processing.req_logging [None req-4b44aa93-39cc-4302-a4d9-527d4a48a3a3 None admin] REQUEST_METHOD: `GET` {{(pid=46412) log_request_info /opt/stack/keystone/keystone/server/flask/request_processing/req_logging.py:27}}
Dec 01 19:05:32 user devstack@keystone.service[46412]: DEBUG keystone.server.flask.request_processing.req_logging [None req-4b44aa93-39cc-4302-a4d9-527d4a48a3a3 None admin] SCRIPT_NAME: `/identity` {{(pid=46412) log_request_info /opt/stack/keystone/keystone/server/flask/request_processing/req_logging.py:28}}
Dec 01 19:05:32 user devstack@keystone.service[46412]: DEBUG keystone.server.flask.request_processing.req_logging [None req-4b44aa93-39cc-4302-a4d9-527d4a48a3a3 None admin] PATH_INFO: `/v3/projects/b91640da515949eb909aab6a52ca583c` {{(pid=46412) log_request_info /opt/stack/keystone/keystone/server/flask/request_processing/req_logging.py:29}}
Dec 01 19:05:32 user devstack@keystone.service[46412]: DEBUG keystone.common.rbac_enforcer.enforcer [None req-4b44aa93-39cc-4302-a4d9-527d4a48a3a3 None admin] RBAC: Authorizing `identity:get_project(project_id=b91640da515949eb909aab6a52ca583c)` {{(pid=46412) enforce_call /opt/stack/keystone/keystone/common/rbac_enforcer/enforcer.py:449}}
Dec 01 19:05:32 user devstack@keystone.service[46412]: DEBUG keystone.common.rbac_enforcer.enforcer [None req-4b44aa93-39cc-4302-a4d9-527d4a48a3a3 None admin] RBAC: Authorization granted {{(pid=46412) enforce_call /opt/stack/keystone/keystone/common/rbac_enforcer/enforcer.py:457}}
Dec 01 19:05:32 user devstack@keystone.service[46412]: [pid: 46412|app: 0|req: 112/316] 10.0.0.210 () {56 vars in 1181 bytes} [Fri Dec 1 19:05:31 2023] GET /identity/v3/projects/b91640da515949eb909aab6a52ca583c => generated 297 bytes in 123 msecs (HTTP/1.1 200) 5 headers in 177 bytes (1 switches on core 0)
Dec 01 19:05:32 user devstack@keystone.service[46412]: DEBUG keystone.server.flask.request_processing.middleware.auth_context [None req-4b44aa93-39cc-4302-a4d9-527d4a48a3a3 None admin] Authenticating user token {{(pid=46412) process_request /opt/stack/data/venv/lib/python3.10/site-packages/keystonemiddleware/auth_token/__init__.py:406}}
Dec 01 19:05:32 user devstack@keystone.service[46410]: DEBUG keystone.server.flask.request_processing.middleware.auth_context [None req-62ff928e-9eab-49f6-a5a2-6f661e28395a None admin] Validating token access rules against request {{(pid=46410) validate_allowed_request /opt/stack/data/venv/lib/python3.10/site-packages/keystonemiddleware/auth_token/__init__.py:544}}
Dec 01 19:05:32 user devstack@keystone.service[46410]: DEBUG keystone.server.flask.request_processing.middleware.auth_context [None req-5ae6abb3-6820-4267-8376-82f322590ae6 None admin] RBAC: auth_context: {'token': , 'domain_id': None, 'trust_id': None, 'trustor_id': None, 'trustee_id': None, 'domain_name': None, 'group_ids': [], 'user_id': '351d0fd710f34359a48fd3ecf802699f', 'user_domain_id': 'default', 'system_scope': 'all', 'project_id': None, 'project_domain_id': None, 'roles': ['admin', 'manager', 'member', 'reader'], 'is_admin_project': True, 'service_user_id': None, 'service_user_domain_id': None, 'service_project_id': None, 'service_project_domain_id': None, 'service_roles': []} {{(pid=46410) fill_context /opt/stack/keystone/keystone/server/flask/request_processing/middleware/auth_context.py:480}}
Dec 01 19:05:32 user devstack@keystone.service[46410]: DEBUG keystone.server.flask.request_processing.req_logging [None req-5ae6abb3-6820-4267-8376-82f322590ae6 None admin] REQUEST_METHOD: `GET` {{(pid=46410) log_request_info /opt/stack/keystone/keystone/server/flask/request_processing/req_logging.py:27}}
Dec 01 19:05:32 user devstack@keystone.service[46410]: DEBUG keystone.server.flask.request_processing.req_logging [None req-5ae6abb3-6820-4267-8376-82f322590ae6 None admin] SCRIPT_NAME: `/identity` {{(pid=46410) log_request_info /opt/stack/keystone/keystone/server/flask/request_processing/req_logging.py:28}}
Dec 01 19:05:32 user devstack@keystone.service[46410]: DEBUG keystone.server.flask.request_processing.req_logging [None req-5ae6abb3-6820-4267-8376-82f322590ae6 None admin] PATH_INFO: `/v3/roles/member` {{(pid=46410) log_request_info /opt/stack/keystone/keystone/server/flask/request_processing/req_logging.py:29}}
Dec 01 19:05:32 user devstack@keystone.service[46410]: DEBUG keystone.common.rbac_enforcer.enforcer [None req-5ae6abb3-6820-4267-8376-82f322590ae6 None admin] Extracting inferred target data resulted in "NOT FOUND (404)". {{(pid=46410) enforce_call /opt/stack/keystone/keystone/common/rbac_enforcer/enforcer.py:409}}
Dec 01 19:05:32 user devstack@keystone.service[46410]: ERROR keystone.server.flask.application [None req-5ae6abb3-6820-4267-8376-82f322590ae6 None admin] Could not find role: member.: keystone.exception.RoleNotFound: Could not find role: member.
Dec 01 19:05:32 user devstack@keystone.service[46410]: ERROR keystone.server.flask.application
Traceback (most recent call last):
Dec 01 19:05:32 user devstack@keystone.service[46410]: ERROR keystone.server.flask.application
File "/opt/stack/data/venv/lib/python3.10/site-packages/flask/app.py", line 1823, in full_dispatch_request
Dec 01 19:05:32 user devstack@keystone.service[46410]: ERROR keystone.server.flask.application rv = self.dispatch_request()
Dec 01 19:05:32 user devstack@keystone.service[46410]: ERROR keystone.server.flask.application
File "/opt/stack/data/venv/lib/python3.10/site-packages/flask/app.py", line 1799, in dispatch_request
Dec 01 19:05:32 user devstack@keystone.service[46410]: ERROR keystone.server.flask.application return self.ensure_sync(self.view_functions[rule.endpoint])(**view_args)
Dec 01 19:05:32 user devstack@keystone.service[46410]: ERROR keystone.server.flask.application
File "/opt/stack/data/venv/lib/python3.10/site-packages/flask_restful/__init__.py", line 489, in wrapper
Dec 01 19:05:32 user devstack@keystone.service[46410]: ERROR keystone.server.flask.application resp = resource(*args, **kwargs)
Dec 01 19:05:32 user devstack@keystone.service[46410]: ERROR keystone.server.flask.application
File "/opt/stack/data/venv/lib/python3.10/site-packages/flask/views.py", line 107, in view
Dec 01 19:05:32 user devstack@keystone.service[46410]: ERROR keystone.server.flask.application return current_app.ensure_sync(self.dispatch_request)(**kwargs)
Dec 01 19:05:32 user devstack@keystone.service[46410]: ERROR keystone.server.flask.application
File "/opt/stack/data/venv/lib/python3.10/site-packages/flask_restful/__init__.py", line 604, in dispatch_request
Dec 01 19:05:32 user devstack@keystone.service[46410]: ERROR keystone.server.flask.application resp = meth(*args, **kwargs)
Dec 01 19:05:32 user devstack@keystone.service[46410]: ERROR keystone.server.flask.application
File "/opt/stack/keystone/keystone/api/roles.py", line 50, in get
Dec 01 19:05:32 user devstack@keystone.service[46410]: ERROR keystone.server.flask.application return self._get_role(role_id)
Dec 01 19:05:32 user devstack@keystone.service[46410]: ERROR keystone.server.flask.application
File "/opt/stack/keystone/keystone/api/roles.py", line 70, in _get_role
Dec 01 19:05:32 user devstack@keystone.service[46410]: ERROR keystone.server.flask.application ENFORCER.enforce_call(action='identity:get_role')
Dec 01 19:05:32 user devstack@keystone.service[46410]: ERROR keystone.server.flask.application
File "/opt/stack/keystone/keystone/common/rbac_enforcer/enforcer.py", line 402, in enforce_call
Dec 01 19:05:32 user devstack@keystone.service[46410]: ERROR keystone.server.flask.application policy_dict.update(cls._extract_member_target_data(
Dec 01 19:05:32 user devstack@keystone.service[46410]: ERROR keystone.server.flask.application
File "/opt/stack/keystone/keystone/common/rbac_enforcer/enforcer.py", line 234, in _extract_member_target_data
Dec 01 19:05:32 user devstack@keystone.service[46410]: ERROR keystone.server.flask.application member_name: func(flask.request.view_args[key])
Dec 01 19:05:32 user devstack@keystone.service[46410]: ERROR keystone.server.flask.application
File "/opt/stack/keystone/keystone/common/manager.py", line 115, in wrapped
Dec 01 19:05:32 user devstack@keystone.service[46410]: ERROR keystone.server.flask.application __ret_val = __f(*args, **kwargs)
Dec 01 19:05:32 user devstack@keystone.service[46410]: ERROR keystone.server.flask.application
File "/opt/stack/data/venv/lib/python3.10/site-packages/decorator.py", line 232, in fun
Dec 01 19:05:32 user devstack@keystone.service[46410]: ERROR keystone.server.flask.application return caller(func, *(extras + args), **kw)
Dec 01 19:05:32 user devstack@keystone.service[46410]: ERROR keystone.server.flask.application
File "/opt/stack/data/venv/lib/python3.10/site-packages/dogpile/cache/region.py", line 1594, in get_or_create_for_user_func
Dec 01 19:05:32 user devstack@keystone.service[46410]: ERROR keystone.server.flask.application return self.get_or_create(
Dec 01 19:05:32 user devstack@keystone.service[46410]: ERROR keystone.server.flask.application
File "/opt/stack/data/venv/lib/python3.10/site-packages/dogpile/cache/region.py", line 1054, in get_or_create
Dec 01 19:05:32 user devstack@keystone.service[46410]: ERROR keystone.server.flask.application with Lock(
Dec 01 19:05:32 user devstack@keystone.service[46410]: ERROR keystone.server.flask.application
File "/opt/stack/data/venv/lib/python3.10/site-packages/dogpile/lock.py", line 185, in __enter__
Dec 01 19:05:32 user devstack@keystone.service[46410]: ERROR keystone.server.flask.application return self._enter()
Dec 01 19:05:32 user devstack@keystone.service[46410]: ERROR keystone.server.flask.application
File "/opt/stack/data/venv/lib/python3.10/site-packages/dogpile/lock.py", line 94, in _enter
Dec 01 19:05:32 user devstack@keystone.service[46410]: ERROR keystone.server.flask.application generated = self._enter_create(value, createdtime)
Dec 01 19:05:32 user devstack@keystone.service[46410]: ERROR keystone.server.flask.application
File "/opt/stack/data/venv/lib/python3.10/site-packages/dogpile/lock.py", line 178, in _enter_create
Dec 01 19:05:32 user devstack@keystone.service[46410]: ERROR keystone.server.flask.application return self.creator()
Dec 01 19:05:32 user devstack@keystone.service[46410]: ERROR keystone.server.flask.application
File "/opt/stack/data/venv/lib/python3.10/site-packages/dogpile/cache/region.py", line 1007, in gen_value
Dec 01 19:05:32 user devstack@keystone.service[46410]: ERROR keystone.server.flask.application created_value = creator(
Dec 01 19:05:32 user devstack@keystone.service[46410]: ERROR keystone.server.flask.application
File "/opt/stack/keystone/keystone/assignment/core.py", line 1276, in get_role
Dec 01 19:05:32 user devstack@keystone.service[46410]: ERROR keystone.server.flask.application return self.driver.get_role(role_id)
Dec 01 19:05:32 user devstack@keystone.service[46410]: ERROR keystone.server.flask.application
File "/opt/stack/keystone/keystone/assignment/role_backends/sql.py", line 70, in get_role
Dec 01 19:05:32 user devstack@keystone.service[46410]: ERROR keystone.server.flask.application return self._get_role(session, role_id).to_dict()
Dec 01 19:05:32 user devstack@keystone.service[46410]: ERROR keystone.server.flask.application
File "/opt/stack/keystone/keystone/assignment/role_backends/sql.py", line 65, in _get_role
Dec 01 19:05:32 user devstack@keystone.service[46410]: ERROR keystone.server.flask.application raise exception.RoleNotFound(role_id=role_id)
Dec 01 19:05:32 user devstack@keystone.service[46410]: ERROR keystone.server.flask.application keystone.exception.RoleNotFound: Could not find role: member.
Dec 01 19:05:32 user devstack@keystone.service[46410]: ERROR keystone.server.flask.application
Dec 01 19:05:32 user devstack@keystone.service[46410]: [pid: 46410|app: 0|req: 106/317] 10.0.0.210 () {56 vars in 1094 bytes} [Fri Dec 1 19:05:32 2023] GET /identity/v3/roles/member => generated 84 bytes in 140 msecs (HTTP/1.1 404) 5 headers in 183 bytes (1 switches on core 0)
Dec 01 19:05:32 user devstack@keystone.service[46410]: DEBUG keystone.server.flask.request_processing.middleware.auth_context [None req-5ae6abb3-6820-4267-8376-82f322590ae6 None admin] Authenticating user token {{(pid=46410) process_request /opt/stack/data/venv/lib/python3.10/site-packages/keystonemiddleware/auth_token/__init__.py:406}}
Dec 01 19:05:32 user devstack@keystone.service[46411]: [pid: 46411|app: 0|req: 100/318] 10.0.0.210 () {58 vars in 1277 bytes} [Fri Dec 1 19:05:31 2023] GET /identity/v3/auth/tokens => generated 861 bytes in 278 msecs (HTTP/1.1 200) 6 headers in 358 bytes (1 switches on core 0)
Dec 01 19:05:32 user devstack@keystone.service[46411]: DEBUG keystone.server.flask.request_processing.middleware.auth_context [None req-9b125617-462a-4895-bebb-36c9a16abdf1 None admin] Authenticating user token {{(pid=46411) process_request /opt/stack/data/venv/lib/python3.10/site-packages/keystonemiddleware/auth_token/__init__.py:406}}
Dec 01 19:05:32 user devstack@keystone.service[46412]: DEBUG keystone.server.flask.request_processing.middleware.auth_context [None req-4b44aa93-39cc-4302-a4d9-527d4a48a3a3 None admin] Validating token access rules against request {{(pid=46412) validate_allowed_request /opt/stack/data/venv/lib/python3.10/site-packages/keystonemiddleware/auth_token/__init__.py:544}}
Dec 01 19:05:32 user devstack@keystone.service[46412]: DEBUG keystone.server.flask.request_processing.middleware.auth_context [None req-a65ece31-a2d0-432c-9af7-051fef273f8b None admin] RBAC: auth_context: {'token': , 'domain_id': None, 'trust_id': None, 'trustor_id': None, 'trustee_id': None, 'domain_name': None, 'group_ids': [], 'user_id': '351d0fd710f34359a48fd3ecf802699f', 'user_domain_id': 'default', 'system_scope': 'all', 'project_id': None, 'project_domain_id': None, 'roles': ['admin', 'manager', 'member', 'reader'], 'is_admin_project': True, 'service_user_id': None, 'service_user_domain_id': None, 'service_project_id': None, 'service_project_domain_id': None, 'service_roles': []} {{(pid=46412) fill_context /opt/stack/keystone/keystone/server/flask/request_processing/middleware/auth_context.py:480}}
Dec 01 19:05:32 user devstack@keystone.service[46412]: DEBUG keystone.server.flask.request_processing.req_logging [None req-a65ece31-a2d0-432c-9af7-051fef273f8b None admin] REQUEST_METHOD: `GET` {{(pid=46412) log_request_info /opt/stack/keystone/keystone/server/flask/request_processing/req_logging.py:27}}
Dec 01 19:05:32 user devstack@keystone.service[46412]: DEBUG keystone.server.flask.request_processing.req_logging [None req-a65ece31-a2d0-432c-9af7-051fef273f8b None admin] SCRIPT_NAME: `/identity` {{(pid=46412) log_request_info /opt/stack/keystone/keystone/server/flask/request_processing/req_logging.py:28}}
Dec 01 19:05:32 user devstack@keystone.service[46412]: DEBUG keystone.server.flask.request_processing.req_logging [None req-a65ece31-a2d0-432c-9af7-051fef273f8b None admin] PATH_INFO: `/v3/auth/tokens` {{(pid=46412) log_request_info /opt/stack/keystone/keystone/server/flask/request_processing/req_logging.py:29}}
Dec 01 19:05:32 user devstack@keystone.service[46410]: DEBUG keystone.server.flask.request_processing.middleware.auth_context [None req-5ae6abb3-6820-4267-8376-82f322590ae6 None admin] Validating token access rules against request {{(pid=46410) validate_allowed_request /opt/stack/data/venv/lib/python3.10/site-packages/keystonemiddleware/auth_token/__init__.py:544}}
Dec 01 19:05:32 user devstack@keystone.service[46411]: DEBUG keystone.server.flask.request_processing.middleware.auth_context [None req-9b125617-462a-4895-bebb-36c9a16abdf1 None admin] Validating token access rules against request {{(pid=46411) validate_allowed_request /opt/stack/data/venv/lib/python3.10/site-packages/keystonemiddleware/auth_token/__init__.py:544}}
Dec 01 19:05:32 user devstack@keystone.service[46412]: DEBUG keystone.common.rbac_enforcer.enforcer [None req-a65ece31-a2d0-432c-9af7-051fef273f8b None admin] RBAC: Authorizing `identity:validate_token()` {{(pid=46412) enforce_call /opt/stack/keystone/keystone/common/rbac_enforcer/enforcer.py:449}}
Dec 01 19:05:32 user devstack@keystone.service[46412]: DEBUG keystone.common.rbac_enforcer.enforcer [None req-a65ece31-a2d0-432c-9af7-051fef273f8b None admin] RBAC: Authorization granted {{(pid=46412) enforce_call /opt/stack/keystone/keystone/common/rbac_enforcer/enforcer.py:457}}
Dec 01 19:05:32 user devstack@keystone.service[46410]: DEBUG keystone.server.flask.request_processing.middleware.auth_context [None req-5a03f022-913d-4e33-8d08-075bc22c909b None admin] RBAC: auth_context: {'token': , 'domain_id': None, 'trust_id': None, 'trustor_id': None, 'trustee_id': None, 'domain_name': None, 'group_ids': [], 'user_id': '351d0fd710f34359a48fd3ecf802699f', 'user_domain_id': 'default', 'system_scope': 'all', 'project_id': None, 'project_domain_id': None, 'roles': ['admin', 'manager', 'member', 'reader'], 'is_admin_project': True, 'service_user_id': None, 'service_user_domain_id': None, 'service_project_id': None, 'service_project_domain_id': None, 'service_roles': []} {{(pid=46410) fill_context /opt/stack/keystone/keystone/server/flask/request_processing/middleware/auth_context.py:480}}
Dec 01 19:05:32 user devstack@keystone.service[46410]: DEBUG keystone.server.flask.request_processing.req_logging [None req-5a03f022-913d-4e33-8d08-075bc22c909b None admin] REQUEST_METHOD: `GET` {{(pid=46410) log_request_info /opt/stack/keystone/keystone/server/flask/request_processing/req_logging.py:27}}
Dec 01 19:05:32 user devstack@keystone.service[46410]: DEBUG keystone.server.flask.request_processing.req_logging [None req-5a03f022-913d-4e33-8d08-075bc22c909b None admin] SCRIPT_NAME: `/identity` {{(pid=46410) log_request_info /opt/stack/keystone/keystone/server/flask/request_processing/req_logging.py:28}}
Dec 01 19:05:32 user devstack@keystone.service[46410]: DEBUG keystone.server.flask.request_processing.req_logging [None req-5a03f022-913d-4e33-8d08-075bc22c909b None admin] PATH_INFO: `/v3/groups/fe5a151387964d76be617bc74519a6c6` {{(pid=46410) log_request_info /opt/stack/keystone/keystone/server/flask/request_processing/req_logging.py:29}}
Dec 01 19:05:32 user devstack@keystone.service[46410]: DEBUG keystone.common.rbac_enforcer.enforcer [None req-5a03f022-913d-4e33-8d08-075bc22c909b None admin] RBAC: Authorizing `identity:get_group(group_id=fe5a151387964d76be617bc74519a6c6)` {{(pid=46410) enforce_call /opt/stack/keystone/keystone/common/rbac_enforcer/enforcer.py:449}}
Dec 01 19:05:32 user devstack@keystone.service[46410]: DEBUG keystone.common.rbac_enforcer.enforcer [None req-5a03f022-913d-4e33-8d08-075bc22c909b None admin] RBAC: Authorization granted {{(pid=46410) enforce_call /opt/stack/keystone/keystone/common/rbac_enforcer/enforcer.py:457}}
Dec 01 19:05:32 user devstack@keystone.service[46410]: [pid: 46410|app: 0|req: 107/319] 10.0.0.210 () {56 vars in 1175 bytes} [Fri Dec 1 19:05:32 2023] GET /identity/v3/groups/fe5a151387964d76be617bc74519a6c6 => generated 225 bytes in 130 msecs (HTTP/1.1 200) 5 headers in 177 bytes (1 switches on core 0)
Dec 01 19:05:32 user devstack@keystone.service[46410]: DEBUG keystone.server.flask.request_processing.middleware.auth_context [None req-5a03f022-913d-4e33-8d08-075bc22c909b None admin] Authenticating user token {{(pid=46410) process_request /opt/stack/data/venv/lib/python3.10/site-packages/keystonemiddleware/auth_token/__init__.py:406}}
Dec 01 19:05:32 user devstack@keystone.service[46411]: DEBUG keystone.server.flask.request_processing.middleware.auth_context [None req-b037cd63-deed-4251-9767-ab30a72ec874 None admin] RBAC: auth_context: {'token': , 'domain_id': None, 'trust_id': None, 'trustor_id': None, 'trustee_id': None, 'domain_name': None, 'group_ids': [], 'user_id': '351d0fd710f34359a48fd3ecf802699f', 'user_domain_id': 'default', 'system_scope': 'all', 'project_id': None, 'project_domain_id': None, 'roles': ['admin', 'manager', 'member', 'reader'], 'is_admin_project': True, 'service_user_id': None, 'service_user_domain_id': None, 'service_project_id': None, 'service_project_domain_id': None, 'service_roles': []} {{(pid=46411) fill_context /opt/stack/keystone/keystone/server/flask/request_processing/middleware/auth_context.py:480}}
Dec 01 19:05:32 user devstack@keystone.service[46411]: DEBUG keystone.server.flask.request_processing.req_logging [None req-b037cd63-deed-4251-9767-ab30a72ec874 None admin] REQUEST_METHOD: `GET` {{(pid=46411) log_request_info /opt/stack/keystone/keystone/server/flask/request_processing/req_logging.py:27}}
Dec 01 19:05:32 user devstack@keystone.service[46411]: DEBUG keystone.server.flask.request_processing.req_logging [None req-b037cd63-deed-4251-9767-ab30a72ec874 None admin] SCRIPT_NAME: `/identity` {{(pid=46411) log_request_info /opt/stack/keystone/keystone/server/flask/request_processing/req_logging.py:28}}
Dec 01 19:05:32 user devstack@keystone.service[46411]: DEBUG keystone.server.flask.request_processing.req_logging [None req-b037cd63-deed-4251-9767-ab30a72ec874 None admin] PATH_INFO: `/v3/roles` {{(pid=46411) log_request_info /opt/stack/keystone/keystone/server/flask/request_processing/req_logging.py:29}}
Dec 01 19:05:32 user devstack@keystone.service[46411]: DEBUG keystone.common.rbac_enforcer.enforcer [None req-b037cd63-deed-4251-9767-ab30a72ec874 None admin] RBAC: Adding query filter params (name=member) {{(pid=46411) _extract_filter_values /opt/stack/keystone/keystone/common/rbac_enforcer/enforcer.py:167}}
Dec 01 19:05:32 user devstack@keystone.service[46411]: DEBUG keystone.common.rbac_enforcer.enforcer [None req-b037cd63-deed-4251-9767-ab30a72ec874 None admin] RBAC: Authorizing `identity:list_roles()` {{(pid=46411) enforce_call /opt/stack/keystone/keystone/common/rbac_enforcer/enforcer.py:449}}
Dec 01 19:05:32 user devstack@keystone.service[46411]: DEBUG keystone.common.rbac_enforcer.enforcer [None req-b037cd63-deed-4251-9767-ab30a72ec874 None admin] RBAC: Authorization granted {{(pid=46411) enforce_call /opt/stack/keystone/keystone/common/rbac_enforcer/enforcer.py:457}}
Dec 01 19:05:32 user devstack@keystone.service[46411]: [pid: 46411|app: 0|req: 101/320] 10.0.0.210 () {56 vars in 1096 bytes} [Fri Dec 1 19:05:32 2023] GET /identity/v3/roles?name=member => generated 339 bytes in 134 msecs (HTTP/1.1 200) 5 headers in 177 bytes (1 switches on core 0)
Dec 01 19:05:32 user devstack@keystone.service[46411]: DEBUG keystone.server.flask.request_processing.middleware.auth_context [None req-b037cd63-deed-4251-9767-ab30a72ec874 None admin] Authenticating user token {{(pid=46411) process_request /opt/stack/data/venv/lib/python3.10/site-packages/keystonemiddleware/auth_token/__init__.py:406}}
Dec 01 19:05:32 user devstack@keystone.service[46412]: [pid: 46412|app: 0|req: 113/321] 10.0.0.210 () {58 vars in 1277 bytes} [Fri Dec 1 19:05:32 2023] GET /identity/v3/auth/tokens => generated 861 bytes in 276 msecs (HTTP/1.1 200) 6 headers in 358 bytes (1 switches on core 0)
Dec 01 19:05:32 user devstack@keystone.service[46412]: DEBUG keystone.server.flask.request_processing.middleware.auth_context [None req-a65ece31-a2d0-432c-9af7-051fef273f8b None admin] Authenticating user token {{(pid=46412) process_request /opt/stack/data/venv/lib/python3.10/site-packages/keystonemiddleware/auth_token/__init__.py:406}}
Dec 01 19:05:32 user devstack@keystone.service[46410]: DEBUG keystone.server.flask.request_processing.middleware.auth_context [None req-5a03f022-913d-4e33-8d08-075bc22c909b None admin] Validating token access rules against request {{(pid=46410) validate_allowed_request /opt/stack/data/venv/lib/python3.10/site-packages/keystonemiddleware/auth_token/__init__.py:544}}
Dec 01 19:05:32 user devstack@keystone.service[46411]: DEBUG keystone.server.flask.request_processing.middleware.auth_context [None req-b037cd63-deed-4251-9767-ab30a72ec874 None admin] Validating token access rules against request {{(pid=46411) validate_allowed_request /opt/stack/data/venv/lib/python3.10/site-packages/keystonemiddleware/auth_token/__init__.py:544}}
Dec 01 19:05:32 user devstack@keystone.service[46410]: DEBUG keystone.server.flask.request_processing.middleware.auth_context [None req-d9d82461-83f3-4e58-86e2-85d2abdc1e5e None admin] RBAC: auth_context: {'token': , 'domain_id': None, 'trust_id': None, 'trustor_id': None, 'trustee_id': None, 'domain_name': None, 'group_ids': [], 'user_id': '351d0fd710f34359a48fd3ecf802699f', 'user_domain_id': 'default', 'system_scope': 'all', 'project_id': None, 'project_domain_id': None, 'roles': ['admin', 'manager', 'member', 'reader'], 'is_admin_project': True, 'service_user_id': None, 'service_user_domain_id': None, 'service_project_id': None, 'service_project_domain_id': None, 'service_roles': []} {{(pid=46410) fill_context /opt/stack/keystone/keystone/server/flask/request_processing/middleware/auth_context.py:480}}
Dec 01 19:05:32 user devstack@keystone.service[46410]: DEBUG keystone.server.flask.request_processing.req_logging [None req-d9d82461-83f3-4e58-86e2-85d2abdc1e5e None admin] REQUEST_METHOD: `GET` {{(pid=46410) log_request_info /opt/stack/keystone/keystone/server/flask/request_processing/req_logging.py:27}}
Dec 01 19:05:32 user devstack@keystone.service[46410]: DEBUG keystone.server.flask.request_processing.req_logging [None req-d9d82461-83f3-4e58-86e2-85d2abdc1e5e None admin] SCRIPT_NAME: `/identity` {{(pid=46410) log_request_info /opt/stack/keystone/keystone/server/flask/request_processing/req_logging.py:28}}
Dec 01 19:05:32 user devstack@keystone.service[46410]: DEBUG keystone.server.flask.request_processing.req_logging [None req-d9d82461-83f3-4e58-86e2-85d2abdc1e5e None admin] PATH_INFO: `/v3/roles/admin` {{(pid=46410) log_request_info /opt/stack/keystone/keystone/server/flask/request_processing/req_logging.py:29}}
Dec 01 19:05:32 user devstack@keystone.service[46411]: DEBUG keystone.server.flask.request_processing.middleware.auth_context [None req-715f2020-8e38-4c77-82b9-25651ee2ec80 None admin] RBAC: auth_context: {'token': , 'domain_id': None, 'trust_id': None, 'trustor_id': None, 'trustee_id': None, 'domain_name': None, 'group_ids': [], 'user_id': '351d0fd710f34359a48fd3ecf802699f', 'user_domain_id': 'default', 'system_scope': 'all', 'project_id': None, 'project_domain_id': None, 'roles': ['admin', 'manager', 'member', 'reader'], 'is_admin_project': True, 'service_user_id': None, 'service_user_domain_id': None, 'service_project_id': None, 'service_project_domain_id': None, 'service_roles': []} {{(pid=46411) fill_context /opt/stack/keystone/keystone/server/flask/request_processing/middleware/auth_context.py:480}}
Dec 01 19:05:32 user devstack@keystone.service[46411]: DEBUG keystone.server.flask.request_processing.req_logging [None req-715f2020-8e38-4c77-82b9-25651ee2ec80 None admin] REQUEST_METHOD: `GET` {{(pid=46411) log_request_info /opt/stack/keystone/keystone/server/flask/request_processing/req_logging.py:27}}
Dec 01 19:05:32 user devstack@keystone.service[46411]: DEBUG keystone.server.flask.request_processing.req_logging [None req-715f2020-8e38-4c77-82b9-25651ee2ec80 None admin] SCRIPT_NAME: `/identity` {{(pid=46411) log_request_info /opt/stack/keystone/keystone/server/flask/request_processing/req_logging.py:28}}
Dec 01 19:05:32 user devstack@keystone.service[46411]: DEBUG keystone.server.flask.request_processing.req_logging [None req-715f2020-8e38-4c77-82b9-25651ee2ec80 None admin] PATH_INFO: `/v3/projects/b91640da515949eb909aab6a52ca583c` {{(pid=46411) log_request_info /opt/stack/keystone/keystone/server/flask/request_processing/req_logging.py:29}}
Dec 01 19:05:32 user devstack@keystone.service[46411]: DEBUG keystone.common.rbac_enforcer.enforcer [None req-715f2020-8e38-4c77-82b9-25651ee2ec80 None admin] RBAC: Authorizing `identity:get_project(project_id=b91640da515949eb909aab6a52ca583c)` {{(pid=46411) enforce_call /opt/stack/keystone/keystone/common/rbac_enforcer/enforcer.py:449}}
Dec 01 19:05:32 user devstack@keystone.service[46410]: DEBUG keystone.common.rbac_enforcer.enforcer [None req-d9d82461-83f3-4e58-86e2-85d2abdc1e5e None admin] Extracting inferred target data resulted in "NOT FOUND (404)". {{(pid=46410) enforce_call /opt/stack/keystone/keystone/common/rbac_enforcer/enforcer.py:409}}
Dec 01 19:05:32 user devstack@keystone.service[46411]: DEBUG keystone.common.rbac_enforcer.enforcer [None req-715f2020-8e38-4c77-82b9-25651ee2ec80 None admin] RBAC: Authorization granted {{(pid=46411) enforce_call /opt/stack/keystone/keystone/common/rbac_enforcer/enforcer.py:457}}
Dec 01 19:05:32 user devstack@keystone.service[46411]: [pid: 46411|app: 0|req: 102/322] 10.0.0.210 () {56 vars in 1181 bytes} [Fri Dec 1 19:05:32 2023] GET /identity/v3/projects/b91640da515949eb909aab6a52ca583c => generated 297 bytes in 126 msecs (HTTP/1.1 200) 5 headers in 177 bytes (1 switches on core 0)
Dec 01 19:05:32 user devstack@keystone.service[46411]: DEBUG keystone.server.flask.request_processing.middleware.auth_context [None req-715f2020-8e38-4c77-82b9-25651ee2ec80 None admin] Authenticating user token {{(pid=46411) process_request /opt/stack/data/venv/lib/python3.10/site-packages/keystonemiddleware/auth_token/__init__.py:406}}
Dec 01 19:05:32 user devstack@keystone.service[46410]: ERROR keystone.server.flask.application [None req-d9d82461-83f3-4e58-86e2-85d2abdc1e5e None admin] Could not find role: admin.: keystone.exception.RoleNotFound: Could not find role: admin.
Dec 01 19:05:32 user devstack@keystone.service[46410]: ERROR keystone.server.flask.application
Traceback (most recent call last):
Dec 01 19:05:32 user devstack@keystone.service[46410]: ERROR keystone.server.flask.application
File "/opt/stack/data/venv/lib/python3.10/site-packages/flask/app.py", line 1823, in full_dispatch_request
Dec 01 19:05:32 user devstack@keystone.service[46410]: ERROR keystone.server.flask.application rv = self.dispatch_request()
Dec 01 19:05:32 user devstack@keystone.service[46410]: ERROR keystone.server.flask.application
File "/opt/stack/data/venv/lib/python3.10/site-packages/flask/app.py", line 1799, in dispatch_request
Dec 01 19:05:32 user devstack@keystone.service[46410]: ERROR keystone.server.flask.application return self.ensure_sync(self.view_functions[rule.endpoint])(**view_args)
Dec 01 19:05:32 user devstack@keystone.service[46410]: ERROR keystone.server.flask.application
File "/opt/stack/data/venv/lib/python3.10/site-packages/flask_restful/__init__.py", line 489, in wrapper
Dec 01 19:05:32 user devstack@keystone.service[46410]: ERROR keystone.server.flask.application resp = resource(*args, **kwargs)
Dec 01 19:05:32 user devstack@keystone.service[46410]: ERROR keystone.server.flask.application
File "/opt/stack/data/venv/lib/python3.10/site-packages/flask/views.py", line 107, in view
Dec 01 19:05:32 user devstack@keystone.service[46410]: ERROR keystone.server.flask.application return current_app.ensure_sync(self.dispatch_request)(**kwargs)
Dec 01 19:05:32 user devstack@keystone.service[46410]: ERROR keystone.server.flask.application
File "/opt/stack/data/venv/lib/python3.10/site-packages/flask_restful/__init__.py", line 604, in dispatch_request
Dec 01 19:05:32 user devstack@keystone.service[46410]: ERROR keystone.server.flask.application resp = meth(*args, **kwargs)
Dec 01 19:05:32 user devstack@keystone.service[46410]: ERROR keystone.server.flask.application
File "/opt/stack/keystone/keystone/api/roles.py", line 50, in get
Dec 01 19:05:32 user devstack@keystone.service[46410]: ERROR keystone.server.flask.application return self._get_role(role_id)
Dec 01 19:05:32 user devstack@keystone.service[46410]: ERROR keystone.server.flask.application
File "/opt/stack/keystone/keystone/api/roles.py", line 70, in _get_role
Dec 01 19:05:32 user devstack@keystone.service[46410]: ERROR keystone.server.flask.application ENFORCER.enforce_call(action='identity:get_role')
Dec 01 19:05:32 user devstack@keystone.service[46410]: ERROR keystone.server.flask.application
File "/opt/stack/keystone/keystone/common/rbac_enforcer/enforcer.py", line 402, in enforce_call
