Dec 05 12:06:45 user devstack@keystone.service[46435]: DEBUG keystone.server.flask.request_processing.middleware.auth_context [None req-b146b47e-8a53-4e28-8746-5309da36e488 None admin] RBAC: auth_context: {'token': , 'domain_id': None, 'trust_id': None, 'trustor_id': None, 'trustee_id': None, 'domain_name': None, 'group_ids': [], 'user_id': 'fb46feb8d81f49dd88b279caa42ebaa8', 'user_domain_id': 'default', 'system_scope': 'all', 'project_id': None, 'project_domain_id': None, 'roles': ['admin', 'manager', 'member', 'reader'], 'is_admin_project': True, 'service_user_id': None, 'service_user_domain_id': None, 'service_project_id': None, 'service_project_domain_id': None, 'service_roles': []} {{(pid=46435) fill_context /opt/stack/keystone/keystone/server/flask/request_processing/middleware/auth_context.py:480}}
Dec 05 12:06:45 user devstack@keystone.service[46435]: DEBUG keystone.server.flask.request_processing.req_logging [None req-b146b47e-8a53-4e28-8746-5309da36e488 None admin] REQUEST_METHOD: `GET` {{(pid=46435) log_request_info /opt/stack/keystone/keystone/server/flask/request_processing/req_logging.py:27}}
Dec 05 12:06:45 user devstack@keystone.service[46435]: DEBUG keystone.server.flask.request_processing.req_logging [None req-b146b47e-8a53-4e28-8746-5309da36e488 None admin] SCRIPT_NAME: `/identity` {{(pid=46435) log_request_info /opt/stack/keystone/keystone/server/flask/request_processing/req_logging.py:28}}
Dec 05 12:06:45 user devstack@keystone.service[46435]: DEBUG keystone.server.flask.request_processing.req_logging [None req-b146b47e-8a53-4e28-8746-5309da36e488 None admin] PATH_INFO: `/v3/roles/member` {{(pid=46435) log_request_info /opt/stack/keystone/keystone/server/flask/request_processing/req_logging.py:29}}
Dec 05 12:06:45 user devstack@keystone.service[46435]: DEBUG keystone.common.rbac_enforcer.enforcer [None req-b146b47e-8a53-4e28-8746-5309da36e488 None admin] Extracting inferred target data resulted in "NOT FOUND (404)". {{(pid=46435) enforce_call /opt/stack/keystone/keystone/common/rbac_enforcer/enforcer.py:409}}
Dec 05 12:06:45 user devstack@keystone.service[46435]: ERROR keystone.server.flask.application [None req-b146b47e-8a53-4e28-8746-5309da36e488 None admin] Could not find role: member.: keystone.exception.RoleNotFound: Could not find role: member.
Dec 05 12:06:45 user devstack@keystone.service[46435]: ERROR keystone.server.flask.application
Traceback (most recent call last):
Dec 05 12:06:45 user devstack@keystone.service[46435]: ERROR keystone.server.flask.application
File "/opt/stack/data/venv/lib/python3.10/site-packages/flask/app.py", line 1823, in full_dispatch_request
Dec 05 12:06:45 user devstack@keystone.service[46435]: ERROR keystone.server.flask.application rv = self.dispatch_request()
Dec 05 12:06:45 user devstack@keystone.service[46435]: ERROR keystone.server.flask.application
File "/opt/stack/data/venv/lib/python3.10/site-packages/flask/app.py", line 1799, in dispatch_request
Dec 05 12:06:45 user devstack@keystone.service[46435]: ERROR keystone.server.flask.application return self.ensure_sync(self.view_functions[rule.endpoint])(**view_args)
Dec 05 12:06:45 user devstack@keystone.service[46435]: ERROR keystone.server.flask.application
File "/opt/stack/data/venv/lib/python3.10/site-packages/flask_restful/__init__.py", line 489, in wrapper
Dec 05 12:06:45 user devstack@keystone.service[46435]: ERROR keystone.server.flask.application resp = resource(*args, **kwargs)
Dec 05 12:06:45 user devstack@keystone.service[46435]: ERROR keystone.server.flask.application
File "/opt/stack/data/venv/lib/python3.10/site-packages/flask/views.py", line 107, in view
Dec 05 12:06:45 user devstack@keystone.service[46435]: ERROR keystone.server.flask.application return current_app.ensure_sync(self.dispatch_request)(**kwargs)
Dec 05 12:06:45 user devstack@keystone.service[46435]: ERROR keystone.server.flask.application
File "/opt/stack/data/venv/lib/python3.10/site-packages/flask_restful/__init__.py", line 604, in dispatch_request
Dec 05 12:06:45 user devstack@keystone.service[46435]: ERROR keystone.server.flask.application resp = meth(*args, **kwargs)
Dec 05 12:06:45 user devstack@keystone.service[46435]: ERROR keystone.server.flask.application
File "/opt/stack/keystone/keystone/api/roles.py", line 50, in get
Dec 05 12:06:45 user devstack@keystone.service[46435]: ERROR keystone.server.flask.application return self._get_role(role_id)
Dec 05 12:06:45 user devstack@keystone.service[46435]: ERROR keystone.server.flask.application
File "/opt/stack/keystone/keystone/api/roles.py", line 70, in _get_role
Dec 05 12:06:45 user devstack@keystone.service[46435]: ERROR keystone.server.flask.application ENFORCER.enforce_call(action='identity:get_role')
Dec 05 12:06:45 user devstack@keystone.service[46435]: ERROR keystone.server.flask.application
File "/opt/stack/keystone/keystone/common/rbac_enforcer/enforcer.py", line 402, in enforce_call
Dec 05 12:06:45 user devstack@keystone.service[46435]: ERROR keystone.server.flask.application policy_dict.update(cls._extract_member_target_data(
Dec 05 12:06:45 user devstack@keystone.service[46435]: ERROR keystone.server.flask.application
File "/opt/stack/keystone/keystone/common/rbac_enforcer/enforcer.py", line 234, in _extract_member_target_data
Dec 05 12:06:45 user devstack@keystone.service[46435]: ERROR keystone.server.flask.application member_name: func(flask.request.view_args[key])
Dec 05 12:06:45 user devstack@keystone.service[46435]: ERROR keystone.server.flask.application
File "/opt/stack/keystone/keystone/common/manager.py", line 110, in wrapped
Dec 05 12:06:45 user devstack@keystone.service[46435]: ERROR keystone.server.flask.application __ret_val = __f(*args, **kwargs)
Dec 05 12:06:45 user devstack@keystone.service[46435]: ERROR keystone.server.flask.application
File "/opt/stack/data/venv/lib/python3.10/site-packages/decorator.py", line 232, in fun
Dec 05 12:06:45 user devstack@keystone.service[46435]: ERROR keystone.server.flask.application return caller(func, *(extras + args), **kw)
Dec 05 12:06:45 user devstack@keystone.service[46435]: ERROR keystone.server.flask.application
File "/opt/stack/data/venv/lib/python3.10/site-packages/dogpile/cache/region.py", line 1594, in get_or_create_for_user_func
Dec 05 12:06:45 user devstack@keystone.service[46435]: ERROR keystone.server.flask.application return self.get_or_create(
Dec 05 12:06:45 user devstack@keystone.service[46435]: ERROR keystone.server.flask.application
File "/opt/stack/data/venv/lib/python3.10/site-packages/dogpile/cache/region.py", line 1054, in get_or_create
Dec 05 12:06:45 user devstack@keystone.service[46435]: ERROR keystone.server.flask.application with Lock(
Dec 05 12:06:45 user devstack@keystone.service[46435]: ERROR keystone.server.flask.application
File "/opt/stack/data/venv/lib/python3.10/site-packages/dogpile/lock.py", line 185, in __enter__
Dec 05 12:06:45 user devstack@keystone.service[46435]: ERROR keystone.server.flask.application return self._enter()
Dec 05 12:06:45 user devstack@keystone.service[46435]: ERROR keystone.server.flask.application
File "/opt/stack/data/venv/lib/python3.10/site-packages/dogpile/lock.py", line 94, in _enter
Dec 05 12:06:45 user devstack@keystone.service[46435]: ERROR keystone.server.flask.application generated = self._enter_create(value, createdtime)
Dec 05 12:06:45 user devstack@keystone.service[46435]: ERROR keystone.server.flask.application
File "/opt/stack/data/venv/lib/python3.10/site-packages/dogpile/lock.py", line 178, in _enter_create
Dec 05 12:06:45 user devstack@keystone.service[46435]: ERROR keystone.server.flask.application return self.creator()
Dec 05 12:06:45 user devstack@keystone.service[46435]: ERROR keystone.server.flask.application
File "/opt/stack/data/venv/lib/python3.10/site-packages/dogpile/cache/region.py", line 1007, in gen_value
Dec 05 12:06:45 user devstack@keystone.service[46435]: ERROR keystone.server.flask.application created_value = creator(
Dec 05 12:06:45 user devstack@keystone.service[46435]: ERROR keystone.server.flask.application
File "/opt/stack/keystone/keystone/assignment/core.py", line 1276, in get_role
Dec 05 12:06:45 user devstack@keystone.service[46435]: ERROR keystone.server.flask.application return self.driver.get_role(role_id)
Dec 05 12:06:45 user devstack@keystone.service[46435]: ERROR keystone.server.flask.application
File "/opt/stack/keystone/keystone/assignment/role_backends/sql.py", line 70, in get_role
Dec 05 12:06:45 user devstack@keystone.service[46435]: ERROR keystone.server.flask.application return self._get_role(session, role_id).to_dict()
Dec 05 12:06:45 user devstack@keystone.service[46435]: ERROR keystone.server.flask.application
File "/opt/stack/keystone/keystone/assignment/role_backends/sql.py", line 65, in _get_role
Dec 05 12:06:45 user devstack@keystone.service[46435]: ERROR keystone.server.flask.application raise exception.RoleNotFound(role_id=role_id)
Dec 05 12:06:45 user devstack@keystone.service[46435]: ERROR keystone.server.flask.application keystone.exception.RoleNotFound: Could not find role: member.
Dec 05 12:06:45 user devstack@keystone.service[46435]: ERROR keystone.server.flask.application
Dec 05 12:06:45 user devstack@keystone.service[46435]: [pid: 46435|app: 0|req: 24/74] 10.0.0.210 () {56 vars in 1094 bytes} [Tue Dec 5 12:06:45 2023] GET /identity/v3/roles/member => generated 84 bytes in 153 msecs (HTTP/1.1 404) 5 headers in 183 bytes (1 switches on core 0)
Dec 05 12:06:45 user devstack@keystone.service[46435]: DEBUG keystone.server.flask.request_processing.middleware.auth_context [None req-b146b47e-8a53-4e28-8746-5309da36e488 None admin] Authenticating user token {{(pid=46435) process_request /opt/stack/data/venv/lib/python3.10/site-packages/keystonemiddleware/auth_token/__init__.py:406}}
Dec 05 12:06:45 user devstack@keystone.service[46434]: DEBUG keystone.server.flask.request_processing.middleware.auth_context [None req-e2e46c6c-980c-4f7f-9b08-45da30b0af74 None admin] Validating token access rules against request {{(pid=46434) validate_allowed_request /opt/stack/data/venv/lib/python3.10/site-packages/keystonemiddleware/auth_token/__init__.py:544}}
Dec 05 12:06:45 user devstack@keystone.service[46433]: DEBUG keystone.server.flask.request_processing.middleware.auth_context [None req-b055046a-4240-4966-b746-321c9cd0edc5 None admin] Validating token access rules against request {{(pid=46433) validate_allowed_request /opt/stack/data/venv/lib/python3.10/site-packages/keystonemiddleware/auth_token/__init__.py:544}}
Dec 05 12:06:45 user devstack@keystone.service[46434]: DEBUG keystone.server.flask.request_processing.middleware.auth_context [None req-96e888a7-8fa9-481d-8d6d-758266e8a793 None admin] RBAC: auth_context: {'token': , 'domain_id': None, 'trust_id': None, 'trustor_id': None, 'trustee_id': None, 'domain_name': None, 'group_ids': [], 'user_id': 'fb46feb8d81f49dd88b279caa42ebaa8', 'user_domain_id': 'default', 'system_scope': 'all', 'project_id': None, 'project_domain_id': None, 'roles': ['admin', 'manager', 'member', 'reader'], 'is_admin_project': True, 'service_user_id': None, 'service_user_domain_id': None, 'service_project_id': None, 'service_project_domain_id': None, 'service_roles': []} {{(pid=46434) fill_context /opt/stack/keystone/keystone/server/flask/request_processing/middleware/auth_context.py:480}}
Dec 05 12:06:45 user devstack@keystone.service[46434]: DEBUG keystone.server.flask.request_processing.req_logging [None req-96e888a7-8fa9-481d-8d6d-758266e8a793 None admin] REQUEST_METHOD: `GET` {{(pid=46434) log_request_info /opt/stack/keystone/keystone/server/flask/request_processing/req_logging.py:27}}
Dec 05 12:06:45 user devstack@keystone.service[46434]: DEBUG keystone.server.flask.request_processing.req_logging [None req-96e888a7-8fa9-481d-8d6d-758266e8a793 None admin] SCRIPT_NAME: `/identity` {{(pid=46434) log_request_info /opt/stack/keystone/keystone/server/flask/request_processing/req_logging.py:28}}
Dec 05 12:06:45 user devstack@keystone.service[46434]: DEBUG keystone.server.flask.request_processing.req_logging [None req-96e888a7-8fa9-481d-8d6d-758266e8a793 None admin] PATH_INFO: `/v3/projects/67f539b724614e679d34057de88655db` {{(pid=46434) log_request_info /opt/stack/keystone/keystone/server/flask/request_processing/req_logging.py:29}}
Dec 05 12:06:45 user devstack@keystone.service[46435]: DEBUG keystone.server.flask.request_processing.middleware.auth_context [None req-b146b47e-8a53-4e28-8746-5309da36e488 None admin] Validating token access rules against request {{(pid=46435) validate_allowed_request /opt/stack/data/venv/lib/python3.10/site-packages/keystonemiddleware/auth_token/__init__.py:544}}
Dec 05 12:06:45 user devstack@keystone.service[46434]: DEBUG keystone.common.rbac_enforcer.enforcer [None req-96e888a7-8fa9-481d-8d6d-758266e8a793 None admin] RBAC: Authorizing `identity:get_project(project_id=67f539b724614e679d34057de88655db)` {{(pid=46434) enforce_call /opt/stack/keystone/keystone/common/rbac_enforcer/enforcer.py:449}}
Dec 05 12:06:45 user devstack@keystone.service[46434]: DEBUG keystone.common.rbac_enforcer.enforcer [None req-96e888a7-8fa9-481d-8d6d-758266e8a793 None admin] RBAC: Authorization granted {{(pid=46434) enforce_call /opt/stack/keystone/keystone/common/rbac_enforcer/enforcer.py:457}}
Dec 05 12:06:45 user devstack@keystone.service[46434]: [pid: 46434|app: 0|req: 27/75] 10.0.0.210 () {56 vars in 1181 bytes} [Tue Dec 5 12:06:45 2023] GET /identity/v3/projects/67f539b724614e679d34057de88655db => generated 297 bytes in 139 msecs (HTTP/1.1 200) 5 headers in 177 bytes (1 switches on core 0)
Dec 05 12:06:45 user devstack@keystone.service[46434]: DEBUG keystone.server.flask.request_processing.middleware.auth_context [None req-96e888a7-8fa9-481d-8d6d-758266e8a793 None admin] Authenticating user token {{(pid=46434) process_request /opt/stack/data/venv/lib/python3.10/site-packages/keystonemiddleware/auth_token/__init__.py:406}}
Dec 05 12:06:45 user devstack@keystone.service[46433]: DEBUG keystone.server.flask.request_processing.middleware.auth_context [None req-84e32e0a-0117-47a9-8f1b-2b03f0cf2107 None admin] RBAC: auth_context: {'token': , 'domain_id': None, 'trust_id': None, 'trustor_id': None, 'trustee_id': None, 'domain_name': None, 'group_ids': [], 'user_id': 'fb46feb8d81f49dd88b279caa42ebaa8', 'user_domain_id': 'default', 'system_scope': 'all', 'project_id': None, 'project_domain_id': None, 'roles': ['admin', 'manager', 'member', 'reader'], 'is_admin_project': True, 'service_user_id': None, 'service_user_domain_id': None, 'service_project_id': None, 'service_project_domain_id': None, 'service_roles': []} {{(pid=46433) fill_context /opt/stack/keystone/keystone/server/flask/request_processing/middleware/auth_context.py:480}}
Dec 05 12:06:45 user devstack@keystone.service[46433]: DEBUG keystone.server.flask.request_processing.req_logging [None req-84e32e0a-0117-47a9-8f1b-2b03f0cf2107 None admin] REQUEST_METHOD: `GET` {{(pid=46433) log_request_info /opt/stack/keystone/keystone/server/flask/request_processing/req_logging.py:27}}
Dec 05 12:06:45 user devstack@keystone.service[46433]: DEBUG keystone.server.flask.request_processing.req_logging [None req-84e32e0a-0117-47a9-8f1b-2b03f0cf2107 None admin] SCRIPT_NAME: `/identity` {{(pid=46433) log_request_info /opt/stack/keystone/keystone/server/flask/request_processing/req_logging.py:28}}
Dec 05 12:06:45 user devstack@keystone.service[46433]: DEBUG keystone.server.flask.request_processing.req_logging [None req-84e32e0a-0117-47a9-8f1b-2b03f0cf2107 None admin] PATH_INFO: `/v3/users/fb46feb8d81f49dd88b279caa42ebaa8` {{(pid=46433) log_request_info /opt/stack/keystone/keystone/server/flask/request_processing/req_logging.py:29}}
Dec 05 12:06:45 user devstack@keystone.service[46433]: DEBUG keystone.common.rbac_enforcer.enforcer [None req-84e32e0a-0117-47a9-8f1b-2b03f0cf2107 None admin] RBAC: Authorizing `identity:get_user(user_id=fb46feb8d81f49dd88b279caa42ebaa8)` {{(pid=46433) enforce_call /opt/stack/keystone/keystone/common/rbac_enforcer/enforcer.py:449}}
Dec 05 12:06:45 user devstack@keystone.service[46433]: DEBUG keystone.common.rbac_enforcer.enforcer [None req-84e32e0a-0117-47a9-8f1b-2b03f0cf2107 None admin] RBAC: Authorization granted {{(pid=46433) enforce_call /opt/stack/keystone/keystone/common/rbac_enforcer/enforcer.py:457}}
Dec 05 12:06:45 user devstack@keystone.service[46433]: [pid: 46433|app: 0|req: 25/76] 10.0.0.210 () {56 vars in 1172 bytes} [Tue Dec 5 12:06:45 2023] GET /identity/v3/users/fb46feb8d81f49dd88b279caa42ebaa8 => generated 246 bytes in 149 msecs (HTTP/1.1 200) 5 headers in 177 bytes (1 switches on core 0)
Dec 05 12:06:45 user devstack@keystone.service[46433]: DEBUG keystone.server.flask.request_processing.middleware.auth_context [None req-84e32e0a-0117-47a9-8f1b-2b03f0cf2107 None admin] Authenticating user token {{(pid=46433) process_request /opt/stack/data/venv/lib/python3.10/site-packages/keystonemiddleware/auth_token/__init__.py:406}}
Dec 05 12:06:45 user devstack@keystone.service[46435]: DEBUG keystone.server.flask.request_processing.middleware.auth_context [None req-c198558e-e651-4bb2-8ca5-8f39d7e2817c None admin] RBAC: auth_context: {'token': , 'domain_id': None, 'trust_id': None, 'trustor_id': None, 'trustee_id': None, 'domain_name': None, 'group_ids': [], 'user_id': 'fb46feb8d81f49dd88b279caa42ebaa8', 'user_domain_id': 'default', 'system_scope': 'all', 'project_id': None, 'project_domain_id': None, 'roles': ['admin', 'manager', 'member', 'reader'], 'is_admin_project': True, 'service_user_id': None, 'service_user_domain_id': None, 'service_project_id': None, 'service_project_domain_id': None, 'service_roles': []} {{(pid=46435) fill_context /opt/stack/keystone/keystone/server/flask/request_processing/middleware/auth_context.py:480}}
Dec 05 12:06:45 user devstack@keystone.service[46435]: DEBUG keystone.server.flask.request_processing.req_logging [None req-c198558e-e651-4bb2-8ca5-8f39d7e2817c None admin] REQUEST_METHOD: `GET` {{(pid=46435) log_request_info /opt/stack/keystone/keystone/server/flask/request_processing/req_logging.py:27}}
Dec 05 12:06:45 user devstack@keystone.service[46435]: DEBUG keystone.server.flask.request_processing.req_logging [None req-c198558e-e651-4bb2-8ca5-8f39d7e2817c None admin] SCRIPT_NAME: `/identity` {{(pid=46435) log_request_info /opt/stack/keystone/keystone/server/flask/request_processing/req_logging.py:28}}
Dec 05 12:06:45 user devstack@keystone.service[46435]: DEBUG keystone.server.flask.request_processing.req_logging [None req-c198558e-e651-4bb2-8ca5-8f39d7e2817c None admin] PATH_INFO: `/v3/users/fccfb7ba2bf248a8a8c5ef8f6f8b73c4` {{(pid=46435) log_request_info /opt/stack/keystone/keystone/server/flask/request_processing/req_logging.py:29}}
Dec 05 12:06:45 user devstack@keystone.service[46435]: DEBUG keystone.common.rbac_enforcer.enforcer [None req-c198558e-e651-4bb2-8ca5-8f39d7e2817c None admin] RBAC: Authorizing `identity:get_user(user_id=fccfb7ba2bf248a8a8c5ef8f6f8b73c4)` {{(pid=46435) enforce_call /opt/stack/keystone/keystone/common/rbac_enforcer/enforcer.py:449}}
Dec 05 12:06:45 user devstack@keystone.service[46435]: DEBUG keystone.common.rbac_enforcer.enforcer [None req-c198558e-e651-4bb2-8ca5-8f39d7e2817c None admin] RBAC: Authorization granted {{(pid=46435) enforce_call /opt/stack/keystone/keystone/common/rbac_enforcer/enforcer.py:457}}
Dec 05 12:06:45 user devstack@keystone.service[46435]: [pid: 46435|app: 0|req: 25/77] 10.0.0.210 () {56 vars in 1172 bytes} [Tue Dec 5 12:06:45 2023] GET /identity/v3/users/fccfb7ba2bf248a8a8c5ef8f6f8b73c4 => generated 274 bytes in 142 msecs (HTTP/1.1 200) 5 headers in 177 bytes (1 switches on core 0)
Dec 05 12:06:45 user devstack@keystone.service[46435]: DEBUG keystone.server.flask.request_processing.middleware.auth_context [None req-c198558e-e651-4bb2-8ca5-8f39d7e2817c None admin] Authenticating user token {{(pid=46435) process_request /opt/stack/data/venv/lib/python3.10/site-packages/keystonemiddleware/auth_token/__init__.py:406}}
Dec 05 12:06:45 user devstack@keystone.service[46434]: DEBUG keystone.server.flask.request_processing.middleware.auth_context [None req-96e888a7-8fa9-481d-8d6d-758266e8a793 None admin] Validating token access rules against request {{(pid=46434) validate_allowed_request /opt/stack/data/venv/lib/python3.10/site-packages/keystonemiddleware/auth_token/__init__.py:544}}
Dec 05 12:06:45 user devstack@keystone.service[46433]: DEBUG keystone.server.flask.request_processing.middleware.auth_context [None req-84e32e0a-0117-47a9-8f1b-2b03f0cf2107 None admin] Validating token access rules against request {{(pid=46433) validate_allowed_request /opt/stack/data/venv/lib/python3.10/site-packages/keystonemiddleware/auth_token/__init__.py:544}}
Dec 05 12:06:45 user devstack@keystone.service[46434]: DEBUG keystone.server.flask.request_processing.middleware.auth_context [None req-e28655b1-de08-472a-9122-bdf288cab851 None admin] RBAC: auth_context: {'token': , 'domain_id': None, 'trust_id': None, 'trustor_id': None, 'trustee_id': None, 'domain_name': None, 'group_ids': [], 'user_id': 'fb46feb8d81f49dd88b279caa42ebaa8', 'user_domain_id': 'default', 'system_scope': 'all', 'project_id': None, 'project_domain_id': None, 'roles': ['admin', 'manager', 'member', 'reader'], 'is_admin_project': True, 'service_user_id': None, 'service_user_domain_id': None, 'service_project_id': None, 'service_project_domain_id': None, 'service_roles': []} {{(pid=46434) fill_context /opt/stack/keystone/keystone/server/flask/request_processing/middleware/auth_context.py:480}}
Dec 05 12:06:45 user devstack@keystone.service[46435]: DEBUG keystone.server.flask.request_processing.middleware.auth_context [None req-c198558e-e651-4bb2-8ca5-8f39d7e2817c None admin] Validating token access rules against request {{(pid=46435) validate_allowed_request /opt/stack/data/venv/lib/python3.10/site-packages/keystonemiddleware/auth_token/__init__.py:544}}
Dec 05 12:06:45 user devstack@keystone.service[46434]: DEBUG keystone.server.flask.request_processing.req_logging [None req-e28655b1-de08-472a-9122-bdf288cab851 None admin] REQUEST_METHOD: `GET` {{(pid=46434) log_request_info /opt/stack/keystone/keystone/server/flask/request_processing/req_logging.py:27}}
Dec 05 12:06:45 user devstack@keystone.service[46434]: DEBUG keystone.server.flask.request_processing.req_logging [None req-e28655b1-de08-472a-9122-bdf288cab851 None admin] SCRIPT_NAME: `/identity` {{(pid=46434) log_request_info /opt/stack/keystone/keystone/server/flask/request_processing/req_logging.py:28}}
Dec 05 12:06:45 user devstack@keystone.service[46434]: DEBUG keystone.server.flask.request_processing.req_logging [None req-e28655b1-de08-472a-9122-bdf288cab851 None admin] PATH_INFO: `/v3/roles` {{(pid=46434) log_request_info /opt/stack/keystone/keystone/server/flask/request_processing/req_logging.py:29}}
Dec 05 12:06:45 user devstack@keystone.service[46434]: DEBUG keystone.common.rbac_enforcer.enforcer [None req-e28655b1-de08-472a-9122-bdf288cab851 None admin] RBAC: Adding query filter params (name=member) {{(pid=46434) _extract_filter_values /opt/stack/keystone/keystone/common/rbac_enforcer/enforcer.py:167}}
Dec 05 12:06:45 user devstack@keystone.service[46434]: DEBUG keystone.common.rbac_enforcer.enforcer [None req-e28655b1-de08-472a-9122-bdf288cab851 None admin] RBAC: Authorizing `identity:list_roles()` {{(pid=46434) enforce_call /opt/stack/keystone/keystone/common/rbac_enforcer/enforcer.py:449}}
Dec 05 12:06:45 user devstack@keystone.service[46434]: DEBUG keystone.common.rbac_enforcer.enforcer [None req-e28655b1-de08-472a-9122-bdf288cab851 None admin] RBAC: Authorization granted {{(pid=46434) enforce_call /opt/stack/keystone/keystone/common/rbac_enforcer/enforcer.py:457}}
Dec 05 12:06:45 user devstack@keystone.service[46434]: [pid: 46434|app: 0|req: 28/78] 10.0.0.210 () {56 vars in 1096 bytes} [Tue Dec 5 12:06:45 2023] GET /identity/v3/roles?name=member => generated 339 bytes in 146 msecs (HTTP/1.1 200) 5 headers in 177 bytes (1 switches on core 0)
Dec 05 12:06:45 user devstack@keystone.service[46434]: DEBUG keystone.server.flask.request_processing.middleware.auth_context [None req-e28655b1-de08-472a-9122-bdf288cab851 None admin] Authenticating user token {{(pid=46434) process_request /opt/stack/data/venv/lib/python3.10/site-packages/keystonemiddleware/auth_token/__init__.py:406}}
Dec 05 12:06:45 user devstack@keystone.service[46433]: DEBUG keystone.server.flask.request_processing.middleware.auth_context [None req-c5c7207d-ebcf-4ff7-8fe2-3316559555bf None admin] RBAC: auth_context: {'token': , 'domain_id': None, 'trust_id': None, 'trustor_id': None, 'trustee_id': None, 'domain_name': None, 'group_ids': [], 'user_id': 'fb46feb8d81f49dd88b279caa42ebaa8', 'user_domain_id': 'default', 'system_scope': 'all', 'project_id': None, 'project_domain_id': None, 'roles': ['admin', 'manager', 'member', 'reader'], 'is_admin_project': True, 'service_user_id': None, 'service_user_domain_id': None, 'service_project_id': None, 'service_project_domain_id': None, 'service_roles': []} {{(pid=46433) fill_context /opt/stack/keystone/keystone/server/flask/request_processing/middleware/auth_context.py:480}}
Dec 05 12:06:45 user devstack@keystone.service[46433]: DEBUG keystone.server.flask.request_processing.req_logging [None req-c5c7207d-ebcf-4ff7-8fe2-3316559555bf None admin] REQUEST_METHOD: `GET` {{(pid=46433) log_request_info /opt/stack/keystone/keystone/server/flask/request_processing/req_logging.py:27}}
Dec 05 12:06:45 user devstack@keystone.service[46433]: DEBUG keystone.server.flask.request_processing.req_logging [None req-c5c7207d-ebcf-4ff7-8fe2-3316559555bf None admin] SCRIPT_NAME: `/identity` {{(pid=46433) log_request_info /opt/stack/keystone/keystone/server/flask/request_processing/req_logging.py:28}}
Dec 05 12:06:45 user devstack@keystone.service[46433]: DEBUG keystone.server.flask.request_processing.req_logging [None req-c5c7207d-ebcf-4ff7-8fe2-3316559555bf None admin] PATH_INFO: `/v3/domains/default` {{(pid=46433) log_request_info /opt/stack/keystone/keystone/server/flask/request_processing/req_logging.py:29}}
Dec 05 12:06:45 user devstack@keystone.service[46433]: DEBUG keystone.common.rbac_enforcer.enforcer [None req-c5c7207d-ebcf-4ff7-8fe2-3316559555bf None admin] RBAC: Authorizing `identity:get_domain(domain_id=default)` {{(pid=46433) enforce_call /opt/stack/keystone/keystone/common/rbac_enforcer/enforcer.py:449}}
Dec 05 12:06:45 user devstack@keystone.service[46433]: DEBUG keystone.common.rbac_enforcer.enforcer [None req-c5c7207d-ebcf-4ff7-8fe2-3316559555bf None admin] RBAC: Authorization granted {{(pid=46433) enforce_call /opt/stack/keystone/keystone/common/rbac_enforcer/enforcer.py:457}}
Dec 05 12:06:45 user devstack@keystone.service[46433]: [pid: 46433|app: 0|req: 26/79] 10.0.0.210 () {56 vars in 1103 bytes} [Tue Dec 5 12:06:45 2023] GET /identity/v3/domains/default => generated 198 bytes in 142 msecs (HTTP/1.1 200) 5 headers in 177 bytes (1 switches on core 0)
Dec 05 12:06:45 user devstack@keystone.service[46433]: DEBUG keystone.server.flask.request_processing.middleware.auth_context [None req-c5c7207d-ebcf-4ff7-8fe2-3316559555bf None admin] Authenticating user token {{(pid=46433) process_request /opt/stack/data/venv/lib/python3.10/site-packages/keystonemiddleware/auth_token/__init__.py:406}}
Dec 05 12:06:45 user devstack@keystone.service[46435]: DEBUG keystone.server.flask.request_processing.middleware.auth_context [None req-aea0f2b2-cd42-4b48-a0fe-5a213aca1dbc None admin] RBAC: auth_context: {'token': , 'domain_id': None, 'trust_id': None, 'trustor_id': None, 'trustee_id': None, 'domain_name': None, 'group_ids': [], 'user_id': 'fb46feb8d81f49dd88b279caa42ebaa8', 'user_domain_id': 'default', 'system_scope': 'all', 'project_id': None, 'project_domain_id': None, 'roles': ['admin', 'manager', 'member', 'reader'], 'is_admin_project': True, 'service_user_id': None, 'service_user_domain_id': None, 'service_project_id': None, 'service_project_domain_id': None, 'service_roles': []} {{(pid=46435) fill_context /opt/stack/keystone/keystone/server/flask/request_processing/middleware/auth_context.py:480}}
Dec 05 12:06:45 user devstack@keystone.service[46435]: DEBUG keystone.server.flask.request_processing.req_logging [None req-aea0f2b2-cd42-4b48-a0fe-5a213aca1dbc None admin] REQUEST_METHOD: `PUT` {{(pid=46435) log_request_info /opt/stack/keystone/keystone/server/flask/request_processing/req_logging.py:27}}
Dec 05 12:06:45 user devstack@keystone.service[46435]: DEBUG keystone.server.flask.request_processing.req_logging [None req-aea0f2b2-cd42-4b48-a0fe-5a213aca1dbc None admin] SCRIPT_NAME: `/identity` {{(pid=46435) log_request_info /opt/stack/keystone/keystone/server/flask/request_processing/req_logging.py:28}}
Dec 05 12:06:45 user devstack@keystone.service[46435]: DEBUG keystone.server.flask.request_processing.req_logging [None req-aea0f2b2-cd42-4b48-a0fe-5a213aca1dbc None admin] PATH_INFO: `/v3/projects/67f539b724614e679d34057de88655db/users/fccfb7ba2bf248a8a8c5ef8f6f8b73c4/roles/9b93b4b7825d4b6e8450d4e6b33d80a5` {{(pid=46435) log_request_info /opt/stack/keystone/keystone/server/flask/request_processing/req_logging.py:29}}
Dec 05 12:06:45 user devstack@keystone.service[46435]: DEBUG keystone.common.rbac_enforcer.enforcer [None req-aea0f2b2-cd42-4b48-a0fe-5a213aca1dbc None admin] RBAC: Authorizing `identity:create_grant(project_id=67f539b724614e679d34057de88655db, user_id=fccfb7ba2bf248a8a8c5ef8f6f8b73c4, role_id=9b93b4b7825d4b6e8450d4e6b33d80a5)` {{(pid=46435) enforce_call /opt/stack/keystone/keystone/common/rbac_enforcer/enforcer.py:449}}
Dec 05 12:06:45 user devstack@keystone.service[46435]: DEBUG keystone.common.rbac_enforcer.enforcer [None req-aea0f2b2-cd42-4b48-a0fe-5a213aca1dbc None admin] RBAC: Authorization granted {{(pid=46435) enforce_call /opt/stack/keystone/keystone/common/rbac_enforcer/enforcer.py:457}}
Dec 05 12:06:45 user devstack@keystone.service[46435]: [pid: 46435|app: 0|req: 26/80] 10.0.0.210 () {58 vars in 1434 bytes} [Tue Dec 5 12:06:45 2023] PUT /identity/v3/projects/67f539b724614e679d34057de88655db/users/fccfb7ba2bf248a8a8c5ef8f6f8b73c4/roles/9b93b4b7825d4b6e8450d4e6b33d80a5 => generated 0 bytes in 149 msecs (HTTP/1.1 204) 3 headers in 132 bytes (0 switches on core 0)
Dec 05 12:06:45 user devstack@keystone.service[46435]: DEBUG keystone.server.flask.request_processing.middleware.auth_context [None req-aea0f2b2-cd42-4b48-a0fe-5a213aca1dbc None admin] Authenticating user token {{(pid=46435) process_request /opt/stack/data/venv/lib/python3.10/site-packages/keystonemiddleware/auth_token/__init__.py:406}}
Dec 05 12:06:45 user devstack@keystone.service[46434]: DEBUG keystone.server.flask.request_processing.middleware.auth_context [None req-e28655b1-de08-472a-9122-bdf288cab851 None admin] Validating token access rules against request {{(pid=46434) validate_allowed_request /opt/stack/data/venv/lib/python3.10/site-packages/keystonemiddleware/auth_token/__init__.py:544}}
Dec 05 12:06:45 user devstack@keystone.service[46433]: DEBUG keystone.server.flask.request_processing.middleware.auth_context [None req-c5c7207d-ebcf-4ff7-8fe2-3316559555bf None admin] Validating token access rules against request {{(pid=46433) validate_allowed_request /opt/stack/data/venv/lib/python3.10/site-packages/keystonemiddleware/auth_token/__init__.py:544}}
Dec 05 12:06:45 user devstack@keystone.service[46434]: DEBUG keystone.server.flask.request_processing.middleware.auth_context [None req-fefadbac-82d3-4293-acc3-4a192684697f None admin] RBAC: auth_context: {'token': , 'domain_id': None, 'trust_id': None, 'trustor_id': None, 'trustee_id': None, 'domain_name': None, 'group_ids': [], 'user_id': 'fb46feb8d81f49dd88b279caa42ebaa8', 'user_domain_id': 'default', 'system_scope': 'all', 'project_id': None, 'project_domain_id': None, 'roles': ['admin', 'manager', 'member', 'reader'], 'is_admin_project': True, 'service_user_id': None, 'service_user_domain_id': None, 'service_project_id': None, 'service_project_domain_id': None, 'service_roles': []} {{(pid=46434) fill_context /opt/stack/keystone/keystone/server/flask/request_processing/middleware/auth_context.py:480}}
Dec 05 12:06:45 user devstack@keystone.service[46434]: DEBUG keystone.server.flask.request_processing.req_logging [None req-fefadbac-82d3-4293-acc3-4a192684697f None admin] REQUEST_METHOD: `GET` {{(pid=46434) log_request_info /opt/stack/keystone/keystone/server/flask/request_processing/req_logging.py:27}}
Dec 05 12:06:45 user devstack@keystone.service[46434]: DEBUG keystone.server.flask.request_processing.req_logging [None req-fefadbac-82d3-4293-acc3-4a192684697f None admin] SCRIPT_NAME: `/identity` {{(pid=46434) log_request_info /opt/stack/keystone/keystone/server/flask/request_processing/req_logging.py:28}}
Dec 05 12:06:45 user devstack@keystone.service[46434]: DEBUG keystone.server.flask.request_processing.req_logging [None req-fefadbac-82d3-4293-acc3-4a192684697f None admin] PATH_INFO: `/v3/projects/67f539b724614e679d34057de88655db` {{(pid=46434) log_request_info /opt/stack/keystone/keystone/server/flask/request_processing/req_logging.py:29}}
Dec 05 12:06:45 user devstack@keystone.service[46434]: DEBUG keystone.common.rbac_enforcer.enforcer [None req-fefadbac-82d3-4293-acc3-4a192684697f None admin] RBAC: Authorizing `identity:get_project(project_id=67f539b724614e679d34057de88655db)` {{(pid=46434) enforce_call /opt/stack/keystone/keystone/common/rbac_enforcer/enforcer.py:449}}
Dec 05 12:06:45 user devstack@keystone.service[46434]: DEBUG keystone.common.rbac_enforcer.enforcer [None req-fefadbac-82d3-4293-acc3-4a192684697f None admin] RBAC: Authorization granted {{(pid=46434) enforce_call /opt/stack/keystone/keystone/common/rbac_enforcer/enforcer.py:457}}
Dec 05 12:06:45 user devstack@keystone.service[46434]: [pid: 46434|app: 0|req: 29/81] 10.0.0.210 () {56 vars in 1181 bytes} [Tue Dec 5 12:06:45 2023] GET /identity/v3/projects/67f539b724614e679d34057de88655db => generated 297 bytes in 144 msecs (HTTP/1.1 200) 5 headers in 177 bytes (1 switches on core 0)
Dec 05 12:06:45 user devstack@keystone.service[46434]: DEBUG keystone.server.flask.request_processing.middleware.auth_context [None req-fefadbac-82d3-4293-acc3-4a192684697f None admin] Authenticating user token {{(pid=46434) process_request /opt/stack/data/venv/lib/python3.10/site-packages/keystonemiddleware/auth_token/__init__.py:406}}
Dec 05 12:06:45 user devstack@keystone.service[46435]: DEBUG keystone.server.flask.request_processing.middleware.auth_context [None req-aea0f2b2-cd42-4b48-a0fe-5a213aca1dbc None admin] Validating token access rules against request {{(pid=46435) validate_allowed_request /opt/stack/data/venv/lib/python3.10/site-packages/keystonemiddleware/auth_token/__init__.py:544}}
Dec 05 12:06:45 user devstack@keystone.service[46433]: DEBUG keystone.server.flask.request_processing.middleware.auth_context [None req-56193468-409d-43a7-a7f8-bc3bfe622e4f None admin] RBAC: auth_context: {'token': , 'domain_id': None, 'trust_id': None, 'trustor_id': None, 'trustee_id': None, 'domain_name': None, 'group_ids': [], 'user_id': 'fb46feb8d81f49dd88b279caa42ebaa8', 'user_domain_id': 'default', 'system_scope': 'all', 'project_id': None, 'project_domain_id': None, 'roles': ['admin', 'manager', 'member', 'reader'], 'is_admin_project': True, 'service_user_id': None, 'service_user_domain_id': None, 'service_project_id': None, 'service_project_domain_id': None, 'service_roles': []} {{(pid=46433) fill_context /opt/stack/keystone/keystone/server/flask/request_processing/middleware/auth_context.py:480}}
Dec 05 12:06:45 user devstack@keystone.service[46433]: DEBUG keystone.server.flask.request_processing.req_logging [None req-56193468-409d-43a7-a7f8-bc3bfe622e4f None admin] REQUEST_METHOD: `GET` {{(pid=46433) log_request_info /opt/stack/keystone/keystone/server/flask/request_processing/req_logging.py:27}}
Dec 05 12:06:45 user devstack@keystone.service[46433]: DEBUG keystone.server.flask.request_processing.req_logging [None req-56193468-409d-43a7-a7f8-bc3bfe622e4f None admin] SCRIPT_NAME: `/identity` {{(pid=46433) log_request_info /opt/stack/keystone/keystone/server/flask/request_processing/req_logging.py:28}}
Dec 05 12:06:45 user devstack@keystone.service[46433]: DEBUG keystone.server.flask.request_processing.req_logging [None req-56193468-409d-43a7-a7f8-bc3bfe622e4f None admin] PATH_INFO: `/v3/projects/67f539b724614e679d34057de88655db` {{(pid=46433) log_request_info /opt/stack/keystone/keystone/server/flask/request_processing/req_logging.py:29}}
Dec 05 12:06:45 user devstack@keystone.service[46433]: DEBUG keystone.common.rbac_enforcer.enforcer [None req-56193468-409d-43a7-a7f8-bc3bfe622e4f None admin] RBAC: Authorizing `identity:get_project(project_id=67f539b724614e679d34057de88655db)` {{(pid=46433) enforce_call /opt/stack/keystone/keystone/common/rbac_enforcer/enforcer.py:449}}
Dec 05 12:06:45 user devstack@keystone.service[46433]: DEBUG keystone.common.rbac_enforcer.enforcer [None req-56193468-409d-43a7-a7f8-bc3bfe622e4f None admin] RBAC: Authorization granted {{(pid=46433) enforce_call /opt/stack/keystone/keystone/common/rbac_enforcer/enforcer.py:457}}
Dec 05 12:06:45 user devstack@keystone.service[46433]: [pid: 46433|app: 0|req: 27/82] 10.0.0.210 () {56 vars in 1181 bytes} [Tue Dec 5 12:06:45 2023] GET /identity/v3/projects/67f539b724614e679d34057de88655db => generated 297 bytes in 167 msecs (HTTP/1.1 200) 5 headers in 177 bytes (1 switches on core 0)
Dec 05 12:06:45 user devstack@keystone.service[46433]: DEBUG keystone.server.flask.request_processing.middleware.auth_context [None req-56193468-409d-43a7-a7f8-bc3bfe622e4f None admin] Authenticating user token {{(pid=46433) process_request /opt/stack/data/venv/lib/python3.10/site-packages/keystonemiddleware/auth_token/__init__.py:406}}
Dec 05 12:06:45 user devstack@keystone.service[46435]: DEBUG keystone.server.flask.request_processing.middleware.auth_context [None req-8ae054a4-4b8a-4d73-ab61-e784e007f8c2 None admin] RBAC: auth_context: {'token': , 'domain_id': None, 'trust_id': None, 'trustor_id': None, 'trustee_id': None, 'domain_name': None, 'group_ids': [], 'user_id': 'fb46feb8d81f49dd88b279caa42ebaa8', 'user_domain_id': 'default', 'system_scope': 'all', 'project_id': None, 'project_domain_id': None, 'roles': ['admin', 'manager', 'member', 'reader'], 'is_admin_project': True, 'service_user_id': None, 'service_user_domain_id': None, 'service_project_id': None, 'service_project_domain_id': None, 'service_roles': []} {{(pid=46435) fill_context /opt/stack/keystone/keystone/server/flask/request_processing/middleware/auth_context.py:480}}
Dec 05 12:06:45 user devstack@keystone.service[46435]: DEBUG keystone.server.flask.request_processing.req_logging [None req-8ae054a4-4b8a-4d73-ab61-e784e007f8c2 None admin] REQUEST_METHOD: `GET` {{(pid=46435) log_request_info /opt/stack/keystone/keystone/server/flask/request_processing/req_logging.py:27}}
Dec 05 12:06:45 user devstack@keystone.service[46435]: DEBUG keystone.server.flask.request_processing.req_logging [None req-8ae054a4-4b8a-4d73-ab61-e784e007f8c2 None admin] SCRIPT_NAME: `/identity` {{(pid=46435) log_request_info /opt/stack/keystone/keystone/server/flask/request_processing/req_logging.py:28}}
Dec 05 12:06:45 user devstack@keystone.service[46435]: DEBUG keystone.server.flask.request_processing.req_logging [None req-8ae054a4-4b8a-4d73-ab61-e784e007f8c2 None admin] PATH_INFO: `/v3/users/fccfb7ba2bf248a8a8c5ef8f6f8b73c4` {{(pid=46435) log_request_info /opt/stack/keystone/keystone/server/flask/request_processing/req_logging.py:29}}
Dec 05 12:06:45 user devstack@keystone.service[46435]: DEBUG keystone.common.rbac_enforcer.enforcer [None req-8ae054a4-4b8a-4d73-ab61-e784e007f8c2 None admin] RBAC: Authorizing `identity:get_user(user_id=fccfb7ba2bf248a8a8c5ef8f6f8b73c4)` {{(pid=46435) enforce_call /opt/stack/keystone/keystone/common/rbac_enforcer/enforcer.py:449}}
Dec 05 12:06:45 user devstack@keystone.service[46435]: DEBUG keystone.common.rbac_enforcer.enforcer [None req-8ae054a4-4b8a-4d73-ab61-e784e007f8c2 None admin] RBAC: Authorization granted {{(pid=46435) enforce_call /opt/stack/keystone/keystone/common/rbac_enforcer/enforcer.py:457}}
Dec 05 12:06:45 user devstack@keystone.service[46435]: [pid: 46435|app: 0|req: 27/83] 10.0.0.210 () {56 vars in 1172 bytes} [Tue Dec 5 12:06:45 2023] GET /identity/v3/users/fccfb7ba2bf248a8a8c5ef8f6f8b73c4 => generated 274 bytes in 169 msecs (HTTP/1.1 200) 5 headers in 177 bytes (1 switches on core 0)
Dec 05 12:06:45 user devstack@keystone.service[46435]: DEBUG keystone.server.flask.request_processing.middleware.auth_context [None req-8ae054a4-4b8a-4d73-ab61-e784e007f8c2 None admin] Authenticating user token {{(pid=46435) process_request /opt/stack/data/venv/lib/python3.10/site-packages/keystonemiddleware/auth_token/__init__.py:406}}
Dec 05 12:06:45 user devstack@keystone.service[46434]: DEBUG keystone.server.flask.request_processing.middleware.auth_context [None req-fefadbac-82d3-4293-acc3-4a192684697f None admin] Validating token access rules against request {{(pid=46434) validate_allowed_request /opt/stack/data/venv/lib/python3.10/site-packages/keystonemiddleware/auth_token/__init__.py:544}}
Dec 05 12:06:45 user devstack@keystone.service[46434]: DEBUG keystone.server.flask.request_processing.middleware.auth_context [None req-42ecbd2e-f1d8-4290-be56-d1eb785bc0be None admin] RBAC: auth_context: {'token': , 'domain_id': None, 'trust_id': None, 'trustor_id': None, 'trustee_id': None, 'domain_name': None, 'group_ids': [], 'user_id': 'fb46feb8d81f49dd88b279caa42ebaa8', 'user_domain_id': 'default', 'system_scope': 'all', 'project_id': None, 'project_domain_id': None, 'roles': ['admin', 'manager', 'member', 'reader'], 'is_admin_project': True, 'service_user_id': None, 'service_user_domain_id': None, 'service_project_id': None, 'service_project_domain_id': None, 'service_roles': []} {{(pid=46434) fill_context /opt/stack/keystone/keystone/server/flask/request_processing/middleware/auth_context.py:480}}
Dec 05 12:06:45 user devstack@keystone.service[46434]: DEBUG keystone.server.flask.request_processing.req_logging [None req-42ecbd2e-f1d8-4290-be56-d1eb785bc0be None admin] REQUEST_METHOD: `POST` {{(pid=46434) log_request_info /opt/stack/keystone/keystone/server/flask/request_processing/req_logging.py:27}}
Dec 05 12:06:45 user devstack@keystone.service[46434]: DEBUG keystone.server.flask.request_processing.req_logging [None req-42ecbd2e-f1d8-4290-be56-d1eb785bc0be None admin] SCRIPT_NAME: `/identity` {{(pid=46434) log_request_info /opt/stack/keystone/keystone/server/flask/request_processing/req_logging.py:28}}
Dec 05 12:06:45 user devstack@keystone.service[46434]: DEBUG keystone.server.flask.request_processing.req_logging [None req-42ecbd2e-f1d8-4290-be56-d1eb785bc0be None admin] PATH_INFO: `/v3/users` {{(pid=46434) log_request_info /opt/stack/keystone/keystone/server/flask/request_processing/req_logging.py:29}}
Dec 05 12:06:45 user devstack@keystone.service[46434]: DEBUG keystone.common.rbac_enforcer.enforcer [None req-42ecbd2e-f1d8-4290-be56-d1eb785bc0be None admin] RBAC: Authorizing `identity:create_user()` {{(pid=46434) enforce_call /opt/stack/keystone/keystone/common/rbac_enforcer/enforcer.py:449}}
Dec 05 12:06:45 user devstack@keystone.service[46434]: DEBUG keystone.common.rbac_enforcer.enforcer [None req-42ecbd2e-f1d8-4290-be56-d1eb785bc0be None admin] RBAC: Authorization granted {{(pid=46434) enforce_call /opt/stack/keystone/keystone/common/rbac_enforcer/enforcer.py:457}}
Dec 05 12:06:45 user devstack@keystone.service[46433]: DEBUG keystone.server.flask.request_processing.middleware.auth_context [None req-56193468-409d-43a7-a7f8-bc3bfe622e4f None admin] Validating token access rules against request {{(pid=46433) validate_allowed_request /opt/stack/data/venv/lib/python3.10/site-packages/keystonemiddleware/auth_token/__init__.py:544}}
Dec 05 12:06:45 user devstack@keystone.service[46434]: WARNING keystone.common.password_hashing [None req-42ecbd2e-f1d8-4290-be56-d1eb785bc0be None admin] Truncating password to algorithm specific maximum length 72 characters.
Dec 05 12:06:45 user devstack@keystone.service[46435]: DEBUG keystone.server.flask.request_processing.middleware.auth_context [None req-8ae054a4-4b8a-4d73-ab61-e784e007f8c2 None admin] Validating token access rules against request {{(pid=46435) validate_allowed_request /opt/stack/data/venv/lib/python3.10/site-packages/keystonemiddleware/auth_token/__init__.py:544}}
Dec 05 12:06:45 user devstack@keystone.service[46433]: DEBUG keystone.server.flask.request_processing.middleware.auth_context [None req-9d71eecc-f362-448d-a221-74d65fa60d2e None admin] RBAC: auth_context: {'token': , 'domain_id': None, 'trust_id': None, 'trustor_id': None, 'trustee_id': None, 'domain_name': None, 'group_ids': [], 'user_id': 'fb46feb8d81f49dd88b279caa42ebaa8', 'user_domain_id': 'default', 'system_scope': 'all', 'project_id': None, 'project_domain_id': None, 'roles': ['admin', 'manager', 'member', 'reader'], 'is_admin_project': True, 'service_user_id': None, 'service_user_domain_id': None, 'service_project_id': None, 'service_project_domain_id': None, 'service_roles': []} {{(pid=46433) fill_context /opt/stack/keystone/keystone/server/flask/request_processing/middleware/auth_context.py:480}}
Dec 05 12:06:45 user devstack@keystone.service[46433]: DEBUG keystone.server.flask.request_processing.req_logging [None req-9d71eecc-f362-448d-a221-74d65fa60d2e None admin] REQUEST_METHOD: `PUT` {{(pid=46433) log_request_info /opt/stack/keystone/keystone/server/flask/request_processing/req_logging.py:27}}
Dec 05 12:06:45 user devstack@keystone.service[46433]: DEBUG keystone.server.flask.request_processing.req_logging [None req-9d71eecc-f362-448d-a221-74d65fa60d2e None admin] SCRIPT_NAME: `/identity` {{(pid=46433) log_request_info /opt/stack/keystone/keystone/server/flask/request_processing/req_logging.py:28}}
Dec 05 12:06:45 user devstack@keystone.service[46433]: DEBUG keystone.server.flask.request_processing.req_logging [None req-9d71eecc-f362-448d-a221-74d65fa60d2e None admin] PATH_INFO: `/v3/projects/67f539b724614e679d34057de88655db/users/fb46feb8d81f49dd88b279caa42ebaa8/roles/98c356cb39314f9f86ce851519e234f5` {{(pid=46433) log_request_info /opt/stack/keystone/keystone/server/flask/request_processing/req_logging.py:29}}
Dec 05 12:06:45 user devstack@keystone.service[46433]: DEBUG keystone.common.rbac_enforcer.enforcer [None req-9d71eecc-f362-448d-a221-74d65fa60d2e None admin] RBAC: Authorizing `identity:create_grant(project_id=67f539b724614e679d34057de88655db, user_id=fb46feb8d81f49dd88b279caa42ebaa8, role_id=98c356cb39314f9f86ce851519e234f5)` {{(pid=46433) enforce_call /opt/stack/keystone/keystone/common/rbac_enforcer/enforcer.py:449}}
Dec 05 12:06:45 user devstack@keystone.service[46435]: DEBUG keystone.server.flask.request_processing.middleware.auth_context [None req-0e2e1209-102e-4e2f-96d5-fb2dfb9f09a6 None admin] RBAC: auth_context: {'token': , 'domain_id': None, 'trust_id': None, 'trustor_id': None, 'trustee_id': None, 'domain_name': None, 'group_ids': [], 'user_id': 'fb46feb8d81f49dd88b279caa42ebaa8', 'user_domain_id': 'default', 'system_scope': 'all', 'project_id': None, 'project_domain_id': None, 'roles': ['admin', 'manager', 'member', 'reader'], 'is_admin_project': True, 'service_user_id': None, 'service_user_domain_id': None, 'service_project_id': None, 'service_project_domain_id': None, 'service_roles': []} {{(pid=46435) fill_context /opt/stack/keystone/keystone/server/flask/request_processing/middleware/auth_context.py:480}}
Dec 05 12:06:45 user devstack@keystone.service[46434]: [pid: 46434|app: 0|req: 30/84] 10.0.0.210 () {60 vars in 1127 bytes} [Tue Dec 5 12:06:45 2023] POST /identity/v3/users => generated 288 bytes in 219 msecs (HTTP/1.1 201) 5 headers in 182 bytes (1 switches on core 0)
Dec 05 12:06:45 user devstack@keystone.service[46433]: DEBUG keystone.common.rbac_enforcer.enforcer [None req-9d71eecc-f362-448d-a221-74d65fa60d2e None admin] RBAC: Authorization granted {{(pid=46433) enforce_call /opt/stack/keystone/keystone/common/rbac_enforcer/enforcer.py:457}}
Dec 05 12:06:45 user devstack@keystone.service[46435]: DEBUG keystone.server.flask.request_processing.req_logging [None req-0e2e1209-102e-4e2f-96d5-fb2dfb9f09a6 None admin] REQUEST_METHOD: `PUT` {{(pid=46435) log_request_info /opt/stack/keystone/keystone/server/flask/request_processing/req_logging.py:27}}
Dec 05 12:06:45 user devstack@keystone.service[46435]: DEBUG keystone.server.flask.request_processing.req_logging [None req-0e2e1209-102e-4e2f-96d5-fb2dfb9f09a6 None admin] SCRIPT_NAME: `/identity` {{(pid=46435) log_request_info /opt/stack/keystone/keystone/server/flask/request_processing/req_logging.py:28}}
Dec 05 12:06:45 user devstack@keystone.service[46435]: DEBUG keystone.server.flask.request_processing.req_logging [None req-0e2e1209-102e-4e2f-96d5-fb2dfb9f09a6 None admin] PATH_INFO: `/v3/projects/67f539b724614e679d34057de88655db/users/fccfb7ba2bf248a8a8c5ef8f6f8b73c4/roles/8c62219870b44c6585e5b120d31098d9` {{(pid=46435) log_request_info /opt/stack/keystone/keystone/server/flask/request_processing/req_logging.py:29}}
Dec 05 12:06:45 user devstack@keystone.service[46434]: DEBUG keystone.server.flask.request_processing.middleware.auth_context [None req-42ecbd2e-f1d8-4290-be56-d1eb785bc0be None admin] Authenticating user token {{(pid=46434) process_request /opt/stack/data/venv/lib/python3.10/site-packages/keystonemiddleware/auth_token/__init__.py:406}}
Dec 05 12:06:45 user devstack@keystone.service[46435]: DEBUG keystone.common.rbac_enforcer.enforcer [None req-0e2e1209-102e-4e2f-96d5-fb2dfb9f09a6 None admin] RBAC: Authorizing `identity:create_grant(project_id=67f539b724614e679d34057de88655db, user_id=fccfb7ba2bf248a8a8c5ef8f6f8b73c4, role_id=8c62219870b44c6585e5b120d31098d9)` {{(pid=46435) enforce_call /opt/stack/keystone/keystone/common/rbac_enforcer/enforcer.py:449}}
