Apr 17 10:24:47 user devstack@keystone.service[53868]: [pid: 53868|app: 0|req: 77/230] 10.0.0.210 () {56 vars in 1094 bytes} [Mon Apr 17 10:24:46 2023] GET /identity/v3/roles/reader => generated 84 bytes in 132 msecs (HTTP/1.1 404) 5 headers in 183 bytes (1 switches on core 0)
Apr 17 10:24:47 user devstack@keystone.service[53869]: DEBUG keystone.server.flask.request_processing.middleware.auth_context [None req-20e01ef3-e52d-46b2-a883-cdbe6afa9135 None None] Authenticating user token {{(pid=53869) process_request /usr/local/lib/python3.10/dist-packages/keystonemiddleware/auth_token/__init__.py:406}}
Apr 17 10:24:47 user devstack@keystone.service[53868]: DEBUG keystone.server.flask.request_processing.middleware.auth_context [None req-7af29be1-2f99-43f9-9b97-603f8a45da39 None admin] Authenticating user token {{(pid=53868) process_request /usr/local/lib/python3.10/dist-packages/keystonemiddleware/auth_token/__init__.py:406}}
Apr 17 10:24:47 user devstack@keystone.service[53870]: DEBUG keystone.server.flask.request_processing.middleware.auth_context [None req-f00abbf4-0123-431d-836e-9b5a8e6427bf None None] Validating token access rules against request {{(pid=53870) validate_allowed_request /usr/local/lib/python3.10/dist-packages/keystonemiddleware/auth_token/__init__.py:544}}
Apr 17 10:24:47 user devstack@keystone.service[53869]: DEBUG dbcounter [-] [53869] Writing DB stats keystone:SELECT=100 {{(pid=53869) stat_writer /usr/local/lib/python3.10/dist-packages/dbcounter.py:117}}
Apr 17 10:24:47 user devstack@keystone.service[53870]: DEBUG keystone.server.flask.request_processing.middleware.auth_context [None req-1925f972-3c39-49ac-87be-b9770ab49bc5 None admin] RBAC: auth_context: {'token': , 'domain_id': None, 'trust_id': None, 'trustor_id': None, 'trustee_id': None, 'domain_name': None, 'group_ids': [], 'user_id': 'b642c5366ecb410eab6715df9d548adc', 'user_domain_id': 'default', 'system_scope': 'all', 'project_id': None, 'project_domain_id': None, 'roles': ['admin', 'member', 'reader'], 'is_admin_project': True, 'service_user_id': None, 'service_user_domain_id': None, 'service_project_id': None, 'service_project_domain_id': None, 'service_roles': []} {{(pid=53870) fill_context /opt/stack/keystone/keystone/server/flask/request_processing/middleware/auth_context.py:478}}
Apr 17 10:24:47 user devstack@keystone.service[53870]: DEBUG keystone.server.flask.request_processing.req_logging [None req-1925f972-3c39-49ac-87be-b9770ab49bc5 None admin] REQUEST_METHOD: `GET` {{(pid=53870) log_request_info /opt/stack/keystone/keystone/server/flask/request_processing/req_logging.py:27}}
Apr 17 10:24:47 user devstack@keystone.service[53870]: DEBUG keystone.server.flask.request_processing.req_logging [None req-1925f972-3c39-49ac-87be-b9770ab49bc5 None admin] SCRIPT_NAME: `/identity` {{(pid=53870) log_request_info /opt/stack/keystone/keystone/server/flask/request_processing/req_logging.py:28}}
Apr 17 10:24:47 user devstack@keystone.service[53870]: DEBUG keystone.server.flask.request_processing.req_logging [None req-1925f972-3c39-49ac-87be-b9770ab49bc5 None admin] PATH_INFO: `/v3/domains/default` {{(pid=53870) log_request_info /opt/stack/keystone/keystone/server/flask/request_processing/req_logging.py:29}}
Apr 17 10:24:47 user devstack@keystone.service[53870]: DEBUG keystone.common.rbac_enforcer.enforcer [None req-1925f972-3c39-49ac-87be-b9770ab49bc5 None admin] RBAC: Authorizing `identity:get_domain(domain_id=default)` {{(pid=53870) enforce_call /opt/stack/keystone/keystone/common/rbac_enforcer/enforcer.py:449}}
Apr 17 10:24:47 user devstack@keystone.service[53870]: DEBUG keystone.common.rbac_enforcer.enforcer [None req-1925f972-3c39-49ac-87be-b9770ab49bc5 None admin] RBAC: Authorization granted {{(pid=53870) enforce_call /opt/stack/keystone/keystone/common/rbac_enforcer/enforcer.py:457}}
Apr 17 10:24:47 user devstack@keystone.service[53870]: [pid: 53870|app: 0|req: 78/231] 10.0.0.210 () {56 vars in 1103 bytes} [Mon Apr 17 10:24:46 2023] GET /identity/v3/domains/default => generated 198 bytes in 145 msecs (HTTP/1.1 200) 5 headers in 177 bytes (1 switches on core 0)
Apr 17 10:24:47 user devstack@keystone.service[53870]: DEBUG keystone.server.flask.request_processing.middleware.auth_context [None req-1925f972-3c39-49ac-87be-b9770ab49bc5 None admin] Authenticating user token {{(pid=53870) process_request /usr/local/lib/python3.10/dist-packages/keystonemiddleware/auth_token/__init__.py:406}}
Apr 17 10:24:47 user devstack@keystone.service[53869]: DEBUG keystone.server.flask.request_processing.middleware.auth_context [None req-20e01ef3-e52d-46b2-a883-cdbe6afa9135 None None] Validating token access rules against request {{(pid=53869) validate_allowed_request /usr/local/lib/python3.10/dist-packages/keystonemiddleware/auth_token/__init__.py:544}}
Apr 17 10:24:47 user devstack@keystone.service[53869]: DEBUG keystone.server.flask.request_processing.middleware.auth_context [None req-8d3b003f-395e-48eb-9d8f-cf96e6b68c81 None admin] RBAC: auth_context: {'token': , 'domain_id': None, 'trust_id': None, 'trustor_id': None, 'trustee_id': None, 'domain_name': None, 'group_ids': [], 'user_id': 'b642c5366ecb410eab6715df9d548adc', 'user_domain_id': 'default', 'system_scope': 'all', 'project_id': None, 'project_domain_id': None, 'roles': ['admin', 'member', 'reader'], 'is_admin_project': True, 'service_user_id': None, 'service_user_domain_id': None, 'service_project_id': None, 'service_project_domain_id': None, 'service_roles': []} {{(pid=53869) fill_context /opt/stack/keystone/keystone/server/flask/request_processing/middleware/auth_context.py:478}}
Apr 17 10:24:47 user devstack@keystone.service[53869]: DEBUG keystone.server.flask.request_processing.req_logging [None req-8d3b003f-395e-48eb-9d8f-cf96e6b68c81 None admin] REQUEST_METHOD: `GET` {{(pid=53869) log_request_info /opt/stack/keystone/keystone/server/flask/request_processing/req_logging.py:27}}
Apr 17 10:24:47 user devstack@keystone.service[53869]: DEBUG keystone.server.flask.request_processing.req_logging [None req-8d3b003f-395e-48eb-9d8f-cf96e6b68c81 None admin] SCRIPT_NAME: `/identity` {{(pid=53869) log_request_info /opt/stack/keystone/keystone/server/flask/request_processing/req_logging.py:28}}
Apr 17 10:24:47 user devstack@keystone.service[53869]: DEBUG keystone.server.flask.request_processing.req_logging [None req-8d3b003f-395e-48eb-9d8f-cf96e6b68c81 None admin] PATH_INFO: `/v3/roles` {{(pid=53869) log_request_info /opt/stack/keystone/keystone/server/flask/request_processing/req_logging.py:29}}
Apr 17 10:24:47 user devstack@keystone.service[53869]: DEBUG keystone.common.rbac_enforcer.enforcer [None req-8d3b003f-395e-48eb-9d8f-cf96e6b68c81 None admin] RBAC: Adding query filter params (name=reader) {{(pid=53869) _extract_filter_values /opt/stack/keystone/keystone/common/rbac_enforcer/enforcer.py:167}}
Apr 17 10:24:47 user devstack@keystone.service[53869]: DEBUG keystone.common.rbac_enforcer.enforcer [None req-8d3b003f-395e-48eb-9d8f-cf96e6b68c81 None admin] RBAC: Authorizing `identity:list_roles()` {{(pid=53869) enforce_call /opt/stack/keystone/keystone/common/rbac_enforcer/enforcer.py:449}}
Apr 17 10:24:47 user devstack@keystone.service[53869]: DEBUG keystone.common.rbac_enforcer.enforcer [None req-8d3b003f-395e-48eb-9d8f-cf96e6b68c81 None admin] RBAC: Authorization granted {{(pid=53869) enforce_call /opt/stack/keystone/keystone/common/rbac_enforcer/enforcer.py:457}}
Apr 17 10:24:47 user devstack@keystone.service[53868]: DEBUG keystone.server.flask.request_processing.middleware.auth_context [None req-7af29be1-2f99-43f9-9b97-603f8a45da39 None admin] Validating token access rules against request {{(pid=53868) validate_allowed_request /usr/local/lib/python3.10/dist-packages/keystonemiddleware/auth_token/__init__.py:544}}
Apr 17 10:24:47 user devstack@keystone.service[53869]: [pid: 53869|app: 0|req: 77/232] 10.0.0.210 () {56 vars in 1096 bytes} [Mon Apr 17 10:24:47 2023] GET /identity/v3/roles?name=reader => generated 339 bytes in 127 msecs (HTTP/1.1 200) 5 headers in 177 bytes (1 switches on core 0)
Apr 17 10:24:47 user devstack@keystone.service[53869]: DEBUG keystone.server.flask.request_processing.middleware.auth_context [None req-8d3b003f-395e-48eb-9d8f-cf96e6b68c81 None admin] Authenticating user token {{(pid=53869) process_request /usr/local/lib/python3.10/dist-packages/keystonemiddleware/auth_token/__init__.py:406}}
Apr 17 10:24:47 user devstack@keystone.service[53870]: DEBUG dbcounter [-] [53870] Writing DB stats keystone:SELECT=100 {{(pid=53870) stat_writer /usr/local/lib/python3.10/dist-packages/dbcounter.py:117}}
Apr 17 10:24:47 user devstack@keystone.service[53868]: DEBUG keystone.server.flask.request_processing.middleware.auth_context [None req-25c76620-67b2-411d-a286-061a456a8c14 None admin] RBAC: auth_context: {'token': , 'domain_id': None, 'trust_id': None, 'trustor_id': None, 'trustee_id': None, 'domain_name': None, 'group_ids': [], 'user_id': 'b642c5366ecb410eab6715df9d548adc', 'user_domain_id': 'default', 'system_scope': 'all', 'project_id': None, 'project_domain_id': None, 'roles': ['admin', 'member', 'reader'], 'is_admin_project': True, 'service_user_id': None, 'service_user_domain_id': None, 'service_project_id': None, 'service_project_domain_id': None, 'service_roles': []} {{(pid=53868) fill_context /opt/stack/keystone/keystone/server/flask/request_processing/middleware/auth_context.py:478}}
Apr 17 10:24:47 user devstack@keystone.service[53868]: DEBUG keystone.server.flask.request_processing.req_logging [None req-25c76620-67b2-411d-a286-061a456a8c14 None admin] REQUEST_METHOD: `GET` {{(pid=53868) log_request_info /opt/stack/keystone/keystone/server/flask/request_processing/req_logging.py:27}}
Apr 17 10:24:47 user devstack@keystone.service[53868]: DEBUG keystone.server.flask.request_processing.req_logging [None req-25c76620-67b2-411d-a286-061a456a8c14 None admin] SCRIPT_NAME: `/identity` {{(pid=53868) log_request_info /opt/stack/keystone/keystone/server/flask/request_processing/req_logging.py:28}}
Apr 17 10:24:47 user devstack@keystone.service[53868]: DEBUG keystone.server.flask.request_processing.req_logging [None req-25c76620-67b2-411d-a286-061a456a8c14 None admin] PATH_INFO: `/v3/roles/member` {{(pid=53868) log_request_info /opt/stack/keystone/keystone/server/flask/request_processing/req_logging.py:29}}
Apr 17 10:24:47 user devstack@keystone.service[53868]: DEBUG keystone.common.rbac_enforcer.enforcer [None req-25c76620-67b2-411d-a286-061a456a8c14 None admin] Extracting inferred target data resulted in "NOT FOUND (404)". {{(pid=53868) enforce_call /opt/stack/keystone/keystone/common/rbac_enforcer/enforcer.py:409}}
Apr 17 10:24:47 user devstack@keystone.service[53870]: DEBUG keystone.server.flask.request_processing.middleware.auth_context [None req-1925f972-3c39-49ac-87be-b9770ab49bc5 None admin] Validating token access rules against request {{(pid=53870) validate_allowed_request /usr/local/lib/python3.10/dist-packages/keystonemiddleware/auth_token/__init__.py:544}}
Apr 17 10:24:47 user devstack@keystone.service[53868]: ERROR keystone.server.flask.application [None req-25c76620-67b2-411d-a286-061a456a8c14 None admin] Could not find role: member.: keystone.exception.RoleNotFound: Could not find role: member.
Apr 17 10:24:47 user devstack@keystone.service[53868]: ERROR keystone.server.flask.application
Traceback (most recent call last):
Apr 17 10:24:47 user devstack@keystone.service[53868]: ERROR keystone.server.flask.application
File "/usr/local/lib/python3.10/dist-packages/flask/app.py", line 1823, in full_dispatch_request
Apr 17 10:24:47 user devstack@keystone.service[53868]: ERROR keystone.server.flask.application rv = self.dispatch_request()
Apr 17 10:24:47 user devstack@keystone.service[53868]: ERROR keystone.server.flask.application
File "/usr/local/lib/python3.10/dist-packages/flask/app.py", line 1799, in dispatch_request
Apr 17 10:24:47 user devstack@keystone.service[53868]: ERROR keystone.server.flask.application return self.ensure_sync(self.view_functions[rule.endpoint])(**view_args)
Apr 17 10:24:47 user devstack@keystone.service[53868]: ERROR keystone.server.flask.application
File "/usr/local/lib/python3.10/dist-packages/flask_restful/__init__.py", line 467, in wrapper
Apr 17 10:24:47 user devstack@keystone.service[53868]: ERROR keystone.server.flask.application resp = resource(*args, **kwargs)
Apr 17 10:24:47 user devstack@keystone.service[53868]: ERROR keystone.server.flask.application
File "/usr/local/lib/python3.10/dist-packages/flask/views.py", line 107, in view
Apr 17 10:24:47 user devstack@keystone.service[53868]: ERROR keystone.server.flask.application return current_app.ensure_sync(self.dispatch_request)(**kwargs)
Apr 17 10:24:47 user devstack@keystone.service[53868]: ERROR keystone.server.flask.application
File "/usr/local/lib/python3.10/dist-packages/flask_restful/__init__.py", line 582, in dispatch_request
Apr 17 10:24:47 user devstack@keystone.service[53868]: ERROR keystone.server.flask.application resp = meth(*args, **kwargs)
Apr 17 10:24:47 user devstack@keystone.service[53868]: ERROR keystone.server.flask.application
File "/opt/stack/keystone/keystone/api/roles.py", line 50, in get
Apr 17 10:24:47 user devstack@keystone.service[53868]: ERROR keystone.server.flask.application return self._get_role(role_id)
Apr 17 10:24:47 user devstack@keystone.service[53868]: ERROR keystone.server.flask.application
File "/opt/stack/keystone/keystone/api/roles.py", line 70, in _get_role
Apr 17 10:24:47 user devstack@keystone.service[53868]: ERROR keystone.server.flask.application ENFORCER.enforce_call(action='identity:get_role')
Apr 17 10:24:47 user devstack@keystone.service[53868]: ERROR keystone.server.flask.application
File "/opt/stack/keystone/keystone/common/rbac_enforcer/enforcer.py", line 402, in enforce_call
Apr 17 10:24:47 user devstack@keystone.service[53868]: ERROR keystone.server.flask.application policy_dict.update(cls._extract_member_target_data(
Apr 17 10:24:47 user devstack@keystone.service[53868]: ERROR keystone.server.flask.application
File "/opt/stack/keystone/keystone/common/rbac_enforcer/enforcer.py", line 234, in _extract_member_target_data
Apr 17 10:24:47 user devstack@keystone.service[53868]: ERROR keystone.server.flask.application member_name: func(flask.request.view_args[key])
Apr 17 10:24:47 user devstack@keystone.service[53868]: ERROR keystone.server.flask.application
File "/opt/stack/keystone/keystone/common/manager.py", line 115, in wrapped
Apr 17 10:24:47 user devstack@keystone.service[53868]: ERROR keystone.server.flask.application __ret_val = __f(*args, **kwargs)
Apr 17 10:24:47 user devstack@keystone.service[53868]: ERROR keystone.server.flask.application
File "/usr/local/lib/python3.10/dist-packages/decorator.py", line 232, in fun
Apr 17 10:24:47 user devstack@keystone.service[53868]: ERROR keystone.server.flask.application return caller(func, *(extras + args), **kw)
Apr 17 10:24:47 user devstack@keystone.service[53868]: ERROR keystone.server.flask.application
File "/usr/local/lib/python3.10/dist-packages/dogpile/cache/region.py", line 1577, in get_or_create_for_user_func
Apr 17 10:24:47 user devstack@keystone.service[53868]: ERROR keystone.server.flask.application return self.get_or_create(
Apr 17 10:24:47 user devstack@keystone.service[53868]: ERROR keystone.server.flask.application
File "/usr/local/lib/python3.10/dist-packages/dogpile/cache/region.py", line 1042, in get_or_create
Apr 17 10:24:47 user devstack@keystone.service[53868]: ERROR keystone.server.flask.application with Lock(
Apr 17 10:24:47 user devstack@keystone.service[53868]: ERROR keystone.server.flask.application
File "/usr/local/lib/python3.10/dist-packages/dogpile/lock.py", line 185, in __enter__
Apr 17 10:24:47 user devstack@keystone.service[53868]: ERROR keystone.server.flask.application return self._enter()
Apr 17 10:24:47 user devstack@keystone.service[53868]: ERROR keystone.server.flask.application
File "/usr/local/lib/python3.10/dist-packages/dogpile/lock.py", line 94, in _enter
Apr 17 10:24:47 user devstack@keystone.service[53868]: ERROR keystone.server.flask.application generated = self._enter_create(value, createdtime)
Apr 17 10:24:47 user devstack@keystone.service[53868]: ERROR keystone.server.flask.application
File "/usr/local/lib/python3.10/dist-packages/dogpile/lock.py", line 178, in _enter_create
Apr 17 10:24:47 user devstack@keystone.service[53868]: ERROR keystone.server.flask.application return self.creator()
Apr 17 10:24:47 user devstack@keystone.service[53868]: ERROR keystone.server.flask.application
File "/usr/local/lib/python3.10/dist-packages/dogpile/cache/region.py", line 995, in gen_value
Apr 17 10:24:47 user devstack@keystone.service[53868]: ERROR keystone.server.flask.application created_value = creator(
Apr 17 10:24:47 user devstack@keystone.service[53868]: ERROR keystone.server.flask.application
File "/opt/stack/keystone/keystone/assignment/core.py", line 1276, in get_role
Apr 17 10:24:47 user devstack@keystone.service[53868]: ERROR keystone.server.flask.application return self.driver.get_role(role_id)
Apr 17 10:24:47 user devstack@keystone.service[53868]: ERROR keystone.server.flask.application
File "/opt/stack/keystone/keystone/assignment/role_backends/sql.py", line 70, in get_role
Apr 17 10:24:47 user devstack@keystone.service[53868]: ERROR keystone.server.flask.application return self._get_role(session, role_id).to_dict()
Apr 17 10:24:47 user devstack@keystone.service[53868]: ERROR keystone.server.flask.application
File "/opt/stack/keystone/keystone/assignment/role_backends/sql.py", line 65, in _get_role
Apr 17 10:24:47 user devstack@keystone.service[53868]: ERROR keystone.server.flask.application raise exception.RoleNotFound(role_id=role_id)
Apr 17 10:24:47 user devstack@keystone.service[53868]: ERROR keystone.server.flask.application keystone.exception.RoleNotFound: Could not find role: member.
Apr 17 10:24:47 user devstack@keystone.service[53868]: ERROR keystone.server.flask.application
Apr 17 10:24:47 user devstack@keystone.service[53868]: [pid: 53868|app: 0|req: 78/233] 10.0.0.210 () {56 vars in 1094 bytes} [Mon Apr 17 10:24:47 2023] GET /identity/v3/roles/member => generated 84 bytes in 152 msecs (HTTP/1.1 404) 5 headers in 183 bytes (1 switches on core 0)
Apr 17 10:24:47 user devstack@keystone.service[53868]: DEBUG keystone.server.flask.request_processing.middleware.auth_context [None req-25c76620-67b2-411d-a286-061a456a8c14 None admin] Authenticating user token {{(pid=53868) process_request /usr/local/lib/python3.10/dist-packages/keystonemiddleware/auth_token/__init__.py:406}}
Apr 17 10:24:47 user devstack@keystone.service[53870]: DEBUG keystone.server.flask.request_processing.middleware.auth_context [None req-d9008bc5-aa4e-4ec0-9dfc-4b7d453f64ab None admin] RBAC: auth_context: {'token': , 'domain_id': None, 'trust_id': None, 'trustor_id': None, 'trustee_id': None, 'domain_name': None, 'group_ids': [], 'user_id': 'b642c5366ecb410eab6715df9d548adc', 'user_domain_id': 'default', 'system_scope': 'all', 'project_id': None, 'project_domain_id': None, 'roles': ['admin', 'member', 'reader'], 'is_admin_project': True, 'service_user_id': None, 'service_user_domain_id': None, 'service_project_id': None, 'service_project_domain_id': None, 'service_roles': []} {{(pid=53870) fill_context /opt/stack/keystone/keystone/server/flask/request_processing/middleware/auth_context.py:478}}
Apr 17 10:24:47 user devstack@keystone.service[53870]: DEBUG keystone.server.flask.request_processing.req_logging [None req-d9008bc5-aa4e-4ec0-9dfc-4b7d453f64ab None admin] REQUEST_METHOD: `POST` {{(pid=53870) log_request_info /opt/stack/keystone/keystone/server/flask/request_processing/req_logging.py:27}}
Apr 17 10:24:47 user devstack@keystone.service[53870]: DEBUG keystone.server.flask.request_processing.req_logging [None req-d9008bc5-aa4e-4ec0-9dfc-4b7d453f64ab None admin] SCRIPT_NAME: `/identity` {{(pid=53870) log_request_info /opt/stack/keystone/keystone/server/flask/request_processing/req_logging.py:28}}
Apr 17 10:24:47 user devstack@keystone.service[53870]: DEBUG keystone.server.flask.request_processing.req_logging [None req-d9008bc5-aa4e-4ec0-9dfc-4b7d453f64ab None admin] PATH_INFO: `/v3/groups` {{(pid=53870) log_request_info /opt/stack/keystone/keystone/server/flask/request_processing/req_logging.py:29}}
Apr 17 10:24:47 user devstack@keystone.service[53870]: DEBUG keystone.common.rbac_enforcer.enforcer [None req-d9008bc5-aa4e-4ec0-9dfc-4b7d453f64ab None admin] RBAC: Authorizing `identity:create_group()` {{(pid=53870) enforce_call /opt/stack/keystone/keystone/common/rbac_enforcer/enforcer.py:449}}
Apr 17 10:24:47 user devstack@keystone.service[53870]: DEBUG keystone.common.rbac_enforcer.enforcer [None req-d9008bc5-aa4e-4ec0-9dfc-4b7d453f64ab None admin] RBAC: Authorization granted {{(pid=53870) enforce_call /opt/stack/keystone/keystone/common/rbac_enforcer/enforcer.py:457}}
Apr 17 10:24:47 user devstack@keystone.service[53869]: DEBUG dbcounter [-] [53869] Writing DB stats keystone:SELECT=100 {{(pid=53869) stat_writer /usr/local/lib/python3.10/dist-packages/dbcounter.py:117}}
Apr 17 10:24:47 user devstack@keystone.service[53870]: [pid: 53870|app: 0|req: 79/234] 10.0.0.210 () {60 vars in 1129 bytes} [Mon Apr 17 10:24:47 2023] POST /identity/v3/groups => generated 228 bytes in 138 msecs (HTTP/1.1 201) 5 headers in 182 bytes (2 switches on core 0)
Apr 17 10:24:47 user devstack@keystone.service[53869]: DEBUG keystone.server.flask.request_processing.middleware.auth_context [None req-8d3b003f-395e-48eb-9d8f-cf96e6b68c81 None admin] Validating token access rules against request {{(pid=53869) validate_allowed_request /usr/local/lib/python3.10/dist-packages/keystonemiddleware/auth_token/__init__.py:544}}
Apr 17 10:24:47 user devstack@keystone.service[53868]: DEBUG dbcounter [-] [53868] Writing DB stats keystone:SELECT=100 {{(pid=53868) stat_writer /usr/local/lib/python3.10/dist-packages/dbcounter.py:117}}
Apr 17 10:24:47 user devstack@keystone.service[53869]: DEBUG keystone.server.flask.request_processing.middleware.auth_context [None req-52948b7f-fbc5-48ea-910a-4589bb07a6a0 None admin] RBAC: auth_context: {'token': , 'domain_id': None, 'trust_id': None, 'trustor_id': None, 'trustee_id': None, 'domain_name': None, 'group_ids': [], 'user_id': 'b642c5366ecb410eab6715df9d548adc', 'user_domain_id': 'default', 'system_scope': 'all', 'project_id': None, 'project_domain_id': None, 'roles': ['admin', 'member', 'reader'], 'is_admin_project': True, 'service_user_id': None, 'service_user_domain_id': None, 'service_project_id': None, 'service_project_domain_id': None, 'service_roles': []} {{(pid=53869) fill_context /opt/stack/keystone/keystone/server/flask/request_processing/middleware/auth_context.py:478}}
Apr 17 10:24:47 user devstack@keystone.service[53869]: DEBUG keystone.server.flask.request_processing.req_logging [None req-52948b7f-fbc5-48ea-910a-4589bb07a6a0 None admin] REQUEST_METHOD: `GET` {{(pid=53869) log_request_info /opt/stack/keystone/keystone/server/flask/request_processing/req_logging.py:27}}
Apr 17 10:24:47 user devstack@keystone.service[53869]: DEBUG keystone.server.flask.request_processing.req_logging [None req-52948b7f-fbc5-48ea-910a-4589bb07a6a0 None admin] SCRIPT_NAME: `/identity` {{(pid=53869) log_request_info /opt/stack/keystone/keystone/server/flask/request_processing/req_logging.py:28}}
Apr 17 10:24:47 user devstack@keystone.service[53869]: DEBUG keystone.server.flask.request_processing.req_logging [None req-52948b7f-fbc5-48ea-910a-4589bb07a6a0 None admin] PATH_INFO: `/v3/users/36ca171f0c08439397fce08483ed983c` {{(pid=53869) log_request_info /opt/stack/keystone/keystone/server/flask/request_processing/req_logging.py:29}}
Apr 17 10:24:47 user devstack@keystone.service[53868]: DEBUG keystone.server.flask.request_processing.middleware.auth_context [None req-25c76620-67b2-411d-a286-061a456a8c14 None admin] Validating token access rules against request {{(pid=53868) validate_allowed_request /usr/local/lib/python3.10/dist-packages/keystonemiddleware/auth_token/__init__.py:544}}
Apr 17 10:24:47 user devstack@keystone.service[53869]: DEBUG keystone.common.rbac_enforcer.enforcer [None req-52948b7f-fbc5-48ea-910a-4589bb07a6a0 None admin] RBAC: Authorizing `identity:get_user(user_id=36ca171f0c08439397fce08483ed983c)` {{(pid=53869) enforce_call /opt/stack/keystone/keystone/common/rbac_enforcer/enforcer.py:449}}
Apr 17 10:24:47 user devstack@keystone.service[53869]: DEBUG keystone.common.rbac_enforcer.enforcer [None req-52948b7f-fbc5-48ea-910a-4589bb07a6a0 None admin] RBAC: Authorization granted {{(pid=53869) enforce_call /opt/stack/keystone/keystone/common/rbac_enforcer/enforcer.py:457}}
Apr 17 10:24:47 user devstack@keystone.service[53869]: [pid: 53869|app: 0|req: 78/235] 10.0.0.210 () {56 vars in 1172 bytes} [Mon Apr 17 10:24:47 2023] GET /identity/v3/users/36ca171f0c08439397fce08483ed983c => generated 292 bytes in 135 msecs (HTTP/1.1 200) 5 headers in 177 bytes (1 switches on core 0)
Apr 17 10:24:47 user devstack@keystone.service[53870]: DEBUG keystone.server.flask.request_processing.middleware.auth_context [None req-d9008bc5-aa4e-4ec0-9dfc-4b7d453f64ab None admin] Authenticating user token {{(pid=53870) process_request /usr/local/lib/python3.10/dist-packages/keystonemiddleware/auth_token/__init__.py:406}}
Apr 17 10:24:47 user devstack@keystone.service[53868]: DEBUG keystone.server.flask.request_processing.middleware.auth_context [None req-7e26a5f5-9524-4711-9373-a230dd711e0e None admin] RBAC: auth_context: {'token': , 'domain_id': None, 'trust_id': None, 'trustor_id': None, 'trustee_id': None, 'domain_name': None, 'group_ids': [], 'user_id': 'b642c5366ecb410eab6715df9d548adc', 'user_domain_id': 'default', 'system_scope': 'all', 'project_id': None, 'project_domain_id': None, 'roles': ['admin', 'member', 'reader'], 'is_admin_project': True, 'service_user_id': None, 'service_user_domain_id': None, 'service_project_id': None, 'service_project_domain_id': None, 'service_roles': []} {{(pid=53868) fill_context /opt/stack/keystone/keystone/server/flask/request_processing/middleware/auth_context.py:478}}
Apr 17 10:24:47 user devstack@keystone.service[53868]: DEBUG keystone.server.flask.request_processing.req_logging [None req-7e26a5f5-9524-4711-9373-a230dd711e0e None admin] REQUEST_METHOD: `GET` {{(pid=53868) log_request_info /opt/stack/keystone/keystone/server/flask/request_processing/req_logging.py:27}}
Apr 17 10:24:47 user devstack@keystone.service[53868]: DEBUG keystone.server.flask.request_processing.req_logging [None req-7e26a5f5-9524-4711-9373-a230dd711e0e None admin] SCRIPT_NAME: `/identity` {{(pid=53868) log_request_info /opt/stack/keystone/keystone/server/flask/request_processing/req_logging.py:28}}
Apr 17 10:24:47 user devstack@keystone.service[53868]: DEBUG keystone.server.flask.request_processing.req_logging [None req-7e26a5f5-9524-4711-9373-a230dd711e0e None admin] PATH_INFO: `/v3/roles` {{(pid=53868) log_request_info /opt/stack/keystone/keystone/server/flask/request_processing/req_logging.py:29}}
Apr 17 10:24:47 user devstack@keystone.service[53868]: DEBUG keystone.common.rbac_enforcer.enforcer [None req-7e26a5f5-9524-4711-9373-a230dd711e0e None admin] RBAC: Adding query filter params (name=member) {{(pid=53868) _extract_filter_values /opt/stack/keystone/keystone/common/rbac_enforcer/enforcer.py:167}}
Apr 17 10:24:47 user devstack@keystone.service[53868]: DEBUG keystone.common.rbac_enforcer.enforcer [None req-7e26a5f5-9524-4711-9373-a230dd711e0e None admin] RBAC: Authorizing `identity:list_roles()` {{(pid=53868) enforce_call /opt/stack/keystone/keystone/common/rbac_enforcer/enforcer.py:449}}
Apr 17 10:24:47 user devstack@keystone.service[53868]: DEBUG keystone.common.rbac_enforcer.enforcer [None req-7e26a5f5-9524-4711-9373-a230dd711e0e None admin] RBAC: Authorization granted {{(pid=53868) enforce_call /opt/stack/keystone/keystone/common/rbac_enforcer/enforcer.py:457}}
Apr 17 10:24:47 user devstack@keystone.service[53868]: [pid: 53868|app: 0|req: 79/236] 10.0.0.210 () {56 vars in 1096 bytes} [Mon Apr 17 10:24:47 2023] GET /identity/v3/roles?name=member => generated 339 bytes in 123 msecs (HTTP/1.1 200) 5 headers in 177 bytes (1 switches on core 0)
Apr 17 10:24:47 user devstack@keystone.service[53869]: DEBUG keystone.server.flask.request_processing.middleware.auth_context [None req-52948b7f-fbc5-48ea-910a-4589bb07a6a0 None admin] Authenticating user token {{(pid=53869) process_request /usr/local/lib/python3.10/dist-packages/keystonemiddleware/auth_token/__init__.py:406}}
Apr 17 10:24:47 user devstack@keystone.service[53870]: DEBUG keystone.server.flask.request_processing.middleware.auth_context [None req-d9008bc5-aa4e-4ec0-9dfc-4b7d453f64ab None admin] Validating token access rules against request {{(pid=53870) validate_allowed_request /usr/local/lib/python3.10/dist-packages/keystonemiddleware/auth_token/__init__.py:544}}
Apr 17 10:24:47 user devstack@keystone.service[53869]: DEBUG keystone.server.flask.request_processing.middleware.auth_context [None req-52948b7f-fbc5-48ea-910a-4589bb07a6a0 None admin] Validating token access rules against request {{(pid=53869) validate_allowed_request /usr/local/lib/python3.10/dist-packages/keystonemiddleware/auth_token/__init__.py:544}}
Apr 17 10:24:47 user devstack@keystone.service[53870]: DEBUG keystone.server.flask.request_processing.middleware.auth_context [None req-c64f7aed-06e9-4d19-ac44-7f4b96694c14 None admin] RBAC: auth_context: {'token': , 'domain_id': None, 'trust_id': None, 'trustor_id': None, 'trustee_id': None, 'domain_name': None, 'group_ids': [], 'user_id': 'b642c5366ecb410eab6715df9d548adc', 'user_domain_id': 'default', 'system_scope': 'all', 'project_id': None, 'project_domain_id': None, 'roles': ['admin', 'member', 'reader'], 'is_admin_project': True, 'service_user_id': None, 'service_user_domain_id': None, 'service_project_id': None, 'service_project_domain_id': None, 'service_roles': []} {{(pid=53870) fill_context /opt/stack/keystone/keystone/server/flask/request_processing/middleware/auth_context.py:478}}
Apr 17 10:24:47 user devstack@keystone.service[53870]: DEBUG keystone.server.flask.request_processing.req_logging [None req-c64f7aed-06e9-4d19-ac44-7f4b96694c14 None admin] REQUEST_METHOD: `GET` {{(pid=53870) log_request_info /opt/stack/keystone/keystone/server/flask/request_processing/req_logging.py:27}}
Apr 17 10:24:47 user devstack@keystone.service[53870]: DEBUG keystone.server.flask.request_processing.req_logging [None req-c64f7aed-06e9-4d19-ac44-7f4b96694c14 None admin] SCRIPT_NAME: `/identity` {{(pid=53870) log_request_info /opt/stack/keystone/keystone/server/flask/request_processing/req_logging.py:28}}
Apr 17 10:24:47 user devstack@keystone.service[53870]: DEBUG keystone.server.flask.request_processing.req_logging [None req-c64f7aed-06e9-4d19-ac44-7f4b96694c14 None admin] PATH_INFO: `/v3/role_assignments` {{(pid=53870) log_request_info /opt/stack/keystone/keystone/server/flask/request_processing/req_logging.py:29}}
Apr 17 10:24:47 user devstack@keystone.service[53870]: DEBUG keystone.common.rbac_enforcer.enforcer [None req-c64f7aed-06e9-4d19-ac44-7f4b96694c14 None admin] RBAC: Adding query filter params (role.id=05fa6858cb194ec1bae9ee1f04223caf, user.id=36ca171f0c08439397fce08483ed983c, scope.system=all) {{(pid=53870) _extract_filter_values /opt/stack/keystone/keystone/common/rbac_enforcer/enforcer.py:167}}
Apr 17 10:24:47 user devstack@keystone.service[53870]: DEBUG keystone.common.rbac_enforcer.enforcer [None req-c64f7aed-06e9-4d19-ac44-7f4b96694c14 None admin] RBAC: Authorizing `identity:list_role_assignments()` {{(pid=53870) enforce_call /opt/stack/keystone/keystone/common/rbac_enforcer/enforcer.py:449}}
Apr 17 10:24:47 user devstack@keystone.service[53870]: DEBUG keystone.common.rbac_enforcer.enforcer [None req-c64f7aed-06e9-4d19-ac44-7f4b96694c14 None admin] RBAC: Authorization granted {{(pid=53870) enforce_call /opt/stack/keystone/keystone/common/rbac_enforcer/enforcer.py:457}}
Apr 17 10:24:47 user devstack@keystone.service[53870]: [pid: 53870|app: 0|req: 80/237] 10.0.0.210 () {56 vars in 1303 bytes} [Mon Apr 17 10:24:47 2023] GET /identity/v3/role_assignments?user.id=36ca171f0c08439397fce08483ed983c&scope.system=all&role.id=05fa6858cb194ec1bae9ee1f04223caf => generated 225 bytes in 231 msecs (HTTP/1.1 200) 5 headers in 177 bytes (1 switches on core 0)
Apr 17 10:24:47 user devstack@keystone.service[53869]: DEBUG keystone.server.flask.request_processing.middleware.auth_context [None req-286667d3-e40a-466d-8d09-b3b9e3fdc769 None admin] RBAC: auth_context: {'token': , 'domain_id': None, 'trust_id': None, 'trustor_id': None, 'trustee_id': None, 'domain_name': None, 'group_ids': [], 'user_id': 'b642c5366ecb410eab6715df9d548adc', 'user_domain_id': 'default', 'system_scope': 'all', 'project_id': None, 'project_domain_id': None, 'roles': ['admin', 'member', 'reader'], 'is_admin_project': True, 'service_user_id': None, 'service_user_domain_id': None, 'service_project_id': None, 'service_project_domain_id': None, 'service_roles': []} {{(pid=53869) fill_context /opt/stack/keystone/keystone/server/flask/request_processing/middleware/auth_context.py:478}}
Apr 17 10:24:47 user devstack@keystone.service[53869]: DEBUG keystone.server.flask.request_processing.req_logging [None req-286667d3-e40a-466d-8d09-b3b9e3fdc769 None admin] REQUEST_METHOD: `GET` {{(pid=53869) log_request_info /opt/stack/keystone/keystone/server/flask/request_processing/req_logging.py:27}}
Apr 17 10:24:47 user devstack@keystone.service[53869]: DEBUG keystone.server.flask.request_processing.req_logging [None req-286667d3-e40a-466d-8d09-b3b9e3fdc769 None admin] SCRIPT_NAME: `/identity` {{(pid=53869) log_request_info /opt/stack/keystone/keystone/server/flask/request_processing/req_logging.py:28}}
Apr 17 10:24:47 user devstack@keystone.service[53869]: DEBUG keystone.server.flask.request_processing.req_logging [None req-286667d3-e40a-466d-8d09-b3b9e3fdc769 None admin] PATH_INFO: `/v3/users/24ab3ff8545145bd8759021ef6237ff8` {{(pid=53869) log_request_info /opt/stack/keystone/keystone/server/flask/request_processing/req_logging.py:29}}
Apr 17 10:24:47 user devstack@keystone.service[53869]: DEBUG keystone.common.rbac_enforcer.enforcer [None req-286667d3-e40a-466d-8d09-b3b9e3fdc769 None admin] RBAC: Authorizing `identity:get_user(user_id=24ab3ff8545145bd8759021ef6237ff8)` {{(pid=53869) enforce_call /opt/stack/keystone/keystone/common/rbac_enforcer/enforcer.py:449}}
Apr 17 10:24:47 user devstack@keystone.service[53869]: DEBUG keystone.common.rbac_enforcer.enforcer [None req-286667d3-e40a-466d-8d09-b3b9e3fdc769 None admin] RBAC: Authorization granted {{(pid=53869) enforce_call /opt/stack/keystone/keystone/common/rbac_enforcer/enforcer.py:457}}
Apr 17 10:24:47 user devstack@keystone.service[53869]: [pid: 53869|app: 0|req: 79/238] 10.0.0.210 () {56 vars in 1172 bytes} [Mon Apr 17 10:24:47 2023] GET /identity/v3/users/24ab3ff8545145bd8759021ef6237ff8 => generated 292 bytes in 226 msecs (HTTP/1.1 200) 5 headers in 177 bytes (1 switches on core 0)
Apr 17 10:24:47 user devstack@keystone.service[53868]: DEBUG keystone.server.flask.request_processing.middleware.auth_context [None req-7e26a5f5-9524-4711-9373-a230dd711e0e None admin] Authenticating user token {{(pid=53868) process_request /usr/local/lib/python3.10/dist-packages/keystonemiddleware/auth_token/__init__.py:406}}
Apr 17 10:24:47 user devstack@keystone.service[53868]: DEBUG keystone.server.flask.request_processing.middleware.auth_context [None req-7e26a5f5-9524-4711-9373-a230dd711e0e None admin] Validating token access rules against request {{(pid=53868) validate_allowed_request /usr/local/lib/python3.10/dist-packages/keystonemiddleware/auth_token/__init__.py:544}}
Apr 17 10:24:47 user devstack@keystone.service[53868]: DEBUG dbcounter [-] [53868] Writing DB stats keystone:SELECT=100 {{(pid=53868) stat_writer /usr/local/lib/python3.10/dist-packages/dbcounter.py:117}}
Apr 17 10:24:47 user devstack@keystone.service[53868]: DEBUG keystone.server.flask.request_processing.middleware.auth_context [None req-e798ae49-22f6-4b7d-b983-9e508324147d None admin] RBAC: auth_context: {'token': , 'domain_id': None, 'trust_id': None, 'trustor_id': None, 'trustee_id': None, 'domain_name': None, 'group_ids': [], 'user_id': 'b642c5366ecb410eab6715df9d548adc', 'user_domain_id': 'default', 'system_scope': 'all', 'project_id': None, 'project_domain_id': None, 'roles': ['admin', 'member', 'reader'], 'is_admin_project': True, 'service_user_id': None, 'service_user_domain_id': None, 'service_project_id': None, 'service_project_domain_id': None, 'service_roles': []} {{(pid=53868) fill_context /opt/stack/keystone/keystone/server/flask/request_processing/middleware/auth_context.py:478}}
Apr 17 10:24:47 user devstack@keystone.service[53868]: DEBUG keystone.server.flask.request_processing.req_logging [None req-e798ae49-22f6-4b7d-b983-9e508324147d None admin] REQUEST_METHOD: `PUT` {{(pid=53868) log_request_info /opt/stack/keystone/keystone/server/flask/request_processing/req_logging.py:27}}
Apr 17 10:24:47 user devstack@keystone.service[53868]: DEBUG keystone.server.flask.request_processing.req_logging [None req-e798ae49-22f6-4b7d-b983-9e508324147d None admin] SCRIPT_NAME: `/identity` {{(pid=53868) log_request_info /opt/stack/keystone/keystone/server/flask/request_processing/req_logging.py:28}}
Apr 17 10:24:47 user devstack@keystone.service[53868]: DEBUG keystone.server.flask.request_processing.req_logging [None req-e798ae49-22f6-4b7d-b983-9e508324147d None admin] PATH_INFO: `/v3/system/users/24ab3ff8545145bd8759021ef6237ff8/roles/85c3fb1815ea486c9b45421efec8ffd0` {{(pid=53868) log_request_info /opt/stack/keystone/keystone/server/flask/request_processing/req_logging.py:29}}
Apr 17 10:24:47 user devstack@keystone.service[53868]: DEBUG keystone.common.rbac_enforcer.enforcer [None req-e798ae49-22f6-4b7d-b983-9e508324147d None admin] RBAC: Authorizing `identity:create_system_grant_for_user(user_id=24ab3ff8545145bd8759021ef6237ff8, role_id=85c3fb1815ea486c9b45421efec8ffd0)` {{(pid=53868) enforce_call /opt/stack/keystone/keystone/common/rbac_enforcer/enforcer.py:449}}
Apr 17 10:24:47 user devstack@keystone.service[53868]: DEBUG keystone.common.rbac_enforcer.enforcer [None req-e798ae49-22f6-4b7d-b983-9e508324147d None admin] RBAC: Authorization granted {{(pid=53868) enforce_call /opt/stack/keystone/keystone/common/rbac_enforcer/enforcer.py:457}}
Apr 17 10:24:47 user devstack@keystone.service[53868]: [pid: 53868|app: 0|req: 80/239] 10.0.0.210 () {58 vars in 1329 bytes} [Mon Apr 17 10:24:47 2023] PUT /identity/v3/system/users/24ab3ff8545145bd8759021ef6237ff8/roles/85c3fb1815ea486c9b45421efec8ffd0 => generated 0 bytes in 163 msecs (HTTP/1.1 204) 3 headers in 132 bytes (0 switches on core 0)
Apr 17 10:24:49 user devstack@keystone.service[53870]: DEBUG keystone.server.flask.request_processing.req_logging [None req-731eb61a-1a5e-44dd-976b-c13fbad7a570 None None] REQUEST_METHOD: `GET` {{(pid=53870) log_request_info /opt/stack/keystone/keystone/server/flask/request_processing/req_logging.py:27}}
Apr 17 10:24:49 user devstack@keystone.service[53870]: DEBUG keystone.server.flask.request_processing.req_logging [None req-731eb61a-1a5e-44dd-976b-c13fbad7a570 None None] SCRIPT_NAME: `/identity` {{(pid=53870) log_request_info /opt/stack/keystone/keystone/server/flask/request_processing/req_logging.py:28}}
Apr 17 10:24:49 user devstack@keystone.service[53870]: DEBUG keystone.server.flask.request_processing.req_logging [None req-731eb61a-1a5e-44dd-976b-c13fbad7a570 None None] PATH_INFO: `/` {{(pid=53870) log_request_info /opt/stack/keystone/keystone/server/flask/request_processing/req_logging.py:29}}
Apr 17 10:24:49 user devstack@keystone.service[53870]: [pid: 53870|app: 0|req: 81/240] 10.0.0.210 () {54 vars in 920 bytes} [Mon Apr 17 10:24:49 2023] GET /identity => generated 269 bytes in 3 msecs (HTTP/1.1 300) 6 headers in 233 bytes (1 switches on core 0)
Apr 17 10:24:49 user devstack@keystone.service[53869]: DEBUG keystone.server.flask.request_processing.req_logging [None req-e6ab512d-ff1e-4f92-a2e3-990208cb1089 None None] REQUEST_METHOD: `POST` {{(pid=53869) log_request_info /opt/stack/keystone/keystone/server/flask/request_processing/req_logging.py:27}}
Apr 17 10:24:49 user devstack@keystone.service[53869]: DEBUG keystone.server.flask.request_processing.req_logging [None req-e6ab512d-ff1e-4f92-a2e3-990208cb1089 None None] SCRIPT_NAME: `/identity` {{(pid=53869) log_request_info /opt/stack/keystone/keystone/server/flask/request_processing/req_logging.py:28}}
Apr 17 10:24:49 user devstack@keystone.service[53869]: DEBUG keystone.server.flask.request_processing.req_logging [None req-e6ab512d-ff1e-4f92-a2e3-990208cb1089 None None] PATH_INFO: `/v3/auth/tokens` {{(pid=53869) log_request_info /opt/stack/keystone/keystone/server/flask/request_processing/req_logging.py:29}}
Apr 17 10:24:49 user devstack@keystone.service[53869]: WARNING keystone.common.password_hashing [None req-e6ab512d-ff1e-4f92-a2e3-990208cb1089 None None] Truncating password to algorithm specific maximum length 54 characters.
Apr 17 10:24:49 user devstack@keystone.service[53869]: DEBUG keystone.auth.core [None req-e6ab512d-ff1e-4f92-a2e3-990208cb1089 None None] MFA Rules not processed for user `b642c5366ecb410eab6715df9d548adc`. Rule list: `[]` (Enabled: `True`). {{(pid=53869) check_auth_methods_against_rules /opt/stack/keystone/keystone/auth/core.py:438}}
Apr 17 10:24:49 user devstack@keystone.service[53869]: DEBUG keystone.common.fernet_utils [None req-e6ab512d-ff1e-4f92-a2e3-990208cb1089 None None] Loaded 2 Fernet keys from /etc/keystone/fernet-keys/, but `[fernet_tokens] max_active_keys = 3`; perhaps there have not been enough key rotations to reach `max_active_keys` yet? {{(pid=53869) load_keys /opt/stack/keystone/keystone/common/fernet_utils.py:286}}
Apr 17 10:24:49 user devstack@keystone.service[53869]: DEBUG dbcounter [-] [53869] Writing DB stats keystone:SELECT=100 {{(pid=53869) stat_writer /usr/local/lib/python3.10/dist-packages/dbcounter.py:117}}
Apr 17 10:24:49 user devstack@keystone.service[53869]: [pid: 53869|app: 0|req: 80/241] 10.0.0.210 () {58 vars in 1017 bytes} [Mon Apr 17 10:24:49 2023] POST /identity/v3/auth/tokens => generated 798 bytes in 88 msecs (HTTP/1.1 201) 6 headers in 363 bytes (1 switches on core 0)
Apr 17 10:24:49 user devstack@keystone.service[53868]: DEBUG keystone.server.flask.request_processing.middleware.auth_context [None req-e798ae49-22f6-4b7d-b983-9e508324147d None admin] Authenticating user token {{(pid=53868) process_request /usr/local/lib/python3.10/dist-packages/keystonemiddleware/auth_token/__init__.py:406}}
Apr 17 10:24:49 user devstack@keystone.service[53870]: DEBUG keystone.server.flask.request_processing.req_logging [None req-83e7c1ab-a17c-405c-b970-748d9aeed75c None None] REQUEST_METHOD: `GET` {{(pid=53870) log_request_info /opt/stack/keystone/keystone/server/flask/request_processing/req_logging.py:27}}
Apr 17 10:24:49 user devstack@keystone.service[53870]: DEBUG keystone.server.flask.request_processing.req_logging [None req-83e7c1ab-a17c-405c-b970-748d9aeed75c None None] SCRIPT_NAME: `/identity` {{(pid=53870) log_request_info /opt/stack/keystone/keystone/server/flask/request_processing/req_logging.py:28}}
Apr 17 10:24:49 user devstack@keystone.service[53870]: DEBUG keystone.server.flask.request_processing.req_logging [None req-83e7c1ab-a17c-405c-b970-748d9aeed75c None None] PATH_INFO: `/` {{(pid=53870) log_request_info /opt/stack/keystone/keystone/server/flask/request_processing/req_logging.py:29}}
Apr 17 10:24:49 user devstack@keystone.service[53870]: [pid: 53870|app: 0|req: 82/242] 10.0.0.210 () {54 vars in 920 bytes} [Mon Apr 17 10:24:49 2023] GET /identity => generated 269 bytes in 3 msecs (HTTP/1.1 300) 6 headers in 233 bytes (1 switches on core 0)
Apr 17 10:24:49 user devstack@keystone.service[53869]: DEBUG keystone.server.flask.request_processing.req_logging [None req-c63dc834-1de7-49e6-aae3-fc0b255cf9f3 None None] REQUEST_METHOD: `POST` {{(pid=53869) log_request_info /opt/stack/keystone/keystone/server/flask/request_processing/req_logging.py:27}}
Apr 17 10:24:49 user devstack@keystone.service[53869]: DEBUG keystone.server.flask.request_processing.req_logging [None req-c63dc834-1de7-49e6-aae3-fc0b255cf9f3 None None] SCRIPT_NAME: `/identity` {{(pid=53869) log_request_info /opt/stack/keystone/keystone/server/flask/request_processing/req_logging.py:28}}
Apr 17 10:24:49 user devstack@keystone.service[53869]: DEBUG keystone.server.flask.request_processing.req_logging [None req-c63dc834-1de7-49e6-aae3-fc0b255cf9f3 None None] PATH_INFO: `/v3/auth/tokens` {{(pid=53869) log_request_info /opt/stack/keystone/keystone/server/flask/request_processing/req_logging.py:29}}
Apr 17 10:24:49 user devstack@keystone.service[53869]: WARNING keystone.common.password_hashing [None req-c63dc834-1de7-49e6-aae3-fc0b255cf9f3 None None] Truncating password to algorithm specific maximum length 54 characters.
Apr 17 10:24:49 user devstack@keystone.service[53869]: DEBUG keystone.auth.core [None req-c63dc834-1de7-49e6-aae3-fc0b255cf9f3 None None] MFA Rules not processed for user `b642c5366ecb410eab6715df9d548adc`. Rule list: `[]` (Enabled: `True`). {{(pid=53869) check_auth_methods_against_rules /opt/stack/keystone/keystone/auth/core.py:438}}
Apr 17 10:24:49 user devstack@keystone.service[53869]: DEBUG keystone.common.fernet_utils [None req-c63dc834-1de7-49e6-aae3-fc0b255cf9f3 None None] Loaded 2 Fernet keys from /etc/keystone/fernet-keys/, but `[fernet_tokens] max_active_keys = 3`; perhaps there have not been enough key rotations to reach `max_active_keys` yet? {{(pid=53869) load_keys /opt/stack/keystone/keystone/common/fernet_utils.py:286}}
Apr 17 10:24:49 user devstack@keystone.service[53868]: DEBUG keystone.server.flask.request_processing.middleware.auth_context [None req-e798ae49-22f6-4b7d-b983-9e508324147d None admin] Validating token access rules against request {{(pid=53868) validate_allowed_request /usr/local/lib/python3.10/dist-packages/keystonemiddleware/auth_token/__init__.py:544}}
Apr 17 10:24:49 user devstack@keystone.service[53870]: DEBUG keystone.server.flask.request_processing.req_logging [None req-f5596259-c486-4425-ab5c-2cbf2d91c346 None None] REQUEST_METHOD: `GET` {{(pid=53870) log_request_info /opt/stack/keystone/keystone/server/flask/request_processing/req_logging.py:27}}
Apr 17 10:24:49 user devstack@keystone.service[53870]: DEBUG keystone.server.flask.request_processing.req_logging [None req-f5596259-c486-4425-ab5c-2cbf2d91c346 None None] SCRIPT_NAME: `/identity` {{(pid=53870) log_request_info /opt/stack/keystone/keystone/server/flask/request_processing/req_logging.py:28}}
Apr 17 10:24:49 user devstack@keystone.service[53870]: DEBUG keystone.server.flask.request_processing.req_logging [None req-f5596259-c486-4425-ab5c-2cbf2d91c346 None None] PATH_INFO: `/` {{(pid=53870) log_request_info /opt/stack/keystone/keystone/server/flask/request_processing/req_logging.py:29}}
Apr 17 10:24:49 user devstack@keystone.service[53870]: [pid: 53870|app: 0|req: 83/243] 10.0.0.210 () {54 vars in 920 bytes} [Mon Apr 17 10:24:49 2023] GET /identity => generated 269 bytes in 3 msecs (HTTP/1.1 300) 6 headers in 233 bytes (1 switches on core 0)
Apr 17 10:24:49 user devstack@keystone.service[53870]: DEBUG keystone.server.flask.request_processing.req_logging [None req-0c721551-c9fe-401b-8963-a31083e26c34 None None] REQUEST_METHOD: `POST` {{(pid=53870) log_request_info /opt/stack/keystone/keystone/server/flask/request_processing/req_logging.py:27}}
Apr 17 10:24:49 user devstack@keystone.service[53870]: DEBUG keystone.server.flask.request_processing.req_logging [None req-0c721551-c9fe-401b-8963-a31083e26c34 None None] SCRIPT_NAME: `/identity` {{(pid=53870) log_request_info /opt/stack/keystone/keystone/server/flask/request_processing/req_logging.py:28}}
Apr 17 10:24:49 user devstack@keystone.service[53870]: DEBUG keystone.server.flask.request_processing.req_logging [None req-0c721551-c9fe-401b-8963-a31083e26c34 None None] PATH_INFO: `/v3/auth/tokens` {{(pid=53870) log_request_info /opt/stack/keystone/keystone/server/flask/request_processing/req_logging.py:29}}
Apr 17 10:24:49 user devstack@keystone.service[53868]: DEBUG keystone.server.flask.request_processing.middleware.auth_context [None req-b2b84c8d-59d6-4175-a77c-93c11216e0c8 None admin] RBAC: auth_context: {'token': , 'domain_id': None, 'trust_id': None, 'trustor_id': None, 'trustee_id': None, 'domain_name': None, 'group_ids': [], 'user_id': 'b642c5366ecb410eab6715df9d548adc', 'user_domain_id': 'default', 'system_scope': 'all', 'project_id': None, 'project_domain_id': None, 'roles': ['admin', 'member', 'reader'], 'is_admin_project': True, 'service_user_id': None, 'service_user_domain_id': None, 'service_project_id': None, 'service_project_domain_id': None, 'service_roles': []} {{(pid=53868) fill_context /opt/stack/keystone/keystone/server/flask/request_processing/middleware/auth_context.py:478}}
Apr 17 10:24:49 user devstack@keystone.service[53870]: DEBUG dbcounter [-] [53870] Writing DB stats keystone:SELECT=99,keystone:INSERT=1 {{(pid=53870) stat_writer /usr/local/lib/python3.10/dist-packages/dbcounter.py:117}}
Apr 17 10:24:49 user devstack@keystone.service[53868]: DEBUG keystone.server.flask.request_processing.req_logging [None req-b2b84c8d-59d6-4175-a77c-93c11216e0c8 None admin] REQUEST_METHOD: `GET` {{(pid=53868) log_request_info /opt/stack/keystone/keystone/server/flask/request_processing/req_logging.py:27}}
Apr 17 10:24:49 user devstack@keystone.service[53868]: DEBUG keystone.server.flask.request_processing.req_logging [None req-b2b84c8d-59d6-4175-a77c-93c11216e0c8 None admin] SCRIPT_NAME: `/identity` {{(pid=53868) log_request_info /opt/stack/keystone/keystone/server/flask/request_processing/req_logging.py:28}}
