Apr 17 15:13:59 user devstack@keystone.service[54338]: DEBUG keystone.server.flask.request_processing.req_logging [None req-0b0af53a-62b4-4887-a2d3-98fea3869c97 None None] REQUEST_METHOD: `GET` {{(pid=54338) log_request_info /opt/stack/keystone/keystone/server/flask/request_processing/req_logging.py:27}}
Apr 17 15:13:59 user devstack@keystone.service[54338]: DEBUG keystone.server.flask.request_processing.req_logging [None req-0b0af53a-62b4-4887-a2d3-98fea3869c97 None None] SCRIPT_NAME: `/identity` {{(pid=54338) log_request_info /opt/stack/keystone/keystone/server/flask/request_processing/req_logging.py:28}}
Apr 17 15:13:59 user devstack@keystone.service[54338]: DEBUG keystone.server.flask.request_processing.req_logging [None req-0b0af53a-62b4-4887-a2d3-98fea3869c97 None None] PATH_INFO: `/` {{(pid=54338) log_request_info /opt/stack/keystone/keystone/server/flask/request_processing/req_logging.py:29}}
Apr 17 15:13:59 user devstack@keystone.service[54338]: [pid: 54338|app: 0|req: 79/256] 10.0.0.210 () {54 vars in 920 bytes} [Mon Apr 17 15:13:59 2023] GET /identity => generated 269 bytes in 3 msecs (HTTP/1.1 300) 6 headers in 233 bytes (1 switches on core 0)
Apr 17 15:13:59 user devstack@keystone.service[54340]: DEBUG keystone.server.flask.request_processing.req_logging [None req-38efd3bd-22e3-4e00-ad19-bed26c98af9e None None] REQUEST_METHOD: `POST` {{(pid=54340) log_request_info /opt/stack/keystone/keystone/server/flask/request_processing/req_logging.py:27}}
Apr 17 15:13:59 user devstack@keystone.service[54340]: DEBUG keystone.server.flask.request_processing.req_logging [None req-38efd3bd-22e3-4e00-ad19-bed26c98af9e None None] SCRIPT_NAME: `/identity` {{(pid=54340) log_request_info /opt/stack/keystone/keystone/server/flask/request_processing/req_logging.py:28}}
Apr 17 15:13:59 user devstack@keystone.service[54340]: DEBUG keystone.server.flask.request_processing.req_logging [None req-38efd3bd-22e3-4e00-ad19-bed26c98af9e None None] PATH_INFO: `/v3/auth/tokens` {{(pid=54340) log_request_info /opt/stack/keystone/keystone/server/flask/request_processing/req_logging.py:29}}
Apr 17 15:13:59 user devstack@keystone.service[54340]: WARNING keystone.common.password_hashing [None req-38efd3bd-22e3-4e00-ad19-bed26c98af9e None None] Truncating password to algorithm specific maximum length 54 characters.
Apr 17 15:13:59 user devstack@keystone.service[54340]: DEBUG keystone.auth.core [None req-38efd3bd-22e3-4e00-ad19-bed26c98af9e None None] MFA Rules not processed for user `6edbfaaca12440298d2adb42ce8483b0`. Rule list: `[]` (Enabled: `True`). {{(pid=54340) check_auth_methods_against_rules /opt/stack/keystone/keystone/auth/core.py:438}}
Apr 17 15:13:59 user devstack@keystone.service[54340]: DEBUG keystone.common.fernet_utils [None req-38efd3bd-22e3-4e00-ad19-bed26c98af9e None None] Loaded 2 Fernet keys from /etc/keystone/fernet-keys/, but `[fernet_tokens] max_active_keys = 3`; perhaps there have not been enough key rotations to reach `max_active_keys` yet? {{(pid=54340) load_keys /opt/stack/keystone/keystone/common/fernet_utils.py:286}}
Apr 17 15:13:59 user devstack@keystone.service[54340]: DEBUG dbcounter [-] [54340] Writing DB stats keystone:SELECT=99,keystone:INSERT=1 {{(pid=54340) stat_writer /usr/local/lib/python3.10/dist-packages/dbcounter.py:117}}
Apr 17 15:13:59 user devstack@keystone.service[54340]: [pid: 54340|app: 0|req: 87/257] 10.0.0.210 () {58 vars in 1017 bytes} [Mon Apr 17 15:13:59 2023] POST /identity/v3/auth/tokens => generated 913 bytes in 85 msecs (HTTP/1.1 201) 6 headers in 384 bytes (1 switches on core 0)
Apr 17 15:13:59 user devstack@keystone.service[54339]: DEBUG keystone.server.flask.request_processing.req_logging [None req-45690ae5-2a21-4119-98dd-c21dce24bb4a None None] REQUEST_METHOD: `GET` {{(pid=54339) log_request_info /opt/stack/keystone/keystone/server/flask/request_processing/req_logging.py:27}}
Apr 17 15:13:59 user devstack@keystone.service[54339]: DEBUG keystone.server.flask.request_processing.req_logging [None req-45690ae5-2a21-4119-98dd-c21dce24bb4a None None] SCRIPT_NAME: `/identity` {{(pid=54339) log_request_info /opt/stack/keystone/keystone/server/flask/request_processing/req_logging.py:28}}
Apr 17 15:13:59 user devstack@keystone.service[54339]: DEBUG keystone.server.flask.request_processing.req_logging [None req-45690ae5-2a21-4119-98dd-c21dce24bb4a None None] PATH_INFO: `/` {{(pid=54339) log_request_info /opt/stack/keystone/keystone/server/flask/request_processing/req_logging.py:29}}
Apr 17 15:13:59 user devstack@keystone.service[54339]: [pid: 54339|app: 0|req: 92/258] 10.0.0.210 () {54 vars in 920 bytes} [Mon Apr 17 15:13:59 2023] GET /identity => generated 269 bytes in 3 msecs (HTTP/1.1 300) 6 headers in 233 bytes (1 switches on core 0)
Apr 17 15:13:59 user devstack@keystone.service[54338]: DEBUG keystone.server.flask.request_processing.req_logging [None req-b4fdf564-cad5-4862-b132-d64f9e679710 None None] REQUEST_METHOD: `POST` {{(pid=54338) log_request_info /opt/stack/keystone/keystone/server/flask/request_processing/req_logging.py:27}}
Apr 17 15:13:59 user devstack@keystone.service[54338]: DEBUG keystone.server.flask.request_processing.req_logging [None req-b4fdf564-cad5-4862-b132-d64f9e679710 None None] SCRIPT_NAME: `/identity` {{(pid=54338) log_request_info /opt/stack/keystone/keystone/server/flask/request_processing/req_logging.py:28}}
Apr 17 15:13:59 user devstack@keystone.service[54338]: DEBUG keystone.server.flask.request_processing.req_logging [None req-b4fdf564-cad5-4862-b132-d64f9e679710 None None] PATH_INFO: `/v3/auth/tokens` {{(pid=54338) log_request_info /opt/stack/keystone/keystone/server/flask/request_processing/req_logging.py:29}}
Apr 17 15:13:59 user devstack@keystone.service[54338]: WARNING keystone.common.password_hashing [None req-b4fdf564-cad5-4862-b132-d64f9e679710 None None] Truncating password to algorithm specific maximum length 54 characters.
Apr 17 15:13:59 user devstack@keystone.service[54338]: DEBUG keystone.auth.core [None req-b4fdf564-cad5-4862-b132-d64f9e679710 None None] MFA Rules not processed for user `6edbfaaca12440298d2adb42ce8483b0`. Rule list: `[]` (Enabled: `True`). {{(pid=54338) check_auth_methods_against_rules /opt/stack/keystone/keystone/auth/core.py:438}}
Apr 17 15:13:59 user devstack@keystone.service[54338]: DEBUG keystone.common.fernet_utils [None req-b4fdf564-cad5-4862-b132-d64f9e679710 None None] Loaded 2 Fernet keys from /etc/keystone/fernet-keys/, but `[fernet_tokens] max_active_keys = 3`; perhaps there have not been enough key rotations to reach `max_active_keys` yet? {{(pid=54338) load_keys /opt/stack/keystone/keystone/common/fernet_utils.py:286}}
Apr 17 15:13:59 user devstack@keystone.service[54338]: [pid: 54338|app: 0|req: 80/259] 10.0.0.210 () {58 vars in 1017 bytes} [Mon Apr 17 15:13:59 2023] POST /identity/v3/auth/tokens => generated 913 bytes in 31 msecs (HTTP/1.1 201) 6 headers in 384 bytes (1 switches on core 0)
Apr 17 15:13:59 user devstack@keystone.service[54340]: DEBUG keystone.server.flask.request_processing.req_logging [None req-e911d160-36e3-4e9d-bf38-1140d55f198c None None] REQUEST_METHOD: `GET` {{(pid=54340) log_request_info /opt/stack/keystone/keystone/server/flask/request_processing/req_logging.py:27}}
Apr 17 15:13:59 user devstack@keystone.service[54340]: DEBUG keystone.server.flask.request_processing.req_logging [None req-e911d160-36e3-4e9d-bf38-1140d55f198c None None] SCRIPT_NAME: `/identity` {{(pid=54340) log_request_info /opt/stack/keystone/keystone/server/flask/request_processing/req_logging.py:28}}
Apr 17 15:13:59 user devstack@keystone.service[54340]: DEBUG keystone.server.flask.request_processing.req_logging [None req-e911d160-36e3-4e9d-bf38-1140d55f198c None None] PATH_INFO: `/` {{(pid=54340) log_request_info /opt/stack/keystone/keystone/server/flask/request_processing/req_logging.py:29}}
Apr 17 15:13:59 user devstack@keystone.service[54340]: [pid: 54340|app: 0|req: 88/260] 10.0.0.210 () {54 vars in 920 bytes} [Mon Apr 17 15:13:59 2023] GET /identity => generated 269 bytes in 5 msecs (HTTP/1.1 300) 6 headers in 233 bytes (1 switches on core 0)
Apr 17 15:13:59 user devstack@keystone.service[54339]: DEBUG keystone.server.flask.request_processing.req_logging [None req-b25869dc-219d-4624-b336-733623af41f1 None None] REQUEST_METHOD: `POST` {{(pid=54339) log_request_info /opt/stack/keystone/keystone/server/flask/request_processing/req_logging.py:27}}
Apr 17 15:13:59 user devstack@keystone.service[54339]: DEBUG keystone.server.flask.request_processing.req_logging [None req-b25869dc-219d-4624-b336-733623af41f1 None None] SCRIPT_NAME: `/identity` {{(pid=54339) log_request_info /opt/stack/keystone/keystone/server/flask/request_processing/req_logging.py:28}}
Apr 17 15:13:59 user devstack@keystone.service[54339]: DEBUG keystone.server.flask.request_processing.req_logging [None req-b25869dc-219d-4624-b336-733623af41f1 None None] PATH_INFO: `/v3/auth/tokens` {{(pid=54339) log_request_info /opt/stack/keystone/keystone/server/flask/request_processing/req_logging.py:29}}
Apr 17 15:13:59 user devstack@keystone.service[54339]: WARNING keystone.common.password_hashing [None req-b25869dc-219d-4624-b336-733623af41f1 None None] Truncating password to algorithm specific maximum length 54 characters.
Apr 17 15:13:59 user devstack@keystone.service[54339]: DEBUG keystone.auth.core [None req-b25869dc-219d-4624-b336-733623af41f1 None None] MFA Rules not processed for user `6edbfaaca12440298d2adb42ce8483b0`. Rule list: `[]` (Enabled: `True`). {{(pid=54339) check_auth_methods_against_rules /opt/stack/keystone/keystone/auth/core.py:438}}
Apr 17 15:13:59 user devstack@keystone.service[54339]: DEBUG keystone.common.fernet_utils [None req-b25869dc-219d-4624-b336-733623af41f1 None None] Loaded 2 Fernet keys from /etc/keystone/fernet-keys/, but `[fernet_tokens] max_active_keys = 3`; perhaps there have not been enough key rotations to reach `max_active_keys` yet? {{(pid=54339) load_keys /opt/stack/keystone/keystone/common/fernet_utils.py:286}}
Apr 17 15:13:59 user devstack@keystone.service[54339]: [pid: 54339|app: 0|req: 93/261] 10.0.0.210 () {58 vars in 1017 bytes} [Mon Apr 17 15:13:59 2023] POST /identity/v3/auth/tokens => generated 798 bytes in 80 msecs (HTTP/1.1 201) 6 headers in 363 bytes (1 switches on core 0)
Apr 17 15:13:59 user devstack@keystone.service[54338]: DEBUG keystone.server.flask.request_processing.middleware.auth_context [None req-b4fdf564-cad5-4862-b132-d64f9e679710 None None] Authenticating user token {{(pid=54338) process_request /usr/local/lib/python3.10/dist-packages/keystonemiddleware/auth_token/__init__.py:406}}
Apr 17 15:13:59 user devstack@keystone.service[54338]: DEBUG keystone.server.flask.request_processing.middleware.auth_context [None req-b4fdf564-cad5-4862-b132-d64f9e679710 None None] Validating token access rules against request {{(pid=54338) validate_allowed_request /usr/local/lib/python3.10/dist-packages/keystonemiddleware/auth_token/__init__.py:544}}
Apr 17 15:13:59 user devstack@keystone.service[54338]: DEBUG keystone.server.flask.request_processing.middleware.auth_context [None req-89348174-9ea4-463a-aa7c-e495e0cf8fd2 admin admin] RBAC: auth_context: {'token': , 'domain_id': None, 'trust_id': None, 'trustor_id': None, 'trustee_id': None, 'domain_name': None, 'group_ids': [], 'user_id': '6edbfaaca12440298d2adb42ce8483b0', 'user_domain_id': 'default', 'system_scope': None, 'project_id': 'a43c211b4ed542538799349489b1d884', 'project_domain_id': 'default', 'roles': ['reader', 'admin', 'member'], 'is_admin_project': True, 'service_user_id': None, 'service_user_domain_id': None, 'service_project_id': None, 'service_project_domain_id': None, 'service_roles': []} {{(pid=54338) fill_context /opt/stack/keystone/keystone/server/flask/request_processing/middleware/auth_context.py:478}}
Apr 17 15:13:59 user devstack@keystone.service[54338]: DEBUG keystone.server.flask.request_processing.req_logging [None req-89348174-9ea4-463a-aa7c-e495e0cf8fd2 admin admin] REQUEST_METHOD: `GET` {{(pid=54338) log_request_info /opt/stack/keystone/keystone/server/flask/request_processing/req_logging.py:27}}
Apr 17 15:13:59 user devstack@keystone.service[54338]: DEBUG keystone.server.flask.request_processing.req_logging [None req-89348174-9ea4-463a-aa7c-e495e0cf8fd2 admin admin] SCRIPT_NAME: `/identity` {{(pid=54338) log_request_info /opt/stack/keystone/keystone/server/flask/request_processing/req_logging.py:28}}
Apr 17 15:13:59 user devstack@keystone.service[54338]: DEBUG keystone.server.flask.request_processing.req_logging [None req-89348174-9ea4-463a-aa7c-e495e0cf8fd2 admin admin] PATH_INFO: `/v3/roles/member` {{(pid=54338) log_request_info /opt/stack/keystone/keystone/server/flask/request_processing/req_logging.py:29}}
Apr 17 15:13:59 user devstack@keystone.service[54338]: DEBUG keystone.common.rbac_enforcer.enforcer [None req-89348174-9ea4-463a-aa7c-e495e0cf8fd2 admin admin] Extracting inferred target data resulted in "NOT FOUND (404)". {{(pid=54338) enforce_call /opt/stack/keystone/keystone/common/rbac_enforcer/enforcer.py:409}}
Apr 17 15:13:59 user devstack@keystone.service[54338]: ERROR keystone.server.flask.application [None req-89348174-9ea4-463a-aa7c-e495e0cf8fd2 admin admin] Could not find role: member.: keystone.exception.RoleNotFound: Could not find role: member.
Apr 17 15:13:59 user devstack@keystone.service[54338]: ERROR keystone.server.flask.application
Traceback (most recent call last):
Apr 17 15:13:59 user devstack@keystone.service[54338]: ERROR keystone.server.flask.application
File "/usr/local/lib/python3.10/dist-packages/flask/app.py", line 1823, in full_dispatch_request
Apr 17 15:13:59 user devstack@keystone.service[54338]: ERROR keystone.server.flask.application rv = self.dispatch_request()
Apr 17 15:13:59 user devstack@keystone.service[54338]: ERROR keystone.server.flask.application
File "/usr/local/lib/python3.10/dist-packages/flask/app.py", line 1799, in dispatch_request
Apr 17 15:13:59 user devstack@keystone.service[54338]: ERROR keystone.server.flask.application return self.ensure_sync(self.view_functions[rule.endpoint])(**view_args)
Apr 17 15:13:59 user devstack@keystone.service[54338]: ERROR keystone.server.flask.application
File "/usr/local/lib/python3.10/dist-packages/flask_restful/__init__.py", line 467, in wrapper
Apr 17 15:13:59 user devstack@keystone.service[54338]: ERROR keystone.server.flask.application resp = resource(*args, **kwargs)
Apr 17 15:13:59 user devstack@keystone.service[54338]: ERROR keystone.server.flask.application
File "/usr/local/lib/python3.10/dist-packages/flask/views.py", line 107, in view
Apr 17 15:13:59 user devstack@keystone.service[54338]: ERROR keystone.server.flask.application return current_app.ensure_sync(self.dispatch_request)(**kwargs)
Apr 17 15:13:59 user devstack@keystone.service[54338]: ERROR keystone.server.flask.application
File "/usr/local/lib/python3.10/dist-packages/flask_restful/__init__.py", line 582, in dispatch_request
Apr 17 15:13:59 user devstack@keystone.service[54338]: ERROR keystone.server.flask.application resp = meth(*args, **kwargs)
Apr 17 15:13:59 user devstack@keystone.service[54338]: ERROR keystone.server.flask.application
File "/opt/stack/keystone/keystone/api/roles.py", line 50, in get
Apr 17 15:13:59 user devstack@keystone.service[54338]: ERROR keystone.server.flask.application return self._get_role(role_id)
Apr 17 15:13:59 user devstack@keystone.service[54338]: ERROR keystone.server.flask.application
File "/opt/stack/keystone/keystone/api/roles.py", line 70, in _get_role
Apr 17 15:13:59 user devstack@keystone.service[54338]: ERROR keystone.server.flask.application ENFORCER.enforce_call(action='identity:get_role')
Apr 17 15:13:59 user devstack@keystone.service[54338]: ERROR keystone.server.flask.application
File "/opt/stack/keystone/keystone/common/rbac_enforcer/enforcer.py", line 402, in enforce_call
Apr 17 15:13:59 user devstack@keystone.service[54338]: ERROR keystone.server.flask.application policy_dict.update(cls._extract_member_target_data(
Apr 17 15:13:59 user devstack@keystone.service[54338]: ERROR keystone.server.flask.application
File "/opt/stack/keystone/keystone/common/rbac_enforcer/enforcer.py", line 234, in _extract_member_target_data
Apr 17 15:13:59 user devstack@keystone.service[54338]: ERROR keystone.server.flask.application member_name: func(flask.request.view_args[key])
Apr 17 15:13:59 user devstack@keystone.service[54338]: ERROR keystone.server.flask.application
File "/opt/stack/keystone/keystone/common/manager.py", line 115, in wrapped
Apr 17 15:13:59 user devstack@keystone.service[54338]: ERROR keystone.server.flask.application __ret_val = __f(*args, **kwargs)
Apr 17 15:13:59 user devstack@keystone.service[54338]: ERROR keystone.server.flask.application
File "/usr/local/lib/python3.10/dist-packages/decorator.py", line 232, in fun
Apr 17 15:13:59 user devstack@keystone.service[54338]: ERROR keystone.server.flask.application return caller(func, *(extras + args), **kw)
Apr 17 15:13:59 user devstack@keystone.service[54338]: ERROR keystone.server.flask.application
File "/usr/local/lib/python3.10/dist-packages/dogpile/cache/region.py", line 1577, in get_or_create_for_user_func
Apr 17 15:13:59 user devstack@keystone.service[54338]: ERROR keystone.server.flask.application return self.get_or_create(
Apr 17 15:13:59 user devstack@keystone.service[54338]: ERROR keystone.server.flask.application
File "/usr/local/lib/python3.10/dist-packages/dogpile/cache/region.py", line 1042, in get_or_create
Apr 17 15:13:59 user devstack@keystone.service[54338]: ERROR keystone.server.flask.application with Lock(
Apr 17 15:13:59 user devstack@keystone.service[54338]: ERROR keystone.server.flask.application
File "/usr/local/lib/python3.10/dist-packages/dogpile/lock.py", line 185, in __enter__
Apr 17 15:13:59 user devstack@keystone.service[54338]: ERROR keystone.server.flask.application return self._enter()
Apr 17 15:13:59 user devstack@keystone.service[54338]: ERROR keystone.server.flask.application
File "/usr/local/lib/python3.10/dist-packages/dogpile/lock.py", line 94, in _enter
Apr 17 15:13:59 user devstack@keystone.service[54338]: ERROR keystone.server.flask.application generated = self._enter_create(value, createdtime)
Apr 17 15:13:59 user devstack@keystone.service[54338]: ERROR keystone.server.flask.application
File "/usr/local/lib/python3.10/dist-packages/dogpile/lock.py", line 178, in _enter_create
Apr 17 15:13:59 user devstack@keystone.service[54338]: ERROR keystone.server.flask.application return self.creator()
Apr 17 15:13:59 user devstack@keystone.service[54338]: ERROR keystone.server.flask.application
File "/usr/local/lib/python3.10/dist-packages/dogpile/cache/region.py", line 995, in gen_value
Apr 17 15:13:59 user devstack@keystone.service[54338]: ERROR keystone.server.flask.application created_value = creator(
Apr 17 15:13:59 user devstack@keystone.service[54338]: ERROR keystone.server.flask.application
File "/opt/stack/keystone/keystone/assignment/core.py", line 1276, in get_role
Apr 17 15:13:59 user devstack@keystone.service[54338]: ERROR keystone.server.flask.application return self.driver.get_role(role_id)
Apr 17 15:13:59 user devstack@keystone.service[54338]: ERROR keystone.server.flask.application
File "/opt/stack/keystone/keystone/assignment/role_backends/sql.py", line 70, in get_role
Apr 17 15:13:59 user devstack@keystone.service[54338]: ERROR keystone.server.flask.application return self._get_role(session, role_id).to_dict()
Apr 17 15:13:59 user devstack@keystone.service[54338]: ERROR keystone.server.flask.application
File "/opt/stack/keystone/keystone/assignment/role_backends/sql.py", line 65, in _get_role
Apr 17 15:13:59 user devstack@keystone.service[54338]: ERROR keystone.server.flask.application raise exception.RoleNotFound(role_id=role_id)
Apr 17 15:13:59 user devstack@keystone.service[54338]: ERROR keystone.server.flask.application keystone.exception.RoleNotFound: Could not find role: member.
Apr 17 15:13:59 user devstack@keystone.service[54338]: ERROR keystone.server.flask.application
Apr 17 15:13:59 user devstack@keystone.service[54338]: [pid: 54338|app: 0|req: 81/262] 10.0.0.210 () {56 vars in 1115 bytes} [Mon Apr 17 15:13:59 2023] GET /identity/v3/roles/member => generated 84 bytes in 33 msecs (HTTP/1.1 404) 5 headers in 183 bytes (1 switches on core 0)
Apr 17 15:13:59 user devstack@keystone.service[54340]: DEBUG keystone.server.flask.request_processing.middleware.auth_context [None req-e911d160-36e3-4e9d-bf38-1140d55f198c None None] Authenticating user token {{(pid=54340) process_request /usr/local/lib/python3.10/dist-packages/keystonemiddleware/auth_token/__init__.py:406}}
Apr 17 15:13:59 user devstack@keystone.service[54340]: DEBUG keystone.server.flask.request_processing.middleware.auth_context [None req-e911d160-36e3-4e9d-bf38-1140d55f198c None None] Validating token access rules against request {{(pid=54340) validate_allowed_request /usr/local/lib/python3.10/dist-packages/keystonemiddleware/auth_token/__init__.py:544}}
Apr 17 15:13:59 user devstack@keystone.service[54340]: DEBUG keystone.server.flask.request_processing.middleware.auth_context [None req-5c37f3d7-9d81-45eb-9fe0-6e8595324a44 admin admin] RBAC: auth_context: {'token': , 'domain_id': None, 'trust_id': None, 'trustor_id': None, 'trustee_id': None, 'domain_name': None, 'group_ids': [], 'user_id': '6edbfaaca12440298d2adb42ce8483b0', 'user_domain_id': 'default', 'system_scope': None, 'project_id': 'a43c211b4ed542538799349489b1d884', 'project_domain_id': 'default', 'roles': ['reader', 'admin', 'member'], 'is_admin_project': True, 'service_user_id': None, 'service_user_domain_id': None, 'service_project_id': None, 'service_project_domain_id': None, 'service_roles': []} {{(pid=54340) fill_context /opt/stack/keystone/keystone/server/flask/request_processing/middleware/auth_context.py:478}}
Apr 17 15:13:59 user devstack@keystone.service[54340]: DEBUG keystone.server.flask.request_processing.req_logging [None req-5c37f3d7-9d81-45eb-9fe0-6e8595324a44 admin admin] REQUEST_METHOD: `GET` {{(pid=54340) log_request_info /opt/stack/keystone/keystone/server/flask/request_processing/req_logging.py:27}}
Apr 17 15:13:59 user devstack@keystone.service[54340]: DEBUG keystone.server.flask.request_processing.req_logging [None req-5c37f3d7-9d81-45eb-9fe0-6e8595324a44 admin admin] SCRIPT_NAME: `/identity` {{(pid=54340) log_request_info /opt/stack/keystone/keystone/server/flask/request_processing/req_logging.py:28}}
Apr 17 15:13:59 user devstack@keystone.service[54340]: DEBUG keystone.server.flask.request_processing.req_logging [None req-5c37f3d7-9d81-45eb-9fe0-6e8595324a44 admin admin] PATH_INFO: `/v3/roles` {{(pid=54340) log_request_info /opt/stack/keystone/keystone/server/flask/request_processing/req_logging.py:29}}
Apr 17 15:13:59 user devstack@keystone.service[54340]: DEBUG keystone.common.rbac_enforcer.enforcer [None req-5c37f3d7-9d81-45eb-9fe0-6e8595324a44 admin admin] RBAC: Adding query filter params (name=member) {{(pid=54340) _extract_filter_values /opt/stack/keystone/keystone/common/rbac_enforcer/enforcer.py:167}}
Apr 17 15:13:59 user devstack@keystone.service[54340]: DEBUG keystone.common.rbac_enforcer.enforcer [None req-5c37f3d7-9d81-45eb-9fe0-6e8595324a44 admin admin] RBAC: Authorizing `identity:list_roles()` {{(pid=54340) enforce_call /opt/stack/keystone/keystone/common/rbac_enforcer/enforcer.py:449}}
Apr 17 15:13:59 user devstack@keystone.service[54340]: WARNING py.warnings [None req-5c37f3d7-9d81-45eb-9fe0-6e8595324a44 admin admin] /usr/local/lib/python3.10/dist-packages/oslo_policy/policy.py:1129: UserWarning: Policy "identity:list_roles": "role:reader and system_scope:all" failed scope check. The token used to make the request was project scoped but the policy requires ['system'] scope. This behavior may change in the future where using the intended scope is required
Apr 17 15:13:59 user devstack@keystone.service[54340]: warnings.warn(msg)
Apr 17 15:13:59 user devstack@keystone.service[54340]:
Apr 17 15:13:59 user devstack@keystone.service[54340]: DEBUG keystone.common.rbac_enforcer.enforcer [None req-5c37f3d7-9d81-45eb-9fe0-6e8595324a44 admin admin] RBAC: Authorization granted {{(pid=54340) enforce_call /opt/stack/keystone/keystone/common/rbac_enforcer/enforcer.py:457}}
Apr 17 15:13:59 user devstack@keystone.service[54340]: [pid: 54340|app: 0|req: 89/263] 10.0.0.210 () {56 vars in 1117 bytes} [Mon Apr 17 15:13:59 2023] GET /identity/v3/roles?name=member => generated 339 bytes in 32 msecs (HTTP/1.1 200) 5 headers in 177 bytes (1 switches on core 0)
Apr 17 15:13:59 user devstack@keystone.service[54339]: DEBUG keystone.server.flask.request_processing.middleware.auth_context [None req-b25869dc-219d-4624-b336-733623af41f1 None None] Authenticating user token {{(pid=54339) process_request /usr/local/lib/python3.10/dist-packages/keystonemiddleware/auth_token/__init__.py:406}}
Apr 17 15:13:59 user devstack@keystone.service[54338]: DEBUG keystone.server.flask.request_processing.req_logging [None req-4b6c495a-d772-4933-b546-05bb56143cd4 None None] REQUEST_METHOD: `GET` {{(pid=54338) log_request_info /opt/stack/keystone/keystone/server/flask/request_processing/req_logging.py:27}}
Apr 17 15:13:59 user devstack@keystone.service[54338]: DEBUG keystone.server.flask.request_processing.req_logging [None req-4b6c495a-d772-4933-b546-05bb56143cd4 None None] SCRIPT_NAME: `/identity` {{(pid=54338) log_request_info /opt/stack/keystone/keystone/server/flask/request_processing/req_logging.py:28}}
Apr 17 15:13:59 user devstack@keystone.service[54338]: DEBUG keystone.server.flask.request_processing.req_logging [None req-4b6c495a-d772-4933-b546-05bb56143cd4 None None] PATH_INFO: `/` {{(pid=54338) log_request_info /opt/stack/keystone/keystone/server/flask/request_processing/req_logging.py:29}}
Apr 17 15:13:59 user devstack@keystone.service[54338]: [pid: 54338|app: 0|req: 82/264] 10.0.0.210 () {54 vars in 920 bytes} [Mon Apr 17 15:13:59 2023] GET /identity => generated 269 bytes in 3 msecs (HTTP/1.1 300) 6 headers in 233 bytes (1 switches on core 0)
Apr 17 15:13:59 user devstack@keystone.service[54339]: DEBUG keystone.server.flask.request_processing.middleware.auth_context [None req-b25869dc-219d-4624-b336-733623af41f1 None None] Validating token access rules against request {{(pid=54339) validate_allowed_request /usr/local/lib/python3.10/dist-packages/keystonemiddleware/auth_token/__init__.py:544}}
Apr 17 15:13:59 user devstack@keystone.service[54339]: DEBUG keystone.server.flask.request_processing.middleware.auth_context [None req-b030693a-93d8-4bf6-bf7a-62cf0eb7a0f5 admin admin] RBAC: auth_context: {'token': , 'domain_id': None, 'trust_id': None, 'trustor_id': None, 'trustee_id': None, 'domain_name': None, 'group_ids': [], 'user_id': '6edbfaaca12440298d2adb42ce8483b0', 'user_domain_id': 'default', 'system_scope': None, 'project_id': 'a43c211b4ed542538799349489b1d884', 'project_domain_id': 'default', 'roles': ['reader', 'admin', 'member'], 'is_admin_project': True, 'service_user_id': None, 'service_user_domain_id': None, 'service_project_id': None, 'service_project_domain_id': None, 'service_roles': []} {{(pid=54339) fill_context /opt/stack/keystone/keystone/server/flask/request_processing/middleware/auth_context.py:478}}
Apr 17 15:13:59 user devstack@keystone.service[54340]: DEBUG keystone.server.flask.request_processing.req_logging [None req-6d124c25-5016-44ca-ad3c-ad77a336750a None None] REQUEST_METHOD: `POST` {{(pid=54340) log_request_info /opt/stack/keystone/keystone/server/flask/request_processing/req_logging.py:27}}
Apr 17 15:13:59 user devstack@keystone.service[54339]: DEBUG keystone.server.flask.request_processing.req_logging [None req-b030693a-93d8-4bf6-bf7a-62cf0eb7a0f5 admin admin] REQUEST_METHOD: `GET` {{(pid=54339) log_request_info /opt/stack/keystone/keystone/server/flask/request_processing/req_logging.py:27}}
Apr 17 15:13:59 user devstack@keystone.service[54340]: DEBUG keystone.server.flask.request_processing.req_logging [None req-6d124c25-5016-44ca-ad3c-ad77a336750a None None] SCRIPT_NAME: `/identity` {{(pid=54340) log_request_info /opt/stack/keystone/keystone/server/flask/request_processing/req_logging.py:28}}
Apr 17 15:13:59 user devstack@keystone.service[54339]: DEBUG keystone.server.flask.request_processing.req_logging [None req-b030693a-93d8-4bf6-bf7a-62cf0eb7a0f5 admin admin] SCRIPT_NAME: `/identity` {{(pid=54339) log_request_info /opt/stack/keystone/keystone/server/flask/request_processing/req_logging.py:28}}
Apr 17 15:13:59 user devstack@keystone.service[54339]: DEBUG keystone.server.flask.request_processing.req_logging [None req-b030693a-93d8-4bf6-bf7a-62cf0eb7a0f5 admin admin] PATH_INFO: `/v3/groups/1085c2d33e3f4155a00963872c7e3253` {{(pid=54339) log_request_info /opt/stack/keystone/keystone/server/flask/request_processing/req_logging.py:29}}
Apr 17 15:13:59 user devstack@keystone.service[54340]: DEBUG keystone.server.flask.request_processing.req_logging [None req-6d124c25-5016-44ca-ad3c-ad77a336750a None None] PATH_INFO: `/v3/auth/tokens` {{(pid=54340) log_request_info /opt/stack/keystone/keystone/server/flask/request_processing/req_logging.py:29}}
Apr 17 15:13:59 user devstack@keystone.service[54339]: DEBUG keystone.common.rbac_enforcer.enforcer [None req-b030693a-93d8-4bf6-bf7a-62cf0eb7a0f5 admin admin] RBAC: Authorizing `identity:get_group(group_id=1085c2d33e3f4155a00963872c7e3253)` {{(pid=54339) enforce_call /opt/stack/keystone/keystone/common/rbac_enforcer/enforcer.py:449}}
Apr 17 15:13:59 user devstack@keystone.service[54339]: WARNING py.warnings [None req-b030693a-93d8-4bf6-bf7a-62cf0eb7a0f5 admin admin] /usr/local/lib/python3.10/dist-packages/oslo_policy/policy.py:1129: UserWarning: Policy "identity:get_group": "(role:reader and system_scope:all) or (role:reader and domain_id:%(target.group.domain_id)s)" failed scope check. The token used to make the request was project scoped but the policy requires ['system', 'domain'] scope. This behavior may change in the future where using the intended scope is required
Apr 17 15:13:59 user devstack@keystone.service[54339]: warnings.warn(msg)
Apr 17 15:13:59 user devstack@keystone.service[54339]:
Apr 17 15:13:59 user devstack@keystone.service[54339]: DEBUG keystone.common.rbac_enforcer.enforcer [None req-b030693a-93d8-4bf6-bf7a-62cf0eb7a0f5 admin admin] RBAC: Authorization granted {{(pid=54339) enforce_call /opt/stack/keystone/keystone/common/rbac_enforcer/enforcer.py:457}}
Apr 17 15:13:59 user devstack@keystone.service[54339]: [pid: 54339|app: 0|req: 94/265] 10.0.0.210 () {56 vars in 1196 bytes} [Mon Apr 17 15:13:59 2023] GET /identity/v3/groups/1085c2d33e3f4155a00963872c7e3253 => generated 225 bytes in 31 msecs (HTTP/1.1 200) 5 headers in 177 bytes (1 switches on core 0)
Apr 17 15:13:59 user devstack@keystone.service[54338]: DEBUG keystone.server.flask.request_processing.middleware.auth_context [None req-4b6c495a-d772-4933-b546-05bb56143cd4 None None] Authenticating user token {{(pid=54338) process_request /usr/local/lib/python3.10/dist-packages/keystonemiddleware/auth_token/__init__.py:406}}
Apr 17 15:13:59 user devstack@keystone.service[54339]: DEBUG keystone.server.flask.request_processing.middleware.auth_context [None req-b030693a-93d8-4bf6-bf7a-62cf0eb7a0f5 admin admin] Authenticating user token {{(pid=54339) process_request /usr/local/lib/python3.10/dist-packages/keystonemiddleware/auth_token/__init__.py:406}}
Apr 17 15:13:59 user devstack@keystone.service[54340]: WARNING keystone.common.password_hashing [None req-6d124c25-5016-44ca-ad3c-ad77a336750a None None] Truncating password to algorithm specific maximum length 54 characters.
Apr 17 15:13:59 user devstack@keystone.service[54340]: DEBUG keystone.auth.core [None req-6d124c25-5016-44ca-ad3c-ad77a336750a None None] MFA Rules not processed for user `6edbfaaca12440298d2adb42ce8483b0`. Rule list: `[]` (Enabled: `True`). {{(pid=54340) check_auth_methods_against_rules /opt/stack/keystone/keystone/auth/core.py:438}}
Apr 17 15:13:59 user devstack@keystone.service[54339]: DEBUG keystone.server.flask.request_processing.middleware.auth_context [None req-b030693a-93d8-4bf6-bf7a-62cf0eb7a0f5 admin admin] Validating token access rules against request {{(pid=54339) validate_allowed_request /usr/local/lib/python3.10/dist-packages/keystonemiddleware/auth_token/__init__.py:544}}
Apr 17 15:13:59 user devstack@keystone.service[54340]: DEBUG keystone.common.fernet_utils [None req-6d124c25-5016-44ca-ad3c-ad77a336750a None None] Loaded 2 Fernet keys from /etc/keystone/fernet-keys/, but `[fernet_tokens] max_active_keys = 3`; perhaps there have not been enough key rotations to reach `max_active_keys` yet? {{(pid=54340) load_keys /opt/stack/keystone/keystone/common/fernet_utils.py:286}}
Apr 17 15:13:59 user devstack@keystone.service[54338]: DEBUG keystone.server.flask.request_processing.middleware.auth_context [None req-4b6c495a-d772-4933-b546-05bb56143cd4 None None] Validating token access rules against request {{(pid=54338) validate_allowed_request /usr/local/lib/python3.10/dist-packages/keystonemiddleware/auth_token/__init__.py:544}}
Apr 17 15:14:00 user devstack@keystone.service[54339]: DEBUG keystone.server.flask.request_processing.middleware.auth_context [None req-a56c32be-39f6-4cce-a929-c472b9eb0041 admin admin] RBAC: auth_context: {'token': , 'domain_id': None, 'trust_id': None, 'trustor_id': None, 'trustee_id': None, 'domain_name': None, 'group_ids': [], 'user_id': '6edbfaaca12440298d2adb42ce8483b0', 'user_domain_id': 'default', 'system_scope': None, 'project_id': 'a43c211b4ed542538799349489b1d884', 'project_domain_id': 'default', 'roles': ['reader', 'admin', 'member'], 'is_admin_project': True, 'service_user_id': None, 'service_user_domain_id': None, 'service_project_id': None, 'service_project_domain_id': None, 'service_roles': []} {{(pid=54339) fill_context /opt/stack/keystone/keystone/server/flask/request_processing/middleware/auth_context.py:478}}
Apr 17 15:14:00 user devstack@keystone.service[54339]: DEBUG keystone.server.flask.request_processing.req_logging [None req-a56c32be-39f6-4cce-a929-c472b9eb0041 admin admin] REQUEST_METHOD: `GET` {{(pid=54339) log_request_info /opt/stack/keystone/keystone/server/flask/request_processing/req_logging.py:27}}
Apr 17 15:14:00 user devstack@keystone.service[54339]: DEBUG keystone.server.flask.request_processing.req_logging [None req-a56c32be-39f6-4cce-a929-c472b9eb0041 admin admin] SCRIPT_NAME: `/identity` {{(pid=54339) log_request_info /opt/stack/keystone/keystone/server/flask/request_processing/req_logging.py:28}}
Apr 17 15:14:00 user devstack@keystone.service[54339]: DEBUG keystone.server.flask.request_processing.req_logging [None req-a56c32be-39f6-4cce-a929-c472b9eb0041 admin admin] PATH_INFO: `/v3/projects/9eb48594e1f949358031efe530f8384d` {{(pid=54339) log_request_info /opt/stack/keystone/keystone/server/flask/request_processing/req_logging.py:29}}
Apr 17 15:14:00 user devstack@keystone.service[54340]: [pid: 54340|app: 0|req: 90/266] 10.0.0.210 () {58 vars in 1017 bytes} [Mon Apr 17 15:13:59 2023] POST /identity/v3/auth/tokens => generated 913 bytes in 35 msecs (HTTP/1.1 201) 6 headers in 384 bytes (1 switches on core 0)
Apr 17 15:14:00 user devstack@keystone.service[54339]: DEBUG keystone.common.rbac_enforcer.enforcer [None req-a56c32be-39f6-4cce-a929-c472b9eb0041 admin admin] RBAC: Authorizing `identity:get_project(project_id=9eb48594e1f949358031efe530f8384d)` {{(pid=54339) enforce_call /opt/stack/keystone/keystone/common/rbac_enforcer/enforcer.py:449}}
Apr 17 15:14:00 user devstack@keystone.service[54338]: DEBUG keystone.server.flask.request_processing.middleware.auth_context [None req-ff021ba8-5247-447a-a193-44995652578f admin admin] RBAC: auth_context: {'token': , 'domain_id': None, 'trust_id': None, 'trustor_id': None, 'trustee_id': None, 'domain_name': None, 'group_ids': [], 'user_id': '6edbfaaca12440298d2adb42ce8483b0', 'user_domain_id': 'default', 'system_scope': None, 'project_id': 'a43c211b4ed542538799349489b1d884', 'project_domain_id': 'default', 'roles': ['reader', 'admin', 'member'], 'is_admin_project': True, 'service_user_id': None, 'service_user_domain_id': None, 'service_project_id': None, 'service_project_domain_id': None, 'service_roles': []} {{(pid=54338) fill_context /opt/stack/keystone/keystone/server/flask/request_processing/middleware/auth_context.py:478}}
Apr 17 15:14:00 user devstack@keystone.service[54338]: DEBUG keystone.server.flask.request_processing.req_logging [None req-ff021ba8-5247-447a-a193-44995652578f admin admin] REQUEST_METHOD: `GET` {{(pid=54338) log_request_info /opt/stack/keystone/keystone/server/flask/request_processing/req_logging.py:27}}
Apr 17 15:14:00 user devstack@keystone.service[54338]: DEBUG keystone.server.flask.request_processing.req_logging [None req-ff021ba8-5247-447a-a193-44995652578f admin admin] SCRIPT_NAME: `/identity` {{(pid=54338) log_request_info /opt/stack/keystone/keystone/server/flask/request_processing/req_logging.py:28}}
Apr 17 15:14:00 user devstack@keystone.service[54338]: DEBUG keystone.server.flask.request_processing.req_logging [None req-ff021ba8-5247-447a-a193-44995652578f admin admin] PATH_INFO: `/v3/roles/anotherrole` {{(pid=54338) log_request_info /opt/stack/keystone/keystone/server/flask/request_processing/req_logging.py:29}}
Apr 17 15:14:00 user devstack@keystone.service[54339]: DEBUG keystone.common.rbac_enforcer.enforcer [None req-a56c32be-39f6-4cce-a929-c472b9eb0041 admin admin] RBAC: Authorization granted {{(pid=54339) enforce_call /opt/stack/keystone/keystone/common/rbac_enforcer/enforcer.py:457}}
Apr 17 15:14:00 user devstack@keystone.service[54339]: [pid: 54339|app: 0|req: 95/267] 10.0.0.210 () {56 vars in 1202 bytes} [Mon Apr 17 15:13:59 2023] GET /identity/v3/projects/9eb48594e1f949358031efe530f8384d => generated 297 bytes in 21 msecs (HTTP/1.1 200) 5 headers in 177 bytes (1 switches on core 0)
Apr 17 15:14:00 user devstack@keystone.service[54340]: DEBUG keystone.server.flask.request_processing.middleware.auth_context [None req-6d124c25-5016-44ca-ad3c-ad77a336750a None None] Authenticating user token {{(pid=54340) process_request /usr/local/lib/python3.10/dist-packages/keystonemiddleware/auth_token/__init__.py:406}}
Apr 17 15:14:00 user devstack@keystone.service[54338]: DEBUG keystone.common.rbac_enforcer.enforcer [None req-ff021ba8-5247-447a-a193-44995652578f admin admin] Extracting inferred target data resulted in "NOT FOUND (404)". {{(pid=54338) enforce_call /opt/stack/keystone/keystone/common/rbac_enforcer/enforcer.py:409}}
Apr 17 15:14:00 user devstack@keystone.service[54338]: ERROR keystone.server.flask.application [None req-ff021ba8-5247-447a-a193-44995652578f admin admin] Could not find role: anotherrole.: keystone.exception.RoleNotFound: Could not find role: anotherrole.
Apr 17 15:14:00 user devstack@keystone.service[54338]: ERROR keystone.server.flask.application
Traceback (most recent call last):
Apr 17 15:14:00 user devstack@keystone.service[54338]: ERROR keystone.server.flask.application
File "/usr/local/lib/python3.10/dist-packages/flask/app.py", line 1823, in full_dispatch_request
Apr 17 15:14:00 user devstack@keystone.service[54338]: ERROR keystone.server.flask.application rv = self.dispatch_request()
Apr 17 15:14:00 user devstack@keystone.service[54338]: ERROR keystone.server.flask.application
File "/usr/local/lib/python3.10/dist-packages/flask/app.py", line 1799, in dispatch_request
Apr 17 15:14:00 user devstack@keystone.service[54338]: ERROR keystone.server.flask.application return self.ensure_sync(self.view_functions[rule.endpoint])(**view_args)
Apr 17 15:14:00 user devstack@keystone.service[54338]: ERROR keystone.server.flask.application
File "/usr/local/lib/python3.10/dist-packages/flask_restful/__init__.py", line 467, in wrapper
Apr 17 15:14:00 user devstack@keystone.service[54338]: ERROR keystone.server.flask.application resp = resource(*args, **kwargs)
Apr 17 15:14:00 user devstack@keystone.service[54338]: ERROR keystone.server.flask.application
File "/usr/local/lib/python3.10/dist-packages/flask/views.py", line 107, in view
Apr 17 15:14:00 user devstack@keystone.service[54338]: ERROR keystone.server.flask.application return current_app.ensure_sync(self.dispatch_request)(**kwargs)
Apr 17 15:14:00 user devstack@keystone.service[54338]: ERROR keystone.server.flask.application
File "/usr/local/lib/python3.10/dist-packages/flask_restful/__init__.py", line 582, in dispatch_request
Apr 17 15:14:00 user devstack@keystone.service[54338]: ERROR keystone.server.flask.application resp = meth(*args, **kwargs)
Apr 17 15:14:00 user devstack@keystone.service[54338]: ERROR keystone.server.flask.application
File "/opt/stack/keystone/keystone/api/roles.py", line 50, in get
Apr 17 15:14:00 user devstack@keystone.service[54338]: ERROR keystone.server.flask.application return self._get_role(role_id)
Apr 17 15:14:00 user devstack@keystone.service[54338]: ERROR keystone.server.flask.application
File "/opt/stack/keystone/keystone/api/roles.py", line 70, in _get_role
Apr 17 15:14:00 user devstack@keystone.service[54338]: ERROR keystone.server.flask.application ENFORCER.enforce_call(action='identity:get_role')
Apr 17 15:14:00 user devstack@keystone.service[54338]: ERROR keystone.server.flask.application
File "/opt/stack/keystone/keystone/common/rbac_enforcer/enforcer.py", line 402, in enforce_call
Apr 17 15:14:00 user devstack@keystone.service[54338]: ERROR keystone.server.flask.application policy_dict.update(cls._extract_member_target_data(
Apr 17 15:14:00 user devstack@keystone.service[54338]: ERROR keystone.server.flask.application
File "/opt/stack/keystone/keystone/common/rbac_enforcer/enforcer.py", line 234, in _extract_member_target_data
Apr 17 15:14:00 user devstack@keystone.service[54338]: ERROR keystone.server.flask.application member_name: func(flask.request.view_args[key])
Apr 17 15:14:00 user devstack@keystone.service[54338]: ERROR keystone.server.flask.application
File "/opt/stack/keystone/keystone/common/manager.py", line 115, in wrapped
Apr 17 15:14:00 user devstack@keystone.service[54338]: ERROR keystone.server.flask.application __ret_val = __f(*args, **kwargs)
Apr 17 15:14:00 user devstack@keystone.service[54338]: ERROR keystone.server.flask.application
File "/usr/local/lib/python3.10/dist-packages/decorator.py", line 232, in fun
Apr 17 15:14:00 user devstack@keystone.service[54338]: ERROR keystone.server.flask.application return caller(func, *(extras + args), **kw)
Apr 17 15:14:00 user devstack@keystone.service[54338]: ERROR keystone.server.flask.application
File "/usr/local/lib/python3.10/dist-packages/dogpile/cache/region.py", line 1577, in get_or_create_for_user_func
Apr 17 15:14:00 user devstack@keystone.service[54338]: ERROR keystone.server.flask.application return self.get_or_create(
Apr 17 15:14:00 user devstack@keystone.service[54338]: ERROR keystone.server.flask.application
File "/usr/local/lib/python3.10/dist-packages/dogpile/cache/region.py", line 1042, in get_or_create
Apr 17 15:14:00 user devstack@keystone.service[54338]: ERROR keystone.server.flask.application with Lock(
Apr 17 15:14:00 user devstack@keystone.service[54338]: ERROR keystone.server.flask.application
File "/usr/local/lib/python3.10/dist-packages/dogpile/lock.py", line 185, in __enter__
Apr 17 15:14:00 user devstack@keystone.service[54338]: ERROR keystone.server.flask.application return self._enter()
Apr 17 15:14:00 user devstack@keystone.service[54338]: ERROR keystone.server.flask.application
File "/usr/local/lib/python3.10/dist-packages/dogpile/lock.py", line 94, in _enter
Apr 17 15:14:00 user devstack@keystone.service[54338]: ERROR keystone.server.flask.application generated = self._enter_create(value, createdtime)
Apr 17 15:14:00 user devstack@keystone.service[54338]: ERROR keystone.server.flask.application
File "/usr/local/lib/python3.10/dist-packages/dogpile/lock.py", line 178, in _enter_create
Apr 17 15:14:00 user devstack@keystone.service[54338]: ERROR keystone.server.flask.application return self.creator()
Apr 17 15:14:00 user devstack@keystone.service[54338]: ERROR keystone.server.flask.application
File "/usr/local/lib/python3.10/dist-packages/dogpile/cache/region.py", line 995, in gen_value
Apr 17 15:14:00 user devstack@keystone.service[54338]: ERROR keystone.server.flask.application created_value = creator(
Apr 17 15:14:00 user devstack@keystone.service[54338]: ERROR keystone.server.flask.application
File "/opt/stack/keystone/keystone/assignment/core.py", line 1276, in get_role
Apr 17 15:14:00 user devstack@keystone.service[54338]: ERROR keystone.server.flask.application return self.driver.get_role(role_id)
Apr 17 15:14:00 user devstack@keystone.service[54338]: ERROR keystone.server.flask.application
File "/opt/stack/keystone/keystone/assignment/role_backends/sql.py", line 70, in get_role
Apr 17 15:14:00 user devstack@keystone.service[54338]: ERROR keystone.server.flask.application return self._get_role(session, role_id).to_dict()
Apr 17 15:14:00 user devstack@keystone.service[54338]: ERROR keystone.server.flask.application
File "/opt/stack/keystone/keystone/assignment/role_backends/sql.py", line 65, in _get_role
Apr 17 15:14:00 user devstack@keystone.service[54338]: ERROR keystone.server.flask.application raise exception.RoleNotFound(role_id=role_id)
Apr 17 15:14:00 user devstack@keystone.service[54338]: ERROR keystone.server.flask.application keystone.exception.RoleNotFound: Could not find role: anotherrole.
Apr 17 15:14:00 user devstack@keystone.service[54338]: ERROR keystone.server.flask.application
Apr 17 15:14:00 user devstack@keystone.service[54338]: [pid: 54338|app: 0|req: 83/268] 10.0.0.210 () {56 vars in 1130 bytes} [Mon Apr 17 15:13:59 2023] GET /identity/v3/roles/anotherrole => generated 89 bytes in 36 msecs (HTTP/1.1 404) 5 headers in 183 bytes (1 switches on core 0)
Apr 17 15:14:00 user devstack@keystone.service[54340]: DEBUG keystone.server.flask.request_processing.middleware.auth_context [None req-6d124c25-5016-44ca-ad3c-ad77a336750a None None] Validating token access rules against request {{(pid=54340) validate_allowed_request /usr/local/lib/python3.10/dist-packages/keystonemiddleware/auth_token/__init__.py:544}}
Apr 17 15:14:00 user devstack@keystone.service[54339]: DEBUG keystone.server.flask.request_processing.middleware.auth_context [None req-a56c32be-39f6-4cce-a929-c472b9eb0041 admin admin] Authenticating user token {{(pid=54339) process_request /usr/local/lib/python3.10/dist-packages/keystonemiddleware/auth_token/__init__.py:406}}
Apr 17 15:14:00 user devstack@keystone.service[54340]: DEBUG keystone.server.flask.request_processing.middleware.auth_context [None req-30a1d336-c7cc-494c-9461-83705d306432 admin admin] RBAC: auth_context: {'token': , 'domain_id': None, 'trust_id': None, 'trustor_id': None, 'trustee_id': None, 'domain_name': None, 'group_ids': [], 'user_id': '6edbfaaca12440298d2adb42ce8483b0', 'user_domain_id': 'default', 'system_scope': None, 'project_id': 'a43c211b4ed542538799349489b1d884', 'project_domain_id': 'default', 'roles': ['reader', 'admin', 'member'], 'is_admin_project': True, 'service_user_id': None, 'service_user_domain_id': None, 'service_project_id': None, 'service_project_domain_id': None, 'service_roles': []} {{(pid=54340) fill_context /opt/stack/keystone/keystone/server/flask/request_processing/middleware/auth_context.py:478}}
Apr 17 15:14:00 user devstack@keystone.service[54340]: DEBUG keystone.server.flask.request_processing.req_logging [None req-30a1d336-c7cc-494c-9461-83705d306432 admin admin] REQUEST_METHOD: `PUT` {{(pid=54340) log_request_info /opt/stack/keystone/keystone/server/flask/request_processing/req_logging.py:27}}
Apr 17 15:14:00 user devstack@keystone.service[54340]: DEBUG keystone.server.flask.request_processing.req_logging [None req-30a1d336-c7cc-494c-9461-83705d306432 admin admin] SCRIPT_NAME: `/identity` {{(pid=54340) log_request_info /opt/stack/keystone/keystone/server/flask/request_processing/req_logging.py:28}}
Apr 17 15:14:00 user devstack@keystone.service[54340]: DEBUG keystone.server.flask.request_processing.req_logging [None req-30a1d336-c7cc-494c-9461-83705d306432 admin admin] PATH_INFO: `/v3/projects/9eb48594e1f949358031efe530f8384d/groups/1085c2d33e3f4155a00963872c7e3253/roles/d303b140d89a4596b54be69c0282d2d5` {{(pid=54340) log_request_info /opt/stack/keystone/keystone/server/flask/request_processing/req_logging.py:29}}
Apr 17 15:14:00 user devstack@keystone.service[54340]: DEBUG keystone.common.rbac_enforcer.enforcer [None req-30a1d336-c7cc-494c-9461-83705d306432 admin admin] RBAC: Authorizing `identity:create_grant(project_id=9eb48594e1f949358031efe530f8384d, group_id=1085c2d33e3f4155a00963872c7e3253, role_id=d303b140d89a4596b54be69c0282d2d5)` {{(pid=54340) enforce_call /opt/stack/keystone/keystone/common/rbac_enforcer/enforcer.py:449}}
Apr 17 15:14:00 user devstack@keystone.service[54340]: WARNING py.warnings [None req-30a1d336-c7cc-494c-9461-83705d306432 admin admin] /usr/local/lib/python3.10/dist-packages/oslo_policy/policy.py:1129: UserWarning: Policy "identity:create_grant": "(role:admin and system_scope:all) or ((role:admin and domain_id:%(target.user.domain_id)s and domain_id:%(target.project.domain_id)s) or (role:admin and domain_id:%(target.user.domain_id)s and domain_id:%(target.domain.id)s) or (role:admin and domain_id:%(target.group.domain_id)s and domain_id:%(target.project.domain_id)s) or (role:admin and domain_id:%(target.group.domain_id)s and domain_id:%(target.domain.id)s)) and (domain_id:%(target.role.domain_id)s or None:%(target.role.domain_id)s)" failed scope check. The token used to make the request was project scoped but the policy requires ['system', 'domain'] scope. This behavior may change in the future where using the intended scope is required
Apr 17 15:14:00 user devstack@keystone.service[54340]: warnings.warn(msg)
Apr 17 15:14:00 user devstack@keystone.service[54340]:
