Apr 17 15:13:50 user devstack@keystone.service[54338]: DEBUG keystone.common.rbac_enforcer.enforcer [None req-e6af9d92-22c6-4a3e-b309-e450392465c5 None admin] RBAC: Authorizing `identity:get_project(project_id=0e4f4af5c3b2464daa9d193c4b67cf36)` {{(pid=54338) enforce_call /opt/stack/keystone/keystone/common/rbac_enforcer/enforcer.py:449}}
Apr 17 15:13:50 user devstack@keystone.service[54338]: DEBUG keystone.common.rbac_enforcer.enforcer [None req-e6af9d92-22c6-4a3e-b309-e450392465c5 None admin] RBAC: Authorization granted {{(pid=54338) enforce_call /opt/stack/keystone/keystone/common/rbac_enforcer/enforcer.py:457}}
Apr 17 15:13:50 user devstack@keystone.service[54338]: [pid: 54338|app: 0|req: 62/201] 10.0.0.210 () {56 vars in 1181 bytes} [Mon Apr 17 15:13:50 2023] GET /identity/v3/projects/0e4f4af5c3b2464daa9d193c4b67cf36 => generated 301 bytes in 165 msecs (HTTP/1.1 200) 5 headers in 177 bytes (1 switches on core 0)
Apr 17 15:13:50 user devstack@keystone.service[54339]: DEBUG keystone.server.flask.request_processing.middleware.auth_context [None req-c9f41c9d-a30d-490e-aa80-09058d450c9f None admin] Authenticating user token {{(pid=54339) process_request /usr/local/lib/python3.10/dist-packages/keystonemiddleware/auth_token/__init__.py:406}}
Apr 17 15:13:50 user devstack@keystone.service[54340]: DEBUG keystone.common.rbac_enforcer.enforcer [None req-1295ef77-acc3-495a-af52-2e57540dcdf1 None admin] RBAC: Authorizing `identity:validate_token()` {{(pid=54340) enforce_call /opt/stack/keystone/keystone/common/rbac_enforcer/enforcer.py:449}}
Apr 17 15:13:50 user devstack@keystone.service[54340]: DEBUG keystone.common.rbac_enforcer.enforcer [None req-1295ef77-acc3-495a-af52-2e57540dcdf1 None admin] RBAC: Authorization granted {{(pid=54340) enforce_call /opt/stack/keystone/keystone/common/rbac_enforcer/enforcer.py:457}}
Apr 17 15:13:50 user devstack@keystone.service[54340]: DEBUG dbcounter [-] [54340] Writing DB stats keystone:SELECT=100 {{(pid=54340) stat_writer /usr/local/lib/python3.10/dist-packages/dbcounter.py:117}}
Apr 17 15:13:50 user devstack@keystone.service[54339]: DEBUG keystone.server.flask.request_processing.middleware.auth_context [None req-c9f41c9d-a30d-490e-aa80-09058d450c9f None admin] Validating token access rules against request {{(pid=54339) validate_allowed_request /usr/local/lib/python3.10/dist-packages/keystonemiddleware/auth_token/__init__.py:544}}
Apr 17 15:13:51 user devstack@keystone.service[54340]: [pid: 54340|app: 0|req: 68/202] 10.0.0.210 () {58 vars in 1277 bytes} [Mon Apr 17 15:13:50 2023] GET /identity/v3/auth/tokens => generated 798 bytes in 368 msecs (HTTP/1.1 200) 6 headers in 358 bytes (1 switches on core 0)
Apr 17 15:13:51 user devstack@keystone.service[54339]: DEBUG keystone.server.flask.request_processing.middleware.auth_context [None req-fe010a32-7e34-4c94-a499-b6b7ed357f14 None admin] RBAC: auth_context: {'token': , 'domain_id': None, 'trust_id': None, 'trustor_id': None, 'trustee_id': None, 'domain_name': None, 'group_ids': [], 'user_id': '6edbfaaca12440298d2adb42ce8483b0', 'user_domain_id': 'default', 'system_scope': 'all', 'project_id': None, 'project_domain_id': None, 'roles': ['admin', 'member', 'reader'], 'is_admin_project': True, 'service_user_id': None, 'service_user_domain_id': None, 'service_project_id': None, 'service_project_domain_id': None, 'service_roles': []} {{(pid=54339) fill_context /opt/stack/keystone/keystone/server/flask/request_processing/middleware/auth_context.py:478}}
Apr 17 15:13:51 user devstack@keystone.service[54339]: DEBUG keystone.server.flask.request_processing.req_logging [None req-fe010a32-7e34-4c94-a499-b6b7ed357f14 None admin] REQUEST_METHOD: `PUT` {{(pid=54339) log_request_info /opt/stack/keystone/keystone/server/flask/request_processing/req_logging.py:27}}
Apr 17 15:13:51 user devstack@keystone.service[54338]: DEBUG keystone.server.flask.request_processing.middleware.auth_context [None req-e6af9d92-22c6-4a3e-b309-e450392465c5 None admin] Authenticating user token {{(pid=54338) process_request /usr/local/lib/python3.10/dist-packages/keystonemiddleware/auth_token/__init__.py:406}}
Apr 17 15:13:51 user devstack@keystone.service[54339]: DEBUG keystone.server.flask.request_processing.req_logging [None req-fe010a32-7e34-4c94-a499-b6b7ed357f14 None admin] SCRIPT_NAME: `/identity` {{(pid=54339) log_request_info /opt/stack/keystone/keystone/server/flask/request_processing/req_logging.py:28}}
Apr 17 15:13:51 user devstack@keystone.service[54339]: DEBUG keystone.server.flask.request_processing.req_logging [None req-fe010a32-7e34-4c94-a499-b6b7ed357f14 None admin] PATH_INFO: `/v3/projects/0e4f4af5c3b2464daa9d193c4b67cf36/users/09844ca340cb481a805aa0330bf2dff0/roles/8df05f50e81f4e108459868e4adb5a3d` {{(pid=54339) log_request_info /opt/stack/keystone/keystone/server/flask/request_processing/req_logging.py:29}}
Apr 17 15:13:51 user devstack@keystone.service[54339]: DEBUG keystone.common.rbac_enforcer.enforcer [None req-fe010a32-7e34-4c94-a499-b6b7ed357f14 None admin] RBAC: Authorizing `identity:create_grant(project_id=0e4f4af5c3b2464daa9d193c4b67cf36, user_id=09844ca340cb481a805aa0330bf2dff0, role_id=8df05f50e81f4e108459868e4adb5a3d)` {{(pid=54339) enforce_call /opt/stack/keystone/keystone/common/rbac_enforcer/enforcer.py:449}}
Apr 17 15:13:51 user devstack@keystone.service[54339]: DEBUG keystone.common.rbac_enforcer.enforcer [None req-fe010a32-7e34-4c94-a499-b6b7ed357f14 None admin] RBAC: Authorization granted {{(pid=54339) enforce_call /opt/stack/keystone/keystone/common/rbac_enforcer/enforcer.py:457}}
Apr 17 15:13:51 user devstack@keystone.service[54339]: [pid: 54339|app: 0|req: 73/203] 10.0.0.210 () {58 vars in 1434 bytes} [Mon Apr 17 15:13:50 2023] PUT /identity/v3/projects/0e4f4af5c3b2464daa9d193c4b67cf36/users/09844ca340cb481a805aa0330bf2dff0/roles/8df05f50e81f4e108459868e4adb5a3d => generated 0 bytes in 209 msecs (HTTP/1.1 204) 3 headers in 132 bytes (0 switches on core 0)
Apr 17 15:13:51 user devstack@keystone.service[54338]: DEBUG dbcounter [-] [54338] Writing DB stats keystone:SELECT=100 {{(pid=54338) stat_writer /usr/local/lib/python3.10/dist-packages/dbcounter.py:117}}
Apr 17 15:13:51 user devstack@keystone.service[54338]: DEBUG keystone.server.flask.request_processing.middleware.auth_context [None req-e6af9d92-22c6-4a3e-b309-e450392465c5 None admin] Validating token access rules against request {{(pid=54338) validate_allowed_request /usr/local/lib/python3.10/dist-packages/keystonemiddleware/auth_token/__init__.py:544}}
Apr 17 15:13:51 user devstack@keystone.service[54338]: DEBUG keystone.server.flask.request_processing.middleware.auth_context [None req-78baca44-2b01-461a-bc18-a5874b3e5614 None admin] RBAC: auth_context: {'token': , 'domain_id': None, 'trust_id': None, 'trustor_id': None, 'trustee_id': None, 'domain_name': None, 'group_ids': [], 'user_id': '6edbfaaca12440298d2adb42ce8483b0', 'user_domain_id': 'default', 'system_scope': 'all', 'project_id': None, 'project_domain_id': None, 'roles': ['admin', 'member', 'reader'], 'is_admin_project': True, 'service_user_id': None, 'service_user_domain_id': None, 'service_project_id': None, 'service_project_domain_id': None, 'service_roles': []} {{(pid=54338) fill_context /opt/stack/keystone/keystone/server/flask/request_processing/middleware/auth_context.py:478}}
Apr 17 15:13:51 user devstack@keystone.service[54338]: DEBUG keystone.server.flask.request_processing.req_logging [None req-78baca44-2b01-461a-bc18-a5874b3e5614 None admin] REQUEST_METHOD: `GET` {{(pid=54338) log_request_info /opt/stack/keystone/keystone/server/flask/request_processing/req_logging.py:27}}
Apr 17 15:13:51 user devstack@keystone.service[54338]: DEBUG keystone.server.flask.request_processing.req_logging [None req-78baca44-2b01-461a-bc18-a5874b3e5614 None admin] SCRIPT_NAME: `/identity` {{(pid=54338) log_request_info /opt/stack/keystone/keystone/server/flask/request_processing/req_logging.py:28}}
Apr 17 15:13:51 user devstack@keystone.service[54338]: DEBUG keystone.server.flask.request_processing.req_logging [None req-78baca44-2b01-461a-bc18-a5874b3e5614 None admin] PATH_INFO: `/v3/projects/0e4f4af5c3b2464daa9d193c4b67cf36` {{(pid=54338) log_request_info /opt/stack/keystone/keystone/server/flask/request_processing/req_logging.py:29}}
Apr 17 15:13:51 user devstack@keystone.service[54338]: DEBUG keystone.common.rbac_enforcer.enforcer [None req-78baca44-2b01-461a-bc18-a5874b3e5614 None admin] RBAC: Authorizing `identity:get_project(project_id=0e4f4af5c3b2464daa9d193c4b67cf36)` {{(pid=54338) enforce_call /opt/stack/keystone/keystone/common/rbac_enforcer/enforcer.py:449}}
Apr 17 15:13:51 user devstack@keystone.service[54338]: DEBUG keystone.common.rbac_enforcer.enforcer [None req-78baca44-2b01-461a-bc18-a5874b3e5614 None admin] RBAC: Authorization granted {{(pid=54338) enforce_call /opt/stack/keystone/keystone/common/rbac_enforcer/enforcer.py:457}}
Apr 17 15:13:51 user devstack@keystone.service[54338]: [pid: 54338|app: 0|req: 63/204] 10.0.0.210 () {56 vars in 1181 bytes} [Mon Apr 17 15:13:51 2023] GET /identity/v3/projects/0e4f4af5c3b2464daa9d193c4b67cf36 => generated 301 bytes in 155 msecs (HTTP/1.1 200) 5 headers in 177 bytes (1 switches on core 0)
Apr 17 15:13:51 user devstack@keystone.service[54340]: DEBUG keystone.server.flask.request_processing.middleware.auth_context [None req-1295ef77-acc3-495a-af52-2e57540dcdf1 None admin] Authenticating user token {{(pid=54340) process_request /usr/local/lib/python3.10/dist-packages/keystonemiddleware/auth_token/__init__.py:406}}
Apr 17 15:13:51 user devstack@keystone.service[54340]: DEBUG keystone.server.flask.request_processing.middleware.auth_context [None req-1295ef77-acc3-495a-af52-2e57540dcdf1 None admin] Validating token access rules against request {{(pid=54340) validate_allowed_request /usr/local/lib/python3.10/dist-packages/keystonemiddleware/auth_token/__init__.py:544}}
Apr 17 15:13:51 user devstack@keystone.service[54340]: DEBUG keystone.server.flask.request_processing.middleware.auth_context [None req-9106f903-95d5-4ab2-9040-89ca071aeebd None admin] RBAC: auth_context: {'token': , 'domain_id': None, 'trust_id': None, 'trustor_id': None, 'trustee_id': None, 'domain_name': None, 'group_ids': [], 'user_id': '6edbfaaca12440298d2adb42ce8483b0', 'user_domain_id': 'default', 'system_scope': 'all', 'project_id': None, 'project_domain_id': None, 'roles': ['admin', 'member', 'reader'], 'is_admin_project': True, 'service_user_id': None, 'service_user_domain_id': None, 'service_project_id': None, 'service_project_domain_id': None, 'service_roles': []} {{(pid=54340) fill_context /opt/stack/keystone/keystone/server/flask/request_processing/middleware/auth_context.py:478}}
Apr 17 15:13:51 user devstack@keystone.service[54340]: DEBUG keystone.server.flask.request_processing.req_logging [None req-9106f903-95d5-4ab2-9040-89ca071aeebd None admin] REQUEST_METHOD: `GET` {{(pid=54340) log_request_info /opt/stack/keystone/keystone/server/flask/request_processing/req_logging.py:27}}
Apr 17 15:13:51 user devstack@keystone.service[54340]: DEBUG keystone.server.flask.request_processing.req_logging [None req-9106f903-95d5-4ab2-9040-89ca071aeebd None admin] SCRIPT_NAME: `/identity` {{(pid=54340) log_request_info /opt/stack/keystone/keystone/server/flask/request_processing/req_logging.py:28}}
Apr 17 15:13:51 user devstack@keystone.service[54340]: DEBUG keystone.server.flask.request_processing.req_logging [None req-9106f903-95d5-4ab2-9040-89ca071aeebd None admin] PATH_INFO: `/v3/role_assignments` {{(pid=54340) log_request_info /opt/stack/keystone/keystone/server/flask/request_processing/req_logging.py:29}}
Apr 17 15:13:51 user devstack@keystone.service[54340]: DEBUG keystone.common.rbac_enforcer.enforcer [None req-9106f903-95d5-4ab2-9040-89ca071aeebd None admin] RBAC: Adding query filter params (role.id=d303b140d89a4596b54be69c0282d2d5, scope.project.id=0e4f4af5c3b2464daa9d193c4b67cf36, user.id=8654ae6fba6847f680464957ab058402) {{(pid=54340) _extract_filter_values /opt/stack/keystone/keystone/common/rbac_enforcer/enforcer.py:167}}
Apr 17 15:13:51 user devstack@keystone.service[54340]: DEBUG keystone.common.rbac_enforcer.enforcer [None req-9106f903-95d5-4ab2-9040-89ca071aeebd None admin] RBAC: Authorizing `identity:list_role_assignments()` {{(pid=54340) enforce_call /opt/stack/keystone/keystone/common/rbac_enforcer/enforcer.py:449}}
Apr 17 15:13:51 user devstack@keystone.service[54340]: DEBUG keystone.common.rbac_enforcer.enforcer [None req-9106f903-95d5-4ab2-9040-89ca071aeebd None admin] RBAC: Authorization granted {{(pid=54340) enforce_call /opt/stack/keystone/keystone/common/rbac_enforcer/enforcer.py:457}}
Apr 17 15:13:51 user devstack@keystone.service[54340]: DEBUG dbcounter [-] [54340] Writing DB stats keystone:SELECT=100 {{(pid=54340) stat_writer /usr/local/lib/python3.10/dist-packages/dbcounter.py:117}}
Apr 17 15:13:51 user devstack@keystone.service[54340]: [pid: 54340|app: 0|req: 69/205] 10.0.0.210 () {56 vars in 1369 bytes} [Mon Apr 17 15:13:51 2023] GET /identity/v3/role_assignments?user.id=8654ae6fba6847f680464957ab058402&scope.project.id=0e4f4af5c3b2464daa9d193c4b67cf36&role.id=d303b140d89a4596b54be69c0282d2d5 => generated 606 bytes in 130 msecs (HTTP/1.1 200) 5 headers in 177 bytes (1 switches on core 0)
Apr 17 15:13:52 user devstack@keystone.service[54339]: DEBUG keystone.server.flask.request_processing.req_logging [None req-821ccc2e-05d8-4faa-a815-574d03cb8ba0 None None] REQUEST_METHOD: `GET` {{(pid=54339) log_request_info /opt/stack/keystone/keystone/server/flask/request_processing/req_logging.py:27}}
Apr 17 15:13:52 user devstack@keystone.service[54339]: DEBUG keystone.server.flask.request_processing.req_logging [None req-821ccc2e-05d8-4faa-a815-574d03cb8ba0 None None] SCRIPT_NAME: `/identity` {{(pid=54339) log_request_info /opt/stack/keystone/keystone/server/flask/request_processing/req_logging.py:28}}
Apr 17 15:13:52 user devstack@keystone.service[54339]: DEBUG keystone.server.flask.request_processing.req_logging [None req-821ccc2e-05d8-4faa-a815-574d03cb8ba0 None None] PATH_INFO: `/` {{(pid=54339) log_request_info /opt/stack/keystone/keystone/server/flask/request_processing/req_logging.py:29}}
Apr 17 15:13:52 user devstack@keystone.service[54339]: [pid: 54339|app: 0|req: 74/206] 10.0.0.210 () {54 vars in 920 bytes} [Mon Apr 17 15:13:52 2023] GET /identity => generated 269 bytes in 3 msecs (HTTP/1.1 300) 6 headers in 233 bytes (1 switches on core 0)
Apr 17 15:13:52 user devstack@keystone.service[54338]: DEBUG keystone.server.flask.request_processing.req_logging [None req-643ce74c-e6a8-4ffb-a383-bc1db912dce3 None None] REQUEST_METHOD: `POST` {{(pid=54338) log_request_info /opt/stack/keystone/keystone/server/flask/request_processing/req_logging.py:27}}
Apr 17 15:13:52 user devstack@keystone.service[54338]: DEBUG keystone.server.flask.request_processing.req_logging [None req-643ce74c-e6a8-4ffb-a383-bc1db912dce3 None None] SCRIPT_NAME: `/identity` {{(pid=54338) log_request_info /opt/stack/keystone/keystone/server/flask/request_processing/req_logging.py:28}}
Apr 17 15:13:52 user devstack@keystone.service[54338]: DEBUG keystone.server.flask.request_processing.req_logging [None req-643ce74c-e6a8-4ffb-a383-bc1db912dce3 None None] PATH_INFO: `/v3/auth/tokens` {{(pid=54338) log_request_info /opt/stack/keystone/keystone/server/flask/request_processing/req_logging.py:29}}
Apr 17 15:13:52 user devstack@keystone.service[54338]: WARNING keystone.common.password_hashing [None req-643ce74c-e6a8-4ffb-a383-bc1db912dce3 None None] Truncating password to algorithm specific maximum length 54 characters.
Apr 17 15:13:52 user devstack@keystone.service[54338]: DEBUG keystone.auth.core [None req-643ce74c-e6a8-4ffb-a383-bc1db912dce3 None None] MFA Rules not processed for user `6edbfaaca12440298d2adb42ce8483b0`. Rule list: `[]` (Enabled: `True`). {{(pid=54338) check_auth_methods_against_rules /opt/stack/keystone/keystone/auth/core.py:438}}
Apr 17 15:13:52 user devstack@keystone.service[54338]: DEBUG keystone.common.fernet_utils [None req-643ce74c-e6a8-4ffb-a383-bc1db912dce3 None None] Loaded 2 Fernet keys from /etc/keystone/fernet-keys/, but `[fernet_tokens] max_active_keys = 3`; perhaps there have not been enough key rotations to reach `max_active_keys` yet? {{(pid=54338) load_keys /opt/stack/keystone/keystone/common/fernet_utils.py:286}}
Apr 17 15:13:52 user devstack@keystone.service[54340]: DEBUG keystone.server.flask.request_processing.req_logging [None req-6c867be7-c6e2-4f48-9f8a-cb058b4c879b None None] REQUEST_METHOD: `GET` {{(pid=54340) log_request_info /opt/stack/keystone/keystone/server/flask/request_processing/req_logging.py:27}}
Apr 17 15:13:52 user devstack@keystone.service[54340]: DEBUG keystone.server.flask.request_processing.req_logging [None req-6c867be7-c6e2-4f48-9f8a-cb058b4c879b None None] SCRIPT_NAME: `/identity` {{(pid=54340) log_request_info /opt/stack/keystone/keystone/server/flask/request_processing/req_logging.py:28}}
Apr 17 15:13:52 user devstack@keystone.service[54340]: DEBUG keystone.server.flask.request_processing.req_logging [None req-6c867be7-c6e2-4f48-9f8a-cb058b4c879b None None] PATH_INFO: `/` {{(pid=54340) log_request_info /opt/stack/keystone/keystone/server/flask/request_processing/req_logging.py:29}}
Apr 17 15:13:52 user devstack@keystone.service[54340]: [pid: 54340|app: 0|req: 70/207] 10.0.0.210 () {54 vars in 920 bytes} [Mon Apr 17 15:13:52 2023] GET /identity => generated 269 bytes in 3 msecs (HTTP/1.1 300) 6 headers in 233 bytes (1 switches on core 0)
Apr 17 15:13:52 user devstack@keystone.service[54339]: DEBUG keystone.server.flask.request_processing.req_logging [None req-cfcff3a0-359d-4112-998a-ee2ae4c890dc None None] REQUEST_METHOD: `POST` {{(pid=54339) log_request_info /opt/stack/keystone/keystone/server/flask/request_processing/req_logging.py:27}}
Apr 17 15:13:52 user devstack@keystone.service[54339]: DEBUG keystone.server.flask.request_processing.req_logging [None req-cfcff3a0-359d-4112-998a-ee2ae4c890dc None None] SCRIPT_NAME: `/identity` {{(pid=54339) log_request_info /opt/stack/keystone/keystone/server/flask/request_processing/req_logging.py:28}}
Apr 17 15:13:52 user devstack@keystone.service[54339]: DEBUG keystone.server.flask.request_processing.req_logging [None req-cfcff3a0-359d-4112-998a-ee2ae4c890dc None None] PATH_INFO: `/v3/auth/tokens` {{(pid=54339) log_request_info /opt/stack/keystone/keystone/server/flask/request_processing/req_logging.py:29}}
Apr 17 15:13:52 user devstack@keystone.service[54339]: WARNING keystone.common.password_hashing [None req-cfcff3a0-359d-4112-998a-ee2ae4c890dc None None] Truncating password to algorithm specific maximum length 54 characters.
Apr 17 15:13:52 user devstack@keystone.service[54339]: DEBUG keystone.auth.core [None req-cfcff3a0-359d-4112-998a-ee2ae4c890dc None None] MFA Rules not processed for user `6edbfaaca12440298d2adb42ce8483b0`. Rule list: `[]` (Enabled: `True`). {{(pid=54339) check_auth_methods_against_rules /opt/stack/keystone/keystone/auth/core.py:438}}
Apr 17 15:13:52 user devstack@keystone.service[54339]: DEBUG keystone.common.fernet_utils [None req-cfcff3a0-359d-4112-998a-ee2ae4c890dc None None] Loaded 2 Fernet keys from /etc/keystone/fernet-keys/, but `[fernet_tokens] max_active_keys = 3`; perhaps there have not been enough key rotations to reach `max_active_keys` yet? {{(pid=54339) load_keys /opt/stack/keystone/keystone/common/fernet_utils.py:286}}
Apr 17 15:13:52 user devstack@keystone.service[54338]: [pid: 54338|app: 0|req: 64/208] 10.0.0.210 () {58 vars in 1017 bytes} [Mon Apr 17 15:13:52 2023] POST /identity/v3/auth/tokens => generated 798 bytes in 79 msecs (HTTP/1.1 201) 6 headers in 363 bytes (1 switches on core 0)
Apr 17 15:13:52 user devstack@keystone.service[54339]: DEBUG dbcounter [-] [54339] Writing DB stats keystone:SELECT=99,keystone:INSERT=1 {{(pid=54339) stat_writer /usr/local/lib/python3.10/dist-packages/dbcounter.py:117}}
Apr 17 15:13:52 user devstack@keystone.service[54339]: [pid: 54339|app: 0|req: 75/209] 10.0.0.210 () {58 vars in 1017 bytes} [Mon Apr 17 15:13:52 2023] POST /identity/v3/auth/tokens => generated 798 bytes in 82 msecs (HTTP/1.1 201) 6 headers in 363 bytes (1 switches on core 0)
Apr 17 15:13:52 user devstack@keystone.service[54340]: DEBUG keystone.server.flask.request_processing.req_logging [None req-f1f4046b-a56a-4c02-89f9-27cb5549c977 None None] REQUEST_METHOD: `GET` {{(pid=54340) log_request_info /opt/stack/keystone/keystone/server/flask/request_processing/req_logging.py:27}}
Apr 17 15:13:52 user devstack@keystone.service[54340]: DEBUG keystone.server.flask.request_processing.req_logging [None req-f1f4046b-a56a-4c02-89f9-27cb5549c977 None None] SCRIPT_NAME: `/identity` {{(pid=54340) log_request_info /opt/stack/keystone/keystone/server/flask/request_processing/req_logging.py:28}}
Apr 17 15:13:52 user devstack@keystone.service[54340]: DEBUG keystone.server.flask.request_processing.req_logging [None req-f1f4046b-a56a-4c02-89f9-27cb5549c977 None None] PATH_INFO: `/` {{(pid=54340) log_request_info /opt/stack/keystone/keystone/server/flask/request_processing/req_logging.py:29}}
Apr 17 15:13:52 user devstack@keystone.service[54340]: [pid: 54340|app: 0|req: 71/210] 10.0.0.210 () {54 vars in 920 bytes} [Mon Apr 17 15:13:52 2023] GET /identity => generated 269 bytes in 3 msecs (HTTP/1.1 300) 6 headers in 233 bytes (1 switches on core 0)
Apr 17 15:13:52 user devstack@keystone.service[54338]: DEBUG keystone.server.flask.request_processing.req_logging [None req-3b255f79-5dc3-4532-b374-be6ff2f82a5f None None] REQUEST_METHOD: `POST` {{(pid=54338) log_request_info /opt/stack/keystone/keystone/server/flask/request_processing/req_logging.py:27}}
Apr 17 15:13:52 user devstack@keystone.service[54338]: DEBUG keystone.server.flask.request_processing.req_logging [None req-3b255f79-5dc3-4532-b374-be6ff2f82a5f None None] SCRIPT_NAME: `/identity` {{(pid=54338) log_request_info /opt/stack/keystone/keystone/server/flask/request_processing/req_logging.py:28}}
Apr 17 15:13:52 user devstack@keystone.service[54338]: DEBUG keystone.server.flask.request_processing.req_logging [None req-3b255f79-5dc3-4532-b374-be6ff2f82a5f None None] PATH_INFO: `/v3/auth/tokens` {{(pid=54338) log_request_info /opt/stack/keystone/keystone/server/flask/request_processing/req_logging.py:29}}
Apr 17 15:13:52 user devstack@keystone.service[54338]: WARNING keystone.common.password_hashing [None req-3b255f79-5dc3-4532-b374-be6ff2f82a5f None None] Truncating password to algorithm specific maximum length 54 characters.
Apr 17 15:13:52 user devstack@keystone.service[54338]: DEBUG keystone.auth.core [None req-3b255f79-5dc3-4532-b374-be6ff2f82a5f None None] MFA Rules not processed for user `6edbfaaca12440298d2adb42ce8483b0`. Rule list: `[]` (Enabled: `True`). {{(pid=54338) check_auth_methods_against_rules /opt/stack/keystone/keystone/auth/core.py:438}}
Apr 17 15:13:52 user devstack@keystone.service[54338]: DEBUG keystone.common.fernet_utils [None req-3b255f79-5dc3-4532-b374-be6ff2f82a5f None None] Loaded 2 Fernet keys from /etc/keystone/fernet-keys/, but `[fernet_tokens] max_active_keys = 3`; perhaps there have not been enough key rotations to reach `max_active_keys` yet? {{(pid=54338) load_keys /opt/stack/keystone/keystone/common/fernet_utils.py:286}}
Apr 17 15:13:52 user devstack@keystone.service[54338]: [pid: 54338|app: 0|req: 65/211] 10.0.0.210 () {58 vars in 1017 bytes} [Mon Apr 17 15:13:52 2023] POST /identity/v3/auth/tokens => generated 798 bytes in 75 msecs (HTTP/1.1 201) 6 headers in 363 bytes (1 switches on core 0)
Apr 17 15:13:52 user devstack@keystone.service[54339]: DEBUG keystone.server.flask.request_processing.middleware.auth_context [None req-cfcff3a0-359d-4112-998a-ee2ae4c890dc None None] Authenticating user token {{(pid=54339) process_request /usr/local/lib/python3.10/dist-packages/keystonemiddleware/auth_token/__init__.py:406}}
Apr 17 15:13:52 user devstack@keystone.service[54340]: DEBUG keystone.server.flask.request_processing.middleware.auth_context [None req-f1f4046b-a56a-4c02-89f9-27cb5549c977 None None] Authenticating user token {{(pid=54340) process_request /usr/local/lib/python3.10/dist-packages/keystonemiddleware/auth_token/__init__.py:406}}
Apr 17 15:13:52 user devstack@keystone.service[54339]: DEBUG keystone.server.flask.request_processing.middleware.auth_context [None req-cfcff3a0-359d-4112-998a-ee2ae4c890dc None None] Validating token access rules against request {{(pid=54339) validate_allowed_request /usr/local/lib/python3.10/dist-packages/keystonemiddleware/auth_token/__init__.py:544}}
Apr 17 15:13:52 user devstack@keystone.service[54339]: DEBUG keystone.server.flask.request_processing.middleware.auth_context [None req-cf355f03-1f81-430a-bfc6-3b74a90bec2c None admin] RBAC: auth_context: {'token': , 'domain_id': None, 'trust_id': None, 'trustor_id': None, 'trustee_id': None, 'domain_name': None, 'group_ids': [], 'user_id': '6edbfaaca12440298d2adb42ce8483b0', 'user_domain_id': 'default', 'system_scope': 'all', 'project_id': None, 'project_domain_id': None, 'roles': ['admin', 'member', 'reader'], 'is_admin_project': True, 'service_user_id': None, 'service_user_domain_id': None, 'service_project_id': None, 'service_project_domain_id': None, 'service_roles': []} {{(pid=54339) fill_context /opt/stack/keystone/keystone/server/flask/request_processing/middleware/auth_context.py:478}}
Apr 17 15:13:52 user devstack@keystone.service[54339]: DEBUG keystone.server.flask.request_processing.req_logging [None req-cf355f03-1f81-430a-bfc6-3b74a90bec2c None admin] REQUEST_METHOD: `GET` {{(pid=54339) log_request_info /opt/stack/keystone/keystone/server/flask/request_processing/req_logging.py:27}}
Apr 17 15:13:52 user devstack@keystone.service[54339]: DEBUG keystone.server.flask.request_processing.req_logging [None req-cf355f03-1f81-430a-bfc6-3b74a90bec2c None admin] SCRIPT_NAME: `/identity` {{(pid=54339) log_request_info /opt/stack/keystone/keystone/server/flask/request_processing/req_logging.py:28}}
Apr 17 15:13:52 user devstack@keystone.service[54339]: DEBUG keystone.server.flask.request_processing.req_logging [None req-cf355f03-1f81-430a-bfc6-3b74a90bec2c None admin] PATH_INFO: `/v3/roles/member` {{(pid=54339) log_request_info /opt/stack/keystone/keystone/server/flask/request_processing/req_logging.py:29}}
Apr 17 15:13:52 user devstack@keystone.service[54340]: DEBUG keystone.server.flask.request_processing.middleware.auth_context [None req-f1f4046b-a56a-4c02-89f9-27cb5549c977 None None] Validating token access rules against request {{(pid=54340) validate_allowed_request /usr/local/lib/python3.10/dist-packages/keystonemiddleware/auth_token/__init__.py:544}}
Apr 17 15:13:52 user devstack@keystone.service[54339]: DEBUG keystone.common.rbac_enforcer.enforcer [None req-cf355f03-1f81-430a-bfc6-3b74a90bec2c None admin] Extracting inferred target data resulted in "NOT FOUND (404)". {{(pid=54339) enforce_call /opt/stack/keystone/keystone/common/rbac_enforcer/enforcer.py:409}}
Apr 17 15:13:52 user devstack@keystone.service[54339]: ERROR keystone.server.flask.application [None req-cf355f03-1f81-430a-bfc6-3b74a90bec2c None admin] Could not find role: member.: keystone.exception.RoleNotFound: Could not find role: member.
Apr 17 15:13:52 user devstack@keystone.service[54339]: ERROR keystone.server.flask.application
Traceback (most recent call last):
Apr 17 15:13:52 user devstack@keystone.service[54339]: ERROR keystone.server.flask.application
File "/usr/local/lib/python3.10/dist-packages/flask/app.py", line 1823, in full_dispatch_request
Apr 17 15:13:52 user devstack@keystone.service[54339]: ERROR keystone.server.flask.application rv = self.dispatch_request()
Apr 17 15:13:52 user devstack@keystone.service[54339]: ERROR keystone.server.flask.application
File "/usr/local/lib/python3.10/dist-packages/flask/app.py", line 1799, in dispatch_request
Apr 17 15:13:52 user devstack@keystone.service[54339]: ERROR keystone.server.flask.application return self.ensure_sync(self.view_functions[rule.endpoint])(**view_args)
Apr 17 15:13:52 user devstack@keystone.service[54339]: ERROR keystone.server.flask.application
File "/usr/local/lib/python3.10/dist-packages/flask_restful/__init__.py", line 467, in wrapper
Apr 17 15:13:52 user devstack@keystone.service[54339]: ERROR keystone.server.flask.application resp = resource(*args, **kwargs)
Apr 17 15:13:52 user devstack@keystone.service[54339]: ERROR keystone.server.flask.application
File "/usr/local/lib/python3.10/dist-packages/flask/views.py", line 107, in view
Apr 17 15:13:52 user devstack@keystone.service[54339]: ERROR keystone.server.flask.application return current_app.ensure_sync(self.dispatch_request)(**kwargs)
Apr 17 15:13:52 user devstack@keystone.service[54339]: ERROR keystone.server.flask.application
File "/usr/local/lib/python3.10/dist-packages/flask_restful/__init__.py", line 582, in dispatch_request
Apr 17 15:13:52 user devstack@keystone.service[54339]: ERROR keystone.server.flask.application resp = meth(*args, **kwargs)
Apr 17 15:13:52 user devstack@keystone.service[54339]: ERROR keystone.server.flask.application
File "/opt/stack/keystone/keystone/api/roles.py", line 50, in get
Apr 17 15:13:52 user devstack@keystone.service[54339]: ERROR keystone.server.flask.application return self._get_role(role_id)
Apr 17 15:13:52 user devstack@keystone.service[54339]: ERROR keystone.server.flask.application
File "/opt/stack/keystone/keystone/api/roles.py", line 70, in _get_role
Apr 17 15:13:52 user devstack@keystone.service[54339]: ERROR keystone.server.flask.application ENFORCER.enforce_call(action='identity:get_role')
Apr 17 15:13:52 user devstack@keystone.service[54339]: ERROR keystone.server.flask.application
File "/opt/stack/keystone/keystone/common/rbac_enforcer/enforcer.py", line 402, in enforce_call
Apr 17 15:13:52 user devstack@keystone.service[54339]: ERROR keystone.server.flask.application policy_dict.update(cls._extract_member_target_data(
Apr 17 15:13:52 user devstack@keystone.service[54339]: ERROR keystone.server.flask.application
File "/opt/stack/keystone/keystone/common/rbac_enforcer/enforcer.py", line 234, in _extract_member_target_data
Apr 17 15:13:52 user devstack@keystone.service[54339]: ERROR keystone.server.flask.application member_name: func(flask.request.view_args[key])
Apr 17 15:13:52 user devstack@keystone.service[54339]: ERROR keystone.server.flask.application
File "/opt/stack/keystone/keystone/common/manager.py", line 115, in wrapped
Apr 17 15:13:52 user devstack@keystone.service[54339]: ERROR keystone.server.flask.application __ret_val = __f(*args, **kwargs)
Apr 17 15:13:52 user devstack@keystone.service[54339]: ERROR keystone.server.flask.application
File "/usr/local/lib/python3.10/dist-packages/decorator.py", line 232, in fun
Apr 17 15:13:52 user devstack@keystone.service[54339]: ERROR keystone.server.flask.application return caller(func, *(extras + args), **kw)
Apr 17 15:13:52 user devstack@keystone.service[54339]: ERROR keystone.server.flask.application
File "/usr/local/lib/python3.10/dist-packages/dogpile/cache/region.py", line 1577, in get_or_create_for_user_func
Apr 17 15:13:52 user devstack@keystone.service[54339]: ERROR keystone.server.flask.application return self.get_or_create(
Apr 17 15:13:52 user devstack@keystone.service[54339]: ERROR keystone.server.flask.application
File "/usr/local/lib/python3.10/dist-packages/dogpile/cache/region.py", line 1042, in get_or_create
Apr 17 15:13:52 user devstack@keystone.service[54339]: ERROR keystone.server.flask.application with Lock(
Apr 17 15:13:52 user devstack@keystone.service[54339]: ERROR keystone.server.flask.application
File "/usr/local/lib/python3.10/dist-packages/dogpile/lock.py", line 185, in __enter__
Apr 17 15:13:52 user devstack@keystone.service[54339]: ERROR keystone.server.flask.application return self._enter()
Apr 17 15:13:52 user devstack@keystone.service[54339]: ERROR keystone.server.flask.application
File "/usr/local/lib/python3.10/dist-packages/dogpile/lock.py", line 94, in _enter
Apr 17 15:13:52 user devstack@keystone.service[54339]: ERROR keystone.server.flask.application generated = self._enter_create(value, createdtime)
Apr 17 15:13:52 user devstack@keystone.service[54339]: ERROR keystone.server.flask.application
File "/usr/local/lib/python3.10/dist-packages/dogpile/lock.py", line 178, in _enter_create
Apr 17 15:13:52 user devstack@keystone.service[54339]: ERROR keystone.server.flask.application return self.creator()
Apr 17 15:13:52 user devstack@keystone.service[54339]: ERROR keystone.server.flask.application
File "/usr/local/lib/python3.10/dist-packages/dogpile/cache/region.py", line 995, in gen_value
Apr 17 15:13:52 user devstack@keystone.service[54339]: ERROR keystone.server.flask.application created_value = creator(
Apr 17 15:13:52 user devstack@keystone.service[54339]: ERROR keystone.server.flask.application
File "/opt/stack/keystone/keystone/assignment/core.py", line 1276, in get_role
Apr 17 15:13:52 user devstack@keystone.service[54339]: ERROR keystone.server.flask.application return self.driver.get_role(role_id)
Apr 17 15:13:52 user devstack@keystone.service[54339]: ERROR keystone.server.flask.application
File "/opt/stack/keystone/keystone/assignment/role_backends/sql.py", line 70, in get_role
Apr 17 15:13:52 user devstack@keystone.service[54339]: ERROR keystone.server.flask.application return self._get_role(session, role_id).to_dict()
Apr 17 15:13:52 user devstack@keystone.service[54339]: ERROR keystone.server.flask.application
File "/opt/stack/keystone/keystone/assignment/role_backends/sql.py", line 65, in _get_role
Apr 17 15:13:52 user devstack@keystone.service[54339]: ERROR keystone.server.flask.application raise exception.RoleNotFound(role_id=role_id)
Apr 17 15:13:52 user devstack@keystone.service[54339]: ERROR keystone.server.flask.application keystone.exception.RoleNotFound: Could not find role: member.
Apr 17 15:13:52 user devstack@keystone.service[54339]: ERROR keystone.server.flask.application
Apr 17 15:13:52 user devstack@keystone.service[54339]: [pid: 54339|app: 0|req: 76/212] 10.0.0.210 () {56 vars in 1094 bytes} [Mon Apr 17 15:13:52 2023] GET /identity/v3/roles/member => generated 84 bytes in 135 msecs (HTTP/1.1 404) 5 headers in 183 bytes (1 switches on core 0)
Apr 17 15:13:52 user devstack@keystone.service[54338]: DEBUG keystone.server.flask.request_processing.middleware.auth_context [None req-3b255f79-5dc3-4532-b374-be6ff2f82a5f None None] Authenticating user token {{(pid=54338) process_request /usr/local/lib/python3.10/dist-packages/keystonemiddleware/auth_token/__init__.py:406}}
Apr 17 15:13:52 user devstack@keystone.service[54338]: DEBUG dbcounter [-] [54338] Writing DB stats keystone:SELECT=100 {{(pid=54338) stat_writer /usr/local/lib/python3.10/dist-packages/dbcounter.py:117}}
Apr 17 15:13:52 user devstack@keystone.service[54340]: DEBUG keystone.server.flask.request_processing.middleware.auth_context [None req-c704c1b6-274f-47da-8f3f-6f6346992ad6 None admin] RBAC: auth_context: {'token': , 'domain_id': None, 'trust_id': None, 'trustor_id': None, 'trustee_id': None, 'domain_name': None, 'group_ids': [], 'user_id': '6edbfaaca12440298d2adb42ce8483b0', 'user_domain_id': 'default', 'system_scope': 'all', 'project_id': None, 'project_domain_id': None, 'roles': ['admin', 'member', 'reader'], 'is_admin_project': True, 'service_user_id': None, 'service_user_domain_id': None, 'service_project_id': None, 'service_project_domain_id': None, 'service_roles': []} {{(pid=54340) fill_context /opt/stack/keystone/keystone/server/flask/request_processing/middleware/auth_context.py:478}}
Apr 17 15:13:52 user devstack@keystone.service[54340]: DEBUG keystone.server.flask.request_processing.req_logging [None req-c704c1b6-274f-47da-8f3f-6f6346992ad6 None admin] REQUEST_METHOD: `GET` {{(pid=54340) log_request_info /opt/stack/keystone/keystone/server/flask/request_processing/req_logging.py:27}}
Apr 17 15:13:52 user devstack@keystone.service[54340]: DEBUG keystone.server.flask.request_processing.req_logging [None req-c704c1b6-274f-47da-8f3f-6f6346992ad6 None admin] SCRIPT_NAME: `/identity` {{(pid=54340) log_request_info /opt/stack/keystone/keystone/server/flask/request_processing/req_logging.py:28}}
Apr 17 15:13:52 user devstack@keystone.service[54340]: DEBUG keystone.server.flask.request_processing.req_logging [None req-c704c1b6-274f-47da-8f3f-6f6346992ad6 None admin] PATH_INFO: `/v3/domains/default` {{(pid=54340) log_request_info /opt/stack/keystone/keystone/server/flask/request_processing/req_logging.py:29}}
Apr 17 15:13:52 user devstack@keystone.service[54340]: DEBUG keystone.common.rbac_enforcer.enforcer [None req-c704c1b6-274f-47da-8f3f-6f6346992ad6 None admin] RBAC: Authorizing `identity:get_domain(domain_id=default)` {{(pid=54340) enforce_call /opt/stack/keystone/keystone/common/rbac_enforcer/enforcer.py:449}}
Apr 17 15:13:52 user devstack@keystone.service[54339]: DEBUG keystone.server.flask.request_processing.middleware.auth_context [None req-cf355f03-1f81-430a-bfc6-3b74a90bec2c None admin] Authenticating user token {{(pid=54339) process_request /usr/local/lib/python3.10/dist-packages/keystonemiddleware/auth_token/__init__.py:406}}
Apr 17 15:13:52 user devstack@keystone.service[54340]: DEBUG keystone.common.rbac_enforcer.enforcer [None req-c704c1b6-274f-47da-8f3f-6f6346992ad6 None admin] RBAC: Authorization granted {{(pid=54340) enforce_call /opt/stack/keystone/keystone/common/rbac_enforcer/enforcer.py:457}}
Apr 17 15:13:52 user devstack@keystone.service[54340]: [pid: 54340|app: 0|req: 72/213] 10.0.0.210 () {56 vars in 1103 bytes} [Mon Apr 17 15:13:52 2023] GET /identity/v3/domains/default => generated 198 bytes in 119 msecs (HTTP/1.1 200) 5 headers in 177 bytes (1 switches on core 0)
Apr 17 15:13:52 user devstack@keystone.service[54340]: DEBUG keystone.server.flask.request_processing.middleware.auth_context [None req-c704c1b6-274f-47da-8f3f-6f6346992ad6 None admin] Authenticating user token {{(pid=54340) process_request /usr/local/lib/python3.10/dist-packages/keystonemiddleware/auth_token/__init__.py:406}}
Apr 17 15:13:52 user devstack@keystone.service[54339]: DEBUG dbcounter [-] [54339] Writing DB stats keystone:SELECT=100 {{(pid=54339) stat_writer /usr/local/lib/python3.10/dist-packages/dbcounter.py:117}}
Apr 17 15:13:53 user devstack@keystone.service[54340]: DEBUG dbcounter [-] [54340] Writing DB stats keystone:SELECT=100 {{(pid=54340) stat_writer /usr/local/lib/python3.10/dist-packages/dbcounter.py:117}}
Apr 17 15:13:53 user devstack@keystone.service[54338]: DEBUG keystone.server.flask.request_processing.middleware.auth_context [None req-3b255f79-5dc3-4532-b374-be6ff2f82a5f None None] Validating token access rules against request {{(pid=54338) validate_allowed_request /usr/local/lib/python3.10/dist-packages/keystonemiddleware/auth_token/__init__.py:544}}
Apr 17 15:13:53 user devstack@keystone.service[54339]: DEBUG keystone.server.flask.request_processing.middleware.auth_context [None req-cf355f03-1f81-430a-bfc6-3b74a90bec2c None admin] Validating token access rules against request {{(pid=54339) validate_allowed_request /usr/local/lib/python3.10/dist-packages/keystonemiddleware/auth_token/__init__.py:544}}
Apr 17 15:13:53 user devstack@keystone.service[54340]: DEBUG keystone.server.flask.request_processing.middleware.auth_context [None req-c704c1b6-274f-47da-8f3f-6f6346992ad6 None admin] Validating token access rules against request {{(pid=54340) validate_allowed_request /usr/local/lib/python3.10/dist-packages/keystonemiddleware/auth_token/__init__.py:544}}
Apr 17 15:13:53 user devstack@keystone.service[54338]: DEBUG keystone.server.flask.request_processing.middleware.auth_context [None req-713c0cd2-22d7-4070-8eb2-67db133a81a7 None admin] RBAC: auth_context: {'token': , 'domain_id': None, 'trust_id': None, 'trustor_id': None, 'trustee_id': None, 'domain_name': None, 'group_ids': [], 'user_id': '6edbfaaca12440298d2adb42ce8483b0', 'user_domain_id': 'default', 'system_scope': 'all', 'project_id': None, 'project_domain_id': None, 'roles': ['admin', 'member', 'reader'], 'is_admin_project': True, 'service_user_id': None, 'service_user_domain_id': None, 'service_project_id': None, 'service_project_domain_id': None, 'service_roles': []} {{(pid=54338) fill_context /opt/stack/keystone/keystone/server/flask/request_processing/middleware/auth_context.py:478}}
Apr 17 15:13:53 user devstack@keystone.service[54338]: DEBUG keystone.server.flask.request_processing.req_logging [None req-713c0cd2-22d7-4070-8eb2-67db133a81a7 None admin] REQUEST_METHOD: `GET` {{(pid=54338) log_request_info /opt/stack/keystone/keystone/server/flask/request_processing/req_logging.py:27}}
Apr 17 15:13:53 user devstack@keystone.service[54338]: DEBUG keystone.server.flask.request_processing.req_logging [None req-713c0cd2-22d7-4070-8eb2-67db133a81a7 None admin] SCRIPT_NAME: `/identity` {{(pid=54338) log_request_info /opt/stack/keystone/keystone/server/flask/request_processing/req_logging.py:28}}
Apr 17 15:13:53 user devstack@keystone.service[54338]: DEBUG keystone.server.flask.request_processing.req_logging [None req-713c0cd2-22d7-4070-8eb2-67db133a81a7 None admin] PATH_INFO: `/v3/roles` {{(pid=54338) log_request_info /opt/stack/keystone/keystone/server/flask/request_processing/req_logging.py:29}}
Apr 17 15:13:53 user devstack@keystone.service[54338]: DEBUG keystone.common.rbac_enforcer.enforcer [None req-713c0cd2-22d7-4070-8eb2-67db133a81a7 None admin] RBAC: Adding query filter params (name=member) {{(pid=54338) _extract_filter_values /opt/stack/keystone/keystone/common/rbac_enforcer/enforcer.py:167}}
Apr 17 15:13:53 user devstack@keystone.service[54338]: DEBUG keystone.common.rbac_enforcer.enforcer [None req-713c0cd2-22d7-4070-8eb2-67db133a81a7 None admin] RBAC: Authorizing `identity:list_roles()` {{(pid=54338) enforce_call /opt/stack/keystone/keystone/common/rbac_enforcer/enforcer.py:449}}
Apr 17 15:13:53 user devstack@keystone.service[54338]: DEBUG keystone.common.rbac_enforcer.enforcer [None req-713c0cd2-22d7-4070-8eb2-67db133a81a7 None admin] RBAC: Authorization granted {{(pid=54338) enforce_call /opt/stack/keystone/keystone/common/rbac_enforcer/enforcer.py:457}}
Apr 17 15:13:53 user devstack@keystone.service[54339]: DEBUG keystone.server.flask.request_processing.middleware.auth_context [None req-83c0099b-bdef-45ea-b6fa-e1c26cc18d2c None admin] RBAC: auth_context: {'token': , 'domain_id': None, 'trust_id': None, 'trustor_id': None, 'trustee_id': None, 'domain_name': None, 'group_ids': [], 'user_id': '6edbfaaca12440298d2adb42ce8483b0', 'user_domain_id': 'default', 'system_scope': 'all', 'project_id': None, 'project_domain_id': None, 'roles': ['admin', 'member', 'reader'], 'is_admin_project': True, 'service_user_id': None, 'service_user_domain_id': None, 'service_project_id': None, 'service_project_domain_id': None, 'service_roles': []} {{(pid=54339) fill_context /opt/stack/keystone/keystone/server/flask/request_processing/middleware/auth_context.py:478}}
Apr 17 15:13:53 user devstack@keystone.service[54338]: [pid: 54338|app: 0|req: 66/214] 10.0.0.210 () {56 vars in 1096 bytes} [Mon Apr 17 15:13:52 2023] GET /identity/v3/roles?name=member => generated 339 bytes in 125 msecs (HTTP/1.1 200) 5 headers in 177 bytes (1 switches on core 0)
Apr 17 15:13:53 user devstack@keystone.service[54339]: DEBUG keystone.server.flask.request_processing.req_logging [None req-83c0099b-bdef-45ea-b6fa-e1c26cc18d2c None admin] REQUEST_METHOD: `GET` {{(pid=54339) log_request_info /opt/stack/keystone/keystone/server/flask/request_processing/req_logging.py:27}}
Apr 17 15:13:53 user devstack@keystone.service[54339]: DEBUG keystone.server.flask.request_processing.req_logging [None req-83c0099b-bdef-45ea-b6fa-e1c26cc18d2c None admin] SCRIPT_NAME: `/identity` {{(pid=54339) log_request_info /opt/stack/keystone/keystone/server/flask/request_processing/req_logging.py:28}}
Apr 17 15:13:53 user devstack@keystone.service[54339]: DEBUG keystone.server.flask.request_processing.req_logging [None req-83c0099b-bdef-45ea-b6fa-e1c26cc18d2c None admin] PATH_INFO: `/v3/roles/reader` {{(pid=54339) log_request_info /opt/stack/keystone/keystone/server/flask/request_processing/req_logging.py:29}}
Apr 17 15:13:53 user devstack@keystone.service[54338]: DEBUG keystone.server.flask.request_processing.middleware.auth_context [None req-713c0cd2-22d7-4070-8eb2-67db133a81a7 None admin] Authenticating user token {{(pid=54338) process_request /usr/local/lib/python3.10/dist-packages/keystonemiddleware/auth_token/__init__.py:406}}
Apr 17 15:13:53 user devstack@keystone.service[54340]: DEBUG keystone.server.flask.request_processing.middleware.auth_context [None req-7b73a5b5-1c7b-44be-89a0-f691c8e7db5b None admin] RBAC: auth_context: {'token': , 'domain_id': None, 'trust_id': None, 'trustor_id': None, 'trustee_id': None, 'domain_name': None, 'group_ids': [], 'user_id': '6edbfaaca12440298d2adb42ce8483b0', 'user_domain_id': 'default', 'system_scope': 'all', 'project_id': None, 'project_domain_id': None, 'roles': ['admin', 'member', 'reader'], 'is_admin_project': True, 'service_user_id': None, 'service_user_domain_id': None, 'service_project_id': None, 'service_project_domain_id': None, 'service_roles': []} {{(pid=54340) fill_context /opt/stack/keystone/keystone/server/flask/request_processing/middleware/auth_context.py:478}}
Apr 17 15:13:53 user devstack@keystone.service[54340]: DEBUG keystone.server.flask.request_processing.req_logging [None req-7b73a5b5-1c7b-44be-89a0-f691c8e7db5b None admin] REQUEST_METHOD: `POST` {{(pid=54340) log_request_info /opt/stack/keystone/keystone/server/flask/request_processing/req_logging.py:27}}
Apr 17 15:13:53 user devstack@keystone.service[54340]: DEBUG keystone.server.flask.request_processing.req_logging [None req-7b73a5b5-1c7b-44be-89a0-f691c8e7db5b None admin] SCRIPT_NAME: `/identity` {{(pid=54340) log_request_info /opt/stack/keystone/keystone/server/flask/request_processing/req_logging.py:28}}
Apr 17 15:13:53 user devstack@keystone.service[54340]: DEBUG keystone.server.flask.request_processing.req_logging [None req-7b73a5b5-1c7b-44be-89a0-f691c8e7db5b None admin] PATH_INFO: `/v3/users` {{(pid=54340) log_request_info /opt/stack/keystone/keystone/server/flask/request_processing/req_logging.py:29}}
Apr 17 15:13:53 user devstack@keystone.service[54340]: DEBUG keystone.common.rbac_enforcer.enforcer [None req-7b73a5b5-1c7b-44be-89a0-f691c8e7db5b None admin] RBAC: Authorizing `identity:create_user()` {{(pid=54340) enforce_call /opt/stack/keystone/keystone/common/rbac_enforcer/enforcer.py:449}}
Apr 17 15:13:53 user devstack@keystone.service[54340]: DEBUG keystone.common.rbac_enforcer.enforcer [None req-7b73a5b5-1c7b-44be-89a0-f691c8e7db5b None admin] RBAC: Authorization granted {{(pid=54340) enforce_call /opt/stack/keystone/keystone/common/rbac_enforcer/enforcer.py:457}}
Apr 17 15:13:53 user devstack@keystone.service[54339]: DEBUG keystone.common.rbac_enforcer.enforcer [None req-83c0099b-bdef-45ea-b6fa-e1c26cc18d2c None admin] Extracting inferred target data resulted in "NOT FOUND (404)". {{(pid=54339) enforce_call /opt/stack/keystone/keystone/common/rbac_enforcer/enforcer.py:409}}
Apr 17 15:13:53 user devstack@keystone.service[54340]: WARNING keystone.common.password_hashing [None req-7b73a5b5-1c7b-44be-89a0-f691c8e7db5b None admin] Truncating password to algorithm specific maximum length 54 characters.
Apr 17 15:13:53 user devstack@keystone.service[54339]: ERROR keystone.server.flask.application [None req-83c0099b-bdef-45ea-b6fa-e1c26cc18d2c None admin] Could not find role: reader.: keystone.exception.RoleNotFound: Could not find role: reader.
Apr 17 15:13:53 user devstack@keystone.service[54339]: ERROR keystone.server.flask.application
Traceback (most recent call last):
Apr 17 15:13:53 user devstack@keystone.service[54339]: ERROR keystone.server.flask.application
File "/usr/local/lib/python3.10/dist-packages/flask/app.py", line 1823, in full_dispatch_request
Apr 17 15:13:53 user devstack@keystone.service[54339]: ERROR keystone.server.flask.application rv = self.dispatch_request()
Apr 17 15:13:53 user devstack@keystone.service[54339]: ERROR keystone.server.flask.application
File "/usr/local/lib/python3.10/dist-packages/flask/app.py", line 1799, in dispatch_request
Apr 17 15:13:53 user devstack@keystone.service[54339]: ERROR keystone.server.flask.application return self.ensure_sync(self.view_functions[rule.endpoint])(**view_args)
Apr 17 15:13:53 user devstack@keystone.service[54339]: ERROR keystone.server.flask.application
File "/usr/local/lib/python3.10/dist-packages/flask_restful/__init__.py", line 467, in wrapper
Apr 17 15:13:53 user devstack@keystone.service[54339]: ERROR keystone.server.flask.application resp = resource(*args, **kwargs)
Apr 17 15:13:53 user devstack@keystone.service[54339]: ERROR keystone.server.flask.application
File "/usr/local/lib/python3.10/dist-packages/flask/views.py", line 107, in view
Apr 17 15:13:53 user devstack@keystone.service[54339]: ERROR keystone.server.flask.application return current_app.ensure_sync(self.dispatch_request)(**kwargs)
Apr 17 15:13:53 user devstack@keystone.service[54339]: ERROR keystone.server.flask.application
File "/usr/local/lib/python3.10/dist-packages/flask_restful/__init__.py", line 582, in dispatch_request
Apr 17 15:13:53 user devstack@keystone.service[54339]: ERROR keystone.server.flask.application resp = meth(*args, **kwargs)
Apr 17 15:13:53 user devstack@keystone.service[54339]: ERROR keystone.server.flask.application
File "/opt/stack/keystone/keystone/api/roles.py", line 50, in get
Apr 17 15:13:53 user devstack@keystone.service[54339]: ERROR keystone.server.flask.application return self._get_role(role_id)
Apr 17 15:13:53 user devstack@keystone.service[54339]: ERROR keystone.server.flask.application
File "/opt/stack/keystone/keystone/api/roles.py", line 70, in _get_role
