Nov 29 13:07:57 user devstack@keystone.service[46412]: DEBUG keystone.server.flask.request_processing.middleware.auth_context [None req-60b58016-5d43-4bd4-a36d-9b1825a22aa6 None admin] RBAC: auth_context: {'token': , 'domain_id': None, 'trust_id': None, 'trustor_id': None, 'trustee_id': None, 'domain_name': None, 'group_ids': [], 'user_id': '72e8dcedaaf54217ab463c8a41c66057', 'user_domain_id': 'default', 'system_scope': 'all', 'project_id': None, 'project_domain_id': None, 'roles': ['admin', 'manager', 'member', 'reader'], 'is_admin_project': True, 'service_user_id': None, 'service_user_domain_id': None, 'service_project_id': None, 'service_project_domain_id': None, 'service_roles': []} {{(pid=46412) fill_context /opt/stack/keystone/keystone/server/flask/request_processing/middleware/auth_context.py:480}}
Nov 29 13:07:57 user devstack@keystone.service[46412]: DEBUG keystone.server.flask.request_processing.req_logging [None req-60b58016-5d43-4bd4-a36d-9b1825a22aa6 None admin] REQUEST_METHOD: `GET` {{(pid=46412) log_request_info /opt/stack/keystone/keystone/server/flask/request_processing/req_logging.py:27}}
Nov 29 13:07:57 user devstack@keystone.service[46412]: DEBUG keystone.server.flask.request_processing.req_logging [None req-60b58016-5d43-4bd4-a36d-9b1825a22aa6 None admin] SCRIPT_NAME: `/identity` {{(pid=46412) log_request_info /opt/stack/keystone/keystone/server/flask/request_processing/req_logging.py:28}}
Nov 29 13:07:57 user devstack@keystone.service[46412]: DEBUG keystone.server.flask.request_processing.req_logging [None req-60b58016-5d43-4bd4-a36d-9b1825a22aa6 None admin] PATH_INFO: `/v3/domains/default` {{(pid=46412) log_request_info /opt/stack/keystone/keystone/server/flask/request_processing/req_logging.py:29}}
Nov 29 13:07:57 user devstack@keystone.service[46412]: DEBUG keystone.common.rbac_enforcer.enforcer [None req-60b58016-5d43-4bd4-a36d-9b1825a22aa6 None admin] RBAC: Authorizing `identity:get_domain(domain_id=default)` {{(pid=46412) enforce_call /opt/stack/keystone/keystone/common/rbac_enforcer/enforcer.py:449}}
Nov 29 13:07:57 user devstack@keystone.service[46412]: DEBUG keystone.common.rbac_enforcer.enforcer [None req-60b58016-5d43-4bd4-a36d-9b1825a22aa6 None admin] RBAC: Authorization granted {{(pid=46412) enforce_call /opt/stack/keystone/keystone/common/rbac_enforcer/enforcer.py:457}}
Nov 29 13:07:57 user devstack@keystone.service[46412]: [pid: 46412|app: 0|req: 68/196] 10.0.0.210 () {56 vars in 1103 bytes} [Wed Nov 29 13:07:57 2023] GET /identity/v3/domains/default => generated 198 bytes in 144 msecs (HTTP/1.1 200) 5 headers in 177 bytes (1 switches on core 0)
Nov 29 13:07:57 user devstack@keystone.service[46413]: DEBUG keystone.server.flask.request_processing.middleware.auth_context [None req-863d5235-2fe4-4ce3-abea-7b8deb3546ad None admin] Authenticating user token {{(pid=46413) process_request /opt/stack/data/venv/lib/python3.10/site-packages/keystonemiddleware/auth_token/__init__.py:406}}
Nov 29 13:07:57 user devstack@keystone.service[46414]: DEBUG keystone.server.flask.request_processing.middleware.auth_context [None req-e7efd09e-aba5-4496-9edb-eba3ccaa0737 None None] Validating token access rules against request {{(pid=46414) validate_allowed_request /opt/stack/data/venv/lib/python3.10/site-packages/keystonemiddleware/auth_token/__init__.py:544}}
Nov 29 13:07:57 user devstack@keystone.service[46414]: DEBUG keystone.server.flask.request_processing.middleware.auth_context [None req-0df4b5d9-4c42-4e6a-a0ae-613506cff70a None admin] RBAC: auth_context: {'token': , 'domain_id': None, 'trust_id': None, 'trustor_id': None, 'trustee_id': None, 'domain_name': None, 'group_ids': [], 'user_id': '72e8dcedaaf54217ab463c8a41c66057', 'user_domain_id': 'default', 'system_scope': 'all', 'project_id': None, 'project_domain_id': None, 'roles': ['admin', 'manager', 'member', 'reader'], 'is_admin_project': True, 'service_user_id': None, 'service_user_domain_id': None, 'service_project_id': None, 'service_project_domain_id': None, 'service_roles': []} {{(pid=46414) fill_context /opt/stack/keystone/keystone/server/flask/request_processing/middleware/auth_context.py:480}}
Nov 29 13:07:57 user devstack@keystone.service[46414]: DEBUG keystone.server.flask.request_processing.req_logging [None req-0df4b5d9-4c42-4e6a-a0ae-613506cff70a None admin] REQUEST_METHOD: `GET` {{(pid=46414) log_request_info /opt/stack/keystone/keystone/server/flask/request_processing/req_logging.py:27}}
Nov 29 13:07:57 user devstack@keystone.service[46414]: DEBUG keystone.server.flask.request_processing.req_logging [None req-0df4b5d9-4c42-4e6a-a0ae-613506cff70a None admin] SCRIPT_NAME: `/identity` {{(pid=46414) log_request_info /opt/stack/keystone/keystone/server/flask/request_processing/req_logging.py:28}}
Nov 29 13:07:57 user devstack@keystone.service[46414]: DEBUG keystone.server.flask.request_processing.req_logging [None req-0df4b5d9-4c42-4e6a-a0ae-613506cff70a None admin] PATH_INFO: `/v3/roles` {{(pid=46414) log_request_info /opt/stack/keystone/keystone/server/flask/request_processing/req_logging.py:29}}
Nov 29 13:07:57 user devstack@keystone.service[46414]: DEBUG keystone.common.rbac_enforcer.enforcer [None req-0df4b5d9-4c42-4e6a-a0ae-613506cff70a None admin] RBAC: Adding query filter params (name=reader) {{(pid=46414) _extract_filter_values /opt/stack/keystone/keystone/common/rbac_enforcer/enforcer.py:167}}
Nov 29 13:07:57 user devstack@keystone.service[46414]: DEBUG keystone.common.rbac_enforcer.enforcer [None req-0df4b5d9-4c42-4e6a-a0ae-613506cff70a None admin] RBAC: Authorizing `identity:list_roles()` {{(pid=46414) enforce_call /opt/stack/keystone/keystone/common/rbac_enforcer/enforcer.py:449}}
Nov 29 13:07:57 user devstack@keystone.service[46414]: DEBUG keystone.common.rbac_enforcer.enforcer [None req-0df4b5d9-4c42-4e6a-a0ae-613506cff70a None admin] RBAC: Authorization granted {{(pid=46414) enforce_call /opt/stack/keystone/keystone/common/rbac_enforcer/enforcer.py:457}}
Nov 29 13:07:57 user devstack@keystone.service[46414]: [pid: 46414|app: 0|req: 66/197] 10.0.0.210 () {56 vars in 1096 bytes} [Wed Nov 29 13:07:57 2023] GET /identity/v3/roles?name=reader => generated 339 bytes in 148 msecs (HTTP/1.1 200) 5 headers in 177 bytes (1 switches on core 0)
Nov 29 13:07:57 user devstack@keystone.service[46412]: DEBUG keystone.server.flask.request_processing.middleware.auth_context [None req-60b58016-5d43-4bd4-a36d-9b1825a22aa6 None admin] Authenticating user token {{(pid=46412) process_request /opt/stack/data/venv/lib/python3.10/site-packages/keystonemiddleware/auth_token/__init__.py:406}}
Nov 29 13:07:57 user devstack@keystone.service[46414]: DEBUG keystone.server.flask.request_processing.middleware.auth_context [None req-0df4b5d9-4c42-4e6a-a0ae-613506cff70a None admin] Authenticating user token {{(pid=46414) process_request /opt/stack/data/venv/lib/python3.10/site-packages/keystonemiddleware/auth_token/__init__.py:406}}
Nov 29 13:07:57 user devstack@keystone.service[46413]: DEBUG keystone.server.flask.request_processing.middleware.auth_context [None req-863d5235-2fe4-4ce3-abea-7b8deb3546ad None admin] Validating token access rules against request {{(pid=46413) validate_allowed_request /opt/stack/data/venv/lib/python3.10/site-packages/keystonemiddleware/auth_token/__init__.py:544}}
Nov 29 13:07:57 user devstack@keystone.service[46413]: DEBUG keystone.server.flask.request_processing.middleware.auth_context [None req-0c6ae6f1-779f-4411-853a-527f0eec4a65 None admin] RBAC: auth_context: {'token': , 'domain_id': None, 'trust_id': None, 'trustor_id': None, 'trustee_id': None, 'domain_name': None, 'group_ids': [], 'user_id': '72e8dcedaaf54217ab463c8a41c66057', 'user_domain_id': 'default', 'system_scope': 'all', 'project_id': None, 'project_domain_id': None, 'roles': ['admin', 'manager', 'member', 'reader'], 'is_admin_project': True, 'service_user_id': None, 'service_user_domain_id': None, 'service_project_id': None, 'service_project_domain_id': None, 'service_roles': []} {{(pid=46413) fill_context /opt/stack/keystone/keystone/server/flask/request_processing/middleware/auth_context.py:480}}
Nov 29 13:07:57 user devstack@keystone.service[46413]: DEBUG keystone.server.flask.request_processing.req_logging [None req-0c6ae6f1-779f-4411-853a-527f0eec4a65 None admin] REQUEST_METHOD: `POST` {{(pid=46413) log_request_info /opt/stack/keystone/keystone/server/flask/request_processing/req_logging.py:27}}
Nov 29 13:07:57 user devstack@keystone.service[46413]: DEBUG keystone.server.flask.request_processing.req_logging [None req-0c6ae6f1-779f-4411-853a-527f0eec4a65 None admin] SCRIPT_NAME: `/identity` {{(pid=46413) log_request_info /opt/stack/keystone/keystone/server/flask/request_processing/req_logging.py:28}}
Nov 29 13:07:57 user devstack@keystone.service[46413]: DEBUG keystone.server.flask.request_processing.req_logging [None req-0c6ae6f1-779f-4411-853a-527f0eec4a65 None admin] PATH_INFO: `/v3/users` {{(pid=46413) log_request_info /opt/stack/keystone/keystone/server/flask/request_processing/req_logging.py:29}}
Nov 29 13:07:57 user devstack@keystone.service[46413]: DEBUG keystone.common.rbac_enforcer.enforcer [None req-0c6ae6f1-779f-4411-853a-527f0eec4a65 None admin] RBAC: Authorizing `identity:create_user()` {{(pid=46413) enforce_call /opt/stack/keystone/keystone/common/rbac_enforcer/enforcer.py:449}}
Nov 29 13:07:57 user devstack@keystone.service[46413]: DEBUG keystone.common.rbac_enforcer.enforcer [None req-0c6ae6f1-779f-4411-853a-527f0eec4a65 None admin] RBAC: Authorization granted {{(pid=46413) enforce_call /opt/stack/keystone/keystone/common/rbac_enforcer/enforcer.py:457}}
Nov 29 13:07:57 user devstack@keystone.service[46413]: WARNING keystone.common.password_hashing [None req-0c6ae6f1-779f-4411-853a-527f0eec4a65 None admin] Truncating password to algorithm specific maximum length 72 characters.
Nov 29 13:07:57 user devstack@keystone.service[46413]: [pid: 46413|app: 0|req: 64/198] 10.0.0.210 () {60 vars in 1127 bytes} [Wed Nov 29 13:07:57 2023] POST /identity/v3/users => generated 292 bytes in 150 msecs (HTTP/1.1 201) 5 headers in 182 bytes (1 switches on core 0)
Nov 29 13:07:57 user devstack@keystone.service[46412]: DEBUG keystone.server.flask.request_processing.middleware.auth_context [None req-60b58016-5d43-4bd4-a36d-9b1825a22aa6 None admin] Validating token access rules against request {{(pid=46412) validate_allowed_request /opt/stack/data/venv/lib/python3.10/site-packages/keystonemiddleware/auth_token/__init__.py:544}}
Nov 29 13:07:57 user devstack@keystone.service[46414]: DEBUG keystone.server.flask.request_processing.middleware.auth_context [None req-0df4b5d9-4c42-4e6a-a0ae-613506cff70a None admin] Validating token access rules against request {{(pid=46414) validate_allowed_request /opt/stack/data/venv/lib/python3.10/site-packages/keystonemiddleware/auth_token/__init__.py:544}}
Nov 29 13:07:57 user devstack@keystone.service[46412]: DEBUG keystone.server.flask.request_processing.middleware.auth_context [None req-b594735f-3661-4937-9193-279b85131ddf None admin] RBAC: auth_context: {'token': , 'domain_id': None, 'trust_id': None, 'trustor_id': None, 'trustee_id': None, 'domain_name': None, 'group_ids': [], 'user_id': '72e8dcedaaf54217ab463c8a41c66057', 'user_domain_id': 'default', 'system_scope': 'all', 'project_id': None, 'project_domain_id': None, 'roles': ['admin', 'manager', 'member', 'reader'], 'is_admin_project': True, 'service_user_id': None, 'service_user_domain_id': None, 'service_project_id': None, 'service_project_domain_id': None, 'service_roles': []} {{(pid=46412) fill_context /opt/stack/keystone/keystone/server/flask/request_processing/middleware/auth_context.py:480}}
Nov 29 13:07:57 user devstack@keystone.service[46412]: DEBUG keystone.server.flask.request_processing.req_logging [None req-b594735f-3661-4937-9193-279b85131ddf None admin] REQUEST_METHOD: `GET` {{(pid=46412) log_request_info /opt/stack/keystone/keystone/server/flask/request_processing/req_logging.py:27}}
Nov 29 13:07:57 user devstack@keystone.service[46412]: DEBUG keystone.server.flask.request_processing.req_logging [None req-b594735f-3661-4937-9193-279b85131ddf None admin] SCRIPT_NAME: `/identity` {{(pid=46412) log_request_info /opt/stack/keystone/keystone/server/flask/request_processing/req_logging.py:28}}
Nov 29 13:07:57 user devstack@keystone.service[46412]: DEBUG keystone.server.flask.request_processing.req_logging [None req-b594735f-3661-4937-9193-279b85131ddf None admin] PATH_INFO: `/v3/users/6177f4bf105f4b539f580fa31f64c8d0` {{(pid=46412) log_request_info /opt/stack/keystone/keystone/server/flask/request_processing/req_logging.py:29}}
Nov 29 13:07:57 user devstack@keystone.service[46414]: DEBUG keystone.server.flask.request_processing.middleware.auth_context [None req-ae6e87fa-334f-462f-9432-f6ad609adbdf None admin] RBAC: auth_context: {'token': , 'domain_id': None, 'trust_id': None, 'trustor_id': None, 'trustee_id': None, 'domain_name': None, 'group_ids': [], 'user_id': '72e8dcedaaf54217ab463c8a41c66057', 'user_domain_id': 'default', 'system_scope': 'all', 'project_id': None, 'project_domain_id': None, 'roles': ['admin', 'manager', 'member', 'reader'], 'is_admin_project': True, 'service_user_id': None, 'service_user_domain_id': None, 'service_project_id': None, 'service_project_domain_id': None, 'service_roles': []} {{(pid=46414) fill_context /opt/stack/keystone/keystone/server/flask/request_processing/middleware/auth_context.py:480}}
Nov 29 13:07:57 user devstack@keystone.service[46414]: DEBUG keystone.server.flask.request_processing.req_logging [None req-ae6e87fa-334f-462f-9432-f6ad609adbdf None admin] REQUEST_METHOD: `GET` {{(pid=46414) log_request_info /opt/stack/keystone/keystone/server/flask/request_processing/req_logging.py:27}}
Nov 29 13:07:57 user devstack@keystone.service[46414]: DEBUG keystone.server.flask.request_processing.req_logging [None req-ae6e87fa-334f-462f-9432-f6ad609adbdf None admin] SCRIPT_NAME: `/identity` {{(pid=46414) log_request_info /opt/stack/keystone/keystone/server/flask/request_processing/req_logging.py:28}}
Nov 29 13:07:57 user devstack@keystone.service[46414]: DEBUG keystone.server.flask.request_processing.req_logging [None req-ae6e87fa-334f-462f-9432-f6ad609adbdf None admin] PATH_INFO: `/v3/roles/member` {{(pid=46414) log_request_info /opt/stack/keystone/keystone/server/flask/request_processing/req_logging.py:29}}
Nov 29 13:07:57 user devstack@keystone.service[46412]: DEBUG keystone.common.rbac_enforcer.enforcer [None req-b594735f-3661-4937-9193-279b85131ddf None admin] RBAC: Authorizing `identity:get_user(user_id=6177f4bf105f4b539f580fa31f64c8d0)` {{(pid=46412) enforce_call /opt/stack/keystone/keystone/common/rbac_enforcer/enforcer.py:449}}
Nov 29 13:07:57 user devstack@keystone.service[46414]: DEBUG keystone.common.rbac_enforcer.enforcer [None req-ae6e87fa-334f-462f-9432-f6ad609adbdf None admin] Extracting inferred target data resulted in "NOT FOUND (404)". {{(pid=46414) enforce_call /opt/stack/keystone/keystone/common/rbac_enforcer/enforcer.py:409}}
Nov 29 13:07:57 user devstack@keystone.service[46412]: DEBUG keystone.common.rbac_enforcer.enforcer [None req-b594735f-3661-4937-9193-279b85131ddf None admin] RBAC: Authorization granted {{(pid=46412) enforce_call /opt/stack/keystone/keystone/common/rbac_enforcer/enforcer.py:457}}
Nov 29 13:07:57 user devstack@keystone.service[46412]: [pid: 46412|app: 0|req: 69/199] 10.0.0.210 () {56 vars in 1172 bytes} [Wed Nov 29 13:07:57 2023] GET /identity/v3/users/6177f4bf105f4b539f580fa31f64c8d0 => generated 296 bytes in 156 msecs (HTTP/1.1 200) 5 headers in 177 bytes (1 switches on core 0)
Nov 29 13:07:57 user devstack@keystone.service[46414]: ERROR keystone.server.flask.application [None req-ae6e87fa-334f-462f-9432-f6ad609adbdf None admin] Could not find role: member.: keystone.exception.RoleNotFound: Could not find role: member.
Nov 29 13:07:57 user devstack@keystone.service[46414]: ERROR keystone.server.flask.application
Traceback (most recent call last):
Nov 29 13:07:57 user devstack@keystone.service[46414]: ERROR keystone.server.flask.application
File "/opt/stack/data/venv/lib/python3.10/site-packages/flask/app.py", line 1823, in full_dispatch_request
Nov 29 13:07:57 user devstack@keystone.service[46414]: ERROR keystone.server.flask.application rv = self.dispatch_request()
Nov 29 13:07:57 user devstack@keystone.service[46414]: ERROR keystone.server.flask.application
File "/opt/stack/data/venv/lib/python3.10/site-packages/flask/app.py", line 1799, in dispatch_request
Nov 29 13:07:57 user devstack@keystone.service[46414]: ERROR keystone.server.flask.application return self.ensure_sync(self.view_functions[rule.endpoint])(**view_args)
Nov 29 13:07:57 user devstack@keystone.service[46414]: ERROR keystone.server.flask.application
File "/opt/stack/data/venv/lib/python3.10/site-packages/flask_restful/__init__.py", line 489, in wrapper
Nov 29 13:07:57 user devstack@keystone.service[46414]: ERROR keystone.server.flask.application resp = resource(*args, **kwargs)
Nov 29 13:07:57 user devstack@keystone.service[46414]: ERROR keystone.server.flask.application
File "/opt/stack/data/venv/lib/python3.10/site-packages/flask/views.py", line 107, in view
Nov 29 13:07:57 user devstack@keystone.service[46414]: ERROR keystone.server.flask.application return current_app.ensure_sync(self.dispatch_request)(**kwargs)
Nov 29 13:07:57 user devstack@keystone.service[46414]: ERROR keystone.server.flask.application
File "/opt/stack/data/venv/lib/python3.10/site-packages/flask_restful/__init__.py", line 604, in dispatch_request
Nov 29 13:07:57 user devstack@keystone.service[46414]: ERROR keystone.server.flask.application resp = meth(*args, **kwargs)
Nov 29 13:07:57 user devstack@keystone.service[46414]: ERROR keystone.server.flask.application
File "/opt/stack/keystone/keystone/api/roles.py", line 50, in get
Nov 29 13:07:57 user devstack@keystone.service[46414]: ERROR keystone.server.flask.application return self._get_role(role_id)
Nov 29 13:07:57 user devstack@keystone.service[46414]: ERROR keystone.server.flask.application
File "/opt/stack/keystone/keystone/api/roles.py", line 70, in _get_role
Nov 29 13:07:57 user devstack@keystone.service[46414]: ERROR keystone.server.flask.application ENFORCER.enforce_call(action='identity:get_role')
Nov 29 13:07:57 user devstack@keystone.service[46414]: ERROR keystone.server.flask.application
File "/opt/stack/keystone/keystone/common/rbac_enforcer/enforcer.py", line 402, in enforce_call
Nov 29 13:07:57 user devstack@keystone.service[46414]: ERROR keystone.server.flask.application policy_dict.update(cls._extract_member_target_data(
Nov 29 13:07:57 user devstack@keystone.service[46414]: ERROR keystone.server.flask.application
File "/opt/stack/keystone/keystone/common/rbac_enforcer/enforcer.py", line 234, in _extract_member_target_data
Nov 29 13:07:57 user devstack@keystone.service[46414]: ERROR keystone.server.flask.application member_name: func(flask.request.view_args[key])
Nov 29 13:07:57 user devstack@keystone.service[46414]: ERROR keystone.server.flask.application
File "/opt/stack/keystone/keystone/common/manager.py", line 115, in wrapped
Nov 29 13:07:57 user devstack@keystone.service[46414]: ERROR keystone.server.flask.application __ret_val = __f(*args, **kwargs)
Nov 29 13:07:57 user devstack@keystone.service[46414]: ERROR keystone.server.flask.application
File "/opt/stack/data/venv/lib/python3.10/site-packages/decorator.py", line 232, in fun
Nov 29 13:07:57 user devstack@keystone.service[46414]: ERROR keystone.server.flask.application return caller(func, *(extras + args), **kw)
Nov 29 13:07:57 user devstack@keystone.service[46414]: ERROR keystone.server.flask.application
File "/opt/stack/data/venv/lib/python3.10/site-packages/dogpile/cache/region.py", line 1594, in get_or_create_for_user_func
Nov 29 13:07:57 user devstack@keystone.service[46414]: ERROR keystone.server.flask.application return self.get_or_create(
Nov 29 13:07:57 user devstack@keystone.service[46414]: ERROR keystone.server.flask.application
File "/opt/stack/data/venv/lib/python3.10/site-packages/dogpile/cache/region.py", line 1054, in get_or_create
Nov 29 13:07:57 user devstack@keystone.service[46414]: ERROR keystone.server.flask.application with Lock(
Nov 29 13:07:57 user devstack@keystone.service[46414]: ERROR keystone.server.flask.application
File "/opt/stack/data/venv/lib/python3.10/site-packages/dogpile/lock.py", line 185, in __enter__
Nov 29 13:07:57 user devstack@keystone.service[46414]: ERROR keystone.server.flask.application return self._enter()
Nov 29 13:07:57 user devstack@keystone.service[46414]: ERROR keystone.server.flask.application
File "/opt/stack/data/venv/lib/python3.10/site-packages/dogpile/lock.py", line 94, in _enter
Nov 29 13:07:57 user devstack@keystone.service[46414]: ERROR keystone.server.flask.application generated = self._enter_create(value, createdtime)
Nov 29 13:07:57 user devstack@keystone.service[46414]: ERROR keystone.server.flask.application
File "/opt/stack/data/venv/lib/python3.10/site-packages/dogpile/lock.py", line 178, in _enter_create
Nov 29 13:07:57 user devstack@keystone.service[46414]: ERROR keystone.server.flask.application return self.creator()
Nov 29 13:07:57 user devstack@keystone.service[46414]: ERROR keystone.server.flask.application
File "/opt/stack/data/venv/lib/python3.10/site-packages/dogpile/cache/region.py", line 1007, in gen_value
Nov 29 13:07:57 user devstack@keystone.service[46414]: ERROR keystone.server.flask.application created_value = creator(
Nov 29 13:07:57 user devstack@keystone.service[46414]: ERROR keystone.server.flask.application
File "/opt/stack/keystone/keystone/assignment/core.py", line 1276, in get_role
Nov 29 13:07:57 user devstack@keystone.service[46414]: ERROR keystone.server.flask.application return self.driver.get_role(role_id)
Nov 29 13:07:57 user devstack@keystone.service[46414]: ERROR keystone.server.flask.application
File "/opt/stack/keystone/keystone/assignment/role_backends/sql.py", line 70, in get_role
Nov 29 13:07:57 user devstack@keystone.service[46414]: ERROR keystone.server.flask.application return self._get_role(session, role_id).to_dict()
Nov 29 13:07:57 user devstack@keystone.service[46414]: ERROR keystone.server.flask.application
File "/opt/stack/keystone/keystone/assignment/role_backends/sql.py", line 65, in _get_role
Nov 29 13:07:57 user devstack@keystone.service[46414]: ERROR keystone.server.flask.application raise exception.RoleNotFound(role_id=role_id)
Nov 29 13:07:57 user devstack@keystone.service[46414]: ERROR keystone.server.flask.application keystone.exception.RoleNotFound: Could not find role: member.
Nov 29 13:07:57 user devstack@keystone.service[46414]: ERROR keystone.server.flask.application
Nov 29 13:07:57 user devstack@keystone.service[46414]: [pid: 46414|app: 0|req: 67/200] 10.0.0.210 () {56 vars in 1094 bytes} [Wed Nov 29 13:07:57 2023] GET /identity/v3/roles/member => generated 84 bytes in 153 msecs (HTTP/1.1 404) 5 headers in 183 bytes (1 switches on core 0)
Nov 29 13:07:57 user devstack@keystone.service[46413]: DEBUG keystone.server.flask.request_processing.middleware.auth_context [None req-0c6ae6f1-779f-4411-853a-527f0eec4a65 None admin] Authenticating user token {{(pid=46413) process_request /opt/stack/data/venv/lib/python3.10/site-packages/keystonemiddleware/auth_token/__init__.py:406}}
Nov 29 13:07:57 user devstack@keystone.service[46412]: DEBUG keystone.server.flask.request_processing.middleware.auth_context [None req-b594735f-3661-4937-9193-279b85131ddf None admin] Authenticating user token {{(pid=46412) process_request /opt/stack/data/venv/lib/python3.10/site-packages/keystonemiddleware/auth_token/__init__.py:406}}
Nov 29 13:07:57 user devstack@keystone.service[46413]: DEBUG keystone.server.flask.request_processing.middleware.auth_context [None req-0c6ae6f1-779f-4411-853a-527f0eec4a65 None admin] Validating token access rules against request {{(pid=46413) validate_allowed_request /opt/stack/data/venv/lib/python3.10/site-packages/keystonemiddleware/auth_token/__init__.py:544}}
Nov 29 13:07:57 user devstack@keystone.service[46412]: DEBUG keystone.server.flask.request_processing.middleware.auth_context [None req-b594735f-3661-4937-9193-279b85131ddf None admin] Validating token access rules against request {{(pid=46412) validate_allowed_request /opt/stack/data/venv/lib/python3.10/site-packages/keystonemiddleware/auth_token/__init__.py:544}}
Nov 29 13:07:57 user devstack@keystone.service[46413]: DEBUG keystone.server.flask.request_processing.middleware.auth_context [None req-cbc0031c-9fb1-4519-9a1a-7871c6c75ac2 None admin] RBAC: auth_context: {'token': , 'domain_id': None, 'trust_id': None, 'trustor_id': None, 'trustee_id': None, 'domain_name': None, 'group_ids': [], 'user_id': '72e8dcedaaf54217ab463c8a41c66057', 'user_domain_id': 'default', 'system_scope': 'all', 'project_id': None, 'project_domain_id': None, 'roles': ['admin', 'manager', 'member', 'reader'], 'is_admin_project': True, 'service_user_id': None, 'service_user_domain_id': None, 'service_project_id': None, 'service_project_domain_id': None, 'service_roles': []} {{(pid=46413) fill_context /opt/stack/keystone/keystone/server/flask/request_processing/middleware/auth_context.py:480}}
Nov 29 13:07:57 user devstack@keystone.service[46413]: DEBUG keystone.server.flask.request_processing.req_logging [None req-cbc0031c-9fb1-4519-9a1a-7871c6c75ac2 None admin] REQUEST_METHOD: `GET` {{(pid=46413) log_request_info /opt/stack/keystone/keystone/server/flask/request_processing/req_logging.py:27}}
Nov 29 13:07:57 user devstack@keystone.service[46413]: DEBUG keystone.server.flask.request_processing.req_logging [None req-cbc0031c-9fb1-4519-9a1a-7871c6c75ac2 None admin] SCRIPT_NAME: `/identity` {{(pid=46413) log_request_info /opt/stack/keystone/keystone/server/flask/request_processing/req_logging.py:28}}
Nov 29 13:07:57 user devstack@keystone.service[46413]: DEBUG keystone.server.flask.request_processing.req_logging [None req-cbc0031c-9fb1-4519-9a1a-7871c6c75ac2 None admin] PATH_INFO: `/v3/projects/5a5313a245b442fd8928ef4899cff1da` {{(pid=46413) log_request_info /opt/stack/keystone/keystone/server/flask/request_processing/req_logging.py:29}}
Nov 29 13:07:57 user devstack@keystone.service[46413]: DEBUG keystone.common.rbac_enforcer.enforcer [None req-cbc0031c-9fb1-4519-9a1a-7871c6c75ac2 None admin] RBAC: Authorizing `identity:get_project(project_id=5a5313a245b442fd8928ef4899cff1da)` {{(pid=46413) enforce_call /opt/stack/keystone/keystone/common/rbac_enforcer/enforcer.py:449}}
Nov 29 13:07:57 user devstack@keystone.service[46413]: DEBUG keystone.common.rbac_enforcer.enforcer [None req-cbc0031c-9fb1-4519-9a1a-7871c6c75ac2 None admin] RBAC: Authorization granted {{(pid=46413) enforce_call /opt/stack/keystone/keystone/common/rbac_enforcer/enforcer.py:457}}
Nov 29 13:07:57 user devstack@keystone.service[46412]: DEBUG keystone.server.flask.request_processing.middleware.auth_context [None req-042760b7-4e35-45a8-a78f-4d83fe47bf43 None admin] RBAC: auth_context: {'token': , 'domain_id': None, 'trust_id': None, 'trustor_id': None, 'trustee_id': None, 'domain_name': None, 'group_ids': [], 'user_id': '72e8dcedaaf54217ab463c8a41c66057', 'user_domain_id': 'default', 'system_scope': 'all', 'project_id': None, 'project_domain_id': None, 'roles': ['admin', 'manager', 'member', 'reader'], 'is_admin_project': True, 'service_user_id': None, 'service_user_domain_id': None, 'service_project_id': None, 'service_project_domain_id': None, 'service_roles': []} {{(pid=46412) fill_context /opt/stack/keystone/keystone/server/flask/request_processing/middleware/auth_context.py:480}}
Nov 29 13:07:57 user devstack@keystone.service[46412]: DEBUG keystone.server.flask.request_processing.req_logging [None req-042760b7-4e35-45a8-a78f-4d83fe47bf43 None admin] REQUEST_METHOD: `GET` {{(pid=46412) log_request_info /opt/stack/keystone/keystone/server/flask/request_processing/req_logging.py:27}}
Nov 29 13:07:57 user devstack@keystone.service[46412]: DEBUG keystone.server.flask.request_processing.req_logging [None req-042760b7-4e35-45a8-a78f-4d83fe47bf43 None admin] SCRIPT_NAME: `/identity` {{(pid=46412) log_request_info /opt/stack/keystone/keystone/server/flask/request_processing/req_logging.py:28}}
Nov 29 13:07:57 user devstack@keystone.service[46413]: [pid: 46413|app: 0|req: 65/201] 10.0.0.210 () {56 vars in 1181 bytes} [Wed Nov 29 13:07:57 2023] GET /identity/v3/projects/5a5313a245b442fd8928ef4899cff1da => generated 301 bytes in 139 msecs (HTTP/1.1 200) 5 headers in 177 bytes (1 switches on core 0)
Nov 29 13:07:57 user devstack@keystone.service[46412]: DEBUG keystone.server.flask.request_processing.req_logging [None req-042760b7-4e35-45a8-a78f-4d83fe47bf43 None admin] PATH_INFO: `/v3/roles` {{(pid=46412) log_request_info /opt/stack/keystone/keystone/server/flask/request_processing/req_logging.py:29}}
Nov 29 13:07:57 user devstack@keystone.service[46412]: DEBUG keystone.common.rbac_enforcer.enforcer [None req-042760b7-4e35-45a8-a78f-4d83fe47bf43 None admin] RBAC: Adding query filter params (name=member) {{(pid=46412) _extract_filter_values /opt/stack/keystone/keystone/common/rbac_enforcer/enforcer.py:167}}
Nov 29 13:07:57 user devstack@keystone.service[46412]: DEBUG keystone.common.rbac_enforcer.enforcer [None req-042760b7-4e35-45a8-a78f-4d83fe47bf43 None admin] RBAC: Authorizing `identity:list_roles()` {{(pid=46412) enforce_call /opt/stack/keystone/keystone/common/rbac_enforcer/enforcer.py:449}}
Nov 29 13:07:57 user devstack@keystone.service[46412]: DEBUG keystone.common.rbac_enforcer.enforcer [None req-042760b7-4e35-45a8-a78f-4d83fe47bf43 None admin] RBAC: Authorization granted {{(pid=46412) enforce_call /opt/stack/keystone/keystone/common/rbac_enforcer/enforcer.py:457}}
Nov 29 13:07:57 user devstack@keystone.service[46414]: DEBUG keystone.server.flask.request_processing.middleware.auth_context [None req-ae6e87fa-334f-462f-9432-f6ad609adbdf None admin] Authenticating user token {{(pid=46414) process_request /opt/stack/data/venv/lib/python3.10/site-packages/keystonemiddleware/auth_token/__init__.py:406}}
Nov 29 13:07:57 user devstack@keystone.service[46412]: [pid: 46412|app: 0|req: 70/202] 10.0.0.210 () {56 vars in 1096 bytes} [Wed Nov 29 13:07:57 2023] GET /identity/v3/roles?name=member => generated 339 bytes in 146 msecs (HTTP/1.1 200) 5 headers in 177 bytes (1 switches on core 0)
Nov 29 13:07:57 user devstack@keystone.service[46413]: DEBUG keystone.server.flask.request_processing.middleware.auth_context [None req-cbc0031c-9fb1-4519-9a1a-7871c6c75ac2 None admin] Authenticating user token {{(pid=46413) process_request /opt/stack/data/venv/lib/python3.10/site-packages/keystonemiddleware/auth_token/__init__.py:406}}
Nov 29 13:07:58 user devstack@keystone.service[46414]: DEBUG keystone.server.flask.request_processing.middleware.auth_context [None req-ae6e87fa-334f-462f-9432-f6ad609adbdf None admin] Validating token access rules against request {{(pid=46414) validate_allowed_request /opt/stack/data/venv/lib/python3.10/site-packages/keystonemiddleware/auth_token/__init__.py:544}}
Nov 29 13:07:58 user devstack@keystone.service[46413]: DEBUG keystone.server.flask.request_processing.middleware.auth_context [None req-cbc0031c-9fb1-4519-9a1a-7871c6c75ac2 None admin] Validating token access rules against request {{(pid=46413) validate_allowed_request /opt/stack/data/venv/lib/python3.10/site-packages/keystonemiddleware/auth_token/__init__.py:544}}
Nov 29 13:07:58 user devstack@keystone.service[46414]: DEBUG keystone.server.flask.request_processing.middleware.auth_context [None req-5155443f-c02d-456b-8189-87637f2a2328 None admin] RBAC: auth_context: {'token': , 'domain_id': None, 'trust_id': None, 'trustor_id': None, 'trustee_id': None, 'domain_name': None, 'group_ids': [], 'user_id': '72e8dcedaaf54217ab463c8a41c66057', 'user_domain_id': 'default', 'system_scope': 'all', 'project_id': None, 'project_domain_id': None, 'roles': ['admin', 'manager', 'member', 'reader'], 'is_admin_project': True, 'service_user_id': None, 'service_user_domain_id': None, 'service_project_id': None, 'service_project_domain_id': None, 'service_roles': []} {{(pid=46414) fill_context /opt/stack/keystone/keystone/server/flask/request_processing/middleware/auth_context.py:480}}
Nov 29 13:07:58 user devstack@keystone.service[46414]: DEBUG keystone.server.flask.request_processing.req_logging [None req-5155443f-c02d-456b-8189-87637f2a2328 None admin] REQUEST_METHOD: `PUT` {{(pid=46414) log_request_info /opt/stack/keystone/keystone/server/flask/request_processing/req_logging.py:27}}
Nov 29 13:07:58 user devstack@keystone.service[46414]: DEBUG keystone.server.flask.request_processing.req_logging [None req-5155443f-c02d-456b-8189-87637f2a2328 None admin] SCRIPT_NAME: `/identity` {{(pid=46414) log_request_info /opt/stack/keystone/keystone/server/flask/request_processing/req_logging.py:28}}
Nov 29 13:07:58 user devstack@keystone.service[46414]: DEBUG keystone.server.flask.request_processing.req_logging [None req-5155443f-c02d-456b-8189-87637f2a2328 None admin] PATH_INFO: `/v3/projects/5a5313a245b442fd8928ef4899cff1da/users/6177f4bf105f4b539f580fa31f64c8d0/roles/5d188eaa3af04b03a384d276202af12e` {{(pid=46414) log_request_info /opt/stack/keystone/keystone/server/flask/request_processing/req_logging.py:29}}
Nov 29 13:07:58 user devstack@keystone.service[46414]: DEBUG keystone.common.rbac_enforcer.enforcer [None req-5155443f-c02d-456b-8189-87637f2a2328 None admin] RBAC: Authorizing `identity:create_grant(project_id=5a5313a245b442fd8928ef4899cff1da, user_id=6177f4bf105f4b539f580fa31f64c8d0, role_id=5d188eaa3af04b03a384d276202af12e)` {{(pid=46414) enforce_call /opt/stack/keystone/keystone/common/rbac_enforcer/enforcer.py:449}}
Nov 29 13:07:58 user devstack@keystone.service[46413]: DEBUG keystone.server.flask.request_processing.middleware.auth_context [None req-ea5b1145-5956-4566-821b-fd21ea9c1273 None admin] RBAC: auth_context: {'token': , 'domain_id': None, 'trust_id': None, 'trustor_id': None, 'trustee_id': None, 'domain_name': None, 'group_ids': [], 'user_id': '72e8dcedaaf54217ab463c8a41c66057', 'user_domain_id': 'default', 'system_scope': 'all', 'project_id': None, 'project_domain_id': None, 'roles': ['admin', 'manager', 'member', 'reader'], 'is_admin_project': True, 'service_user_id': None, 'service_user_domain_id': None, 'service_project_id': None, 'service_project_domain_id': None, 'service_roles': []} {{(pid=46413) fill_context /opt/stack/keystone/keystone/server/flask/request_processing/middleware/auth_context.py:480}}
Nov 29 13:07:58 user devstack@keystone.service[46414]: DEBUG keystone.common.rbac_enforcer.enforcer [None req-5155443f-c02d-456b-8189-87637f2a2328 None admin] RBAC: Authorization granted {{(pid=46414) enforce_call /opt/stack/keystone/keystone/common/rbac_enforcer/enforcer.py:457}}
Nov 29 13:07:58 user devstack@keystone.service[46413]: DEBUG keystone.server.flask.request_processing.req_logging [None req-ea5b1145-5956-4566-821b-fd21ea9c1273 None admin] REQUEST_METHOD: `GET` {{(pid=46413) log_request_info /opt/stack/keystone/keystone/server/flask/request_processing/req_logging.py:27}}
Nov 29 13:07:58 user devstack@keystone.service[46413]: DEBUG keystone.server.flask.request_processing.req_logging [None req-ea5b1145-5956-4566-821b-fd21ea9c1273 None admin] SCRIPT_NAME: `/identity` {{(pid=46413) log_request_info /opt/stack/keystone/keystone/server/flask/request_processing/req_logging.py:28}}
Nov 29 13:07:58 user devstack@keystone.service[46413]: DEBUG keystone.server.flask.request_processing.req_logging [None req-ea5b1145-5956-4566-821b-fd21ea9c1273 None admin] PATH_INFO: `/v3/users/1ab39e51f613408da33366dc31089a51` {{(pid=46413) log_request_info /opt/stack/keystone/keystone/server/flask/request_processing/req_logging.py:29}}
Nov 29 13:07:58 user devstack@keystone.service[46413]: DEBUG keystone.common.rbac_enforcer.enforcer [None req-ea5b1145-5956-4566-821b-fd21ea9c1273 None admin] RBAC: Authorizing `identity:get_user(user_id=1ab39e51f613408da33366dc31089a51)` {{(pid=46413) enforce_call /opt/stack/keystone/keystone/common/rbac_enforcer/enforcer.py:449}}
Nov 29 13:07:58 user devstack@keystone.service[46413]: DEBUG keystone.common.rbac_enforcer.enforcer [None req-ea5b1145-5956-4566-821b-fd21ea9c1273 None admin] RBAC: Authorization granted {{(pid=46413) enforce_call /opt/stack/keystone/keystone/common/rbac_enforcer/enforcer.py:457}}
Nov 29 13:07:58 user devstack@keystone.service[46413]: [pid: 46413|app: 0|req: 66/203] 10.0.0.210 () {56 vars in 1172 bytes} [Wed Nov 29 13:07:57 2023] GET /identity/v3/users/1ab39e51f613408da33366dc31089a51 => generated 296 bytes in 132 msecs (HTTP/1.1 200) 5 headers in 177 bytes (1 switches on core 0)
Nov 29 13:07:58 user devstack@keystone.service[46412]: DEBUG keystone.server.flask.request_processing.middleware.auth_context [None req-042760b7-4e35-45a8-a78f-4d83fe47bf43 None admin] Authenticating user token {{(pid=46412) process_request /opt/stack/data/venv/lib/python3.10/site-packages/keystonemiddleware/auth_token/__init__.py:406}}
Nov 29 13:07:58 user devstack@keystone.service[46414]: [pid: 46414|app: 0|req: 68/204] 10.0.0.210 () {58 vars in 1434 bytes} [Wed Nov 29 13:07:57 2023] PUT /identity/v3/projects/5a5313a245b442fd8928ef4899cff1da/users/6177f4bf105f4b539f580fa31f64c8d0/roles/5d188eaa3af04b03a384d276202af12e => generated 0 bytes in 150 msecs (HTTP/1.1 204) 3 headers in 132 bytes (0 switches on core 0)
Nov 29 13:07:58 user devstack@keystone.service[46412]: DEBUG keystone.server.flask.request_processing.middleware.auth_context [None req-042760b7-4e35-45a8-a78f-4d83fe47bf43 None admin] Validating token access rules against request {{(pid=46412) validate_allowed_request /opt/stack/data/venv/lib/python3.10/site-packages/keystonemiddleware/auth_token/__init__.py:544}}
Nov 29 13:07:58 user devstack@keystone.service[46412]: DEBUG keystone.server.flask.request_processing.middleware.auth_context [None req-35272800-c9a4-42ff-bb7c-5949195c42c7 None admin] RBAC: auth_context: {'token': , 'domain_id': None, 'trust_id': None, 'trustor_id': None, 'trustee_id': None, 'domain_name': None, 'group_ids': [], 'user_id': '72e8dcedaaf54217ab463c8a41c66057', 'user_domain_id': 'default', 'system_scope': 'all', 'project_id': None, 'project_domain_id': None, 'roles': ['admin', 'manager', 'member', 'reader'], 'is_admin_project': True, 'service_user_id': None, 'service_user_domain_id': None, 'service_project_id': None, 'service_project_domain_id': None, 'service_roles': []} {{(pid=46412) fill_context /opt/stack/keystone/keystone/server/flask/request_processing/middleware/auth_context.py:480}}
Nov 29 13:07:58 user devstack@keystone.service[46412]: DEBUG keystone.server.flask.request_processing.req_logging [None req-35272800-c9a4-42ff-bb7c-5949195c42c7 None admin] REQUEST_METHOD: `GET` {{(pid=46412) log_request_info /opt/stack/keystone/keystone/server/flask/request_processing/req_logging.py:27}}
Nov 29 13:07:58 user devstack@keystone.service[46412]: DEBUG keystone.server.flask.request_processing.req_logging [None req-35272800-c9a4-42ff-bb7c-5949195c42c7 None admin] SCRIPT_NAME: `/identity` {{(pid=46412) log_request_info /opt/stack/keystone/keystone/server/flask/request_processing/req_logging.py:28}}
Nov 29 13:07:58 user devstack@keystone.service[46412]: DEBUG keystone.server.flask.request_processing.req_logging [None req-35272800-c9a4-42ff-bb7c-5949195c42c7 None admin] PATH_INFO: `/v3/auth/tokens` {{(pid=46412) log_request_info /opt/stack/keystone/keystone/server/flask/request_processing/req_logging.py:29}}
Nov 29 13:07:58 user devstack@keystone.service[46412]: DEBUG keystone.common.rbac_enforcer.enforcer [None req-35272800-c9a4-42ff-bb7c-5949195c42c7 None admin] RBAC: Authorizing `identity:validate_token()` {{(pid=46412) enforce_call /opt/stack/keystone/keystone/common/rbac_enforcer/enforcer.py:449}}
Nov 29 13:07:58 user devstack@keystone.service[46412]: DEBUG keystone.common.rbac_enforcer.enforcer [None req-35272800-c9a4-42ff-bb7c-5949195c42c7 None admin] RBAC: Authorization granted {{(pid=46412) enforce_call /opt/stack/keystone/keystone/common/rbac_enforcer/enforcer.py:457}}
Nov 29 13:07:58 user devstack@keystone.service[46412]: [pid: 46412|app: 0|req: 71/205] 10.0.0.210 () {58 vars in 1277 bytes} [Wed Nov 29 13:07:58 2023] GET /identity/v3/auth/tokens => generated 861 bytes in 295 msecs (HTTP/1.1 200) 6 headers in 358 bytes (1 switches on core 0)
Nov 29 13:07:58 user devstack@keystone.service[46413]: DEBUG keystone.server.flask.request_processing.middleware.auth_context [None req-ea5b1145-5956-4566-821b-fd21ea9c1273 None admin] Authenticating user token {{(pid=46413) process_request /opt/stack/data/venv/lib/python3.10/site-packages/keystonemiddleware/auth_token/__init__.py:406}}
Nov 29 13:07:58 user devstack@keystone.service[46413]: DEBUG keystone.server.flask.request_processing.middleware.auth_context [None req-ea5b1145-5956-4566-821b-fd21ea9c1273 None admin] Validating token access rules against request {{(pid=46413) validate_allowed_request /opt/stack/data/venv/lib/python3.10/site-packages/keystonemiddleware/auth_token/__init__.py:544}}
Nov 29 13:07:58 user devstack@keystone.service[46413]: DEBUG keystone.server.flask.request_processing.middleware.auth_context [None req-b3a4fef8-35de-4b27-b98e-e4a4cc7ad131 None admin] RBAC: auth_context: {'token': , 'domain_id': None, 'trust_id': None, 'trustor_id': None, 'trustee_id': None, 'domain_name': None, 'group_ids': [], 'user_id': '72e8dcedaaf54217ab463c8a41c66057', 'user_domain_id': 'default', 'system_scope': 'all', 'project_id': None, 'project_domain_id': None, 'roles': ['admin', 'manager', 'member', 'reader'], 'is_admin_project': True, 'service_user_id': None, 'service_user_domain_id': None, 'service_project_id': None, 'service_project_domain_id': None, 'service_roles': []} {{(pid=46413) fill_context /opt/stack/keystone/keystone/server/flask/request_processing/middleware/auth_context.py:480}}
Nov 29 13:07:58 user devstack@keystone.service[46413]: DEBUG keystone.server.flask.request_processing.req_logging [None req-b3a4fef8-35de-4b27-b98e-e4a4cc7ad131 None admin] REQUEST_METHOD: `GET` {{(pid=46413) log_request_info /opt/stack/keystone/keystone/server/flask/request_processing/req_logging.py:27}}
Nov 29 13:07:58 user devstack@keystone.service[46413]: DEBUG keystone.server.flask.request_processing.req_logging [None req-b3a4fef8-35de-4b27-b98e-e4a4cc7ad131 None admin] SCRIPT_NAME: `/identity` {{(pid=46413) log_request_info /opt/stack/keystone/keystone/server/flask/request_processing/req_logging.py:28}}
Nov 29 13:07:58 user devstack@keystone.service[46413]: DEBUG keystone.server.flask.request_processing.req_logging [None req-b3a4fef8-35de-4b27-b98e-e4a4cc7ad131 None admin] PATH_INFO: `/v3/projects/5a5313a245b442fd8928ef4899cff1da` {{(pid=46413) log_request_info /opt/stack/keystone/keystone/server/flask/request_processing/req_logging.py:29}}
Nov 29 13:07:58 user devstack@keystone.service[46413]: DEBUG keystone.common.rbac_enforcer.enforcer [None req-b3a4fef8-35de-4b27-b98e-e4a4cc7ad131 None admin] RBAC: Authorizing `identity:get_project(project_id=5a5313a245b442fd8928ef4899cff1da)` {{(pid=46413) enforce_call /opt/stack/keystone/keystone/common/rbac_enforcer/enforcer.py:449}}
Nov 29 13:07:58 user devstack@keystone.service[46413]: DEBUG keystone.common.rbac_enforcer.enforcer [None req-b3a4fef8-35de-4b27-b98e-e4a4cc7ad131 None admin] RBAC: Authorization granted {{(pid=46413) enforce_call /opt/stack/keystone/keystone/common/rbac_enforcer/enforcer.py:457}}
Nov 29 13:07:58 user devstack@keystone.service[46413]: [pid: 46413|app: 0|req: 67/206] 10.0.0.210 () {56 vars in 1181 bytes} [Wed Nov 29 13:07:58 2023] GET /identity/v3/projects/5a5313a245b442fd8928ef4899cff1da => generated 301 bytes in 133 msecs (HTTP/1.1 200) 5 headers in 177 bytes (1 switches on core 0)
Nov 29 13:07:58 user devstack@keystone.service[46414]: DEBUG keystone.server.flask.request_processing.middleware.auth_context [None req-5155443f-c02d-456b-8189-87637f2a2328 None admin] Authenticating user token {{(pid=46414) process_request /opt/stack/data/venv/lib/python3.10/site-packages/keystonemiddleware/auth_token/__init__.py:406}}
Nov 29 13:07:58 user devstack@keystone.service[46414]: DEBUG keystone.server.flask.request_processing.middleware.auth_context [None req-5155443f-c02d-456b-8189-87637f2a2328 None admin] Validating token access rules against request {{(pid=46414) validate_allowed_request /opt/stack/data/venv/lib/python3.10/site-packages/keystonemiddleware/auth_token/__init__.py:544}}
Nov 29 13:07:58 user devstack@keystone.service[46414]: DEBUG keystone.server.flask.request_processing.middleware.auth_context [None req-ce880de0-2e4b-4c0c-ae0a-afd71f7b0bbc None admin] RBAC: auth_context: {'token': , 'domain_id': None, 'trust_id': None, 'trustor_id': None, 'trustee_id': None, 'domain_name': None, 'group_ids': [], 'user_id': '72e8dcedaaf54217ab463c8a41c66057', 'user_domain_id': 'default', 'system_scope': 'all', 'project_id': None, 'project_domain_id': None, 'roles': ['admin', 'manager', 'member', 'reader'], 'is_admin_project': True, 'service_user_id': None, 'service_user_domain_id': None, 'service_project_id': None, 'service_project_domain_id': None, 'service_roles': []} {{(pid=46414) fill_context /opt/stack/keystone/keystone/server/flask/request_processing/middleware/auth_context.py:480}}
Nov 29 13:07:58 user devstack@keystone.service[46414]: DEBUG keystone.server.flask.request_processing.req_logging [None req-ce880de0-2e4b-4c0c-ae0a-afd71f7b0bbc None admin] REQUEST_METHOD: `GET` {{(pid=46414) log_request_info /opt/stack/keystone/keystone/server/flask/request_processing/req_logging.py:27}}
Nov 29 13:07:58 user devstack@keystone.service[46414]: DEBUG keystone.server.flask.request_processing.req_logging [None req-ce880de0-2e4b-4c0c-ae0a-afd71f7b0bbc None admin] SCRIPT_NAME: `/identity` {{(pid=46414) log_request_info /opt/stack/keystone/keystone/server/flask/request_processing/req_logging.py:28}}
Nov 29 13:07:58 user devstack@keystone.service[46414]: DEBUG keystone.server.flask.request_processing.req_logging [None req-ce880de0-2e4b-4c0c-ae0a-afd71f7b0bbc None admin] PATH_INFO: `/v3/role_assignments` {{(pid=46414) log_request_info /opt/stack/keystone/keystone/server/flask/request_processing/req_logging.py:29}}
Nov 29 13:07:58 user devstack@keystone.service[46414]: DEBUG keystone.common.rbac_enforcer.enforcer [None req-ce880de0-2e4b-4c0c-ae0a-afd71f7b0bbc None admin] RBAC: Adding query filter params (role.id=20637c677dd44eeca6559bf71b708987, scope.project.id=5a5313a245b442fd8928ef4899cff1da, user.id=1ab39e51f613408da33366dc31089a51) {{(pid=46414) _extract_filter_values /opt/stack/keystone/keystone/common/rbac_enforcer/enforcer.py:167}}
Nov 29 13:07:58 user devstack@keystone.service[46414]: DEBUG keystone.common.rbac_enforcer.enforcer [None req-ce880de0-2e4b-4c0c-ae0a-afd71f7b0bbc None admin] RBAC: Authorizing `identity:list_role_assignments()` {{(pid=46414) enforce_call /opt/stack/keystone/keystone/common/rbac_enforcer/enforcer.py:449}}
Nov 29 13:07:58 user devstack@keystone.service[46414]: DEBUG keystone.common.rbac_enforcer.enforcer [None req-ce880de0-2e4b-4c0c-ae0a-afd71f7b0bbc None admin] RBAC: Authorization granted {{(pid=46414) enforce_call /opt/stack/keystone/keystone/common/rbac_enforcer/enforcer.py:457}}
Nov 29 13:07:58 user devstack@keystone.service[46414]: [pid: 46414|app: 0|req: 69/207] 10.0.0.210 () {56 vars in 1369 bytes} [Wed Nov 29 13:07:58 2023] GET /identity/v3/role_assignments?user.id=1ab39e51f613408da33366dc31089a51&scope.project.id=5a5313a245b442fd8928ef4899cff1da&role.id=20637c677dd44eeca6559bf71b708987 => generated 606 bytes in 158 msecs (HTTP/1.1 200) 5 headers in 177 bytes (1 switches on core 0)
Nov 29 13:07:59 user devstack@keystone.service[46412]: DEBUG keystone.server.flask.request_processing.req_logging [None req-613b2a5a-8ba1-4339-9312-03175aece738 None None] REQUEST_METHOD: `GET` {{(pid=46412) log_request_info /opt/stack/keystone/keystone/server/flask/request_processing/req_logging.py:27}}
Nov 29 13:07:59 user devstack@keystone.service[46412]: DEBUG keystone.server.flask.request_processing.req_logging [None req-613b2a5a-8ba1-4339-9312-03175aece738 None None] SCRIPT_NAME: `/identity` {{(pid=46412) log_request_info /opt/stack/keystone/keystone/server/flask/request_processing/req_logging.py:28}}
Nov 29 13:07:59 user devstack@keystone.service[46412]: DEBUG keystone.server.flask.request_processing.req_logging [None req-613b2a5a-8ba1-4339-9312-03175aece738 None None] PATH_INFO: `/` {{(pid=46412) log_request_info /opt/stack/keystone/keystone/server/flask/request_processing/req_logging.py:29}}
Nov 29 13:07:59 user devstack@keystone.service[46412]: [pid: 46412|app: 0|req: 72/208] 10.0.0.210 () {54 vars in 921 bytes} [Wed Nov 29 13:07:59 2023] GET /identity => generated 269 bytes in 3 msecs (HTTP/1.1 300) 6 headers in 233 bytes (1 switches on core 0)
Nov 29 13:07:59 user devstack@keystone.service[46413]: DEBUG keystone.server.flask.request_processing.req_logging [None req-3dbaa500-c92f-4348-afb9-96d7cdd7b190 None None] REQUEST_METHOD: `POST` {{(pid=46413) log_request_info /opt/stack/keystone/keystone/server/flask/request_processing/req_logging.py:27}}
Nov 29 13:07:59 user devstack@keystone.service[46413]: DEBUG keystone.server.flask.request_processing.req_logging [None req-3dbaa500-c92f-4348-afb9-96d7cdd7b190 None None] SCRIPT_NAME: `/identity` {{(pid=46413) log_request_info /opt/stack/keystone/keystone/server/flask/request_processing/req_logging.py:28}}
Nov 29 13:07:59 user devstack@keystone.service[46413]: DEBUG keystone.server.flask.request_processing.req_logging [None req-3dbaa500-c92f-4348-afb9-96d7cdd7b190 None None] PATH_INFO: `/v3/auth/tokens` {{(pid=46413) log_request_info /opt/stack/keystone/keystone/server/flask/request_processing/req_logging.py:29}}
