Nov 29 13:07:59 user devstack@keystone.service[46413]: WARNING keystone.common.password_hashing [None req-3dbaa500-c92f-4348-afb9-96d7cdd7b190 None None] Truncating password to algorithm specific maximum length 72 characters.
Nov 29 13:07:59 user devstack@keystone.service[46413]: DEBUG keystone.auth.core [None req-3dbaa500-c92f-4348-afb9-96d7cdd7b190 None None] MFA Rules not processed for user `72e8dcedaaf54217ab463c8a41c66057`. Rule list: `[]` (Enabled: `True`). {{(pid=46413) check_auth_methods_against_rules /opt/stack/keystone/keystone/auth/core.py:438}}
Nov 29 13:07:59 user devstack@keystone.service[46413]: DEBUG keystone.common.fernet_utils [None req-3dbaa500-c92f-4348-afb9-96d7cdd7b190 None None] Loaded 2 Fernet keys from /etc/keystone/fernet-keys/, but `[fernet_tokens] max_active_keys = 3`; perhaps there have not been enough key rotations to reach `max_active_keys` yet? {{(pid=46413) load_keys /opt/stack/keystone/keystone/common/fernet_utils.py:286}}
Nov 29 13:07:59 user devstack@keystone.service[46414]: DEBUG keystone.server.flask.request_processing.req_logging [None req-b085e87a-f603-4c17-b226-0efcd07adee8 None None] REQUEST_METHOD: `GET` {{(pid=46414) log_request_info /opt/stack/keystone/keystone/server/flask/request_processing/req_logging.py:27}}
Nov 29 13:07:59 user devstack@keystone.service[46414]: DEBUG keystone.server.flask.request_processing.req_logging [None req-b085e87a-f603-4c17-b226-0efcd07adee8 None None] SCRIPT_NAME: `/identity` {{(pid=46414) log_request_info /opt/stack/keystone/keystone/server/flask/request_processing/req_logging.py:28}}
Nov 29 13:07:59 user devstack@keystone.service[46414]: DEBUG keystone.server.flask.request_processing.req_logging [None req-b085e87a-f603-4c17-b226-0efcd07adee8 None None] PATH_INFO: `/` {{(pid=46414) log_request_info /opt/stack/keystone/keystone/server/flask/request_processing/req_logging.py:29}}
Nov 29 13:07:59 user devstack@keystone.service[46414]: [pid: 46414|app: 0|req: 70/209] 10.0.0.210 () {54 vars in 921 bytes} [Wed Nov 29 13:07:59 2023] GET /identity => generated 269 bytes in 3 msecs (HTTP/1.1 300) 6 headers in 233 bytes (1 switches on core 0)
Nov 29 13:07:59 user devstack@keystone.service[46412]: DEBUG keystone.server.flask.request_processing.req_logging [None req-a499c84f-d00b-4e0e-9814-147b1a6d4f1d None None] REQUEST_METHOD: `POST` {{(pid=46412) log_request_info /opt/stack/keystone/keystone/server/flask/request_processing/req_logging.py:27}}
Nov 29 13:07:59 user devstack@keystone.service[46412]: DEBUG keystone.server.flask.request_processing.req_logging [None req-a499c84f-d00b-4e0e-9814-147b1a6d4f1d None None] SCRIPT_NAME: `/identity` {{(pid=46412) log_request_info /opt/stack/keystone/keystone/server/flask/request_processing/req_logging.py:28}}
Nov 29 13:07:59 user devstack@keystone.service[46412]: DEBUG keystone.server.flask.request_processing.req_logging [None req-a499c84f-d00b-4e0e-9814-147b1a6d4f1d None None] PATH_INFO: `/v3/auth/tokens` {{(pid=46412) log_request_info /opt/stack/keystone/keystone/server/flask/request_processing/req_logging.py:29}}
Nov 29 13:07:59 user devstack@keystone.service[46413]: [pid: 46413|app: 0|req: 68/210] 10.0.0.210 () {58 vars in 1018 bytes} [Wed Nov 29 13:07:59 2023] POST /identity/v3/auth/tokens => generated 861 bytes in 89 msecs (HTTP/1.1 201) 6 headers in 363 bytes (1 switches on core 0)
Nov 29 13:07:59 user devstack@keystone.service[46412]: WARNING keystone.common.password_hashing [None req-a499c84f-d00b-4e0e-9814-147b1a6d4f1d None None] Truncating password to algorithm specific maximum length 72 characters.
Nov 29 13:07:59 user devstack@keystone.service[46412]: DEBUG keystone.auth.core [None req-a499c84f-d00b-4e0e-9814-147b1a6d4f1d None None] MFA Rules not processed for user `72e8dcedaaf54217ab463c8a41c66057`. Rule list: `[]` (Enabled: `True`). {{(pid=46412) check_auth_methods_against_rules /opt/stack/keystone/keystone/auth/core.py:438}}
Nov 29 13:07:59 user devstack@keystone.service[46412]: DEBUG keystone.common.fernet_utils [None req-a499c84f-d00b-4e0e-9814-147b1a6d4f1d None None] Loaded 2 Fernet keys from /etc/keystone/fernet-keys/, but `[fernet_tokens] max_active_keys = 3`; perhaps there have not been enough key rotations to reach `max_active_keys` yet? {{(pid=46412) load_keys /opt/stack/keystone/keystone/common/fernet_utils.py:286}}
Nov 29 13:07:59 user devstack@keystone.service[46414]: DEBUG keystone.server.flask.request_processing.req_logging [None req-59c81bb1-f6d8-48c0-87b4-bd4e07b188ca None None] REQUEST_METHOD: `GET` {{(pid=46414) log_request_info /opt/stack/keystone/keystone/server/flask/request_processing/req_logging.py:27}}
Nov 29 13:07:59 user devstack@keystone.service[46414]: DEBUG keystone.server.flask.request_processing.req_logging [None req-59c81bb1-f6d8-48c0-87b4-bd4e07b188ca None None] SCRIPT_NAME: `/identity` {{(pid=46414) log_request_info /opt/stack/keystone/keystone/server/flask/request_processing/req_logging.py:28}}
Nov 29 13:07:59 user devstack@keystone.service[46414]: DEBUG keystone.server.flask.request_processing.req_logging [None req-59c81bb1-f6d8-48c0-87b4-bd4e07b188ca None None] PATH_INFO: `/` {{(pid=46414) log_request_info /opt/stack/keystone/keystone/server/flask/request_processing/req_logging.py:29}}
Nov 29 13:07:59 user devstack@keystone.service[46414]: [pid: 46414|app: 0|req: 71/211] 10.0.0.210 () {54 vars in 921 bytes} [Wed Nov 29 13:07:59 2023] GET /identity => generated 269 bytes in 2 msecs (HTTP/1.1 300) 6 headers in 233 bytes (1 switches on core 0)
Nov 29 13:07:59 user devstack@keystone.service[46413]: DEBUG keystone.server.flask.request_processing.req_logging [None req-79a44f94-ca2e-4c60-945f-c532473aa7d6 None None] REQUEST_METHOD: `POST` {{(pid=46413) log_request_info /opt/stack/keystone/keystone/server/flask/request_processing/req_logging.py:27}}
Nov 29 13:07:59 user devstack@keystone.service[46413]: DEBUG keystone.server.flask.request_processing.req_logging [None req-79a44f94-ca2e-4c60-945f-c532473aa7d6 None None] SCRIPT_NAME: `/identity` {{(pid=46413) log_request_info /opt/stack/keystone/keystone/server/flask/request_processing/req_logging.py:28}}
Nov 29 13:07:59 user devstack@keystone.service[46413]: DEBUG keystone.server.flask.request_processing.req_logging [None req-79a44f94-ca2e-4c60-945f-c532473aa7d6 None None] PATH_INFO: `/v3/auth/tokens` {{(pid=46413) log_request_info /opt/stack/keystone/keystone/server/flask/request_processing/req_logging.py:29}}
Nov 29 13:07:59 user devstack@keystone.service[46413]: WARNING keystone.common.password_hashing [None req-79a44f94-ca2e-4c60-945f-c532473aa7d6 None None] Truncating password to algorithm specific maximum length 72 characters.
Nov 29 13:07:59 user devstack@keystone.service[46413]: DEBUG keystone.auth.core [None req-79a44f94-ca2e-4c60-945f-c532473aa7d6 None None] MFA Rules not processed for user `72e8dcedaaf54217ab463c8a41c66057`. Rule list: `[]` (Enabled: `True`). {{(pid=46413) check_auth_methods_against_rules /opt/stack/keystone/keystone/auth/core.py:438}}
Nov 29 13:07:59 user devstack@keystone.service[46413]: DEBUG keystone.common.fernet_utils [None req-79a44f94-ca2e-4c60-945f-c532473aa7d6 None None] Loaded 2 Fernet keys from /etc/keystone/fernet-keys/, but `[fernet_tokens] max_active_keys = 3`; perhaps there have not been enough key rotations to reach `max_active_keys` yet? {{(pid=46413) load_keys /opt/stack/keystone/keystone/common/fernet_utils.py:286}}
Nov 29 13:07:59 user devstack@keystone.service[46412]: [pid: 46412|app: 0|req: 73/212] 10.0.0.210 () {58 vars in 1018 bytes} [Wed Nov 29 13:07:59 2023] POST /identity/v3/auth/tokens => generated 861 bytes in 88 msecs (HTTP/1.1 201) 6 headers in 363 bytes (1 switches on core 0)
Nov 29 13:07:59 user devstack@keystone.service[46413]: [pid: 46413|app: 0|req: 69/213] 10.0.0.210 () {58 vars in 1018 bytes} [Wed Nov 29 13:07:59 2023] POST /identity/v3/auth/tokens => generated 861 bytes in 124 msecs (HTTP/1.1 201) 6 headers in 363 bytes (1 switches on core 0)
Nov 29 13:07:59 user devstack@keystone.service[46414]: DEBUG keystone.server.flask.request_processing.middleware.auth_context [None req-59c81bb1-f6d8-48c0-87b4-bd4e07b188ca None None] Authenticating user token {{(pid=46414) process_request /opt/stack/data/venv/lib/python3.10/site-packages/keystonemiddleware/auth_token/__init__.py:406}}
Nov 29 13:07:59 user devstack@keystone.service[46412]: DEBUG keystone.server.flask.request_processing.middleware.auth_context [None req-a499c84f-d00b-4e0e-9814-147b1a6d4f1d None None] Authenticating user token {{(pid=46412) process_request /opt/stack/data/venv/lib/python3.10/site-packages/keystonemiddleware/auth_token/__init__.py:406}}
Nov 29 13:07:59 user devstack@keystone.service[46414]: DEBUG keystone.server.flask.request_processing.middleware.auth_context [None req-59c81bb1-f6d8-48c0-87b4-bd4e07b188ca None None] Validating token access rules against request {{(pid=46414) validate_allowed_request /opt/stack/data/venv/lib/python3.10/site-packages/keystonemiddleware/auth_token/__init__.py:544}}
Nov 29 13:08:00 user devstack@keystone.service[46414]: DEBUG keystone.server.flask.request_processing.middleware.auth_context [None req-df506136-2541-46dd-838e-eb837925ca64 None admin] RBAC: auth_context: {'token': , 'domain_id': None, 'trust_id': None, 'trustor_id': None, 'trustee_id': None, 'domain_name': None, 'group_ids': [], 'user_id': '72e8dcedaaf54217ab463c8a41c66057', 'user_domain_id': 'default', 'system_scope': 'all', 'project_id': None, 'project_domain_id': None, 'roles': ['admin', 'manager', 'member', 'reader'], 'is_admin_project': True, 'service_user_id': None, 'service_user_domain_id': None, 'service_project_id': None, 'service_project_domain_id': None, 'service_roles': []} {{(pid=46414) fill_context /opt/stack/keystone/keystone/server/flask/request_processing/middleware/auth_context.py:480}}
Nov 29 13:08:00 user devstack@keystone.service[46414]: DEBUG keystone.server.flask.request_processing.req_logging [None req-df506136-2541-46dd-838e-eb837925ca64 None admin] REQUEST_METHOD: `GET` {{(pid=46414) log_request_info /opt/stack/keystone/keystone/server/flask/request_processing/req_logging.py:27}}
Nov 29 13:08:00 user devstack@keystone.service[46414]: DEBUG keystone.server.flask.request_processing.req_logging [None req-df506136-2541-46dd-838e-eb837925ca64 None admin] SCRIPT_NAME: `/identity` {{(pid=46414) log_request_info /opt/stack/keystone/keystone/server/flask/request_processing/req_logging.py:28}}
Nov 29 13:08:00 user devstack@keystone.service[46414]: DEBUG keystone.server.flask.request_processing.req_logging [None req-df506136-2541-46dd-838e-eb837925ca64 None admin] PATH_INFO: `/v3/roles/member` {{(pid=46414) log_request_info /opt/stack/keystone/keystone/server/flask/request_processing/req_logging.py:29}}
Nov 29 13:08:00 user devstack@keystone.service[46414]: DEBUG keystone.common.rbac_enforcer.enforcer [None req-df506136-2541-46dd-838e-eb837925ca64 None admin] Extracting inferred target data resulted in "NOT FOUND (404)". {{(pid=46414) enforce_call /opt/stack/keystone/keystone/common/rbac_enforcer/enforcer.py:409}}
Nov 29 13:08:00 user devstack@keystone.service[46414]: ERROR keystone.server.flask.application [None req-df506136-2541-46dd-838e-eb837925ca64 None admin] Could not find role: member.: keystone.exception.RoleNotFound: Could not find role: member.
Nov 29 13:08:00 user devstack@keystone.service[46414]: ERROR keystone.server.flask.application
Traceback (most recent call last):
Nov 29 13:08:00 user devstack@keystone.service[46414]: ERROR keystone.server.flask.application
File "/opt/stack/data/venv/lib/python3.10/site-packages/flask/app.py", line 1823, in full_dispatch_request
Nov 29 13:08:00 user devstack@keystone.service[46414]: ERROR keystone.server.flask.application rv = self.dispatch_request()
Nov 29 13:08:00 user devstack@keystone.service[46414]: ERROR keystone.server.flask.application
File "/opt/stack/data/venv/lib/python3.10/site-packages/flask/app.py", line 1799, in dispatch_request
Nov 29 13:08:00 user devstack@keystone.service[46414]: ERROR keystone.server.flask.application return self.ensure_sync(self.view_functions[rule.endpoint])(**view_args)
Nov 29 13:08:00 user devstack@keystone.service[46414]: ERROR keystone.server.flask.application
File "/opt/stack/data/venv/lib/python3.10/site-packages/flask_restful/__init__.py", line 489, in wrapper
Nov 29 13:08:00 user devstack@keystone.service[46414]: ERROR keystone.server.flask.application resp = resource(*args, **kwargs)
Nov 29 13:08:00 user devstack@keystone.service[46414]: ERROR keystone.server.flask.application
File "/opt/stack/data/venv/lib/python3.10/site-packages/flask/views.py", line 107, in view
Nov 29 13:08:00 user devstack@keystone.service[46414]: ERROR keystone.server.flask.application return current_app.ensure_sync(self.dispatch_request)(**kwargs)
Nov 29 13:08:00 user devstack@keystone.service[46414]: ERROR keystone.server.flask.application
File "/opt/stack/data/venv/lib/python3.10/site-packages/flask_restful/__init__.py", line 604, in dispatch_request
Nov 29 13:08:00 user devstack@keystone.service[46414]: ERROR keystone.server.flask.application resp = meth(*args, **kwargs)
Nov 29 13:08:00 user devstack@keystone.service[46414]: ERROR keystone.server.flask.application
File "/opt/stack/keystone/keystone/api/roles.py", line 50, in get
Nov 29 13:08:00 user devstack@keystone.service[46414]: ERROR keystone.server.flask.application return self._get_role(role_id)
Nov 29 13:08:00 user devstack@keystone.service[46414]: ERROR keystone.server.flask.application
File "/opt/stack/keystone/keystone/api/roles.py", line 70, in _get_role
Nov 29 13:08:00 user devstack@keystone.service[46414]: ERROR keystone.server.flask.application ENFORCER.enforce_call(action='identity:get_role')
Nov 29 13:08:00 user devstack@keystone.service[46414]: ERROR keystone.server.flask.application
File "/opt/stack/keystone/keystone/common/rbac_enforcer/enforcer.py", line 402, in enforce_call
Nov 29 13:08:00 user devstack@keystone.service[46414]: ERROR keystone.server.flask.application policy_dict.update(cls._extract_member_target_data(
Nov 29 13:08:00 user devstack@keystone.service[46414]: ERROR keystone.server.flask.application
File "/opt/stack/keystone/keystone/common/rbac_enforcer/enforcer.py", line 234, in _extract_member_target_data
Nov 29 13:08:00 user devstack@keystone.service[46414]: ERROR keystone.server.flask.application member_name: func(flask.request.view_args[key])
Nov 29 13:08:00 user devstack@keystone.service[46414]: ERROR keystone.server.flask.application
File "/opt/stack/keystone/keystone/common/manager.py", line 115, in wrapped
Nov 29 13:08:00 user devstack@keystone.service[46414]: ERROR keystone.server.flask.application __ret_val = __f(*args, **kwargs)
Nov 29 13:08:00 user devstack@keystone.service[46414]: ERROR keystone.server.flask.application
File "/opt/stack/data/venv/lib/python3.10/site-packages/decorator.py", line 232, in fun
Nov 29 13:08:00 user devstack@keystone.service[46414]: ERROR keystone.server.flask.application return caller(func, *(extras + args), **kw)
Nov 29 13:08:00 user devstack@keystone.service[46414]: ERROR keystone.server.flask.application
File "/opt/stack/data/venv/lib/python3.10/site-packages/dogpile/cache/region.py", line 1594, in get_or_create_for_user_func
Nov 29 13:08:00 user devstack@keystone.service[46414]: ERROR keystone.server.flask.application return self.get_or_create(
Nov 29 13:08:00 user devstack@keystone.service[46414]: ERROR keystone.server.flask.application
File "/opt/stack/data/venv/lib/python3.10/site-packages/dogpile/cache/region.py", line 1054, in get_or_create
Nov 29 13:08:00 user devstack@keystone.service[46414]: ERROR keystone.server.flask.application with Lock(
Nov 29 13:08:00 user devstack@keystone.service[46414]: ERROR keystone.server.flask.application
File "/opt/stack/data/venv/lib/python3.10/site-packages/dogpile/lock.py", line 185, in __enter__
Nov 29 13:08:00 user devstack@keystone.service[46414]: ERROR keystone.server.flask.application return self._enter()
Nov 29 13:08:00 user devstack@keystone.service[46414]: ERROR keystone.server.flask.application
File "/opt/stack/data/venv/lib/python3.10/site-packages/dogpile/lock.py", line 94, in _enter
Nov 29 13:08:00 user devstack@keystone.service[46414]: ERROR keystone.server.flask.application generated = self._enter_create(value, createdtime)
Nov 29 13:08:00 user devstack@keystone.service[46414]: ERROR keystone.server.flask.application
File "/opt/stack/data/venv/lib/python3.10/site-packages/dogpile/lock.py", line 178, in _enter_create
Nov 29 13:08:00 user devstack@keystone.service[46414]: ERROR keystone.server.flask.application return self.creator()
Nov 29 13:08:00 user devstack@keystone.service[46414]: ERROR keystone.server.flask.application
File "/opt/stack/data/venv/lib/python3.10/site-packages/dogpile/cache/region.py", line 1007, in gen_value
Nov 29 13:08:00 user devstack@keystone.service[46414]: ERROR keystone.server.flask.application created_value = creator(
Nov 29 13:08:00 user devstack@keystone.service[46414]: ERROR keystone.server.flask.application
File "/opt/stack/keystone/keystone/assignment/core.py", line 1276, in get_role
Nov 29 13:08:00 user devstack@keystone.service[46414]: ERROR keystone.server.flask.application return self.driver.get_role(role_id)
Nov 29 13:08:00 user devstack@keystone.service[46414]: ERROR keystone.server.flask.application
File "/opt/stack/keystone/keystone/assignment/role_backends/sql.py", line 70, in get_role
Nov 29 13:08:00 user devstack@keystone.service[46414]: ERROR keystone.server.flask.application return self._get_role(session, role_id).to_dict()
Nov 29 13:08:00 user devstack@keystone.service[46414]: ERROR keystone.server.flask.application
File "/opt/stack/keystone/keystone/assignment/role_backends/sql.py", line 65, in _get_role
Nov 29 13:08:00 user devstack@keystone.service[46414]: ERROR keystone.server.flask.application raise exception.RoleNotFound(role_id=role_id)
Nov 29 13:08:00 user devstack@keystone.service[46414]: ERROR keystone.server.flask.application keystone.exception.RoleNotFound: Could not find role: member.
Nov 29 13:08:00 user devstack@keystone.service[46414]: ERROR keystone.server.flask.application
Nov 29 13:08:00 user devstack@keystone.service[46414]: [pid: 46414|app: 0|req: 72/214] 10.0.0.210 () {56 vars in 1094 bytes} [Wed Nov 29 13:07:59 2023] GET /identity/v3/roles/member => generated 84 bytes in 147 msecs (HTTP/1.1 404) 5 headers in 183 bytes (1 switches on core 0)
Nov 29 13:08:00 user devstack@keystone.service[46413]: DEBUG keystone.server.flask.request_processing.middleware.auth_context [None req-79a44f94-ca2e-4c60-945f-c532473aa7d6 None None] Authenticating user token {{(pid=46413) process_request /opt/stack/data/venv/lib/python3.10/site-packages/keystonemiddleware/auth_token/__init__.py:406}}
Nov 29 13:08:00 user devstack@keystone.service[46414]: DEBUG keystone.server.flask.request_processing.middleware.auth_context [None req-df506136-2541-46dd-838e-eb837925ca64 None admin] Authenticating user token {{(pid=46414) process_request /opt/stack/data/venv/lib/python3.10/site-packages/keystonemiddleware/auth_token/__init__.py:406}}
Nov 29 13:08:00 user devstack@keystone.service[46412]: DEBUG keystone.server.flask.request_processing.middleware.auth_context [None req-a499c84f-d00b-4e0e-9814-147b1a6d4f1d None None] Validating token access rules against request {{(pid=46412) validate_allowed_request /opt/stack/data/venv/lib/python3.10/site-packages/keystonemiddleware/auth_token/__init__.py:544}}
Nov 29 13:08:00 user devstack@keystone.service[46412]: DEBUG keystone.server.flask.request_processing.middleware.auth_context [None req-9b89fb7b-9963-428f-87ca-e43049452973 None admin] RBAC: auth_context: {'token': , 'domain_id': None, 'trust_id': None, 'trustor_id': None, 'trustee_id': None, 'domain_name': None, 'group_ids': [], 'user_id': '72e8dcedaaf54217ab463c8a41c66057', 'user_domain_id': 'default', 'system_scope': 'all', 'project_id': None, 'project_domain_id': None, 'roles': ['admin', 'manager', 'member', 'reader'], 'is_admin_project': True, 'service_user_id': None, 'service_user_domain_id': None, 'service_project_id': None, 'service_project_domain_id': None, 'service_roles': []} {{(pid=46412) fill_context /opt/stack/keystone/keystone/server/flask/request_processing/middleware/auth_context.py:480}}
Nov 29 13:08:00 user devstack@keystone.service[46412]: DEBUG keystone.server.flask.request_processing.req_logging [None req-9b89fb7b-9963-428f-87ca-e43049452973 None admin] REQUEST_METHOD: `GET` {{(pid=46412) log_request_info /opt/stack/keystone/keystone/server/flask/request_processing/req_logging.py:27}}
Nov 29 13:08:00 user devstack@keystone.service[46412]: DEBUG keystone.server.flask.request_processing.req_logging [None req-9b89fb7b-9963-428f-87ca-e43049452973 None admin] SCRIPT_NAME: `/identity` {{(pid=46412) log_request_info /opt/stack/keystone/keystone/server/flask/request_processing/req_logging.py:28}}
Nov 29 13:08:00 user devstack@keystone.service[46412]: DEBUG keystone.server.flask.request_processing.req_logging [None req-9b89fb7b-9963-428f-87ca-e43049452973 None admin] PATH_INFO: `/v3/domains/default` {{(pid=46412) log_request_info /opt/stack/keystone/keystone/server/flask/request_processing/req_logging.py:29}}
Nov 29 13:08:00 user devstack@keystone.service[46412]: DEBUG keystone.common.rbac_enforcer.enforcer [None req-9b89fb7b-9963-428f-87ca-e43049452973 None admin] RBAC: Authorizing `identity:get_domain(domain_id=default)` {{(pid=46412) enforce_call /opt/stack/keystone/keystone/common/rbac_enforcer/enforcer.py:449}}
Nov 29 13:08:00 user devstack@keystone.service[46412]: DEBUG keystone.common.rbac_enforcer.enforcer [None req-9b89fb7b-9963-428f-87ca-e43049452973 None admin] RBAC: Authorization granted {{(pid=46412) enforce_call /opt/stack/keystone/keystone/common/rbac_enforcer/enforcer.py:457}}
Nov 29 13:08:00 user devstack@keystone.service[46412]: [pid: 46412|app: 0|req: 74/215] 10.0.0.210 () {56 vars in 1103 bytes} [Wed Nov 29 13:07:59 2023] GET /identity/v3/domains/default => generated 198 bytes in 155 msecs (HTTP/1.1 200) 5 headers in 177 bytes (1 switches on core 0)
Nov 29 13:08:00 user devstack@keystone.service[46412]: DEBUG keystone.server.flask.request_processing.middleware.auth_context [None req-9b89fb7b-9963-428f-87ca-e43049452973 None admin] Authenticating user token {{(pid=46412) process_request /opt/stack/data/venv/lib/python3.10/site-packages/keystonemiddleware/auth_token/__init__.py:406}}
Nov 29 13:08:00 user devstack@keystone.service[46414]: DEBUG keystone.server.flask.request_processing.middleware.auth_context [None req-df506136-2541-46dd-838e-eb837925ca64 None admin] Validating token access rules against request {{(pid=46414) validate_allowed_request /opt/stack/data/venv/lib/python3.10/site-packages/keystonemiddleware/auth_token/__init__.py:544}}
Nov 29 13:08:00 user devstack@keystone.service[46413]: DEBUG keystone.server.flask.request_processing.middleware.auth_context [None req-79a44f94-ca2e-4c60-945f-c532473aa7d6 None None] Validating token access rules against request {{(pid=46413) validate_allowed_request /opt/stack/data/venv/lib/python3.10/site-packages/keystonemiddleware/auth_token/__init__.py:544}}
Nov 29 13:08:00 user devstack@keystone.service[46414]: DEBUG keystone.server.flask.request_processing.middleware.auth_context [None req-1f8a27d2-8aff-4b75-aaff-db450fe4d9d3 None admin] RBAC: auth_context: {'token': , 'domain_id': None, 'trust_id': None, 'trustor_id': None, 'trustee_id': None, 'domain_name': None, 'group_ids': [], 'user_id': '72e8dcedaaf54217ab463c8a41c66057', 'user_domain_id': 'default', 'system_scope': 'all', 'project_id': None, 'project_domain_id': None, 'roles': ['admin', 'manager', 'member', 'reader'], 'is_admin_project': True, 'service_user_id': None, 'service_user_domain_id': None, 'service_project_id': None, 'service_project_domain_id': None, 'service_roles': []} {{(pid=46414) fill_context /opt/stack/keystone/keystone/server/flask/request_processing/middleware/auth_context.py:480}}
Nov 29 13:08:00 user devstack@keystone.service[46414]: DEBUG keystone.server.flask.request_processing.req_logging [None req-1f8a27d2-8aff-4b75-aaff-db450fe4d9d3 None admin] REQUEST_METHOD: `GET` {{(pid=46414) log_request_info /opt/stack/keystone/keystone/server/flask/request_processing/req_logging.py:27}}
Nov 29 13:08:00 user devstack@keystone.service[46414]: DEBUG keystone.server.flask.request_processing.req_logging [None req-1f8a27d2-8aff-4b75-aaff-db450fe4d9d3 None admin] SCRIPT_NAME: `/identity` {{(pid=46414) log_request_info /opt/stack/keystone/keystone/server/flask/request_processing/req_logging.py:28}}
Nov 29 13:08:00 user devstack@keystone.service[46414]: DEBUG keystone.server.flask.request_processing.req_logging [None req-1f8a27d2-8aff-4b75-aaff-db450fe4d9d3 None admin] PATH_INFO: `/v3/roles/reader` {{(pid=46414) log_request_info /opt/stack/keystone/keystone/server/flask/request_processing/req_logging.py:29}}
Nov 29 13:08:00 user devstack@keystone.service[46413]: DEBUG keystone.server.flask.request_processing.middleware.auth_context [None req-8b0ec93a-5688-4a00-9a20-5d91692cfe20 None admin] RBAC: auth_context: {'token': , 'domain_id': None, 'trust_id': None, 'trustor_id': None, 'trustee_id': None, 'domain_name': None, 'group_ids': [], 'user_id': '72e8dcedaaf54217ab463c8a41c66057', 'user_domain_id': 'default', 'system_scope': 'all', 'project_id': None, 'project_domain_id': None, 'roles': ['admin', 'manager', 'member', 'reader'], 'is_admin_project': True, 'service_user_id': None, 'service_user_domain_id': None, 'service_project_id': None, 'service_project_domain_id': None, 'service_roles': []} {{(pid=46413) fill_context /opt/stack/keystone/keystone/server/flask/request_processing/middleware/auth_context.py:480}}
Nov 29 13:08:00 user devstack@keystone.service[46413]: DEBUG keystone.server.flask.request_processing.req_logging [None req-8b0ec93a-5688-4a00-9a20-5d91692cfe20 None admin] REQUEST_METHOD: `GET` {{(pid=46413) log_request_info /opt/stack/keystone/keystone/server/flask/request_processing/req_logging.py:27}}
Nov 29 13:08:00 user devstack@keystone.service[46413]: DEBUG keystone.server.flask.request_processing.req_logging [None req-8b0ec93a-5688-4a00-9a20-5d91692cfe20 None admin] SCRIPT_NAME: `/identity` {{(pid=46413) log_request_info /opt/stack/keystone/keystone/server/flask/request_processing/req_logging.py:28}}
Nov 29 13:08:00 user devstack@keystone.service[46413]: DEBUG keystone.server.flask.request_processing.req_logging [None req-8b0ec93a-5688-4a00-9a20-5d91692cfe20 None admin] PATH_INFO: `/v3/roles` {{(pid=46413) log_request_info /opt/stack/keystone/keystone/server/flask/request_processing/req_logging.py:29}}
Nov 29 13:08:00 user devstack@keystone.service[46413]: DEBUG keystone.common.rbac_enforcer.enforcer [None req-8b0ec93a-5688-4a00-9a20-5d91692cfe20 None admin] RBAC: Adding query filter params (name=member) {{(pid=46413) _extract_filter_values /opt/stack/keystone/keystone/common/rbac_enforcer/enforcer.py:167}}
Nov 29 13:08:00 user devstack@keystone.service[46414]: DEBUG keystone.common.rbac_enforcer.enforcer [None req-1f8a27d2-8aff-4b75-aaff-db450fe4d9d3 None admin] Extracting inferred target data resulted in "NOT FOUND (404)". {{(pid=46414) enforce_call /opt/stack/keystone/keystone/common/rbac_enforcer/enforcer.py:409}}
Nov 29 13:08:00 user devstack@keystone.service[46413]: DEBUG keystone.common.rbac_enforcer.enforcer [None req-8b0ec93a-5688-4a00-9a20-5d91692cfe20 None admin] RBAC: Authorizing `identity:list_roles()` {{(pid=46413) enforce_call /opt/stack/keystone/keystone/common/rbac_enforcer/enforcer.py:449}}
Nov 29 13:08:00 user devstack@keystone.service[46413]: DEBUG keystone.common.rbac_enforcer.enforcer [None req-8b0ec93a-5688-4a00-9a20-5d91692cfe20 None admin] RBAC: Authorization granted {{(pid=46413) enforce_call /opt/stack/keystone/keystone/common/rbac_enforcer/enforcer.py:457}}
Nov 29 13:08:00 user devstack@keystone.service[46414]: ERROR keystone.server.flask.application [None req-1f8a27d2-8aff-4b75-aaff-db450fe4d9d3 None admin] Could not find role: reader.: keystone.exception.RoleNotFound: Could not find role: reader.
Nov 29 13:08:00 user devstack@keystone.service[46414]: ERROR keystone.server.flask.application
Traceback (most recent call last):
Nov 29 13:08:00 user devstack@keystone.service[46414]: ERROR keystone.server.flask.application
File "/opt/stack/data/venv/lib/python3.10/site-packages/flask/app.py", line 1823, in full_dispatch_request
Nov 29 13:08:00 user devstack@keystone.service[46414]: ERROR keystone.server.flask.application rv = self.dispatch_request()
Nov 29 13:08:00 user devstack@keystone.service[46414]: ERROR keystone.server.flask.application
File "/opt/stack/data/venv/lib/python3.10/site-packages/flask/app.py", line 1799, in dispatch_request
Nov 29 13:08:00 user devstack@keystone.service[46414]: ERROR keystone.server.flask.application return self.ensure_sync(self.view_functions[rule.endpoint])(**view_args)
Nov 29 13:08:00 user devstack@keystone.service[46414]: ERROR keystone.server.flask.application
File "/opt/stack/data/venv/lib/python3.10/site-packages/flask_restful/__init__.py", line 489, in wrapper
Nov 29 13:08:00 user devstack@keystone.service[46414]: ERROR keystone.server.flask.application resp = resource(*args, **kwargs)
Nov 29 13:08:00 user devstack@keystone.service[46414]: ERROR keystone.server.flask.application
File "/opt/stack/data/venv/lib/python3.10/site-packages/flask/views.py", line 107, in view
Nov 29 13:08:00 user devstack@keystone.service[46414]: ERROR keystone.server.flask.application return current_app.ensure_sync(self.dispatch_request)(**kwargs)
Nov 29 13:08:00 user devstack@keystone.service[46414]: ERROR keystone.server.flask.application
File "/opt/stack/data/venv/lib/python3.10/site-packages/flask_restful/__init__.py", line 604, in dispatch_request
Nov 29 13:08:00 user devstack@keystone.service[46414]: ERROR keystone.server.flask.application resp = meth(*args, **kwargs)
Nov 29 13:08:00 user devstack@keystone.service[46414]: ERROR keystone.server.flask.application
File "/opt/stack/keystone/keystone/api/roles.py", line 50, in get
Nov 29 13:08:00 user devstack@keystone.service[46414]: ERROR keystone.server.flask.application return self._get_role(role_id)
Nov 29 13:08:00 user devstack@keystone.service[46414]: ERROR keystone.server.flask.application
File "/opt/stack/keystone/keystone/api/roles.py", line 70, in _get_role
Nov 29 13:08:00 user devstack@keystone.service[46414]: ERROR keystone.server.flask.application ENFORCER.enforce_call(action='identity:get_role')
Nov 29 13:08:00 user devstack@keystone.service[46414]: ERROR keystone.server.flask.application
File "/opt/stack/keystone/keystone/common/rbac_enforcer/enforcer.py", line 402, in enforce_call
Nov 29 13:08:00 user devstack@keystone.service[46414]: ERROR keystone.server.flask.application policy_dict.update(cls._extract_member_target_data(
Nov 29 13:08:00 user devstack@keystone.service[46414]: ERROR keystone.server.flask.application
File "/opt/stack/keystone/keystone/common/rbac_enforcer/enforcer.py", line 234, in _extract_member_target_data
Nov 29 13:08:00 user devstack@keystone.service[46414]: ERROR keystone.server.flask.application member_name: func(flask.request.view_args[key])
Nov 29 13:08:00 user devstack@keystone.service[46414]: ERROR keystone.server.flask.application
File "/opt/stack/keystone/keystone/common/manager.py", line 115, in wrapped
Nov 29 13:08:00 user devstack@keystone.service[46414]: ERROR keystone.server.flask.application __ret_val = __f(*args, **kwargs)
Nov 29 13:08:00 user devstack@keystone.service[46414]: ERROR keystone.server.flask.application
File "/opt/stack/data/venv/lib/python3.10/site-packages/decorator.py", line 232, in fun
Nov 29 13:08:00 user devstack@keystone.service[46414]: ERROR keystone.server.flask.application return caller(func, *(extras + args), **kw)
Nov 29 13:08:00 user devstack@keystone.service[46414]: ERROR keystone.server.flask.application
File "/opt/stack/data/venv/lib/python3.10/site-packages/dogpile/cache/region.py", line 1594, in get_or_create_for_user_func
Nov 29 13:08:00 user devstack@keystone.service[46414]: ERROR keystone.server.flask.application return self.get_or_create(
Nov 29 13:08:00 user devstack@keystone.service[46414]: ERROR keystone.server.flask.application
File "/opt/stack/data/venv/lib/python3.10/site-packages/dogpile/cache/region.py", line 1054, in get_or_create
Nov 29 13:08:00 user devstack@keystone.service[46414]: ERROR keystone.server.flask.application with Lock(
Nov 29 13:08:00 user devstack@keystone.service[46414]: ERROR keystone.server.flask.application
File "/opt/stack/data/venv/lib/python3.10/site-packages/dogpile/lock.py", line 185, in __enter__
Nov 29 13:08:00 user devstack@keystone.service[46414]: ERROR keystone.server.flask.application return self._enter()
Nov 29 13:08:00 user devstack@keystone.service[46414]: ERROR keystone.server.flask.application
File "/opt/stack/data/venv/lib/python3.10/site-packages/dogpile/lock.py", line 94, in _enter
Nov 29 13:08:00 user devstack@keystone.service[46414]: ERROR keystone.server.flask.application generated = self._enter_create(value, createdtime)
Nov 29 13:08:00 user devstack@keystone.service[46414]: ERROR keystone.server.flask.application
File "/opt/stack/data/venv/lib/python3.10/site-packages/dogpile/lock.py", line 178, in _enter_create
Nov 29 13:08:00 user devstack@keystone.service[46414]: ERROR keystone.server.flask.application return self.creator()
Nov 29 13:08:00 user devstack@keystone.service[46414]: ERROR keystone.server.flask.application
File "/opt/stack/data/venv/lib/python3.10/site-packages/dogpile/cache/region.py", line 1007, in gen_value
Nov 29 13:08:00 user devstack@keystone.service[46414]: ERROR keystone.server.flask.application created_value = creator(
Nov 29 13:08:00 user devstack@keystone.service[46414]: ERROR keystone.server.flask.application
File "/opt/stack/keystone/keystone/assignment/core.py", line 1276, in get_role
Nov 29 13:08:00 user devstack@keystone.service[46414]: ERROR keystone.server.flask.application return self.driver.get_role(role_id)
Nov 29 13:08:00 user devstack@keystone.service[46414]: ERROR keystone.server.flask.application
File "/opt/stack/keystone/keystone/assignment/role_backends/sql.py", line 70, in get_role
Nov 29 13:08:00 user devstack@keystone.service[46414]: ERROR keystone.server.flask.application return self._get_role(session, role_id).to_dict()
Nov 29 13:08:00 user devstack@keystone.service[46414]: ERROR keystone.server.flask.application
File "/opt/stack/keystone/keystone/assignment/role_backends/sql.py", line 65, in _get_role
Nov 29 13:08:00 user devstack@keystone.service[46414]: ERROR keystone.server.flask.application raise exception.RoleNotFound(role_id=role_id)
Nov 29 13:08:00 user devstack@keystone.service[46414]: ERROR keystone.server.flask.application keystone.exception.RoleNotFound: Could not find role: reader.
Nov 29 13:08:00 user devstack@keystone.service[46414]: ERROR keystone.server.flask.application
Nov 29 13:08:00 user devstack@keystone.service[46414]: [pid: 46414|app: 0|req: 73/216] 10.0.0.210 () {56 vars in 1094 bytes} [Wed Nov 29 13:08:00 2023] GET /identity/v3/roles/reader => generated 84 bytes in 143 msecs (HTTP/1.1 404) 5 headers in 183 bytes (1 switches on core 0)
Nov 29 13:08:00 user devstack@keystone.service[46414]: DEBUG keystone.server.flask.request_processing.middleware.auth_context [None req-1f8a27d2-8aff-4b75-aaff-db450fe4d9d3 None admin] Authenticating user token {{(pid=46414) process_request /opt/stack/data/venv/lib/python3.10/site-packages/keystonemiddleware/auth_token/__init__.py:406}}
Nov 29 13:08:00 user devstack@keystone.service[46413]: [pid: 46413|app: 0|req: 70/217] 10.0.0.210 () {56 vars in 1096 bytes} [Wed Nov 29 13:08:00 2023] GET /identity/v3/roles?name=member => generated 339 bytes in 187 msecs (HTTP/1.1 200) 5 headers in 177 bytes (1 switches on core 0)
Nov 29 13:08:00 user devstack@keystone.service[46413]: DEBUG keystone.server.flask.request_processing.middleware.auth_context [None req-8b0ec93a-5688-4a00-9a20-5d91692cfe20 None admin] Authenticating user token {{(pid=46413) process_request /opt/stack/data/venv/lib/python3.10/site-packages/keystonemiddleware/auth_token/__init__.py:406}}
Nov 29 13:08:00 user devstack@keystone.service[46412]: DEBUG keystone.server.flask.request_processing.middleware.auth_context [None req-9b89fb7b-9963-428f-87ca-e43049452973 None admin] Validating token access rules against request {{(pid=46412) validate_allowed_request /opt/stack/data/venv/lib/python3.10/site-packages/keystonemiddleware/auth_token/__init__.py:544}}
Nov 29 13:08:00 user devstack@keystone.service[46412]: DEBUG keystone.server.flask.request_processing.middleware.auth_context [None req-c782a653-7648-41f0-ae6a-711735c32316 None admin] RBAC: auth_context: {'token': , 'domain_id': None, 'trust_id': None, 'trustor_id': None, 'trustee_id': None, 'domain_name': None, 'group_ids': [], 'user_id': '72e8dcedaaf54217ab463c8a41c66057', 'user_domain_id': 'default', 'system_scope': 'all', 'project_id': None, 'project_domain_id': None, 'roles': ['admin', 'manager', 'member', 'reader'], 'is_admin_project': True, 'service_user_id': None, 'service_user_domain_id': None, 'service_project_id': None, 'service_project_domain_id': None, 'service_roles': []} {{(pid=46412) fill_context /opt/stack/keystone/keystone/server/flask/request_processing/middleware/auth_context.py:480}}
Nov 29 13:08:00 user devstack@keystone.service[46412]: DEBUG keystone.server.flask.request_processing.req_logging [None req-c782a653-7648-41f0-ae6a-711735c32316 None admin] REQUEST_METHOD: `POST` {{(pid=46412) log_request_info /opt/stack/keystone/keystone/server/flask/request_processing/req_logging.py:27}}
Nov 29 13:08:00 user devstack@keystone.service[46412]: DEBUG keystone.server.flask.request_processing.req_logging [None req-c782a653-7648-41f0-ae6a-711735c32316 None admin] SCRIPT_NAME: `/identity` {{(pid=46412) log_request_info /opt/stack/keystone/keystone/server/flask/request_processing/req_logging.py:28}}
Nov 29 13:08:00 user devstack@keystone.service[46412]: DEBUG keystone.server.flask.request_processing.req_logging [None req-c782a653-7648-41f0-ae6a-711735c32316 None admin] PATH_INFO: `/v3/users` {{(pid=46412) log_request_info /opt/stack/keystone/keystone/server/flask/request_processing/req_logging.py:29}}
Nov 29 13:08:00 user devstack@keystone.service[46412]: DEBUG keystone.common.rbac_enforcer.enforcer [None req-c782a653-7648-41f0-ae6a-711735c32316 None admin] RBAC: Authorizing `identity:create_user()` {{(pid=46412) enforce_call /opt/stack/keystone/keystone/common/rbac_enforcer/enforcer.py:449}}
Nov 29 13:08:00 user devstack@keystone.service[46412]: DEBUG keystone.common.rbac_enforcer.enforcer [None req-c782a653-7648-41f0-ae6a-711735c32316 None admin] RBAC: Authorization granted {{(pid=46412) enforce_call /opt/stack/keystone/keystone/common/rbac_enforcer/enforcer.py:457}}
Nov 29 13:08:00 user devstack@keystone.service[46412]: WARNING keystone.common.password_hashing [None req-c782a653-7648-41f0-ae6a-711735c32316 None admin] Truncating password to algorithm specific maximum length 72 characters.
Nov 29 13:08:00 user devstack@keystone.service[46414]: DEBUG keystone.server.flask.request_processing.middleware.auth_context [None req-1f8a27d2-8aff-4b75-aaff-db450fe4d9d3 None admin] Validating token access rules against request {{(pid=46414) validate_allowed_request /opt/stack/data/venv/lib/python3.10/site-packages/keystonemiddleware/auth_token/__init__.py:544}}
Nov 29 13:08:00 user devstack@keystone.service[46412]: [pid: 46412|app: 0|req: 75/218] 10.0.0.210 () {60 vars in 1127 bytes} [Wed Nov 29 13:08:00 2023] POST /identity/v3/users => generated 292 bytes in 187 msecs (HTTP/1.1 201) 5 headers in 182 bytes (2 switches on core 0)
Nov 29 13:08:00 user devstack@keystone.service[46413]: DEBUG keystone.server.flask.request_processing.middleware.auth_context [None req-8b0ec93a-5688-4a00-9a20-5d91692cfe20 None admin] Validating token access rules against request {{(pid=46413) validate_allowed_request /opt/stack/data/venv/lib/python3.10/site-packages/keystonemiddleware/auth_token/__init__.py:544}}
Nov 29 13:08:00 user devstack@keystone.service[46414]: DEBUG keystone.server.flask.request_processing.middleware.auth_context [None req-fca3c6c9-891e-4ec9-8343-80325772c3e6 None admin] RBAC: auth_context: {'token': , 'domain_id': None, 'trust_id': None, 'trustor_id': None, 'trustee_id': None, 'domain_name': None, 'group_ids': [], 'user_id': '72e8dcedaaf54217ab463c8a41c66057', 'user_domain_id': 'default', 'system_scope': 'all', 'project_id': None, 'project_domain_id': None, 'roles': ['admin', 'manager', 'member', 'reader'], 'is_admin_project': True, 'service_user_id': None, 'service_user_domain_id': None, 'service_project_id': None, 'service_project_domain_id': None, 'service_roles': []} {{(pid=46414) fill_context /opt/stack/keystone/keystone/server/flask/request_processing/middleware/auth_context.py:480}}
Nov 29 13:08:00 user devstack@keystone.service[46414]: DEBUG keystone.server.flask.request_processing.req_logging [None req-fca3c6c9-891e-4ec9-8343-80325772c3e6 None admin] REQUEST_METHOD: `GET` {{(pid=46414) log_request_info /opt/stack/keystone/keystone/server/flask/request_processing/req_logging.py:27}}
Nov 29 13:08:00 user devstack@keystone.service[46414]: DEBUG keystone.server.flask.request_processing.req_logging [None req-fca3c6c9-891e-4ec9-8343-80325772c3e6 None admin] SCRIPT_NAME: `/identity` {{(pid=46414) log_request_info /opt/stack/keystone/keystone/server/flask/request_processing/req_logging.py:28}}
Nov 29 13:08:00 user devstack@keystone.service[46414]: DEBUG keystone.server.flask.request_processing.req_logging [None req-fca3c6c9-891e-4ec9-8343-80325772c3e6 None admin] PATH_INFO: `/v3/roles` {{(pid=46414) log_request_info /opt/stack/keystone/keystone/server/flask/request_processing/req_logging.py:29}}
Nov 29 13:08:00 user devstack@keystone.service[46414]: DEBUG keystone.common.rbac_enforcer.enforcer [None req-fca3c6c9-891e-4ec9-8343-80325772c3e6 None admin] RBAC: Adding query filter params (name=reader) {{(pid=46414) _extract_filter_values /opt/stack/keystone/keystone/common/rbac_enforcer/enforcer.py:167}}
Nov 29 13:08:00 user devstack@keystone.service[46414]: DEBUG keystone.common.rbac_enforcer.enforcer [None req-fca3c6c9-891e-4ec9-8343-80325772c3e6 None admin] RBAC: Authorizing `identity:list_roles()` {{(pid=46414) enforce_call /opt/stack/keystone/keystone/common/rbac_enforcer/enforcer.py:449}}
Nov 29 13:08:00 user devstack@keystone.service[46414]: DEBUG keystone.common.rbac_enforcer.enforcer [None req-fca3c6c9-891e-4ec9-8343-80325772c3e6 None admin] RBAC: Authorization granted {{(pid=46414) enforce_call /opt/stack/keystone/keystone/common/rbac_enforcer/enforcer.py:457}}
Nov 29 13:08:00 user devstack@keystone.service[46414]: [pid: 46414|app: 0|req: 74/219] 10.0.0.210 () {56 vars in 1096 bytes} [Wed Nov 29 13:08:00 2023] GET /identity/v3/roles?name=reader => generated 339 bytes in 137 msecs (HTTP/1.1 200) 5 headers in 177 bytes (1 switches on core 0)
Nov 29 13:08:00 user devstack@keystone.service[46412]: DEBUG keystone.server.flask.request_processing.middleware.auth_context [None req-c782a653-7648-41f0-ae6a-711735c32316 None admin] Authenticating user token {{(pid=46412) process_request /opt/stack/data/venv/lib/python3.10/site-packages/keystonemiddleware/auth_token/__init__.py:406}}
Nov 29 13:08:00 user devstack@keystone.service[46413]: DEBUG keystone.server.flask.request_processing.middleware.auth_context [None req-b3e631f2-fabb-4acb-aad7-82cf42b00856 None admin] RBAC: auth_context: {'token': , 'domain_id': None, 'trust_id': None, 'trustor_id': None, 'trustee_id': None, 'domain_name': None, 'group_ids': [], 'user_id': '72e8dcedaaf54217ab463c8a41c66057', 'user_domain_id': 'default', 'system_scope': 'all', 'project_id': None, 'project_domain_id': None, 'roles': ['admin', 'manager', 'member', 'reader'], 'is_admin_project': True, 'service_user_id': None, 'service_user_domain_id': None, 'service_project_id': None, 'service_project_domain_id': None, 'service_roles': []} {{(pid=46413) fill_context /opt/stack/keystone/keystone/server/flask/request_processing/middleware/auth_context.py:480}}
Nov 29 13:08:00 user devstack@keystone.service[46413]: DEBUG keystone.server.flask.request_processing.req_logging [None req-b3e631f2-fabb-4acb-aad7-82cf42b00856 None admin] REQUEST_METHOD: `GET` {{(pid=46413) log_request_info /opt/stack/keystone/keystone/server/flask/request_processing/req_logging.py:27}}
Nov 29 13:08:00 user devstack@keystone.service[46413]: DEBUG keystone.server.flask.request_processing.req_logging [None req-b3e631f2-fabb-4acb-aad7-82cf42b00856 None admin] SCRIPT_NAME: `/identity` {{(pid=46413) log_request_info /opt/stack/keystone/keystone/server/flask/request_processing/req_logging.py:28}}
Nov 29 13:08:00 user devstack@keystone.service[46413]: DEBUG keystone.server.flask.request_processing.req_logging [None req-b3e631f2-fabb-4acb-aad7-82cf42b00856 None admin] PATH_INFO: `/v3/users/e6013ba431d5401fbeae52d277bd3a42` {{(pid=46413) log_request_info /opt/stack/keystone/keystone/server/flask/request_processing/req_logging.py:29}}
Nov 29 13:08:00 user devstack@keystone.service[46413]: DEBUG keystone.common.rbac_enforcer.enforcer [None req-b3e631f2-fabb-4acb-aad7-82cf42b00856 None admin] RBAC: Authorizing `identity:get_user(user_id=e6013ba431d5401fbeae52d277bd3a42)` {{(pid=46413) enforce_call /opt/stack/keystone/keystone/common/rbac_enforcer/enforcer.py:449}}
Nov 29 13:08:00 user devstack@keystone.service[46413]: DEBUG keystone.common.rbac_enforcer.enforcer [None req-b3e631f2-fabb-4acb-aad7-82cf42b00856 None admin] RBAC: Authorization granted {{(pid=46413) enforce_call /opt/stack/keystone/keystone/common/rbac_enforcer/enforcer.py:457}}
Nov 29 13:08:00 user devstack@keystone.service[46413]: [pid: 46413|app: 0|req: 71/220] 10.0.0.210 () {56 vars in 1172 bytes} [Wed Nov 29 13:08:00 2023] GET /identity/v3/users/e6013ba431d5401fbeae52d277bd3a42 => generated 292 bytes in 153 msecs (HTTP/1.1 200) 5 headers in 177 bytes (2 switches on core 0)
Nov 29 13:08:00 user devstack@keystone.service[46414]: DEBUG keystone.server.flask.request_processing.middleware.auth_context [None req-fca3c6c9-891e-4ec9-8343-80325772c3e6 None admin] Authenticating user token {{(pid=46414) process_request /opt/stack/data/venv/lib/python3.10/site-packages/keystonemiddleware/auth_token/__init__.py:406}}
Nov 29 13:08:00 user devstack@keystone.service[46412]: DEBUG keystone.server.flask.request_processing.middleware.auth_context [None req-c782a653-7648-41f0-ae6a-711735c32316 None admin] Validating token access rules against request {{(pid=46412) validate_allowed_request /opt/stack/data/venv/lib/python3.10/site-packages/keystonemiddleware/auth_token/__init__.py:544}}
Nov 29 13:08:00 user devstack@keystone.service[46414]: DEBUG keystone.server.flask.request_processing.middleware.auth_context [None req-fca3c6c9-891e-4ec9-8343-80325772c3e6 None admin] Validating token access rules against request {{(pid=46414) validate_allowed_request /opt/stack/data/venv/lib/python3.10/site-packages/keystonemiddleware/auth_token/__init__.py:544}}
Nov 29 13:08:00 user devstack@keystone.service[46412]: DEBUG keystone.server.flask.request_processing.middleware.auth_context [None req-1867f0d9-b845-4bbc-b531-45ab2241ad3a None admin] RBAC: auth_context: {'token': , 'domain_id': None, 'trust_id': None, 'trustor_id': None, 'trustee_id': None, 'domain_name': None, 'group_ids': [], 'user_id': '72e8dcedaaf54217ab463c8a41c66057', 'user_domain_id': 'default', 'system_scope': 'all', 'project_id': None, 'project_domain_id': None, 'roles': ['admin', 'manager', 'member', 'reader'], 'is_admin_project': True, 'service_user_id': None, 'service_user_domain_id': None, 'service_project_id': None, 'service_project_domain_id': None, 'service_roles': []} {{(pid=46412) fill_context /opt/stack/keystone/keystone/server/flask/request_processing/middleware/auth_context.py:480}}
Nov 29 13:08:00 user devstack@keystone.service[46412]: DEBUG keystone.server.flask.request_processing.req_logging [None req-1867f0d9-b845-4bbc-b531-45ab2241ad3a None admin] REQUEST_METHOD: `GET` {{(pid=46412) log_request_info /opt/stack/keystone/keystone/server/flask/request_processing/req_logging.py:27}}
Nov 29 13:08:00 user devstack@keystone.service[46412]: DEBUG keystone.server.flask.request_processing.req_logging [None req-1867f0d9-b845-4bbc-b531-45ab2241ad3a None admin] SCRIPT_NAME: `/identity` {{(pid=46412) log_request_info /opt/stack/keystone/keystone/server/flask/request_processing/req_logging.py:28}}
Nov 29 13:08:00 user devstack@keystone.service[46412]: DEBUG keystone.server.flask.request_processing.req_logging [None req-1867f0d9-b845-4bbc-b531-45ab2241ad3a None admin] PATH_INFO: `/v3/users/6177f4bf105f4b539f580fa31f64c8d0` {{(pid=46412) log_request_info /opt/stack/keystone/keystone/server/flask/request_processing/req_logging.py:29}}
Nov 29 13:08:00 user devstack@keystone.service[46412]: DEBUG keystone.common.rbac_enforcer.enforcer [None req-1867f0d9-b845-4bbc-b531-45ab2241ad3a None admin] RBAC: Authorizing `identity:get_user(user_id=6177f4bf105f4b539f580fa31f64c8d0)` {{(pid=46412) enforce_call /opt/stack/keystone/keystone/common/rbac_enforcer/enforcer.py:449}}
Nov 29 13:08:00 user devstack@keystone.service[46412]: DEBUG keystone.common.rbac_enforcer.enforcer [None req-1867f0d9-b845-4bbc-b531-45ab2241ad3a None admin] RBAC: Authorization granted {{(pid=46412) enforce_call /opt/stack/keystone/keystone/common/rbac_enforcer/enforcer.py:457}}
Nov 29 13:08:00 user devstack@keystone.service[46412]: [pid: 46412|app: 0|req: 76/221] 10.0.0.210 () {56 vars in 1172 bytes} [Wed Nov 29 13:08:00 2023] GET /identity/v3/users/6177f4bf105f4b539f580fa31f64c8d0 => generated 296 bytes in 135 msecs (HTTP/1.1 200) 5 headers in 177 bytes (1 switches on core 0)
