Oct 26 07:42:46 user devstack@keystone.service[45679]: DEBUG keystone.server.flask.request_processing.middleware.auth_context [None req-85d7bae2-e187-4d98-b2af-c5c5c14cdbb6 None admin] RBAC: auth_context: {'token': , 'domain_id': None, 'trust_id': None, 'trustor_id': None, 'trustee_id': None, 'domain_name': None, 'group_ids': [], 'user_id': '12d0c810ad7a4521981e4b61cc6bd0b3', 'user_domain_id': 'default', 'system_scope': 'all', 'project_id': None, 'project_domain_id': None, 'roles': ['admin', 'manager', 'member', 'reader'], 'is_admin_project': True, 'service_user_id': None, 'service_user_domain_id': None, 'service_project_id': None, 'service_project_domain_id': None, 'service_roles': []} {{(pid=45679) fill_context /opt/stack/keystone/keystone/server/flask/request_processing/middleware/auth_context.py:480}}
Oct 26 07:42:46 user devstack@keystone.service[45679]: DEBUG keystone.server.flask.request_processing.req_logging [None req-85d7bae2-e187-4d98-b2af-c5c5c14cdbb6 None admin] REQUEST_METHOD: `GET` {{(pid=45679) log_request_info /opt/stack/keystone/keystone/server/flask/request_processing/req_logging.py:27}}
Oct 26 07:42:46 user devstack@keystone.service[45679]: DEBUG keystone.server.flask.request_processing.req_logging [None req-85d7bae2-e187-4d98-b2af-c5c5c14cdbb6 None admin] SCRIPT_NAME: `/identity` {{(pid=45679) log_request_info /opt/stack/keystone/keystone/server/flask/request_processing/req_logging.py:28}}
Oct 26 07:42:46 user devstack@keystone.service[45679]: DEBUG keystone.server.flask.request_processing.req_logging [None req-85d7bae2-e187-4d98-b2af-c5c5c14cdbb6 None admin] PATH_INFO: `/v3/domains/default` {{(pid=45679) log_request_info /opt/stack/keystone/keystone/server/flask/request_processing/req_logging.py:29}}
Oct 26 07:42:46 user devstack@keystone.service[45679]: DEBUG keystone.common.rbac_enforcer.enforcer [None req-85d7bae2-e187-4d98-b2af-c5c5c14cdbb6 None admin] RBAC: Authorizing `identity:get_domain(domain_id=default)` {{(pid=45679) enforce_call /opt/stack/keystone/keystone/common/rbac_enforcer/enforcer.py:449}}
Oct 26 07:42:46 user devstack@keystone.service[45679]: DEBUG keystone.common.rbac_enforcer.enforcer [None req-85d7bae2-e187-4d98-b2af-c5c5c14cdbb6 None admin] RBAC: Authorization granted {{(pid=45679) enforce_call /opt/stack/keystone/keystone/common/rbac_enforcer/enforcer.py:457}}
Oct 26 07:42:46 user devstack@keystone.service[45679]: [pid: 45679|app: 0|req: 66/196] 10.0.0.210 () {56 vars in 1103 bytes} [Thu Oct 26 07:42:46 2023] GET /identity/v3/domains/default => generated 198 bytes in 140 msecs (HTTP/1.1 200) 5 headers in 177 bytes (1 switches on core 0)
Oct 26 07:42:46 user devstack@keystone.service[45678]: DEBUG keystone.server.flask.request_processing.middleware.auth_context [None req-a4a90a76-c508-4dec-9d23-a1d5fad124da None admin] Authenticating user token {{(pid=45678) process_request /opt/stack/data/venv/lib/python3.10/site-packages/keystonemiddleware/auth_token/__init__.py:406}}
Oct 26 07:42:46 user devstack@keystone.service[45677]: DEBUG keystone.server.flask.request_processing.middleware.auth_context [None req-c3ef983e-1815-42e6-9b66-277bef9b2574 None None] Validating token access rules against request {{(pid=45677) validate_allowed_request /opt/stack/data/venv/lib/python3.10/site-packages/keystonemiddleware/auth_token/__init__.py:544}}
Oct 26 07:42:46 user devstack@keystone.service[45677]: DEBUG keystone.server.flask.request_processing.middleware.auth_context [None req-88d7159d-9da0-4054-a5b0-481ec53e0c68 None admin] RBAC: auth_context: {'token': , 'domain_id': None, 'trust_id': None, 'trustor_id': None, 'trustee_id': None, 'domain_name': None, 'group_ids': [], 'user_id': '12d0c810ad7a4521981e4b61cc6bd0b3', 'user_domain_id': 'default', 'system_scope': 'all', 'project_id': None, 'project_domain_id': None, 'roles': ['admin', 'manager', 'member', 'reader'], 'is_admin_project': True, 'service_user_id': None, 'service_user_domain_id': None, 'service_project_id': None, 'service_project_domain_id': None, 'service_roles': []} {{(pid=45677) fill_context /opt/stack/keystone/keystone/server/flask/request_processing/middleware/auth_context.py:480}}
Oct 26 07:42:46 user devstack@keystone.service[45677]: DEBUG keystone.server.flask.request_processing.req_logging [None req-88d7159d-9da0-4054-a5b0-481ec53e0c68 None admin] REQUEST_METHOD: `GET` {{(pid=45677) log_request_info /opt/stack/keystone/keystone/server/flask/request_processing/req_logging.py:27}}
Oct 26 07:42:46 user devstack@keystone.service[45677]: DEBUG keystone.server.flask.request_processing.req_logging [None req-88d7159d-9da0-4054-a5b0-481ec53e0c68 None admin] SCRIPT_NAME: `/identity` {{(pid=45677) log_request_info /opt/stack/keystone/keystone/server/flask/request_processing/req_logging.py:28}}
Oct 26 07:42:46 user devstack@keystone.service[45677]: DEBUG keystone.server.flask.request_processing.req_logging [None req-88d7159d-9da0-4054-a5b0-481ec53e0c68 None admin] PATH_INFO: `/v3/roles` {{(pid=45677) log_request_info /opt/stack/keystone/keystone/server/flask/request_processing/req_logging.py:29}}
Oct 26 07:42:46 user devstack@keystone.service[45677]: DEBUG keystone.common.rbac_enforcer.enforcer [None req-88d7159d-9da0-4054-a5b0-481ec53e0c68 None admin] RBAC: Adding query filter params (name=reader) {{(pid=45677) _extract_filter_values /opt/stack/keystone/keystone/common/rbac_enforcer/enforcer.py:167}}
Oct 26 07:42:46 user devstack@keystone.service[45677]: DEBUG keystone.common.rbac_enforcer.enforcer [None req-88d7159d-9da0-4054-a5b0-481ec53e0c68 None admin] RBAC: Authorizing `identity:list_roles()` {{(pid=45677) enforce_call /opt/stack/keystone/keystone/common/rbac_enforcer/enforcer.py:449}}
Oct 26 07:42:46 user devstack@keystone.service[45677]: DEBUG keystone.common.rbac_enforcer.enforcer [None req-88d7159d-9da0-4054-a5b0-481ec53e0c68 None admin] RBAC: Authorization granted {{(pid=45677) enforce_call /opt/stack/keystone/keystone/common/rbac_enforcer/enforcer.py:457}}
Oct 26 07:42:46 user devstack@keystone.service[45677]: [pid: 45677|app: 0|req: 69/197] 10.0.0.210 () {56 vars in 1096 bytes} [Thu Oct 26 07:42:46 2023] GET /identity/v3/roles?name=reader => generated 339 bytes in 146 msecs (HTTP/1.1 200) 5 headers in 177 bytes (1 switches on core 0)
Oct 26 07:42:46 user devstack@keystone.service[45679]: DEBUG keystone.server.flask.request_processing.middleware.auth_context [None req-85d7bae2-e187-4d98-b2af-c5c5c14cdbb6 None admin] Authenticating user token {{(pid=45679) process_request /opt/stack/data/venv/lib/python3.10/site-packages/keystonemiddleware/auth_token/__init__.py:406}}
Oct 26 07:42:46 user devstack@keystone.service[45677]: DEBUG keystone.server.flask.request_processing.middleware.auth_context [None req-88d7159d-9da0-4054-a5b0-481ec53e0c68 None admin] Authenticating user token {{(pid=45677) process_request /opt/stack/data/venv/lib/python3.10/site-packages/keystonemiddleware/auth_token/__init__.py:406}}
Oct 26 07:42:46 user devstack@keystone.service[45678]: DEBUG keystone.server.flask.request_processing.middleware.auth_context [None req-a4a90a76-c508-4dec-9d23-a1d5fad124da None admin] Validating token access rules against request {{(pid=45678) validate_allowed_request /opt/stack/data/venv/lib/python3.10/site-packages/keystonemiddleware/auth_token/__init__.py:544}}
Oct 26 07:42:46 user devstack@keystone.service[45678]: DEBUG keystone.server.flask.request_processing.middleware.auth_context [None req-3553a102-3119-42df-a02f-8bd61b271f40 None admin] RBAC: auth_context: {'token': , 'domain_id': None, 'trust_id': None, 'trustor_id': None, 'trustee_id': None, 'domain_name': None, 'group_ids': [], 'user_id': '12d0c810ad7a4521981e4b61cc6bd0b3', 'user_domain_id': 'default', 'system_scope': 'all', 'project_id': None, 'project_domain_id': None, 'roles': ['admin', 'manager', 'member', 'reader'], 'is_admin_project': True, 'service_user_id': None, 'service_user_domain_id': None, 'service_project_id': None, 'service_project_domain_id': None, 'service_roles': []} {{(pid=45678) fill_context /opt/stack/keystone/keystone/server/flask/request_processing/middleware/auth_context.py:480}}
Oct 26 07:42:46 user devstack@keystone.service[45678]: DEBUG keystone.server.flask.request_processing.req_logging [None req-3553a102-3119-42df-a02f-8bd61b271f40 None admin] REQUEST_METHOD: `POST` {{(pid=45678) log_request_info /opt/stack/keystone/keystone/server/flask/request_processing/req_logging.py:27}}
Oct 26 07:42:46 user devstack@keystone.service[45678]: DEBUG keystone.server.flask.request_processing.req_logging [None req-3553a102-3119-42df-a02f-8bd61b271f40 None admin] SCRIPT_NAME: `/identity` {{(pid=45678) log_request_info /opt/stack/keystone/keystone/server/flask/request_processing/req_logging.py:28}}
Oct 26 07:42:46 user devstack@keystone.service[45678]: DEBUG keystone.server.flask.request_processing.req_logging [None req-3553a102-3119-42df-a02f-8bd61b271f40 None admin] PATH_INFO: `/v3/users` {{(pid=45678) log_request_info /opt/stack/keystone/keystone/server/flask/request_processing/req_logging.py:29}}
Oct 26 07:42:46 user devstack@keystone.service[45678]: DEBUG keystone.common.rbac_enforcer.enforcer [None req-3553a102-3119-42df-a02f-8bd61b271f40 None admin] RBAC: Authorizing `identity:create_user()` {{(pid=45678) enforce_call /opt/stack/keystone/keystone/common/rbac_enforcer/enforcer.py:449}}
Oct 26 07:42:46 user devstack@keystone.service[45678]: DEBUG keystone.common.rbac_enforcer.enforcer [None req-3553a102-3119-42df-a02f-8bd61b271f40 None admin] RBAC: Authorization granted {{(pid=45678) enforce_call /opt/stack/keystone/keystone/common/rbac_enforcer/enforcer.py:457}}
Oct 26 07:42:46 user devstack@keystone.service[45678]: WARNING keystone.common.password_hashing [None req-3553a102-3119-42df-a02f-8bd61b271f40 None admin] Truncating password to algorithm specific maximum length 72 characters.
Oct 26 07:42:46 user devstack@keystone.service[45679]: DEBUG keystone.server.flask.request_processing.middleware.auth_context [None req-85d7bae2-e187-4d98-b2af-c5c5c14cdbb6 None admin] Validating token access rules against request {{(pid=45679) validate_allowed_request /opt/stack/data/venv/lib/python3.10/site-packages/keystonemiddleware/auth_token/__init__.py:544}}
Oct 26 07:42:46 user devstack@keystone.service[45678]: [pid: 45678|app: 0|req: 63/198] 10.0.0.210 () {60 vars in 1127 bytes} [Thu Oct 26 07:42:46 2023] POST /identity/v3/users => generated 292 bytes in 157 msecs (HTTP/1.1 201) 5 headers in 182 bytes (1 switches on core 0)
Oct 26 07:42:46 user devstack@keystone.service[45677]: DEBUG keystone.server.flask.request_processing.middleware.auth_context [None req-88d7159d-9da0-4054-a5b0-481ec53e0c68 None admin] Validating token access rules against request {{(pid=45677) validate_allowed_request /opt/stack/data/venv/lib/python3.10/site-packages/keystonemiddleware/auth_token/__init__.py:544}}
Oct 26 07:42:46 user devstack@keystone.service[45679]: DEBUG keystone.server.flask.request_processing.middleware.auth_context [None req-634222dc-c0a6-4e68-abe3-8165681b5df8 None admin] RBAC: auth_context: {'token': , 'domain_id': None, 'trust_id': None, 'trustor_id': None, 'trustee_id': None, 'domain_name': None, 'group_ids': [], 'user_id': '12d0c810ad7a4521981e4b61cc6bd0b3', 'user_domain_id': 'default', 'system_scope': 'all', 'project_id': None, 'project_domain_id': None, 'roles': ['admin', 'manager', 'member', 'reader'], 'is_admin_project': True, 'service_user_id': None, 'service_user_domain_id': None, 'service_project_id': None, 'service_project_domain_id': None, 'service_roles': []} {{(pid=45679) fill_context /opt/stack/keystone/keystone/server/flask/request_processing/middleware/auth_context.py:480}}
Oct 26 07:42:46 user devstack@keystone.service[45679]: DEBUG keystone.server.flask.request_processing.req_logging [None req-634222dc-c0a6-4e68-abe3-8165681b5df8 None admin] REQUEST_METHOD: `GET` {{(pid=45679) log_request_info /opt/stack/keystone/keystone/server/flask/request_processing/req_logging.py:27}}
Oct 26 07:42:46 user devstack@keystone.service[45679]: DEBUG keystone.server.flask.request_processing.req_logging [None req-634222dc-c0a6-4e68-abe3-8165681b5df8 None admin] SCRIPT_NAME: `/identity` {{(pid=45679) log_request_info /opt/stack/keystone/keystone/server/flask/request_processing/req_logging.py:28}}
Oct 26 07:42:46 user devstack@keystone.service[45679]: DEBUG keystone.server.flask.request_processing.req_logging [None req-634222dc-c0a6-4e68-abe3-8165681b5df8 None admin] PATH_INFO: `/v3/users/78c182940bad4170869a79443922b889` {{(pid=45679) log_request_info /opt/stack/keystone/keystone/server/flask/request_processing/req_logging.py:29}}
Oct 26 07:42:46 user devstack@keystone.service[45679]: DEBUG keystone.common.rbac_enforcer.enforcer [None req-634222dc-c0a6-4e68-abe3-8165681b5df8 None admin] RBAC: Authorizing `identity:get_user(user_id=78c182940bad4170869a79443922b889)` {{(pid=45679) enforce_call /opt/stack/keystone/keystone/common/rbac_enforcer/enforcer.py:449}}
Oct 26 07:42:46 user devstack@keystone.service[45679]: DEBUG keystone.common.rbac_enforcer.enforcer [None req-634222dc-c0a6-4e68-abe3-8165681b5df8 None admin] RBAC: Authorization granted {{(pid=45679) enforce_call /opt/stack/keystone/keystone/common/rbac_enforcer/enforcer.py:457}}
Oct 26 07:42:46 user devstack@keystone.service[45677]: DEBUG keystone.server.flask.request_processing.middleware.auth_context [None req-cb4fff93-0000-4849-a9d6-e140cb249bbf None admin] RBAC: auth_context: {'token': , 'domain_id': None, 'trust_id': None, 'trustor_id': None, 'trustee_id': None, 'domain_name': None, 'group_ids': [], 'user_id': '12d0c810ad7a4521981e4b61cc6bd0b3', 'user_domain_id': 'default', 'system_scope': 'all', 'project_id': None, 'project_domain_id': None, 'roles': ['admin', 'manager', 'member', 'reader'], 'is_admin_project': True, 'service_user_id': None, 'service_user_domain_id': None, 'service_project_id': None, 'service_project_domain_id': None, 'service_roles': []} {{(pid=45677) fill_context /opt/stack/keystone/keystone/server/flask/request_processing/middleware/auth_context.py:480}}
Oct 26 07:42:46 user devstack@keystone.service[45677]: DEBUG keystone.server.flask.request_processing.req_logging [None req-cb4fff93-0000-4849-a9d6-e140cb249bbf None admin] REQUEST_METHOD: `GET` {{(pid=45677) log_request_info /opt/stack/keystone/keystone/server/flask/request_processing/req_logging.py:27}}
Oct 26 07:42:46 user devstack@keystone.service[45677]: DEBUG keystone.server.flask.request_processing.req_logging [None req-cb4fff93-0000-4849-a9d6-e140cb249bbf None admin] SCRIPT_NAME: `/identity` {{(pid=45677) log_request_info /opt/stack/keystone/keystone/server/flask/request_processing/req_logging.py:28}}
Oct 26 07:42:46 user devstack@keystone.service[45679]: [pid: 45679|app: 0|req: 67/199] 10.0.0.210 () {56 vars in 1172 bytes} [Thu Oct 26 07:42:46 2023] GET /identity/v3/users/78c182940bad4170869a79443922b889 => generated 296 bytes in 150 msecs (HTTP/1.1 200) 5 headers in 177 bytes (1 switches on core 0)
Oct 26 07:42:46 user devstack@keystone.service[45677]: DEBUG keystone.server.flask.request_processing.req_logging [None req-cb4fff93-0000-4849-a9d6-e140cb249bbf None admin] PATH_INFO: `/v3/roles/member` {{(pid=45677) log_request_info /opt/stack/keystone/keystone/server/flask/request_processing/req_logging.py:29}}
Oct 26 07:42:46 user devstack@keystone.service[45678]: DEBUG keystone.server.flask.request_processing.middleware.auth_context [None req-3553a102-3119-42df-a02f-8bd61b271f40 None admin] Authenticating user token {{(pid=45678) process_request /opt/stack/data/venv/lib/python3.10/site-packages/keystonemiddleware/auth_token/__init__.py:406}}
Oct 26 07:42:46 user devstack@keystone.service[45677]: DEBUG keystone.common.rbac_enforcer.enforcer [None req-cb4fff93-0000-4849-a9d6-e140cb249bbf None admin] Extracting inferred target data resulted in "NOT FOUND (404)". {{(pid=45677) enforce_call /opt/stack/keystone/keystone/common/rbac_enforcer/enforcer.py:409}}
Oct 26 07:42:46 user devstack@keystone.service[45677]: ERROR keystone.server.flask.application [None req-cb4fff93-0000-4849-a9d6-e140cb249bbf None admin] Could not find role: member.: keystone.exception.RoleNotFound: Could not find role: member.
Oct 26 07:42:46 user devstack@keystone.service[45677]: ERROR keystone.server.flask.application
Traceback (most recent call last):
Oct 26 07:42:46 user devstack@keystone.service[45677]: ERROR keystone.server.flask.application
File "/opt/stack/data/venv/lib/python3.10/site-packages/flask/app.py", line 1823, in full_dispatch_request
Oct 26 07:42:46 user devstack@keystone.service[45677]: ERROR keystone.server.flask.application rv = self.dispatch_request()
Oct 26 07:42:46 user devstack@keystone.service[45677]: ERROR keystone.server.flask.application
File "/opt/stack/data/venv/lib/python3.10/site-packages/flask/app.py", line 1799, in dispatch_request
Oct 26 07:42:46 user devstack@keystone.service[45677]: ERROR keystone.server.flask.application return self.ensure_sync(self.view_functions[rule.endpoint])(**view_args)
Oct 26 07:42:46 user devstack@keystone.service[45677]: ERROR keystone.server.flask.application
File "/opt/stack/data/venv/lib/python3.10/site-packages/flask_restful/__init__.py", line 489, in wrapper
Oct 26 07:42:46 user devstack@keystone.service[45677]: ERROR keystone.server.flask.application resp = resource(*args, **kwargs)
Oct 26 07:42:46 user devstack@keystone.service[45677]: ERROR keystone.server.flask.application
File "/opt/stack/data/venv/lib/python3.10/site-packages/flask/views.py", line 107, in view
Oct 26 07:42:46 user devstack@keystone.service[45677]: ERROR keystone.server.flask.application return current_app.ensure_sync(self.dispatch_request)(**kwargs)
Oct 26 07:42:46 user devstack@keystone.service[45677]: ERROR keystone.server.flask.application
File "/opt/stack/data/venv/lib/python3.10/site-packages/flask_restful/__init__.py", line 604, in dispatch_request
Oct 26 07:42:46 user devstack@keystone.service[45677]: ERROR keystone.server.flask.application resp = meth(*args, **kwargs)
Oct 26 07:42:46 user devstack@keystone.service[45677]: ERROR keystone.server.flask.application
File "/opt/stack/keystone/keystone/api/roles.py", line 50, in get
Oct 26 07:42:46 user devstack@keystone.service[45677]: ERROR keystone.server.flask.application return self._get_role(role_id)
Oct 26 07:42:46 user devstack@keystone.service[45677]: ERROR keystone.server.flask.application
File "/opt/stack/keystone/keystone/api/roles.py", line 70, in _get_role
Oct 26 07:42:46 user devstack@keystone.service[45677]: ERROR keystone.server.flask.application ENFORCER.enforce_call(action='identity:get_role')
Oct 26 07:42:46 user devstack@keystone.service[45677]: ERROR keystone.server.flask.application
File "/opt/stack/keystone/keystone/common/rbac_enforcer/enforcer.py", line 402, in enforce_call
Oct 26 07:42:46 user devstack@keystone.service[45677]: ERROR keystone.server.flask.application policy_dict.update(cls._extract_member_target_data(
Oct 26 07:42:46 user devstack@keystone.service[45677]: ERROR keystone.server.flask.application
File "/opt/stack/keystone/keystone/common/rbac_enforcer/enforcer.py", line 234, in _extract_member_target_data
Oct 26 07:42:46 user devstack@keystone.service[45677]: ERROR keystone.server.flask.application member_name: func(flask.request.view_args[key])
Oct 26 07:42:46 user devstack@keystone.service[45677]: ERROR keystone.server.flask.application
File "/opt/stack/keystone/keystone/common/manager.py", line 115, in wrapped
Oct 26 07:42:46 user devstack@keystone.service[45677]: ERROR keystone.server.flask.application __ret_val = __f(*args, **kwargs)
Oct 26 07:42:46 user devstack@keystone.service[45677]: ERROR keystone.server.flask.application
File "/opt/stack/data/venv/lib/python3.10/site-packages/decorator.py", line 232, in fun
Oct 26 07:42:46 user devstack@keystone.service[45677]: ERROR keystone.server.flask.application return caller(func, *(extras + args), **kw)
Oct 26 07:42:46 user devstack@keystone.service[45677]: ERROR keystone.server.flask.application
File "/opt/stack/data/venv/lib/python3.10/site-packages/dogpile/cache/region.py", line 1594, in get_or_create_for_user_func
Oct 26 07:42:46 user devstack@keystone.service[45677]: ERROR keystone.server.flask.application return self.get_or_create(
Oct 26 07:42:46 user devstack@keystone.service[45677]: ERROR keystone.server.flask.application
File "/opt/stack/data/venv/lib/python3.10/site-packages/dogpile/cache/region.py", line 1054, in get_or_create
Oct 26 07:42:46 user devstack@keystone.service[45677]: ERROR keystone.server.flask.application with Lock(
Oct 26 07:42:46 user devstack@keystone.service[45677]: ERROR keystone.server.flask.application
File "/opt/stack/data/venv/lib/python3.10/site-packages/dogpile/lock.py", line 185, in __enter__
Oct 26 07:42:46 user devstack@keystone.service[45677]: ERROR keystone.server.flask.application return self._enter()
Oct 26 07:42:46 user devstack@keystone.service[45677]: ERROR keystone.server.flask.application
File "/opt/stack/data/venv/lib/python3.10/site-packages/dogpile/lock.py", line 94, in _enter
Oct 26 07:42:46 user devstack@keystone.service[45677]: ERROR keystone.server.flask.application generated = self._enter_create(value, createdtime)
Oct 26 07:42:46 user devstack@keystone.service[45677]: ERROR keystone.server.flask.application
File "/opt/stack/data/venv/lib/python3.10/site-packages/dogpile/lock.py", line 178, in _enter_create
Oct 26 07:42:46 user devstack@keystone.service[45677]: ERROR keystone.server.flask.application return self.creator()
Oct 26 07:42:46 user devstack@keystone.service[45677]: ERROR keystone.server.flask.application
File "/opt/stack/data/venv/lib/python3.10/site-packages/dogpile/cache/region.py", line 1007, in gen_value
Oct 26 07:42:46 user devstack@keystone.service[45677]: ERROR keystone.server.flask.application created_value = creator(
Oct 26 07:42:46 user devstack@keystone.service[45677]: ERROR keystone.server.flask.application
File "/opt/stack/keystone/keystone/assignment/core.py", line 1276, in get_role
Oct 26 07:42:46 user devstack@keystone.service[45677]: ERROR keystone.server.flask.application return self.driver.get_role(role_id)
Oct 26 07:42:46 user devstack@keystone.service[45677]: ERROR keystone.server.flask.application
File "/opt/stack/keystone/keystone/assignment/role_backends/sql.py", line 70, in get_role
Oct 26 07:42:46 user devstack@keystone.service[45677]: ERROR keystone.server.flask.application return self._get_role(session, role_id).to_dict()
Oct 26 07:42:46 user devstack@keystone.service[45677]: ERROR keystone.server.flask.application
File "/opt/stack/keystone/keystone/assignment/role_backends/sql.py", line 65, in _get_role
Oct 26 07:42:46 user devstack@keystone.service[45677]: ERROR keystone.server.flask.application raise exception.RoleNotFound(role_id=role_id)
Oct 26 07:42:46 user devstack@keystone.service[45677]: ERROR keystone.server.flask.application keystone.exception.RoleNotFound: Could not find role: member.
Oct 26 07:42:46 user devstack@keystone.service[45677]: ERROR keystone.server.flask.application
Oct 26 07:42:46 user devstack@keystone.service[45677]: [pid: 45677|app: 0|req: 70/200] 10.0.0.210 () {56 vars in 1094 bytes} [Thu Oct 26 07:42:46 2023] GET /identity/v3/roles/member => generated 84 bytes in 146 msecs (HTTP/1.1 404) 5 headers in 183 bytes (1 switches on core 0)
Oct 26 07:42:46 user devstack@keystone.service[45679]: DEBUG keystone.server.flask.request_processing.middleware.auth_context [None req-634222dc-c0a6-4e68-abe3-8165681b5df8 None admin] Authenticating user token {{(pid=45679) process_request /opt/stack/data/venv/lib/python3.10/site-packages/keystonemiddleware/auth_token/__init__.py:406}}
Oct 26 07:42:46 user devstack@keystone.service[45679]: DEBUG keystone.server.flask.request_processing.middleware.auth_context [None req-634222dc-c0a6-4e68-abe3-8165681b5df8 None admin] Validating token access rules against request {{(pid=45679) validate_allowed_request /opt/stack/data/venv/lib/python3.10/site-packages/keystonemiddleware/auth_token/__init__.py:544}}
Oct 26 07:42:46 user devstack@keystone.service[45678]: DEBUG keystone.server.flask.request_processing.middleware.auth_context [None req-3553a102-3119-42df-a02f-8bd61b271f40 None admin] Validating token access rules against request {{(pid=45678) validate_allowed_request /opt/stack/data/venv/lib/python3.10/site-packages/keystonemiddleware/auth_token/__init__.py:544}}
Oct 26 07:42:46 user devstack@keystone.service[45679]: DEBUG keystone.server.flask.request_processing.middleware.auth_context [None req-aa7523fe-01fc-423b-b37f-732333d866ad None admin] RBAC: auth_context: {'token': , 'domain_id': None, 'trust_id': None, 'trustor_id': None, 'trustee_id': None, 'domain_name': None, 'group_ids': [], 'user_id': '12d0c810ad7a4521981e4b61cc6bd0b3', 'user_domain_id': 'default', 'system_scope': 'all', 'project_id': None, 'project_domain_id': None, 'roles': ['admin', 'manager', 'member', 'reader'], 'is_admin_project': True, 'service_user_id': None, 'service_user_domain_id': None, 'service_project_id': None, 'service_project_domain_id': None, 'service_roles': []} {{(pid=45679) fill_context /opt/stack/keystone/keystone/server/flask/request_processing/middleware/auth_context.py:480}}
Oct 26 07:42:46 user devstack@keystone.service[45679]: DEBUG keystone.server.flask.request_processing.req_logging [None req-aa7523fe-01fc-423b-b37f-732333d866ad None admin] REQUEST_METHOD: `GET` {{(pid=45679) log_request_info /opt/stack/keystone/keystone/server/flask/request_processing/req_logging.py:27}}
Oct 26 07:42:46 user devstack@keystone.service[45679]: DEBUG keystone.server.flask.request_processing.req_logging [None req-aa7523fe-01fc-423b-b37f-732333d866ad None admin] SCRIPT_NAME: `/identity` {{(pid=45679) log_request_info /opt/stack/keystone/keystone/server/flask/request_processing/req_logging.py:28}}
Oct 26 07:42:46 user devstack@keystone.service[45679]: DEBUG keystone.server.flask.request_processing.req_logging [None req-aa7523fe-01fc-423b-b37f-732333d866ad None admin] PATH_INFO: `/v3/roles` {{(pid=45679) log_request_info /opt/stack/keystone/keystone/server/flask/request_processing/req_logging.py:29}}
Oct 26 07:42:46 user devstack@keystone.service[45679]: DEBUG keystone.common.rbac_enforcer.enforcer [None req-aa7523fe-01fc-423b-b37f-732333d866ad None admin] RBAC: Adding query filter params (name=member) {{(pid=45679) _extract_filter_values /opt/stack/keystone/keystone/common/rbac_enforcer/enforcer.py:167}}
Oct 26 07:42:46 user devstack@keystone.service[45679]: DEBUG keystone.common.rbac_enforcer.enforcer [None req-aa7523fe-01fc-423b-b37f-732333d866ad None admin] RBAC: Authorizing `identity:list_roles()` {{(pid=45679) enforce_call /opt/stack/keystone/keystone/common/rbac_enforcer/enforcer.py:449}}
Oct 26 07:42:46 user devstack@keystone.service[45679]: DEBUG keystone.common.rbac_enforcer.enforcer [None req-aa7523fe-01fc-423b-b37f-732333d866ad None admin] RBAC: Authorization granted {{(pid=45679) enforce_call /opt/stack/keystone/keystone/common/rbac_enforcer/enforcer.py:457}}
Oct 26 07:42:46 user devstack@keystone.service[45678]: DEBUG keystone.server.flask.request_processing.middleware.auth_context [None req-45bcfe6d-5a79-4677-a49d-692b63a28450 None admin] RBAC: auth_context: {'token': , 'domain_id': None, 'trust_id': None, 'trustor_id': None, 'trustee_id': None, 'domain_name': None, 'group_ids': [], 'user_id': '12d0c810ad7a4521981e4b61cc6bd0b3', 'user_domain_id': 'default', 'system_scope': 'all', 'project_id': None, 'project_domain_id': None, 'roles': ['admin', 'manager', 'member', 'reader'], 'is_admin_project': True, 'service_user_id': None, 'service_user_domain_id': None, 'service_project_id': None, 'service_project_domain_id': None, 'service_roles': []} {{(pid=45678) fill_context /opt/stack/keystone/keystone/server/flask/request_processing/middleware/auth_context.py:480}}
Oct 26 07:42:46 user devstack@keystone.service[45678]: DEBUG keystone.server.flask.request_processing.req_logging [None req-45bcfe6d-5a79-4677-a49d-692b63a28450 None admin] REQUEST_METHOD: `GET` {{(pid=45678) log_request_info /opt/stack/keystone/keystone/server/flask/request_processing/req_logging.py:27}}
Oct 26 07:42:46 user devstack@keystone.service[45678]: DEBUG keystone.server.flask.request_processing.req_logging [None req-45bcfe6d-5a79-4677-a49d-692b63a28450 None admin] SCRIPT_NAME: `/identity` {{(pid=45678) log_request_info /opt/stack/keystone/keystone/server/flask/request_processing/req_logging.py:28}}
Oct 26 07:42:46 user devstack@keystone.service[45678]: DEBUG keystone.server.flask.request_processing.req_logging [None req-45bcfe6d-5a79-4677-a49d-692b63a28450 None admin] PATH_INFO: `/v3/projects/b5783e2bc5974280a09aaa5f894ce444` {{(pid=45678) log_request_info /opt/stack/keystone/keystone/server/flask/request_processing/req_logging.py:29}}
Oct 26 07:42:46 user devstack@keystone.service[45678]: DEBUG keystone.common.rbac_enforcer.enforcer [None req-45bcfe6d-5a79-4677-a49d-692b63a28450 None admin] RBAC: Authorizing `identity:get_project(project_id=b5783e2bc5974280a09aaa5f894ce444)` {{(pid=45678) enforce_call /opt/stack/keystone/keystone/common/rbac_enforcer/enforcer.py:449}}
Oct 26 07:42:46 user devstack@keystone.service[45679]: [pid: 45679|app: 0|req: 68/201] 10.0.0.210 () {56 vars in 1096 bytes} [Thu Oct 26 07:42:46 2023] GET /identity/v3/roles?name=member => generated 339 bytes in 138 msecs (HTTP/1.1 200) 5 headers in 177 bytes (1 switches on core 0)
Oct 26 07:42:46 user devstack@keystone.service[45678]: DEBUG keystone.common.rbac_enforcer.enforcer [None req-45bcfe6d-5a79-4677-a49d-692b63a28450 None admin] RBAC: Authorization granted {{(pid=45678) enforce_call /opt/stack/keystone/keystone/common/rbac_enforcer/enforcer.py:457}}
Oct 26 07:42:46 user devstack@keystone.service[45678]: [pid: 45678|app: 0|req: 64/202] 10.0.0.210 () {56 vars in 1181 bytes} [Thu Oct 26 07:42:46 2023] GET /identity/v3/projects/b5783e2bc5974280a09aaa5f894ce444 => generated 301 bytes in 157 msecs (HTTP/1.1 200) 5 headers in 177 bytes (1 switches on core 0)
Oct 26 07:42:46 user devstack@keystone.service[45677]: DEBUG keystone.server.flask.request_processing.middleware.auth_context [None req-cb4fff93-0000-4849-a9d6-e140cb249bbf None admin] Authenticating user token {{(pid=45677) process_request /opt/stack/data/venv/lib/python3.10/site-packages/keystonemiddleware/auth_token/__init__.py:406}}
Oct 26 07:42:46 user devstack@keystone.service[45679]: DEBUG keystone.server.flask.request_processing.middleware.auth_context [None req-aa7523fe-01fc-423b-b37f-732333d866ad None admin] Authenticating user token {{(pid=45679) process_request /opt/stack/data/venv/lib/python3.10/site-packages/keystonemiddleware/auth_token/__init__.py:406}}
Oct 26 07:42:46 user devstack@keystone.service[45679]: DEBUG keystone.server.flask.request_processing.middleware.auth_context [None req-aa7523fe-01fc-423b-b37f-732333d866ad None admin] Validating token access rules against request {{(pid=45679) validate_allowed_request /opt/stack/data/venv/lib/python3.10/site-packages/keystonemiddleware/auth_token/__init__.py:544}}
Oct 26 07:42:46 user devstack@keystone.service[45677]: DEBUG keystone.server.flask.request_processing.middleware.auth_context [None req-cb4fff93-0000-4849-a9d6-e140cb249bbf None admin] Validating token access rules against request {{(pid=45677) validate_allowed_request /opt/stack/data/venv/lib/python3.10/site-packages/keystonemiddleware/auth_token/__init__.py:544}}
Oct 26 07:42:46 user devstack@keystone.service[45679]: DEBUG keystone.server.flask.request_processing.middleware.auth_context [None req-fe97bdc9-498b-4516-97a6-a12be3bd924d None admin] RBAC: auth_context: {'token': , 'domain_id': None, 'trust_id': None, 'trustor_id': None, 'trustee_id': None, 'domain_name': None, 'group_ids': [], 'user_id': '12d0c810ad7a4521981e4b61cc6bd0b3', 'user_domain_id': 'default', 'system_scope': 'all', 'project_id': None, 'project_domain_id': None, 'roles': ['admin', 'manager', 'member', 'reader'], 'is_admin_project': True, 'service_user_id': None, 'service_user_domain_id': None, 'service_project_id': None, 'service_project_domain_id': None, 'service_roles': []} {{(pid=45679) fill_context /opt/stack/keystone/keystone/server/flask/request_processing/middleware/auth_context.py:480}}
Oct 26 07:42:46 user devstack@keystone.service[45679]: DEBUG keystone.server.flask.request_processing.req_logging [None req-fe97bdc9-498b-4516-97a6-a12be3bd924d None admin] REQUEST_METHOD: `PUT` {{(pid=45679) log_request_info /opt/stack/keystone/keystone/server/flask/request_processing/req_logging.py:27}}
Oct 26 07:42:46 user devstack@keystone.service[45679]: DEBUG keystone.server.flask.request_processing.req_logging [None req-fe97bdc9-498b-4516-97a6-a12be3bd924d None admin] SCRIPT_NAME: `/identity` {{(pid=45679) log_request_info /opt/stack/keystone/keystone/server/flask/request_processing/req_logging.py:28}}
Oct 26 07:42:46 user devstack@keystone.service[45679]: DEBUG keystone.server.flask.request_processing.req_logging [None req-fe97bdc9-498b-4516-97a6-a12be3bd924d None admin] PATH_INFO: `/v3/projects/b5783e2bc5974280a09aaa5f894ce444/users/78c182940bad4170869a79443922b889/roles/bbf3ccfe616c4e80a4762b64ce517260` {{(pid=45679) log_request_info /opt/stack/keystone/keystone/server/flask/request_processing/req_logging.py:29}}
Oct 26 07:42:46 user devstack@keystone.service[45679]: DEBUG keystone.common.rbac_enforcer.enforcer [None req-fe97bdc9-498b-4516-97a6-a12be3bd924d None admin] RBAC: Authorizing `identity:create_grant(project_id=b5783e2bc5974280a09aaa5f894ce444, user_id=78c182940bad4170869a79443922b889, role_id=bbf3ccfe616c4e80a4762b64ce517260)` {{(pid=45679) enforce_call /opt/stack/keystone/keystone/common/rbac_enforcer/enforcer.py:449}}
Oct 26 07:42:46 user devstack@keystone.service[45679]: DEBUG keystone.common.rbac_enforcer.enforcer [None req-fe97bdc9-498b-4516-97a6-a12be3bd924d None admin] RBAC: Authorization granted {{(pid=45679) enforce_call /opt/stack/keystone/keystone/common/rbac_enforcer/enforcer.py:457}}
Oct 26 07:42:46 user devstack@keystone.service[45679]: [pid: 45679|app: 0|req: 69/203] 10.0.0.210 () {58 vars in 1434 bytes} [Thu Oct 26 07:42:46 2023] PUT /identity/v3/projects/b5783e2bc5974280a09aaa5f894ce444/users/78c182940bad4170869a79443922b889/roles/bbf3ccfe616c4e80a4762b64ce517260 => generated 0 bytes in 147 msecs (HTTP/1.1 204) 3 headers in 132 bytes (0 switches on core 0)
Oct 26 07:42:46 user devstack@keystone.service[45677]: DEBUG keystone.server.flask.request_processing.middleware.auth_context [None req-8b4c5bf3-0b79-4a39-bdab-ade5cc49cff9 None admin] RBAC: auth_context: {'token': , 'domain_id': None, 'trust_id': None, 'trustor_id': None, 'trustee_id': None, 'domain_name': None, 'group_ids': [], 'user_id': '12d0c810ad7a4521981e4b61cc6bd0b3', 'user_domain_id': 'default', 'system_scope': 'all', 'project_id': None, 'project_domain_id': None, 'roles': ['admin', 'manager', 'member', 'reader'], 'is_admin_project': True, 'service_user_id': None, 'service_user_domain_id': None, 'service_project_id': None, 'service_project_domain_id': None, 'service_roles': []} {{(pid=45677) fill_context /opt/stack/keystone/keystone/server/flask/request_processing/middleware/auth_context.py:480}}
Oct 26 07:42:46 user devstack@keystone.service[45677]: DEBUG keystone.server.flask.request_processing.req_logging [None req-8b4c5bf3-0b79-4a39-bdab-ade5cc49cff9 None admin] REQUEST_METHOD: `GET` {{(pid=45677) log_request_info /opt/stack/keystone/keystone/server/flask/request_processing/req_logging.py:27}}
Oct 26 07:42:46 user devstack@keystone.service[45677]: DEBUG keystone.server.flask.request_processing.req_logging [None req-8b4c5bf3-0b79-4a39-bdab-ade5cc49cff9 None admin] SCRIPT_NAME: `/identity` {{(pid=45677) log_request_info /opt/stack/keystone/keystone/server/flask/request_processing/req_logging.py:28}}
Oct 26 07:42:46 user devstack@keystone.service[45677]: DEBUG keystone.server.flask.request_processing.req_logging [None req-8b4c5bf3-0b79-4a39-bdab-ade5cc49cff9 None admin] PATH_INFO: `/v3/users/74ede2bcded34ab99bcfa630b2a510ba` {{(pid=45677) log_request_info /opt/stack/keystone/keystone/server/flask/request_processing/req_logging.py:29}}
Oct 26 07:42:46 user devstack@keystone.service[45677]: DEBUG keystone.common.rbac_enforcer.enforcer [None req-8b4c5bf3-0b79-4a39-bdab-ade5cc49cff9 None admin] RBAC: Authorizing `identity:get_user(user_id=74ede2bcded34ab99bcfa630b2a510ba)` {{(pid=45677) enforce_call /opt/stack/keystone/keystone/common/rbac_enforcer/enforcer.py:449}}
Oct 26 07:42:46 user devstack@keystone.service[45677]: DEBUG keystone.common.rbac_enforcer.enforcer [None req-8b4c5bf3-0b79-4a39-bdab-ade5cc49cff9 None admin] RBAC: Authorization granted {{(pid=45677) enforce_call /opt/stack/keystone/keystone/common/rbac_enforcer/enforcer.py:457}}
Oct 26 07:42:46 user devstack@keystone.service[45677]: [pid: 45677|app: 0|req: 71/204] 10.0.0.210 () {56 vars in 1172 bytes} [Thu Oct 26 07:42:46 2023] GET /identity/v3/users/74ede2bcded34ab99bcfa630b2a510ba => generated 296 bytes in 169 msecs (HTTP/1.1 200) 5 headers in 177 bytes (1 switches on core 0)
Oct 26 07:42:46 user devstack@keystone.service[45678]: DEBUG keystone.server.flask.request_processing.middleware.auth_context [None req-45bcfe6d-5a79-4677-a49d-692b63a28450 None admin] Authenticating user token {{(pid=45678) process_request /opt/stack/data/venv/lib/python3.10/site-packages/keystonemiddleware/auth_token/__init__.py:406}}
Oct 26 07:42:47 user devstack@keystone.service[45678]: DEBUG keystone.server.flask.request_processing.middleware.auth_context [None req-45bcfe6d-5a79-4677-a49d-692b63a28450 None admin] Validating token access rules against request {{(pid=45678) validate_allowed_request /opt/stack/data/venv/lib/python3.10/site-packages/keystonemiddleware/auth_token/__init__.py:544}}
Oct 26 07:42:47 user devstack@keystone.service[45678]: DEBUG keystone.server.flask.request_processing.middleware.auth_context [None req-8131cd7e-4bfe-4958-83d7-e00e685f4f96 None admin] RBAC: auth_context: {'token': , 'domain_id': None, 'trust_id': None, 'trustor_id': None, 'trustee_id': None, 'domain_name': None, 'group_ids': [], 'user_id': '12d0c810ad7a4521981e4b61cc6bd0b3', 'user_domain_id': 'default', 'system_scope': 'all', 'project_id': None, 'project_domain_id': None, 'roles': ['admin', 'manager', 'member', 'reader'], 'is_admin_project': True, 'service_user_id': None, 'service_user_domain_id': None, 'service_project_id': None, 'service_project_domain_id': None, 'service_roles': []} {{(pid=45678) fill_context /opt/stack/keystone/keystone/server/flask/request_processing/middleware/auth_context.py:480}}
Oct 26 07:42:47 user devstack@keystone.service[45678]: DEBUG keystone.server.flask.request_processing.req_logging [None req-8131cd7e-4bfe-4958-83d7-e00e685f4f96 None admin] REQUEST_METHOD: `GET` {{(pid=45678) log_request_info /opt/stack/keystone/keystone/server/flask/request_processing/req_logging.py:27}}
Oct 26 07:42:47 user devstack@keystone.service[45678]: DEBUG keystone.server.flask.request_processing.req_logging [None req-8131cd7e-4bfe-4958-83d7-e00e685f4f96 None admin] SCRIPT_NAME: `/identity` {{(pid=45678) log_request_info /opt/stack/keystone/keystone/server/flask/request_processing/req_logging.py:28}}
Oct 26 07:42:47 user devstack@keystone.service[45678]: DEBUG keystone.server.flask.request_processing.req_logging [None req-8131cd7e-4bfe-4958-83d7-e00e685f4f96 None admin] PATH_INFO: `/v3/auth/tokens` {{(pid=45678) log_request_info /opt/stack/keystone/keystone/server/flask/request_processing/req_logging.py:29}}
Oct 26 07:42:47 user devstack@keystone.service[45678]: DEBUG keystone.common.rbac_enforcer.enforcer [None req-8131cd7e-4bfe-4958-83d7-e00e685f4f96 None admin] RBAC: Authorizing `identity:validate_token()` {{(pid=45678) enforce_call /opt/stack/keystone/keystone/common/rbac_enforcer/enforcer.py:449}}
Oct 26 07:42:47 user devstack@keystone.service[45678]: DEBUG keystone.common.rbac_enforcer.enforcer [None req-8131cd7e-4bfe-4958-83d7-e00e685f4f96 None admin] RBAC: Authorization granted {{(pid=45678) enforce_call /opt/stack/keystone/keystone/common/rbac_enforcer/enforcer.py:457}}
Oct 26 07:42:47 user devstack@keystone.service[45678]: [pid: 45678|app: 0|req: 65/205] 10.0.0.210 () {58 vars in 1277 bytes} [Thu Oct 26 07:42:46 2023] GET /identity/v3/auth/tokens => generated 861 bytes in 554 msecs (HTTP/1.1 200) 6 headers in 358 bytes (1 switches on core 0)
Oct 26 07:42:47 user devstack@keystone.service[45679]: DEBUG keystone.server.flask.request_processing.middleware.auth_context [None req-fe97bdc9-498b-4516-97a6-a12be3bd924d None admin] Authenticating user token {{(pid=45679) process_request /opt/stack/data/venv/lib/python3.10/site-packages/keystonemiddleware/auth_token/__init__.py:406}}
Oct 26 07:42:47 user devstack@keystone.service[45679]: DEBUG keystone.server.flask.request_processing.middleware.auth_context [None req-fe97bdc9-498b-4516-97a6-a12be3bd924d None admin] Validating token access rules against request {{(pid=45679) validate_allowed_request /opt/stack/data/venv/lib/python3.10/site-packages/keystonemiddleware/auth_token/__init__.py:544}}
Oct 26 07:42:47 user devstack@keystone.service[45679]: DEBUG keystone.server.flask.request_processing.middleware.auth_context [None req-8e75e3cf-4290-4594-bc86-de0e7242eae2 None admin] RBAC: auth_context: {'token': , 'domain_id': None, 'trust_id': None, 'trustor_id': None, 'trustee_id': None, 'domain_name': None, 'group_ids': [], 'user_id': '12d0c810ad7a4521981e4b61cc6bd0b3', 'user_domain_id': 'default', 'system_scope': 'all', 'project_id': None, 'project_domain_id': None, 'roles': ['admin', 'manager', 'member', 'reader'], 'is_admin_project': True, 'service_user_id': None, 'service_user_domain_id': None, 'service_project_id': None, 'service_project_domain_id': None, 'service_roles': []} {{(pid=45679) fill_context /opt/stack/keystone/keystone/server/flask/request_processing/middleware/auth_context.py:480}}
Oct 26 07:42:47 user devstack@keystone.service[45679]: DEBUG keystone.server.flask.request_processing.req_logging [None req-8e75e3cf-4290-4594-bc86-de0e7242eae2 None admin] REQUEST_METHOD: `GET` {{(pid=45679) log_request_info /opt/stack/keystone/keystone/server/flask/request_processing/req_logging.py:27}}
Oct 26 07:42:47 user devstack@keystone.service[45679]: DEBUG keystone.server.flask.request_processing.req_logging [None req-8e75e3cf-4290-4594-bc86-de0e7242eae2 None admin] SCRIPT_NAME: `/identity` {{(pid=45679) log_request_info /opt/stack/keystone/keystone/server/flask/request_processing/req_logging.py:28}}
Oct 26 07:42:47 user devstack@keystone.service[45679]: DEBUG keystone.server.flask.request_processing.req_logging [None req-8e75e3cf-4290-4594-bc86-de0e7242eae2 None admin] PATH_INFO: `/v3/projects/b5783e2bc5974280a09aaa5f894ce444` {{(pid=45679) log_request_info /opt/stack/keystone/keystone/server/flask/request_processing/req_logging.py:29}}
Oct 26 07:42:47 user devstack@keystone.service[45679]: DEBUG keystone.common.rbac_enforcer.enforcer [None req-8e75e3cf-4290-4594-bc86-de0e7242eae2 None admin] RBAC: Authorizing `identity:get_project(project_id=b5783e2bc5974280a09aaa5f894ce444)` {{(pid=45679) enforce_call /opt/stack/keystone/keystone/common/rbac_enforcer/enforcer.py:449}}
Oct 26 07:42:47 user devstack@keystone.service[45679]: DEBUG keystone.common.rbac_enforcer.enforcer [None req-8e75e3cf-4290-4594-bc86-de0e7242eae2 None admin] RBAC: Authorization granted {{(pid=45679) enforce_call /opt/stack/keystone/keystone/common/rbac_enforcer/enforcer.py:457}}
Oct 26 07:42:47 user devstack@keystone.service[45679]: [pid: 45679|app: 0|req: 70/206] 10.0.0.210 () {56 vars in 1181 bytes} [Thu Oct 26 07:42:47 2023] GET /identity/v3/projects/b5783e2bc5974280a09aaa5f894ce444 => generated 301 bytes in 133 msecs (HTTP/1.1 200) 5 headers in 177 bytes (1 switches on core 0)
Oct 26 07:42:47 user devstack@keystone.service[45677]: DEBUG keystone.server.flask.request_processing.middleware.auth_context [None req-8b4c5bf3-0b79-4a39-bdab-ade5cc49cff9 None admin] Authenticating user token {{(pid=45677) process_request /opt/stack/data/venv/lib/python3.10/site-packages/keystonemiddleware/auth_token/__init__.py:406}}
Oct 26 07:42:47 user devstack@keystone.service[45677]: DEBUG keystone.server.flask.request_processing.middleware.auth_context [None req-8b4c5bf3-0b79-4a39-bdab-ade5cc49cff9 None admin] Validating token access rules against request {{(pid=45677) validate_allowed_request /opt/stack/data/venv/lib/python3.10/site-packages/keystonemiddleware/auth_token/__init__.py:544}}
Oct 26 07:42:47 user devstack@keystone.service[45677]: DEBUG keystone.server.flask.request_processing.middleware.auth_context [None req-931742e9-d5ae-4e6a-a3b2-68b557e3c3bb None admin] RBAC: auth_context: {'token': , 'domain_id': None, 'trust_id': None, 'trustor_id': None, 'trustee_id': None, 'domain_name': None, 'group_ids': [], 'user_id': '12d0c810ad7a4521981e4b61cc6bd0b3', 'user_domain_id': 'default', 'system_scope': 'all', 'project_id': None, 'project_domain_id': None, 'roles': ['admin', 'manager', 'member', 'reader'], 'is_admin_project': True, 'service_user_id': None, 'service_user_domain_id': None, 'service_project_id': None, 'service_project_domain_id': None, 'service_roles': []} {{(pid=45677) fill_context /opt/stack/keystone/keystone/server/flask/request_processing/middleware/auth_context.py:480}}
Oct 26 07:42:47 user devstack@keystone.service[45677]: DEBUG keystone.server.flask.request_processing.req_logging [None req-931742e9-d5ae-4e6a-a3b2-68b557e3c3bb None admin] REQUEST_METHOD: `GET` {{(pid=45677) log_request_info /opt/stack/keystone/keystone/server/flask/request_processing/req_logging.py:27}}
Oct 26 07:42:47 user devstack@keystone.service[45677]: DEBUG keystone.server.flask.request_processing.req_logging [None req-931742e9-d5ae-4e6a-a3b2-68b557e3c3bb None admin] SCRIPT_NAME: `/identity` {{(pid=45677) log_request_info /opt/stack/keystone/keystone/server/flask/request_processing/req_logging.py:28}}
Oct 26 07:42:47 user devstack@keystone.service[45677]: DEBUG keystone.server.flask.request_processing.req_logging [None req-931742e9-d5ae-4e6a-a3b2-68b557e3c3bb None admin] PATH_INFO: `/v3/role_assignments` {{(pid=45677) log_request_info /opt/stack/keystone/keystone/server/flask/request_processing/req_logging.py:29}}
Oct 26 07:42:47 user devstack@keystone.service[45677]: DEBUG keystone.common.rbac_enforcer.enforcer [None req-931742e9-d5ae-4e6a-a3b2-68b557e3c3bb None admin] RBAC: Adding query filter params (role.id=9fdc01e0ad924923a4d3c322c1e173ca, scope.project.id=b5783e2bc5974280a09aaa5f894ce444, user.id=74ede2bcded34ab99bcfa630b2a510ba) {{(pid=45677) _extract_filter_values /opt/stack/keystone/keystone/common/rbac_enforcer/enforcer.py:167}}
Oct 26 07:42:47 user devstack@keystone.service[45677]: DEBUG keystone.common.rbac_enforcer.enforcer [None req-931742e9-d5ae-4e6a-a3b2-68b557e3c3bb None admin] RBAC: Authorizing `identity:list_role_assignments()` {{(pid=45677) enforce_call /opt/stack/keystone/keystone/common/rbac_enforcer/enforcer.py:449}}
Oct 26 07:42:47 user devstack@keystone.service[45677]: DEBUG keystone.common.rbac_enforcer.enforcer [None req-931742e9-d5ae-4e6a-a3b2-68b557e3c3bb None admin] RBAC: Authorization granted {{(pid=45677) enforce_call /opt/stack/keystone/keystone/common/rbac_enforcer/enforcer.py:457}}
Oct 26 07:42:47 user devstack@keystone.service[45677]: [pid: 45677|app: 0|req: 72/207] 10.0.0.210 () {56 vars in 1369 bytes} [Thu Oct 26 07:42:47 2023] GET /identity/v3/role_assignments?user.id=74ede2bcded34ab99bcfa630b2a510ba&scope.project.id=b5783e2bc5974280a09aaa5f894ce444&role.id=9fdc01e0ad924923a4d3c322c1e173ca => generated 606 bytes in 142 msecs (HTTP/1.1 200) 5 headers in 177 bytes (1 switches on core 0)
Oct 26 07:42:48 user devstack@keystone.service[45678]: DEBUG keystone.server.flask.request_processing.req_logging [None req-3f63415e-86b0-4d72-a58f-c878f6d0c28e None None] REQUEST_METHOD: `GET` {{(pid=45678) log_request_info /opt/stack/keystone/keystone/server/flask/request_processing/req_logging.py:27}}
Oct 26 07:42:48 user devstack@keystone.service[45678]: DEBUG keystone.server.flask.request_processing.req_logging [None req-3f63415e-86b0-4d72-a58f-c878f6d0c28e None None] SCRIPT_NAME: `/identity` {{(pid=45678) log_request_info /opt/stack/keystone/keystone/server/flask/request_processing/req_logging.py:28}}
Oct 26 07:42:48 user devstack@keystone.service[45678]: DEBUG keystone.server.flask.request_processing.req_logging [None req-3f63415e-86b0-4d72-a58f-c878f6d0c28e None None] PATH_INFO: `/` {{(pid=45678) log_request_info /opt/stack/keystone/keystone/server/flask/request_processing/req_logging.py:29}}
Oct 26 07:42:48 user devstack@keystone.service[45678]: [pid: 45678|app: 0|req: 66/208] 10.0.0.210 () {54 vars in 921 bytes} [Thu Oct 26 07:42:48 2023] GET /identity => generated 269 bytes in 3 msecs (HTTP/1.1 300) 6 headers in 233 bytes (1 switches on core 0)
Oct 26 07:42:48 user devstack@keystone.service[45679]: DEBUG keystone.server.flask.request_processing.req_logging [None req-1b9d4ce0-f2ab-4cb7-9447-e0bc20322d09 None None] REQUEST_METHOD: `POST` {{(pid=45679) log_request_info /opt/stack/keystone/keystone/server/flask/request_processing/req_logging.py:27}}
Oct 26 07:42:48 user devstack@keystone.service[45679]: DEBUG keystone.server.flask.request_processing.req_logging [None req-1b9d4ce0-f2ab-4cb7-9447-e0bc20322d09 None None] SCRIPT_NAME: `/identity` {{(pid=45679) log_request_info /opt/stack/keystone/keystone/server/flask/request_processing/req_logging.py:28}}
Oct 26 07:42:48 user devstack@keystone.service[45679]: DEBUG keystone.server.flask.request_processing.req_logging [None req-1b9d4ce0-f2ab-4cb7-9447-e0bc20322d09 None None] PATH_INFO: `/v3/auth/tokens` {{(pid=45679) log_request_info /opt/stack/keystone/keystone/server/flask/request_processing/req_logging.py:29}}
