Nov 24 18:53:23 user devstack@c-api.service[75882]: /opt/stack/data/venv/lib/python3.10/site-packages/oslo_context/context.py:100: DeprecationWarning: Policy enforcement is depending on the value of is_admin. This key is deprecated. Please update your policy file to use the standard policy values.
Nov 24 18:53:23 user devstack@c-api.service[75882]: warnings.warn('Policy enforcement is depending on the value of '
Nov 24 18:53:23 user devstack@c-api.service[75882]: DEBUG cinder.volume.api [None req-229976fd-ea1f-4a61-8f16-b606927a94e0 tempest-GroupSnapshotsTest-1221908501 tempest-GroupSnapshotsTest-1221908501-project-member] Searching by: MultiDict([('no_migration_targets', True)]). {{(pid=75882) get_all /opt/stack/cinder/cinder/volume/api.py:664}}
Nov 24 18:53:23 user devstack@c-api.service[75882]: INFO cinder.volume.api [None req-229976fd-ea1f-4a61-8f16-b606927a94e0 tempest-GroupSnapshotsTest-1221908501 tempest-GroupSnapshotsTest-1221908501-project-member] Get all volumes completed successfully.
Nov 24 18:53:23 user devstack@c-api.service[75882]: WARNING stevedore.named [None req-229976fd-ea1f-4a61-8f16-b606927a94e0 tempest-GroupSnapshotsTest-1221908501 tempest-GroupSnapshotsTest-1221908501-project-member] Could not load cinder.keymgr.conf_key_mgr.ConfKeyManager
Nov 24 18:53:23 user devstack@c-api.service[75882]: WARNING castellan.key_manager [None req-229976fd-ea1f-4a61-8f16-b606927a94e0 tempest-GroupSnapshotsTest-1221908501 tempest-GroupSnapshotsTest-1221908501-project-member] Deprecation Warning : cinder.keymgr.conf_key_mgr.ConfKeyManager is not a stevedore based driver, trying to load it as a class: stevedore.exception.NoMatches: No 'castellan.drivers' driver found, looking for 'cinder.keymgr.conf_key_mgr.ConfKeyManager'
Nov 24 18:53:23 user devstack@c-api.service[75882]: DEBUG oslo_db.sqlalchemy.engines [None req-229976fd-ea1f-4a61-8f16-b606927a94e0 tempest-GroupSnapshotsTest-1221908501 tempest-GroupSnapshotsTest-1221908501-project-member] MySQL server mode set to STRICT_TRANS_TABLES,STRICT_ALL_TABLES,NO_ZERO_IN_DATE,NO_ZERO_DATE,ERROR_FOR_DIVISION_BY_ZERO,TRADITIONAL,NO_ENGINE_SUBSTITUTION {{(pid=75882) _check_effective_sql_mode /opt/stack/data/venv/lib/python3.10/site-packages/oslo_db/sqlalchemy/engines.py:342}}
Nov 24 18:53:23 user devstack@c-api.service[75882]: /opt/stack/data/venv/lib/python3.10/site-packages/oslo_context/context.py:100: DeprecationWarning: Policy enforcement is depending on the value of is_admin. This key is deprecated. Please update your policy file to use the standard policy values.
Nov 24 18:53:23 user devstack@c-api.service[75882]: warnings.warn('Policy enforcement is depending on the value of '
Nov 24 18:53:23 user devstack@c-api.service[75882]: INFO cinder.api.openstack.wsgi [None req-229976fd-ea1f-4a61-8f16-b606927a94e0 tempest-GroupSnapshotsTest-1221908501 tempest-GroupSnapshotsTest-1221908501-project-member] http://10.0.0.210/volume/v3/d32ba82c04304aa7bd17021584288852/volumes/detail returned with HTTP 200
Nov 24 18:53:23 user devstack@c-api.service[75882]: [pid: 75882|app: 0|req: 117/304] 10.0.0.210 () {64 vars in 1353 bytes} [Fri Nov 24 18:53:23 2023] GET /volume/v3/d32ba82c04304aa7bd17021584288852/volumes/detail => generated 981 bytes in 94 msecs (HTTP/1.1 200) 7 headers in 286 bytes (2 switches on core 0)
Nov 24 18:53:23 user devstack@c-api.service[75882]: DEBUG cinder.api.middleware.request_id [None req-640062a8-a3f3-4017-8c0d-ccf119953be2 None None] RequestId filter calling following filter/app {{(pid=75882) _context_setter /opt/stack/cinder/cinder/api/middleware/request_id.py:62}}
Nov 24 18:53:23 user devstack@c-api.service[75882]: INFO cinder.api.openstack.wsgi [None req-640062a8-a3f3-4017-8c0d-ccf119953be2 tempest-GroupSnapshotsTest-1221908501 tempest-GroupSnapshotsTest-1221908501-project-member] GET http://10.0.0.210/volume/v3/d32ba82c04304aa7bd17021584288852/snapshots/detail
Nov 24 18:53:23 user devstack@c-api.service[75882]: DEBUG cinder.api.openstack.wsgi [None req-640062a8-a3f3-4017-8c0d-ccf119953be2 tempest-GroupSnapshotsTest-1221908501 tempest-GroupSnapshotsTest-1221908501-project-member] Empty body provided in request {{(pid=75882) get_body /opt/stack/cinder/cinder/api/openstack/wsgi.py:715}}
Nov 24 18:53:23 user devstack@c-api.service[75882]: DEBUG cinder.api.openstack.wsgi [None req-640062a8-a3f3-4017-8c0d-ccf119953be2 tempest-GroupSnapshotsTest-1221908501 tempest-GroupSnapshotsTest-1221908501-project-member] Calling method 'detail' {{(pid=75882) _process_stack /opt/stack/cinder/cinder/api/openstack/wsgi.py:868}}
Nov 24 18:53:23 user devstack@c-api.service[75882]: DEBUG cinder.api.api_utils [None req-640062a8-a3f3-4017-8c0d-ccf119953be2 tempest-GroupSnapshotsTest-1221908501 tempest-GroupSnapshotsTest-1221908501-project-member] Removing options '' from query. {{(pid=75882) remove_invalid_filter_options /opt/stack/cinder/cinder/api/api_utils.py:83}}
Nov 24 18:53:23 user devstack@c-api.service[75882]: DEBUG cinder.db.sqlalchemy.api [None req-640062a8-a3f3-4017-8c0d-ccf119953be2 tempest-GroupSnapshotsTest-1221908501 tempest-GroupSnapshotsTest-1221908501-project-member] Building query based on filter {{(pid=75882) _process_snaps_filters /opt/stack/cinder/cinder/db/sqlalchemy/api.py:3914}}
Nov 24 18:53:23 user devstack@c-api.service[75882]: INFO cinder.volume.api [None req-640062a8-a3f3-4017-8c0d-ccf119953be2 tempest-GroupSnapshotsTest-1221908501 tempest-GroupSnapshotsTest-1221908501-project-member] Get all snapshots completed successfully.
Nov 24 18:53:23 user devstack@c-api.service[75882]: /opt/stack/data/venv/lib/python3.10/site-packages/oslo_context/context.py:100: DeprecationWarning: Policy enforcement is depending on the value of is_admin. This key is deprecated. Please update your policy file to use the standard policy values.
Nov 24 18:53:23 user devstack@c-api.service[75882]: warnings.warn('Policy enforcement is depending on the value of '
Nov 24 18:53:23 user devstack@c-api.service[75882]: INFO cinder.api.openstack.wsgi [None req-640062a8-a3f3-4017-8c0d-ccf119953be2 tempest-GroupSnapshotsTest-1221908501 tempest-GroupSnapshotsTest-1221908501-project-member] http://10.0.0.210/volume/v3/d32ba82c04304aa7bd17021584288852/snapshots/detail returned with HTTP 200
Nov 24 18:53:23 user devstack@c-api.service[75882]: [pid: 75882|app: 0|req: 118/305] 10.0.0.210 () {62 vars in 1318 bytes} [Fri Nov 24 18:53:23 2023] GET /volume/v3/d32ba82c04304aa7bd17021584288852/snapshots/detail => generated 453 bytes in 39 msecs (HTTP/1.1 200) 7 headers in 285 bytes (2 switches on core 0)
Nov 24 18:53:23 user devstack@c-api.service[75882]: DEBUG cinder.api.middleware.request_id [None req-0afa5ca7-6749-4aea-988a-803c1c0e0a92 None None] RequestId filter calling following filter/app {{(pid=75882) _context_setter /opt/stack/cinder/cinder/api/middleware/request_id.py:62}}
Nov 24 18:53:23 user devstack@c-api.service[75882]: INFO cinder.api.openstack.wsgi [None req-0afa5ca7-6749-4aea-988a-803c1c0e0a92 tempest-GroupSnapshotsTest-1221908501 tempest-GroupSnapshotsTest-1221908501-project-member] GET http://10.0.0.210/volume/v3/d32ba82c04304aa7bd17021584288852/snapshots/34131a31-5b09-4fe6-a2b3-d4a211b005a8
Nov 24 18:53:23 user devstack@c-api.service[75882]: DEBUG cinder.api.openstack.wsgi [None req-0afa5ca7-6749-4aea-988a-803c1c0e0a92 tempest-GroupSnapshotsTest-1221908501 tempest-GroupSnapshotsTest-1221908501-project-member] Empty body provided in request {{(pid=75882) get_body /opt/stack/cinder/cinder/api/openstack/wsgi.py:715}}
Nov 24 18:53:23 user devstack@c-api.service[75882]: DEBUG cinder.api.openstack.wsgi [None req-0afa5ca7-6749-4aea-988a-803c1c0e0a92 tempest-GroupSnapshotsTest-1221908501 tempest-GroupSnapshotsTest-1221908501-project-member] Calling method 'show' {{(pid=75882) _process_stack /opt/stack/cinder/cinder/api/openstack/wsgi.py:868}}
Nov 24 18:53:23 user devstack@c-api.service[75882]: /opt/stack/data/venv/lib/python3.10/site-packages/oslo_context/context.py:100: DeprecationWarning: Policy enforcement is depending on the value of is_admin. This key is deprecated. Please update your policy file to use the standard policy values.
Nov 24 18:53:23 user devstack@c-api.service[75882]: warnings.warn('Policy enforcement is depending on the value of '
Nov 24 18:53:23 user devstack@c-api.service[75882]: INFO cinder.volume.api [None req-0afa5ca7-6749-4aea-988a-803c1c0e0a92 tempest-GroupSnapshotsTest-1221908501 tempest-GroupSnapshotsTest-1221908501-project-member] Snapshot retrieved successfully.
Nov 24 18:53:23 user devstack@c-api.service[75882]: INFO cinder.api.openstack.wsgi [None req-0afa5ca7-6749-4aea-988a-803c1c0e0a92 tempest-GroupSnapshotsTest-1221908501 tempest-GroupSnapshotsTest-1221908501-project-member] http://10.0.0.210/volume/v3/d32ba82c04304aa7bd17021584288852/snapshots/34131a31-5b09-4fe6-a2b3-d4a211b005a8 returned with HTTP 200
Nov 24 18:53:23 user devstack@c-api.service[75882]: [pid: 75882|app: 0|req: 119/306] 10.0.0.210 () {62 vars in 1408 bytes} [Fri Nov 24 18:53:23 2023] GET /volume/v3/d32ba82c04304aa7bd17021584288852/snapshots/34131a31-5b09-4fe6-a2b3-d4a211b005a8 => generated 450 bytes in 53 msecs (HTTP/1.1 200) 7 headers in 285 bytes (1 switches on core 0)
Nov 24 18:53:24 user devstack@c-api.service[75882]: DEBUG cinder.api.middleware.request_id [None req-34cde5fe-0100-461f-bf31-278f7334264e None None] RequestId filter calling following filter/app {{(pid=75882) _context_setter /opt/stack/cinder/cinder/api/middleware/request_id.py:62}}
Nov 24 18:53:24 user devstack@c-api.service[75882]: INFO cinder.api.openstack.wsgi [None req-34cde5fe-0100-461f-bf31-278f7334264e tempest-GroupSnapshotsTest-1221908501 tempest-GroupSnapshotsTest-1221908501-project-member] GET http://10.0.0.210/volume/v3/d32ba82c04304aa7bd17021584288852/snapshots/34131a31-5b09-4fe6-a2b3-d4a211b005a8
Nov 24 18:53:24 user devstack@c-api.service[75882]: DEBUG cinder.api.openstack.wsgi [None req-34cde5fe-0100-461f-bf31-278f7334264e tempest-GroupSnapshotsTest-1221908501 tempest-GroupSnapshotsTest-1221908501-project-member] Empty body provided in request {{(pid=75882) get_body /opt/stack/cinder/cinder/api/openstack/wsgi.py:715}}
Nov 24 18:53:24 user devstack@c-api.service[75882]: DEBUG cinder.api.openstack.wsgi [None req-34cde5fe-0100-461f-bf31-278f7334264e tempest-GroupSnapshotsTest-1221908501 tempest-GroupSnapshotsTest-1221908501-project-member] Calling method 'show' {{(pid=75882) _process_stack /opt/stack/cinder/cinder/api/openstack/wsgi.py:868}}
Nov 24 18:53:24 user devstack@c-api.service[75882]: /opt/stack/data/venv/lib/python3.10/site-packages/oslo_context/context.py:100: DeprecationWarning: Policy enforcement is depending on the value of is_admin. This key is deprecated. Please update your policy file to use the standard policy values.
Nov 24 18:53:24 user devstack@c-api.service[75882]: warnings.warn('Policy enforcement is depending on the value of '
Nov 24 18:53:24 user devstack@c-api.service[75882]: INFO cinder.volume.api [None req-34cde5fe-0100-461f-bf31-278f7334264e tempest-GroupSnapshotsTest-1221908501 tempest-GroupSnapshotsTest-1221908501-project-member] Snapshot retrieved successfully.
Nov 24 18:53:24 user devstack@c-api.service[75882]: INFO cinder.api.openstack.wsgi [None req-34cde5fe-0100-461f-bf31-278f7334264e tempest-GroupSnapshotsTest-1221908501 tempest-GroupSnapshotsTest-1221908501-project-member] http://10.0.0.210/volume/v3/d32ba82c04304aa7bd17021584288852/snapshots/34131a31-5b09-4fe6-a2b3-d4a211b005a8 returned with HTTP 200
Nov 24 18:53:24 user devstack@c-api.service[75882]: [pid: 75882|app: 0|req: 120/307] 10.0.0.210 () {62 vars in 1408 bytes} [Fri Nov 24 18:53:24 2023] GET /volume/v3/d32ba82c04304aa7bd17021584288852/snapshots/34131a31-5b09-4fe6-a2b3-d4a211b005a8 => generated 450 bytes in 26 msecs (HTTP/1.1 200) 7 headers in 285 bytes (2 switches on core 0)
Nov 24 18:53:25 user devstack@c-api.service[75882]: DEBUG cinder.api.middleware.request_id [None req-2c62361b-6a01-4a69-8960-b168fb2d6673 None None] RequestId filter calling following filter/app {{(pid=75882) _context_setter /opt/stack/cinder/cinder/api/middleware/request_id.py:62}}
Nov 24 18:53:25 user devstack@c-api.service[75882]: INFO cinder.api.openstack.wsgi [None req-2c62361b-6a01-4a69-8960-b168fb2d6673 tempest-GroupSnapshotsTest-1221908501 tempest-GroupSnapshotsTest-1221908501-project-member] GET http://10.0.0.210/volume/v3/d32ba82c04304aa7bd17021584288852/snapshots/34131a31-5b09-4fe6-a2b3-d4a211b005a8
Nov 24 18:53:25 user devstack@c-api.service[75882]: DEBUG cinder.api.openstack.wsgi [None req-2c62361b-6a01-4a69-8960-b168fb2d6673 tempest-GroupSnapshotsTest-1221908501 tempest-GroupSnapshotsTest-1221908501-project-member] Empty body provided in request {{(pid=75882) get_body /opt/stack/cinder/cinder/api/openstack/wsgi.py:715}}
Nov 24 18:53:25 user devstack@c-api.service[75882]: DEBUG cinder.api.openstack.wsgi [None req-2c62361b-6a01-4a69-8960-b168fb2d6673 tempest-GroupSnapshotsTest-1221908501 tempest-GroupSnapshotsTest-1221908501-project-member] Calling method 'show' {{(pid=75882) _process_stack /opt/stack/cinder/cinder/api/openstack/wsgi.py:868}}
Nov 24 18:53:25 user devstack@c-api.service[75882]: /opt/stack/data/venv/lib/python3.10/site-packages/oslo_context/context.py:100: DeprecationWarning: Policy enforcement is depending on the value of is_admin. This key is deprecated. Please update your policy file to use the standard policy values.
Nov 24 18:53:25 user devstack@c-api.service[75882]: warnings.warn('Policy enforcement is depending on the value of '
Nov 24 18:53:25 user devstack@c-api.service[75882]: INFO cinder.volume.api [None req-2c62361b-6a01-4a69-8960-b168fb2d6673 tempest-GroupSnapshotsTest-1221908501 tempest-GroupSnapshotsTest-1221908501-project-member] Snapshot retrieved successfully.
Nov 24 18:53:25 user devstack@c-api.service[75882]: INFO cinder.api.openstack.wsgi [None req-2c62361b-6a01-4a69-8960-b168fb2d6673 tempest-GroupSnapshotsTest-1221908501 tempest-GroupSnapshotsTest-1221908501-project-member] http://10.0.0.210/volume/v3/d32ba82c04304aa7bd17021584288852/snapshots/34131a31-5b09-4fe6-a2b3-d4a211b005a8 returned with HTTP 200
Nov 24 18:53:25 user devstack@c-api.service[75882]: [pid: 75882|app: 0|req: 121/308] 10.0.0.210 () {62 vars in 1408 bytes} [Fri Nov 24 18:53:25 2023] GET /volume/v3/d32ba82c04304aa7bd17021584288852/snapshots/34131a31-5b09-4fe6-a2b3-d4a211b005a8 => generated 450 bytes in 22 msecs (HTTP/1.1 200) 7 headers in 285 bytes (1 switches on core 0)
Nov 24 18:53:26 user devstack@c-api.service[75882]: DEBUG cinder.api.middleware.request_id [None req-cb16dc24-7763-4588-9d55-a8d5792c52f6 None None] RequestId filter calling following filter/app {{(pid=75882) _context_setter /opt/stack/cinder/cinder/api/middleware/request_id.py:62}}
Nov 24 18:53:26 user devstack@c-api.service[75882]: INFO cinder.api.openstack.wsgi [None req-cb16dc24-7763-4588-9d55-a8d5792c52f6 tempest-GroupSnapshotsTest-1221908501 tempest-GroupSnapshotsTest-1221908501-project-member] GET http://10.0.0.210/volume/v3/d32ba82c04304aa7bd17021584288852/snapshots/34131a31-5b09-4fe6-a2b3-d4a211b005a8
Nov 24 18:53:26 user devstack@c-api.service[75882]: DEBUG cinder.api.openstack.wsgi [None req-cb16dc24-7763-4588-9d55-a8d5792c52f6 tempest-GroupSnapshotsTest-1221908501 tempest-GroupSnapshotsTest-1221908501-project-member] Empty body provided in request {{(pid=75882) get_body /opt/stack/cinder/cinder/api/openstack/wsgi.py:715}}
Nov 24 18:53:26 user devstack@c-api.service[75882]: DEBUG cinder.api.openstack.wsgi [None req-cb16dc24-7763-4588-9d55-a8d5792c52f6 tempest-GroupSnapshotsTest-1221908501 tempest-GroupSnapshotsTest-1221908501-project-member] Calling method 'show' {{(pid=75882) _process_stack /opt/stack/cinder/cinder/api/openstack/wsgi.py:868}}
Nov 24 18:53:26 user devstack@c-api.service[75882]: INFO cinder.api.openstack.wsgi [None req-cb16dc24-7763-4588-9d55-a8d5792c52f6 tempest-GroupSnapshotsTest-1221908501 tempest-GroupSnapshotsTest-1221908501-project-member] http://10.0.0.210/volume/v3/d32ba82c04304aa7bd17021584288852/snapshots/34131a31-5b09-4fe6-a2b3-d4a211b005a8 returned with HTTP 404
Nov 24 18:53:26 user devstack@c-api.service[75882]: [pid: 75882|app: 0|req: 122/309] 10.0.0.210 () {62 vars in 1408 bytes} [Fri Nov 24 18:53:26 2023] GET /volume/v3/d32ba82c04304aa7bd17021584288852/snapshots/34131a31-5b09-4fe6-a2b3-d4a211b005a8 => generated 111 bytes in 21 msecs (HTTP/1.1 404) 7 headers in 292 bytes (1 switches on core 0)
Nov 24 18:53:26 user devstack@c-api.service[75882]: DEBUG cinder.api.middleware.request_id [None req-b6562a55-e70a-442b-9c98-fc56f2bed988 None None] RequestId filter calling following filter/app {{(pid=75882) _context_setter /opt/stack/cinder/cinder/api/middleware/request_id.py:62}}
Nov 24 18:53:26 user devstack@c-api.service[75882]: INFO cinder.api.openstack.wsgi [None req-b6562a55-e70a-442b-9c98-fc56f2bed988 tempest-GroupSnapshotsTest-1221908501 tempest-GroupSnapshotsTest-1221908501-project-member] GET http://10.0.0.210/volume/v3/d32ba82c04304aa7bd17021584288852/group_snapshots/dcea7efb-9418-44cb-8eac-af1187959764
Nov 24 18:53:26 user devstack@c-api.service[75882]: DEBUG cinder.api.openstack.wsgi [None req-b6562a55-e70a-442b-9c98-fc56f2bed988 tempest-GroupSnapshotsTest-1221908501 tempest-GroupSnapshotsTest-1221908501-project-member] Empty body provided in request {{(pid=75882) get_body /opt/stack/cinder/cinder/api/openstack/wsgi.py:715}}
Nov 24 18:53:26 user devstack@c-api.service[75882]: DEBUG cinder.api.openstack.wsgi [None req-b6562a55-e70a-442b-9c98-fc56f2bed988 tempest-GroupSnapshotsTest-1221908501 tempest-GroupSnapshotsTest-1221908501-project-member] Calling method 'version_select' {{(pid=75882) _process_stack /opt/stack/cinder/cinder/api/openstack/wsgi.py:868}}
Nov 24 18:53:26 user devstack@c-api.service[75882]: DEBUG cinder.api.v3.group_snapshots [None req-b6562a55-e70a-442b-9c98-fc56f2bed988 tempest-GroupSnapshotsTest-1221908501 tempest-GroupSnapshotsTest-1221908501-project-member] show called for member dcea7efb-9418-44cb-8eac-af1187959764 {{(pid=75882) show /opt/stack/cinder/cinder/api/v3/group_snapshots.py:58}}
Nov 24 18:53:26 user devstack@c-api.service[75882]: INFO cinder.api.openstack.wsgi [None req-b6562a55-e70a-442b-9c98-fc56f2bed988 tempest-GroupSnapshotsTest-1221908501 tempest-GroupSnapshotsTest-1221908501-project-member] http://10.0.0.210/volume/v3/d32ba82c04304aa7bd17021584288852/group_snapshots/dcea7efb-9418-44cb-8eac-af1187959764 returned with HTTP 404
Nov 24 18:53:26 user devstack@c-api.service[75882]: [pid: 75882|app: 0|req: 123/310] 10.0.0.210 () {64 vars in 1467 bytes} [Fri Nov 24 18:53:26 2023] GET /volume/v3/d32ba82c04304aa7bd17021584288852/group_snapshots/dcea7efb-9418-44cb-8eac-af1187959764 => generated 116 bytes in 17 msecs (HTTP/1.1 404) 7 headers in 293 bytes (1 switches on core 0)
Nov 24 18:53:26 user devstack@c-api.service[75882]: DEBUG cinder.api.middleware.request_id [None req-b7623bbb-39fa-4e20-8322-4fa154090a71 None None] RequestId filter calling following filter/app {{(pid=75882) _context_setter /opt/stack/cinder/cinder/api/middleware/request_id.py:62}}
Nov 24 18:53:26 user devstack@c-api.service[75882]: INFO cinder.api.openstack.wsgi [None req-b7623bbb-39fa-4e20-8322-4fa154090a71 tempest-GroupSnapshotsTest-1221908501 tempest-GroupSnapshotsTest-1221908501-project-member] GET http://10.0.0.210/volume/v3/d32ba82c04304aa7bd17021584288852/group_snapshots
Nov 24 18:53:26 user devstack@c-api.service[75882]: DEBUG cinder.api.openstack.wsgi [None req-b7623bbb-39fa-4e20-8322-4fa154090a71 tempest-GroupSnapshotsTest-1221908501 tempest-GroupSnapshotsTest-1221908501-project-member] Empty body provided in request {{(pid=75882) get_body /opt/stack/cinder/cinder/api/openstack/wsgi.py:715}}
Nov 24 18:53:26 user devstack@c-api.service[75882]: DEBUG cinder.api.openstack.wsgi [None req-b7623bbb-39fa-4e20-8322-4fa154090a71 tempest-GroupSnapshotsTest-1221908501 tempest-GroupSnapshotsTest-1221908501-project-member] Calling method 'version_select' {{(pid=75882) _process_stack /opt/stack/cinder/cinder/api/openstack/wsgi.py:868}}
Nov 24 18:53:26 user devstack@c-api.service[75882]: INFO cinder.api.openstack.wsgi [None req-b7623bbb-39fa-4e20-8322-4fa154090a71 tempest-GroupSnapshotsTest-1221908501 tempest-GroupSnapshotsTest-1221908501-project-member] http://10.0.0.210/volume/v3/d32ba82c04304aa7bd17021584288852/group_snapshots returned with HTTP 200
Nov 24 18:53:26 user devstack@c-api.service[75882]: [pid: 75882|app: 0|req: 124/311] 10.0.0.210 () {64 vars in 1356 bytes} [Fri Nov 24 18:53:26 2023] GET /volume/v3/d32ba82c04304aa7bd17021584288852/group_snapshots => generated 23 bytes in 42 msecs (HTTP/1.1 200) 7 headers in 285 bytes (1 switches on core 0)
Nov 24 18:53:26 user devstack@c-api.service[75882]: DEBUG cinder.api.middleware.request_id [None req-cc1d3aed-d32b-45c2-a452-5ffdbc284d2d None None] RequestId filter calling following filter/app {{(pid=75882) _context_setter /opt/stack/cinder/cinder/api/middleware/request_id.py:62}}
Nov 24 18:53:26 user devstack@c-api.service[75882]: INFO cinder.api.openstack.wsgi [None req-cc1d3aed-d32b-45c2-a452-5ffdbc284d2d tempest-GroupSnapshotsTest-1221908501 tempest-GroupSnapshotsTest-1221908501-project-member] DELETE http://10.0.0.210/volume/v3/d32ba82c04304aa7bd17021584288852/group_snapshots/dcea7efb-9418-44cb-8eac-af1187959764
Nov 24 18:53:26 user devstack@c-api.service[75882]: DEBUG cinder.api.openstack.wsgi [None req-cc1d3aed-d32b-45c2-a452-5ffdbc284d2d tempest-GroupSnapshotsTest-1221908501 tempest-GroupSnapshotsTest-1221908501-project-member] Empty body provided in request {{(pid=75882) get_body /opt/stack/cinder/cinder/api/openstack/wsgi.py:715}}
Nov 24 18:53:26 user devstack@c-api.service[75882]: DEBUG cinder.api.openstack.wsgi [None req-cc1d3aed-d32b-45c2-a452-5ffdbc284d2d tempest-GroupSnapshotsTest-1221908501 tempest-GroupSnapshotsTest-1221908501-project-member] Calling method 'version_select' {{(pid=75882) _process_stack /opt/stack/cinder/cinder/api/openstack/wsgi.py:868}}
Nov 24 18:53:26 user devstack@c-api.service[75882]: DEBUG cinder.api.v3.group_snapshots [None req-cc1d3aed-d32b-45c2-a452-5ffdbc284d2d tempest-GroupSnapshotsTest-1221908501 tempest-GroupSnapshotsTest-1221908501-project-member] delete called for member dcea7efb-9418-44cb-8eac-af1187959764 {{(pid=75882) delete /opt/stack/cinder/cinder/api/v3/group_snapshots.py:72}}
Nov 24 18:53:26 user devstack@c-api.service[75882]: INFO cinder.api.v3.group_snapshots [None req-cc1d3aed-d32b-45c2-a452-5ffdbc284d2d tempest-GroupSnapshotsTest-1221908501 tempest-GroupSnapshotsTest-1221908501-project-member] Delete group_snapshot with id: dcea7efb-9418-44cb-8eac-af1187959764
Nov 24 18:53:26 user devstack@c-api.service[75882]: INFO cinder.api.openstack.wsgi [None req-cc1d3aed-d32b-45c2-a452-5ffdbc284d2d tempest-GroupSnapshotsTest-1221908501 tempest-GroupSnapshotsTest-1221908501-project-member] http://10.0.0.210/volume/v3/d32ba82c04304aa7bd17021584288852/group_snapshots/dcea7efb-9418-44cb-8eac-af1187959764 returned with HTTP 404
Nov 24 18:53:26 user devstack@c-api.service[75882]: [pid: 75882|app: 0|req: 125/312] 10.0.0.210 () {64 vars in 1470 bytes} [Fri Nov 24 18:53:26 2023] DELETE /volume/v3/d32ba82c04304aa7bd17021584288852/group_snapshots/dcea7efb-9418-44cb-8eac-af1187959764 => generated 116 bytes in 20 msecs (HTTP/1.1 404) 7 headers in 293 bytes (1 switches on core 0)
Nov 24 18:53:26 user devstack@c-api.service[75882]: DEBUG cinder.api.middleware.request_id [None req-1613d691-0408-4da5-a043-dad598b6242f None None] RequestId filter calling following filter/app {{(pid=75882) _context_setter /opt/stack/cinder/cinder/api/middleware/request_id.py:62}}
Nov 24 18:53:26 user devstack@c-api.service[75882]: INFO cinder.api.openstack.wsgi [None req-1613d691-0408-4da5-a043-dad598b6242f tempest-GroupSnapshotsTest-1221908501 tempest-GroupSnapshotsTest-1221908501-project-member] GET http://10.0.0.210/volume/v3/d32ba82c04304aa7bd17021584288852/volumes/detail
Nov 24 18:53:26 user devstack@c-api.service[75882]: DEBUG cinder.api.openstack.wsgi [None req-1613d691-0408-4da5-a043-dad598b6242f tempest-GroupSnapshotsTest-1221908501 tempest-GroupSnapshotsTest-1221908501-project-member] Empty body provided in request {{(pid=75882) get_body /opt/stack/cinder/cinder/api/openstack/wsgi.py:715}}
Nov 24 18:53:26 user devstack@c-api.service[75882]: DEBUG cinder.api.openstack.wsgi [None req-1613d691-0408-4da5-a043-dad598b6242f tempest-GroupSnapshotsTest-1221908501 tempest-GroupSnapshotsTest-1221908501-project-member] Calling method 'detail' {{(pid=75882) _process_stack /opt/stack/cinder/cinder/api/openstack/wsgi.py:868}}
Nov 24 18:53:26 user devstack@c-api.service[75882]: DEBUG cinder.api.api_utils [None req-1613d691-0408-4da5-a043-dad598b6242f tempest-GroupSnapshotsTest-1221908501 tempest-GroupSnapshotsTest-1221908501-project-member] Removing options '' from query. {{(pid=75882) remove_invalid_filter_options /opt/stack/cinder/cinder/api/api_utils.py:83}}
Nov 24 18:53:26 user devstack@c-api.service[75882]: DEBUG cinder.volume.api [None req-1613d691-0408-4da5-a043-dad598b6242f tempest-GroupSnapshotsTest-1221908501 tempest-GroupSnapshotsTest-1221908501-project-member] Searching by: MultiDict([('no_migration_targets', True)]). {{(pid=75882) get_all /opt/stack/cinder/cinder/volume/api.py:664}}
Nov 24 18:53:26 user devstack@c-api.service[75882]: INFO cinder.volume.api [None req-1613d691-0408-4da5-a043-dad598b6242f tempest-GroupSnapshotsTest-1221908501 tempest-GroupSnapshotsTest-1221908501-project-member] Get all volumes completed successfully.
Nov 24 18:53:26 user devstack@c-api.service[75882]: WARNING stevedore.named [None req-1613d691-0408-4da5-a043-dad598b6242f tempest-GroupSnapshotsTest-1221908501 tempest-GroupSnapshotsTest-1221908501-project-member] Could not load cinder.keymgr.conf_key_mgr.ConfKeyManager
Nov 24 18:53:26 user devstack@c-api.service[75882]: WARNING castellan.key_manager [None req-1613d691-0408-4da5-a043-dad598b6242f tempest-GroupSnapshotsTest-1221908501 tempest-GroupSnapshotsTest-1221908501-project-member] Deprecation Warning : cinder.keymgr.conf_key_mgr.ConfKeyManager is not a stevedore based driver, trying to load it as a class: stevedore.exception.NoMatches: No 'castellan.drivers' driver found, looking for 'cinder.keymgr.conf_key_mgr.ConfKeyManager'
Nov 24 18:53:26 user devstack@c-api.service[75884]: DEBUG cinder.coordination [req-4bee6068-ecb8-4316-bc41-b412502b0446 req-5258b05f-4362-4751-9030-a85e01b3ac01 tempest-TaggedBootDevicesTest_v242-300268766 tempest-TaggedBootDevicesTest_v242-300268766-project-member] Lock "cinder-attachment_update-780459b0-ad74-4a6d-88e9-42bef53d3a11-user" released by "attachment_update" :: held 6.693s {{(pid=75884) __release /opt/stack/cinder/cinder/coordination.py:156}}
Nov 24 18:53:26 user devstack@c-api.service[75884]: INFO cinder.api.openstack.wsgi [req-4bee6068-ecb8-4316-bc41-b412502b0446 req-5258b05f-4362-4751-9030-a85e01b3ac01 tempest-TaggedBootDevicesTest_v242-300268766 tempest-TaggedBootDevicesTest_v242-300268766-project-member] http://10.0.0.210/volume/v3/f37c20b6ddd74260b6b62417476cdc7d/attachments/172f3d2d-4fc3-438b-ba5e-379cbb3a0747 returned with HTTP 200
Nov 24 18:53:26 user devstack@c-api.service[75884]: [pid: 75884|app: 0|req: 105/313] 10.0.0.210 () {70 vars in 1761 bytes} [Fri Nov 24 18:53:19 2023] PUT /volume/v3/f37c20b6ddd74260b6b62417476cdc7d/attachments/172f3d2d-4fc3-438b-ba5e-379cbb3a0747 => generated 689 bytes in 6738 msecs (HTTP/1.1 200) 7 headers in 286 bytes (1 switches on core 0)
Nov 24 18:53:26 user devstack@c-api.service[75882]: DEBUG oslo_db.sqlalchemy.engines [None req-1613d691-0408-4da5-a043-dad598b6242f tempest-GroupSnapshotsTest-1221908501 tempest-GroupSnapshotsTest-1221908501-project-member] MySQL server mode set to STRICT_TRANS_TABLES,STRICT_ALL_TABLES,NO_ZERO_IN_DATE,NO_ZERO_DATE,ERROR_FOR_DIVISION_BY_ZERO,TRADITIONAL,NO_ENGINE_SUBSTITUTION {{(pid=75882) _check_effective_sql_mode /opt/stack/data/venv/lib/python3.10/site-packages/oslo_db/sqlalchemy/engines.py:342}}
Nov 24 18:53:26 user devstack@c-api.service[75883]: DEBUG cinder.coordination [req-037b16c9-50e3-4f26-8bcd-a8a945996680 req-c4699a63-938c-40a7-a415-615401ad443c tempest-TaggedBootDevicesTest-198222194 tempest-TaggedBootDevicesTest-198222194-project-member] Lock "cinder-attachment_update-cdc277a3-1626-4f22-962f-9e0ebe78b07b-user" released by "attachment_update" :: held 7.313s {{(pid=75883) __release /opt/stack/cinder/cinder/coordination.py:156}}
Nov 24 18:53:26 user devstack@c-api.service[75883]: INFO cinder.api.openstack.wsgi [req-037b16c9-50e3-4f26-8bcd-a8a945996680 req-c4699a63-938c-40a7-a415-615401ad443c tempest-TaggedBootDevicesTest-198222194 tempest-TaggedBootDevicesTest-198222194-project-member] http://10.0.0.210/volume/v3/9dea95244ac640c59516fbcda9f1e028/attachments/c0cb6b71-e2f7-4de1-ad0e-482ff9d02a8a returned with HTTP 200
Nov 24 18:53:26 user devstack@c-api.service[75882]: /opt/stack/data/venv/lib/python3.10/site-packages/oslo_context/context.py:100: DeprecationWarning: Policy enforcement is depending on the value of is_admin. This key is deprecated. Please update your policy file to use the standard policy values.
Nov 24 18:53:26 user devstack@c-api.service[75882]: warnings.warn('Policy enforcement is depending on the value of '
Nov 24 18:53:26 user devstack@c-api.service[75883]: [pid: 75883|app: 0|req: 84/314] 10.0.0.210 () {70 vars in 1761 bytes} [Fri Nov 24 18:53:19 2023] PUT /volume/v3/9dea95244ac640c59516fbcda9f1e028/attachments/c0cb6b71-e2f7-4de1-ad0e-482ff9d02a8a => generated 689 bytes in 7409 msecs (HTTP/1.1 200) 7 headers in 286 bytes (1 switches on core 0)
Nov 24 18:53:26 user devstack@c-api.service[75882]: INFO cinder.api.openstack.wsgi [None req-1613d691-0408-4da5-a043-dad598b6242f tempest-GroupSnapshotsTest-1221908501 tempest-GroupSnapshotsTest-1221908501-project-member] http://10.0.0.210/volume/v3/d32ba82c04304aa7bd17021584288852/volumes/detail returned with HTTP 200
Nov 24 18:53:26 user devstack@c-api.service[75882]: [pid: 75882|app: 0|req: 126/315] 10.0.0.210 () {64 vars in 1353 bytes} [Fri Nov 24 18:53:26 2023] GET /volume/v3/d32ba82c04304aa7bd17021584288852/volumes/detail => generated 981 bytes in 113 msecs (HTTP/1.1 200) 7 headers in 286 bytes (1 switches on core 0)
Nov 24 18:53:26 user devstack@c-api.service[75884]: DEBUG cinder.api.middleware.request_id [req-4bee6068-ecb8-4316-bc41-b412502b0446 req-8c55c02b-532e-4aac-98a5-6d78262f0a55 None None] RequestId filter calling following filter/app {{(pid=75884) _context_setter /opt/stack/cinder/cinder/api/middleware/request_id.py:62}}
Nov 24 18:53:26 user devstack@c-api.service[75884]: INFO cinder.api.openstack.wsgi [req-4bee6068-ecb8-4316-bc41-b412502b0446 req-8c55c02b-532e-4aac-98a5-6d78262f0a55 tempest-TaggedBootDevicesTest_v242-300268766 tempest-TaggedBootDevicesTest_v242-300268766-project-member] POST http://10.0.0.210/volume/v3/f37c20b6ddd74260b6b62417476cdc7d/attachments/172f3d2d-4fc3-438b-ba5e-379cbb3a0747/action
Nov 24 18:53:26 user devstack@c-api.service[75884]: DEBUG cinder.api.openstack.wsgi [req-4bee6068-ecb8-4316-bc41-b412502b0446 req-8c55c02b-532e-4aac-98a5-6d78262f0a55 tempest-TaggedBootDevicesTest_v242-300268766 tempest-TaggedBootDevicesTest_v242-300268766-project-member] Action body: b'{"os-complete": null}' {{(pid=75884) get_method /opt/stack/cinder/cinder/api/openstack/wsgi.py:983}}
Nov 24 18:53:26 user devstack@c-api.service[75884]: DEBUG cinder.api.openstack.wsgi [req-4bee6068-ecb8-4316-bc41-b412502b0446 req-8c55c02b-532e-4aac-98a5-6d78262f0a55 tempest-TaggedBootDevicesTest_v242-300268766 tempest-TaggedBootDevicesTest_v242-300268766-project-member] Action: 'action', calling method: version_select, body: {"os-complete": null} {{(pid=75884) _process_stack /opt/stack/cinder/cinder/api/openstack/wsgi.py:866}}
Nov 24 18:53:26 user devstack@c-api.service[75883]: DEBUG cinder.api.middleware.request_id [None req-126cf6cf-88f3-429f-94d2-278b773f500d None None] RequestId filter calling following filter/app {{(pid=75883) _context_setter /opt/stack/cinder/cinder/api/middleware/request_id.py:62}}
Nov 24 18:53:26 user devstack@c-api.service[75882]: DEBUG cinder.api.middleware.request_id [req-037b16c9-50e3-4f26-8bcd-a8a945996680 req-04ed5448-b6ae-4150-84e9-fd30111193fe None None] RequestId filter calling following filter/app {{(pid=75882) _context_setter /opt/stack/cinder/cinder/api/middleware/request_id.py:62}}
Nov 24 18:53:26 user devstack@c-api.service[75883]: INFO cinder.api.openstack.wsgi [None req-126cf6cf-88f3-429f-94d2-278b773f500d tempest-GroupSnapshotsTest-1221908501 tempest-GroupSnapshotsTest-1221908501-project-member] POST http://10.0.0.210/volume/v3/d32ba82c04304aa7bd17021584288852/groups/14d5a7df-9614-4542-9e07-e260c068f645/action
Nov 24 18:53:26 user devstack@c-api.service[75882]: INFO cinder.api.openstack.wsgi [req-037b16c9-50e3-4f26-8bcd-a8a945996680 req-04ed5448-b6ae-4150-84e9-fd30111193fe tempest-TaggedBootDevicesTest-198222194 tempest-TaggedBootDevicesTest-198222194-project-member] POST http://10.0.0.210/volume/v3/9dea95244ac640c59516fbcda9f1e028/attachments/c0cb6b71-e2f7-4de1-ad0e-482ff9d02a8a/action
Nov 24 18:53:26 user devstack@c-api.service[75883]: DEBUG cinder.api.openstack.wsgi [None req-126cf6cf-88f3-429f-94d2-278b773f500d tempest-GroupSnapshotsTest-1221908501 tempest-GroupSnapshotsTest-1221908501-project-member] Action body: b'{"delete": {"delete-volumes": true}}' {{(pid=75883) get_method /opt/stack/cinder/cinder/api/openstack/wsgi.py:983}}
Nov 24 18:53:26 user devstack@c-api.service[75883]: DEBUG cinder.api.openstack.wsgi [None req-126cf6cf-88f3-429f-94d2-278b773f500d tempest-GroupSnapshotsTest-1221908501 tempest-GroupSnapshotsTest-1221908501-project-member] Action: 'action', calling method: version_select, body: {"delete": {"delete-volumes": true}} {{(pid=75883) _process_stack /opt/stack/cinder/cinder/api/openstack/wsgi.py:866}}
Nov 24 18:53:26 user devstack@c-api.service[75882]: DEBUG cinder.api.openstack.wsgi [req-037b16c9-50e3-4f26-8bcd-a8a945996680 req-04ed5448-b6ae-4150-84e9-fd30111193fe tempest-TaggedBootDevicesTest-198222194 tempest-TaggedBootDevicesTest-198222194-project-member] Action body: b'{"os-complete": null}' {{(pid=75882) get_method /opt/stack/cinder/cinder/api/openstack/wsgi.py:983}}
Nov 24 18:53:26 user devstack@c-api.service[75882]: DEBUG cinder.api.openstack.wsgi [req-037b16c9-50e3-4f26-8bcd-a8a945996680 req-04ed5448-b6ae-4150-84e9-fd30111193fe tempest-TaggedBootDevicesTest-198222194 tempest-TaggedBootDevicesTest-198222194-project-member] Action: 'action', calling method: complete, body: {"os-complete": null} {{(pid=75882) _process_stack /opt/stack/cinder/cinder/api/openstack/wsgi.py:866}}
Nov 24 18:53:26 user devstack@c-api.service[75883]: DEBUG cinder.api.v3.groups [None req-126cf6cf-88f3-429f-94d2-278b773f500d tempest-GroupSnapshotsTest-1221908501 tempest-GroupSnapshotsTest-1221908501-project-member] delete called for group 14d5a7df-9614-4542-9e07-e260c068f645 {{(pid=75883) _delete /opt/stack/cinder/cinder/api/v3/groups.py:117}}
Nov 24 18:53:26 user devstack@c-api.service[75883]: INFO cinder.api.v3.groups [None req-126cf6cf-88f3-429f-94d2-278b773f500d tempest-GroupSnapshotsTest-1221908501 tempest-GroupSnapshotsTest-1221908501-project-member] Delete group with id: 14d5a7df-9614-4542-9e07-e260c068f645
Nov 24 18:53:26 user devstack@c-api.service[75883]: /opt/stack/data/venv/lib/python3.10/site-packages/oslo_context/context.py:100: DeprecationWarning: Policy enforcement is depending on the value of is_admin. This key is deprecated. Please update your policy file to use the standard policy values.
Nov 24 18:53:26 user devstack@c-api.service[75883]: warnings.warn('Policy enforcement is depending on the value of '
Nov 24 18:53:26 user devstack@c-api.service[75884]: /opt/stack/data/venv/lib/python3.10/site-packages/oslo_context/context.py:100: DeprecationWarning: Policy enforcement is depending on the value of is_admin. This key is deprecated. Please update your policy file to use the standard policy values.
Nov 24 18:53:26 user devstack@c-api.service[75884]: warnings.warn('Policy enforcement is depending on the value of '
Nov 24 18:53:26 user devstack@c-api.service[75884]: INFO cinder.api.openstack.wsgi [req-4bee6068-ecb8-4316-bc41-b412502b0446 req-8c55c02b-532e-4aac-98a5-6d78262f0a55 tempest-TaggedBootDevicesTest_v242-300268766 tempest-TaggedBootDevicesTest_v242-300268766-project-member] http://10.0.0.210/volume/v3/f37c20b6ddd74260b6b62417476cdc7d/attachments/172f3d2d-4fc3-438b-ba5e-379cbb3a0747/action returned with HTTP 204
Nov 24 18:53:26 user devstack@c-api.service[75884]: [pid: 75884|app: 0|req: 106/316] 10.0.0.210 () {70 vars in 1782 bytes} [Fri Nov 24 18:53:26 2023] POST /volume/v3/f37c20b6ddd74260b6b62417476cdc7d/attachments/172f3d2d-4fc3-438b-ba5e-379cbb3a0747/action => generated 0 bytes in 53 msecs (HTTP/1.1 204) 7 headers in 292 bytes (1 switches on core 0)
Nov 24 18:53:26 user devstack@c-api.service[75882]: /opt/stack/data/venv/lib/python3.10/site-packages/oslo_context/context.py:100: DeprecationWarning: Policy enforcement is depending on the value of is_admin. This key is deprecated. Please update your policy file to use the standard policy values.
Nov 24 18:53:26 user devstack@c-api.service[75882]: warnings.warn('Policy enforcement is depending on the value of '
Nov 24 18:53:26 user devstack@c-api.service[75882]: INFO cinder.api.openstack.wsgi [req-037b16c9-50e3-4f26-8bcd-a8a945996680 req-04ed5448-b6ae-4150-84e9-fd30111193fe tempest-TaggedBootDevicesTest-198222194 tempest-TaggedBootDevicesTest-198222194-project-member] http://10.0.0.210/volume/v3/9dea95244ac640c59516fbcda9f1e028/attachments/c0cb6b71-e2f7-4de1-ad0e-482ff9d02a8a/action returned with HTTP 204
Nov 24 18:53:26 user devstack@c-api.service[75882]: [pid: 75882|app: 0|req: 127/317] 10.0.0.210 () {70 vars in 1782 bytes} [Fri Nov 24 18:53:26 2023] POST /volume/v3/9dea95244ac640c59516fbcda9f1e028/attachments/c0cb6b71-e2f7-4de1-ad0e-482ff9d02a8a/action => generated 0 bytes in 61 msecs (HTTP/1.1 204) 7 headers in 292 bytes (1 switches on core 0)
Nov 24 18:53:26 user devstack@c-api.service[75884]: DEBUG cinder.api.middleware.request_id [None req-049d6495-12ab-4519-8cf9-8218284f74c6 None None] RequestId filter calling following filter/app {{(pid=75884) _context_setter /opt/stack/cinder/cinder/api/middleware/request_id.py:62}}
Nov 24 18:53:26 user devstack@c-api.service[75884]: INFO cinder.api.openstack.wsgi [None req-049d6495-12ab-4519-8cf9-8218284f74c6 None None] GET http://10.0.0.210/volume//
Nov 24 18:53:26 user devstack@c-api.service[75884]: DEBUG cinder.api.openstack.wsgi [None req-049d6495-12ab-4519-8cf9-8218284f74c6 None None] Empty body provided in request {{(pid=75884) get_body /opt/stack/cinder/cinder/api/openstack/wsgi.py:715}}
Nov 24 18:53:26 user devstack@c-api.service[75884]: DEBUG cinder.api.openstack.wsgi [None req-049d6495-12ab-4519-8cf9-8218284f74c6 None None] Calling method 'all' {{(pid=75884) _process_stack /opt/stack/cinder/cinder/api/openstack/wsgi.py:868}}
Nov 24 18:53:26 user devstack@c-api.service[75884]: INFO cinder.api.openstack.wsgi [None req-049d6495-12ab-4519-8cf9-8218284f74c6 None None] http://10.0.0.210/volume// returned with HTTP 300
Nov 24 18:53:26 user devstack@c-api.service[75884]: [pid: 75884|app: 0|req: 107/318] 10.0.0.210 () {62 vars in 1384 bytes} [Fri Nov 24 18:53:26 2023] GET /volume/ => generated 385 bytes in 6 msecs (HTTP/1.1 300) 7 headers in 299 bytes (1 switches on core 0)
Nov 24 18:53:26 user devstack@c-api.service[75882]: DEBUG cinder.api.middleware.request_id [None req-23641c8f-6d2f-434f-a59f-24a320e54a87 None None] RequestId filter calling following filter/app {{(pid=75882) _context_setter /opt/stack/cinder/cinder/api/middleware/request_id.py:62}}
Nov 24 18:53:26 user devstack@c-api.service[75882]: INFO cinder.api.openstack.wsgi [None req-23641c8f-6d2f-434f-a59f-24a320e54a87 None None] GET http://10.0.0.210/volume//
Nov 24 18:53:26 user devstack@c-api.service[75882]: DEBUG cinder.api.openstack.wsgi [None req-23641c8f-6d2f-434f-a59f-24a320e54a87 None None] Empty body provided in request {{(pid=75882) get_body /opt/stack/cinder/cinder/api/openstack/wsgi.py:715}}
Nov 24 18:53:26 user devstack@c-api.service[75882]: DEBUG cinder.api.openstack.wsgi [None req-23641c8f-6d2f-434f-a59f-24a320e54a87 None None] Calling method 'all' {{(pid=75882) _process_stack /opt/stack/cinder/cinder/api/openstack/wsgi.py:868}}
Nov 24 18:53:26 user devstack@c-api.service[75882]: INFO cinder.api.openstack.wsgi [None req-23641c8f-6d2f-434f-a59f-24a320e54a87 None None] http://10.0.0.210/volume// returned with HTTP 300
Nov 24 18:53:26 user devstack@c-api.service[75882]: [pid: 75882|app: 0|req: 128/319] 10.0.0.210 () {62 vars in 1384 bytes} [Fri Nov 24 18:53:26 2023] GET /volume/ => generated 385 bytes in 6 msecs (HTTP/1.1 300) 7 headers in 299 bytes (1 switches on core 0)
Nov 24 18:53:26 user devstack@c-api.service[75884]: DEBUG cinder.api.middleware.request_id [req-4bee6068-ecb8-4316-bc41-b412502b0446 req-7f4369fa-fb43-4c68-bf9e-c8a33fa3daf3 None None] RequestId filter calling following filter/app {{(pid=75884) _context_setter /opt/stack/cinder/cinder/api/middleware/request_id.py:62}}
Nov 24 18:53:26 user devstack@c-api.service[75883]: INFO cinder.api.openstack.wsgi [None req-126cf6cf-88f3-429f-94d2-278b773f500d tempest-GroupSnapshotsTest-1221908501 tempest-GroupSnapshotsTest-1221908501-project-member] http://10.0.0.210/volume/v3/d32ba82c04304aa7bd17021584288852/groups/14d5a7df-9614-4542-9e07-e260c068f645/action returned with HTTP 202
Nov 24 18:53:26 user devstack@c-api.service[75883]: [pid: 75883|app: 0|req: 85/320] 10.0.0.210 () {66 vars in 1482 bytes} [Fri Nov 24 18:53:26 2023] POST /volume/v3/d32ba82c04304aa7bd17021584288852/groups/14d5a7df-9614-4542-9e07-e260c068f645/action => generated 0 bytes in 100 msecs (HTTP/1.1 202) 6 headers in 234 bytes (1 switches on core 0)
Nov 24 18:53:26 user devstack@c-api.service[75884]: INFO cinder.api.openstack.wsgi [req-4bee6068-ecb8-4316-bc41-b412502b0446 req-7f4369fa-fb43-4c68-bf9e-c8a33fa3daf3 tempest-TaggedBootDevicesTest_v242-300268766 tempest-TaggedBootDevicesTest_v242-300268766-project-member] GET http://10.0.0.210/volume/v3/f37c20b6ddd74260b6b62417476cdc7d/volumes/aa82bb68-7f8b-45cb-a519-935bbee42636
Nov 24 18:53:26 user devstack@c-api.service[75884]: DEBUG cinder.api.openstack.wsgi [req-4bee6068-ecb8-4316-bc41-b412502b0446 req-7f4369fa-fb43-4c68-bf9e-c8a33fa3daf3 tempest-TaggedBootDevicesTest_v242-300268766 tempest-TaggedBootDevicesTest_v242-300268766-project-member] Empty body provided in request {{(pid=75884) get_body /opt/stack/cinder/cinder/api/openstack/wsgi.py:715}}
Nov 24 18:53:26 user devstack@c-api.service[75884]: DEBUG cinder.api.openstack.wsgi [req-4bee6068-ecb8-4316-bc41-b412502b0446 req-7f4369fa-fb43-4c68-bf9e-c8a33fa3daf3 tempest-TaggedBootDevicesTest_v242-300268766 tempest-TaggedBootDevicesTest_v242-300268766-project-member] Calling method 'show' {{(pid=75884) _process_stack /opt/stack/cinder/cinder/api/openstack/wsgi.py:868}}
Nov 24 18:53:26 user devstack@c-api.service[75882]: DEBUG cinder.api.middleware.request_id [None req-d91938db-107c-448b-bca5-8c5b027d84a1 None None] RequestId filter calling following filter/app {{(pid=75882) _context_setter /opt/stack/cinder/cinder/api/middleware/request_id.py:62}}
Nov 24 18:53:26 user devstack@c-api.service[75882]: INFO cinder.api.openstack.wsgi [None req-d91938db-107c-448b-bca5-8c5b027d84a1 tempest-GroupSnapshotsTest-1221908501 tempest-GroupSnapshotsTest-1221908501-project-member] GET http://10.0.0.210/volume/v3/d32ba82c04304aa7bd17021584288852/volumes/6a02328e-cef2-4b22-b3f1-7637940f44db
Nov 24 18:53:26 user devstack@c-api.service[75882]: DEBUG cinder.api.openstack.wsgi [None req-d91938db-107c-448b-bca5-8c5b027d84a1 tempest-GroupSnapshotsTest-1221908501 tempest-GroupSnapshotsTest-1221908501-project-member] Empty body provided in request {{(pid=75882) get_body /opt/stack/cinder/cinder/api/openstack/wsgi.py:715}}
Nov 24 18:53:26 user devstack@c-api.service[75882]: DEBUG cinder.api.openstack.wsgi [None req-d91938db-107c-448b-bca5-8c5b027d84a1 tempest-GroupSnapshotsTest-1221908501 tempest-GroupSnapshotsTest-1221908501-project-member] Calling method 'show' {{(pid=75882) _process_stack /opt/stack/cinder/cinder/api/openstack/wsgi.py:868}}
Nov 24 18:53:26 user devstack@c-api.service[75883]: DEBUG cinder.api.middleware.request_id [req-037b16c9-50e3-4f26-8bcd-a8a945996680 req-a096cd20-8b62-40af-9e4f-5256cb161325 None None] RequestId filter calling following filter/app {{(pid=75883) _context_setter /opt/stack/cinder/cinder/api/middleware/request_id.py:62}}
Nov 24 18:53:26 user devstack@c-api.service[75883]: INFO cinder.api.openstack.wsgi [req-037b16c9-50e3-4f26-8bcd-a8a945996680 req-a096cd20-8b62-40af-9e4f-5256cb161325 tempest-TaggedBootDevicesTest-198222194 tempest-TaggedBootDevicesTest-198222194-project-member] GET http://10.0.0.210/volume/v3/9dea95244ac640c59516fbcda9f1e028/volumes/0e6ec4e5-b335-495e-adf3-d1cdbd9944c7
Nov 24 18:53:26 user devstack@c-api.service[75883]: DEBUG cinder.api.openstack.wsgi [req-037b16c9-50e3-4f26-8bcd-a8a945996680 req-a096cd20-8b62-40af-9e4f-5256cb161325 tempest-TaggedBootDevicesTest-198222194 tempest-TaggedBootDevicesTest-198222194-project-member] Empty body provided in request {{(pid=75883) get_body /opt/stack/cinder/cinder/api/openstack/wsgi.py:715}}
Nov 24 18:53:26 user devstack@c-api.service[75883]: DEBUG cinder.api.openstack.wsgi [req-037b16c9-50e3-4f26-8bcd-a8a945996680 req-a096cd20-8b62-40af-9e4f-5256cb161325 tempest-TaggedBootDevicesTest-198222194 tempest-TaggedBootDevicesTest-198222194-project-member] Calling method 'show' {{(pid=75883) _process_stack /opt/stack/cinder/cinder/api/openstack/wsgi.py:868}}
Nov 24 18:53:26 user devstack@c-api.service[75884]: /opt/stack/data/venv/lib/python3.10/site-packages/oslo_context/context.py:100: DeprecationWarning: Policy enforcement is depending on the value of is_admin. This key is deprecated. Please update your policy file to use the standard policy values.
Nov 24 18:53:26 user devstack@c-api.service[75884]: warnings.warn('Policy enforcement is depending on the value of '
Nov 24 18:53:26 user devstack@c-api.service[75882]: /opt/stack/data/venv/lib/python3.10/site-packages/oslo_context/context.py:100: DeprecationWarning: Policy enforcement is depending on the value of is_admin. This key is deprecated. Please update your policy file to use the standard policy values.
Nov 24 18:53:26 user devstack@c-api.service[75882]: warnings.warn('Policy enforcement is depending on the value of '
Nov 24 18:53:26 user devstack@c-api.service[75884]: INFO cinder.volume.api [req-4bee6068-ecb8-4316-bc41-b412502b0446 req-7f4369fa-fb43-4c68-bf9e-c8a33fa3daf3 tempest-TaggedBootDevicesTest_v242-300268766 tempest-TaggedBootDevicesTest_v242-300268766-project-member] Volume info retrieved successfully.
Nov 24 18:53:26 user devstack@c-api.service[75882]: INFO cinder.volume.api [None req-d91938db-107c-448b-bca5-8c5b027d84a1 tempest-GroupSnapshotsTest-1221908501 tempest-GroupSnapshotsTest-1221908501-project-member] Volume info retrieved successfully.
Nov 24 18:53:26 user devstack@c-api.service[75882]: WARNING stevedore.named [None req-d91938db-107c-448b-bca5-8c5b027d84a1 tempest-GroupSnapshotsTest-1221908501 tempest-GroupSnapshotsTest-1221908501-project-member] Could not load cinder.keymgr.conf_key_mgr.ConfKeyManager
Nov 24 18:53:26 user devstack@c-api.service[75882]: WARNING castellan.key_manager [None req-d91938db-107c-448b-bca5-8c5b027d84a1 tempest-GroupSnapshotsTest-1221908501 tempest-GroupSnapshotsTest-1221908501-project-member] Deprecation Warning : cinder.keymgr.conf_key_mgr.ConfKeyManager is not a stevedore based driver, trying to load it as a class: stevedore.exception.NoMatches: No 'castellan.drivers' driver found, looking for 'cinder.keymgr.conf_key_mgr.ConfKeyManager'
Nov 24 18:53:26 user devstack@c-api.service[75883]: /opt/stack/data/venv/lib/python3.10/site-packages/oslo_context/context.py:100: DeprecationWarning: Policy enforcement is depending on the value of is_admin. This key is deprecated. Please update your policy file to use the standard policy values.
Nov 24 18:53:26 user devstack@c-api.service[75883]: warnings.warn('Policy enforcement is depending on the value of '
Nov 24 18:53:26 user devstack@c-api.service[75884]: INFO cinder.api.openstack.wsgi [req-4bee6068-ecb8-4316-bc41-b412502b0446 req-7f4369fa-fb43-4c68-bf9e-c8a33fa3daf3 tempest-TaggedBootDevicesTest_v242-300268766 tempest-TaggedBootDevicesTest_v242-300268766-project-member] http://10.0.0.210/volume/v3/f37c20b6ddd74260b6b62417476cdc7d/volumes/aa82bb68-7f8b-45cb-a519-935bbee42636 returned with HTTP 200
Nov 24 18:53:26 user devstack@c-api.service[75884]: [pid: 75884|app: 0|req: 108/321] 10.0.0.210 () {66 vars in 1696 bytes} [Fri Nov 24 18:53:26 2023] GET /volume/v3/f37c20b6ddd74260b6b62417476cdc7d/volumes/aa82bb68-7f8b-45cb-a519-935bbee42636 => generated 1013 bytes in 44 msecs (HTTP/1.1 200) 7 headers in 287 bytes (1 switches on core 0)
Nov 24 18:53:26 user devstack@c-api.service[75882]: DEBUG oslo_db.sqlalchemy.engines [None req-d91938db-107c-448b-bca5-8c5b027d84a1 tempest-GroupSnapshotsTest-1221908501 tempest-GroupSnapshotsTest-1221908501-project-member] MySQL server mode set to STRICT_TRANS_TABLES,STRICT_ALL_TABLES,NO_ZERO_IN_DATE,NO_ZERO_DATE,ERROR_FOR_DIVISION_BY_ZERO,TRADITIONAL,NO_ENGINE_SUBSTITUTION {{(pid=75882) _check_effective_sql_mode /opt/stack/data/venv/lib/python3.10/site-packages/oslo_db/sqlalchemy/engines.py:342}}
Nov 24 18:53:26 user devstack@c-api.service[75883]: INFO cinder.volume.api [req-037b16c9-50e3-4f26-8bcd-a8a945996680 req-a096cd20-8b62-40af-9e4f-5256cb161325 tempest-TaggedBootDevicesTest-198222194 tempest-TaggedBootDevicesTest-198222194-project-member] Volume info retrieved successfully.
