File "/opt/stack/data/venv/lib/python3.10/site-packages/flask_restful/__init__.py", line 489, in wrapper
Nov 24 18:42:38 user devstack@keystone.service[46420]: ERROR keystone.server.flask.application resp = resource(*args, **kwargs)
Nov 24 18:42:38 user devstack@keystone.service[46420]: ERROR keystone.server.flask.application
File "/opt/stack/data/venv/lib/python3.10/site-packages/flask/views.py", line 107, in view
Nov 24 18:42:38 user devstack@keystone.service[46420]: ERROR keystone.server.flask.application return current_app.ensure_sync(self.dispatch_request)(**kwargs)
Nov 24 18:42:38 user devstack@keystone.service[46420]: ERROR keystone.server.flask.application
File "/opt/stack/data/venv/lib/python3.10/site-packages/flask_restful/__init__.py", line 604, in dispatch_request
Nov 24 18:42:38 user devstack@keystone.service[46420]: ERROR keystone.server.flask.application resp = meth(*args, **kwargs)
Nov 24 18:42:38 user devstack@keystone.service[46420]: ERROR keystone.server.flask.application
File "/opt/stack/keystone/keystone/api/roles.py", line 50, in get
Nov 24 18:42:38 user devstack@keystone.service[46420]: ERROR keystone.server.flask.application return self._get_role(role_id)
Nov 24 18:42:38 user devstack@keystone.service[46420]: ERROR keystone.server.flask.application
File "/opt/stack/keystone/keystone/api/roles.py", line 70, in _get_role
Nov 24 18:42:38 user devstack@keystone.service[46420]: ERROR keystone.server.flask.application ENFORCER.enforce_call(action='identity:get_role')
Nov 24 18:42:38 user devstack@keystone.service[46420]: ERROR keystone.server.flask.application
File "/opt/stack/keystone/keystone/common/rbac_enforcer/enforcer.py", line 402, in enforce_call
Nov 24 18:42:38 user devstack@keystone.service[46420]: ERROR keystone.server.flask.application policy_dict.update(cls._extract_member_target_data(
Nov 24 18:42:38 user devstack@keystone.service[46420]: ERROR keystone.server.flask.application
File "/opt/stack/keystone/keystone/common/rbac_enforcer/enforcer.py", line 234, in _extract_member_target_data
Nov 24 18:42:38 user devstack@keystone.service[46420]: ERROR keystone.server.flask.application member_name: func(flask.request.view_args[key])
Nov 24 18:42:38 user devstack@keystone.service[46420]: ERROR keystone.server.flask.application
File "/opt/stack/keystone/keystone/common/manager.py", line 115, in wrapped
Nov 24 18:42:38 user devstack@keystone.service[46420]: ERROR keystone.server.flask.application __ret_val = __f(*args, **kwargs)
Nov 24 18:42:38 user devstack@keystone.service[46420]: ERROR keystone.server.flask.application
File "/opt/stack/data/venv/lib/python3.10/site-packages/decorator.py", line 232, in fun
Nov 24 18:42:38 user devstack@keystone.service[46420]: ERROR keystone.server.flask.application return caller(func, *(extras + args), **kw)
Nov 24 18:42:38 user devstack@keystone.service[46420]: ERROR keystone.server.flask.application
File "/opt/stack/data/venv/lib/python3.10/site-packages/dogpile/cache/region.py", line 1594, in get_or_create_for_user_func
Nov 24 18:42:38 user devstack@keystone.service[46420]: ERROR keystone.server.flask.application return self.get_or_create(
Nov 24 18:42:38 user devstack@keystone.service[46420]: ERROR keystone.server.flask.application
File "/opt/stack/data/venv/lib/python3.10/site-packages/dogpile/cache/region.py", line 1054, in get_or_create
Nov 24 18:42:38 user devstack@keystone.service[46420]: ERROR keystone.server.flask.application with Lock(
Nov 24 18:42:38 user devstack@keystone.service[46420]: ERROR keystone.server.flask.application
File "/opt/stack/data/venv/lib/python3.10/site-packages/dogpile/lock.py", line 185, in __enter__
Nov 24 18:42:38 user devstack@keystone.service[46420]: ERROR keystone.server.flask.application return self._enter()
Nov 24 18:42:38 user devstack@keystone.service[46420]: ERROR keystone.server.flask.application
File "/opt/stack/data/venv/lib/python3.10/site-packages/dogpile/lock.py", line 94, in _enter
Nov 24 18:42:38 user devstack@keystone.service[46420]: ERROR keystone.server.flask.application generated = self._enter_create(value, createdtime)
Nov 24 18:42:38 user devstack@keystone.service[46420]: ERROR keystone.server.flask.application
File "/opt/stack/data/venv/lib/python3.10/site-packages/dogpile/lock.py", line 178, in _enter_create
Nov 24 18:42:38 user devstack@keystone.service[46420]: ERROR keystone.server.flask.application return self.creator()
Nov 24 18:42:38 user devstack@keystone.service[46420]: ERROR keystone.server.flask.application
File "/opt/stack/data/venv/lib/python3.10/site-packages/dogpile/cache/region.py", line 1007, in gen_value
Nov 24 18:42:38 user devstack@keystone.service[46420]: ERROR keystone.server.flask.application created_value = creator(
Nov 24 18:42:38 user devstack@keystone.service[46420]: ERROR keystone.server.flask.application
File "/opt/stack/keystone/keystone/assignment/core.py", line 1276, in get_role
Nov 24 18:42:38 user devstack@keystone.service[46420]: ERROR keystone.server.flask.application return self.driver.get_role(role_id)
Nov 24 18:42:38 user devstack@keystone.service[46420]: ERROR keystone.server.flask.application
File "/opt/stack/keystone/keystone/assignment/role_backends/sql.py", line 70, in get_role
Nov 24 18:42:38 user devstack@keystone.service[46420]: ERROR keystone.server.flask.application return self._get_role(session, role_id).to_dict()
Nov 24 18:42:38 user devstack@keystone.service[46420]: ERROR keystone.server.flask.application
File "/opt/stack/keystone/keystone/assignment/role_backends/sql.py", line 65, in _get_role
Nov 24 18:42:38 user devstack@keystone.service[46420]: ERROR keystone.server.flask.application raise exception.RoleNotFound(role_id=role_id)
Nov 24 18:42:38 user devstack@keystone.service[46420]: ERROR keystone.server.flask.application keystone.exception.RoleNotFound: Could not find role: admin.
Nov 24 18:42:38 user devstack@keystone.service[46420]: ERROR keystone.server.flask.application
Nov 24 18:42:38 user devstack@keystone.service[46420]: [pid: 46420|app: 0|req: 101/287] 10.0.0.210 () {56 vars in 1112 bytes} [Fri Nov 24 18:42:38 2023] GET /identity/v3/roles/admin => generated 83 bytes in 44 msecs (HTTP/1.1 404) 5 headers in 183 bytes (1 switches on core 0)
Nov 24 18:42:38 user devstack@keystone.service[46421]: DEBUG keystone.server.flask.request_processing.middleware.auth_context [None req-b6b16f56-4fd7-43a3-b5f9-14381c3d8d1d admin admin] Validating token access rules against request {{(pid=46421) validate_allowed_request /opt/stack/data/venv/lib/python3.10/site-packages/keystonemiddleware/auth_token/__init__.py:544}}
Nov 24 18:42:38 user devstack@keystone.service[46421]: DEBUG keystone.server.flask.request_processing.middleware.auth_context [None req-12c5689d-01b9-476d-87ed-1c0947c59c79 admin admin] RBAC: auth_context: {'token': , 'domain_id': None, 'trust_id': None, 'trustor_id': None, 'trustee_id': None, 'domain_name': None, 'group_ids': [], 'user_id': 'a39071977e3743d4996e258ddc1082a6', 'user_domain_id': 'default', 'system_scope': None, 'project_id': 'be2d2ee0c4dc49409908852df329de5a', 'project_domain_id': 'default', 'roles': ['member', 'reader', 'admin', 'manager'], 'is_admin_project': True, 'service_user_id': None, 'service_user_domain_id': None, 'service_project_id': None, 'service_project_domain_id': None, 'service_roles': []} {{(pid=46421) fill_context /opt/stack/keystone/keystone/server/flask/request_processing/middleware/auth_context.py:480}}
Nov 24 18:42:38 user devstack@keystone.service[46422]: DEBUG keystone.server.flask.request_processing.middleware.auth_context [None req-b6493395-841b-4732-b4f8-93a77534ea59 admin admin] Authenticating user token {{(pid=46422) process_request /opt/stack/data/venv/lib/python3.10/site-packages/keystonemiddleware/auth_token/__init__.py:406}}
Nov 24 18:42:38 user devstack@keystone.service[46420]: DEBUG keystone.server.flask.request_processing.middleware.auth_context [None req-a214f480-b67f-4263-8334-77dab8178816 admin admin] Authenticating user token {{(pid=46420) process_request /opt/stack/data/venv/lib/python3.10/site-packages/keystonemiddleware/auth_token/__init__.py:406}}
Nov 24 18:42:38 user devstack@keystone.service[46421]: DEBUG keystone.server.flask.request_processing.req_logging [None req-12c5689d-01b9-476d-87ed-1c0947c59c79 admin admin] REQUEST_METHOD: `GET` {{(pid=46421) log_request_info /opt/stack/keystone/keystone/server/flask/request_processing/req_logging.py:27}}
Nov 24 18:42:38 user devstack@keystone.service[46421]: DEBUG keystone.server.flask.request_processing.req_logging [None req-12c5689d-01b9-476d-87ed-1c0947c59c79 admin admin] SCRIPT_NAME: `/identity` {{(pid=46421) log_request_info /opt/stack/keystone/keystone/server/flask/request_processing/req_logging.py:28}}
Nov 24 18:42:38 user devstack@keystone.service[46421]: DEBUG keystone.server.flask.request_processing.req_logging [None req-12c5689d-01b9-476d-87ed-1c0947c59c79 admin admin] PATH_INFO: `/v3/groups/5650acb037634b5ebc474452c3e5fd8f` {{(pid=46421) log_request_info /opt/stack/keystone/keystone/server/flask/request_processing/req_logging.py:29}}
Nov 24 18:42:38 user devstack@keystone.service[46421]: DEBUG keystone.common.rbac_enforcer.enforcer [None req-12c5689d-01b9-476d-87ed-1c0947c59c79 admin admin] RBAC: Authorizing `identity:get_group(group_id=5650acb037634b5ebc474452c3e5fd8f)` {{(pid=46421) enforce_call /opt/stack/keystone/keystone/common/rbac_enforcer/enforcer.py:449}}
Nov 24 18:42:38 user devstack@keystone.service[46421]: DEBUG keystone.common.rbac_enforcer.enforcer [None req-12c5689d-01b9-476d-87ed-1c0947c59c79 admin admin] RBAC: Authorization granted {{(pid=46421) enforce_call /opt/stack/keystone/keystone/common/rbac_enforcer/enforcer.py:457}}
Nov 24 18:42:38 user devstack@keystone.service[46421]: [pid: 46421|app: 0|req: 93/288] 10.0.0.210 () {56 vars in 1196 bytes} [Fri Nov 24 18:42:38 2023] GET /identity/v3/groups/5650acb037634b5ebc474452c3e5fd8f => generated 225 bytes in 21 msecs (HTTP/1.1 200) 5 headers in 177 bytes (1 switches on core 0)
Nov 24 18:42:38 user devstack@keystone.service[46421]: DEBUG keystone.server.flask.request_processing.middleware.auth_context [None req-12c5689d-01b9-476d-87ed-1c0947c59c79 admin admin] Authenticating user token {{(pid=46421) process_request /opt/stack/data/venv/lib/python3.10/site-packages/keystonemiddleware/auth_token/__init__.py:406}}
Nov 24 18:42:38 user devstack@keystone.service[46422]: DEBUG keystone.server.flask.request_processing.middleware.auth_context [None req-b6493395-841b-4732-b4f8-93a77534ea59 admin admin] Validating token access rules against request {{(pid=46422) validate_allowed_request /opt/stack/data/venv/lib/python3.10/site-packages/keystonemiddleware/auth_token/__init__.py:544}}
Nov 24 18:42:38 user devstack@keystone.service[46422]: DEBUG keystone.server.flask.request_processing.middleware.auth_context [None req-85807762-d88e-4650-9d1a-7788c859a3b4 admin admin] RBAC: auth_context: {'token': , 'domain_id': None, 'trust_id': None, 'trustor_id': None, 'trustee_id': None, 'domain_name': None, 'group_ids': [], 'user_id': 'a39071977e3743d4996e258ddc1082a6', 'user_domain_id': 'default', 'system_scope': None, 'project_id': 'be2d2ee0c4dc49409908852df329de5a', 'project_domain_id': 'default', 'roles': ['member', 'reader', 'admin', 'manager'], 'is_admin_project': True, 'service_user_id': None, 'service_user_domain_id': None, 'service_project_id': None, 'service_project_domain_id': None, 'service_roles': []} {{(pid=46422) fill_context /opt/stack/keystone/keystone/server/flask/request_processing/middleware/auth_context.py:480}}
Nov 24 18:42:38 user devstack@keystone.service[46421]: DEBUG keystone.server.flask.request_processing.middleware.auth_context [None req-12c5689d-01b9-476d-87ed-1c0947c59c79 admin admin] Validating token access rules against request {{(pid=46421) validate_allowed_request /opt/stack/data/venv/lib/python3.10/site-packages/keystonemiddleware/auth_token/__init__.py:544}}
Nov 24 18:42:38 user devstack@keystone.service[46422]: DEBUG keystone.server.flask.request_processing.req_logging [None req-85807762-d88e-4650-9d1a-7788c859a3b4 admin admin] REQUEST_METHOD: `GET` {{(pid=46422) log_request_info /opt/stack/keystone/keystone/server/flask/request_processing/req_logging.py:27}}
Nov 24 18:42:38 user devstack@keystone.service[46422]: DEBUG keystone.server.flask.request_processing.req_logging [None req-85807762-d88e-4650-9d1a-7788c859a3b4 admin admin] SCRIPT_NAME: `/identity` {{(pid=46422) log_request_info /opt/stack/keystone/keystone/server/flask/request_processing/req_logging.py:28}}
Nov 24 18:42:38 user devstack@keystone.service[46422]: DEBUG keystone.server.flask.request_processing.req_logging [None req-85807762-d88e-4650-9d1a-7788c859a3b4 admin admin] PATH_INFO: `/v3/roles` {{(pid=46422) log_request_info /opt/stack/keystone/keystone/server/flask/request_processing/req_logging.py:29}}
Nov 24 18:42:38 user devstack@keystone.service[46422]: DEBUG keystone.common.rbac_enforcer.enforcer [None req-85807762-d88e-4650-9d1a-7788c859a3b4 admin admin] RBAC: Adding query filter params (name=admin) {{(pid=46422) _extract_filter_values /opt/stack/keystone/keystone/common/rbac_enforcer/enforcer.py:167}}
Nov 24 18:42:38 user devstack@keystone.service[46422]: DEBUG keystone.common.rbac_enforcer.enforcer [None req-85807762-d88e-4650-9d1a-7788c859a3b4 admin admin] RBAC: Authorizing `identity:list_roles()` {{(pid=46422) enforce_call /opt/stack/keystone/keystone/common/rbac_enforcer/enforcer.py:449}}
Nov 24 18:42:38 user devstack@keystone.service[46421]: DEBUG keystone.server.flask.request_processing.middleware.auth_context [None req-ca9f8559-c08f-4008-aca6-61e58e0454c8 admin admin] RBAC: auth_context: {'token': , 'domain_id': None, 'trust_id': None, 'trustor_id': None, 'trustee_id': None, 'domain_name': None, 'group_ids': [], 'user_id': 'a39071977e3743d4996e258ddc1082a6', 'user_domain_id': 'default', 'system_scope': None, 'project_id': 'be2d2ee0c4dc49409908852df329de5a', 'project_domain_id': 'default', 'roles': ['member', 'reader', 'admin', 'manager'], 'is_admin_project': True, 'service_user_id': None, 'service_user_domain_id': None, 'service_project_id': None, 'service_project_domain_id': None, 'service_roles': []} {{(pid=46421) fill_context /opt/stack/keystone/keystone/server/flask/request_processing/middleware/auth_context.py:480}}
Nov 24 18:42:38 user devstack@keystone.service[46421]: DEBUG keystone.server.flask.request_processing.req_logging [None req-ca9f8559-c08f-4008-aca6-61e58e0454c8 admin admin] REQUEST_METHOD: `GET` {{(pid=46421) log_request_info /opt/stack/keystone/keystone/server/flask/request_processing/req_logging.py:27}}
Nov 24 18:42:38 user devstack@keystone.service[46421]: DEBUG keystone.server.flask.request_processing.req_logging [None req-ca9f8559-c08f-4008-aca6-61e58e0454c8 admin admin] SCRIPT_NAME: `/identity` {{(pid=46421) log_request_info /opt/stack/keystone/keystone/server/flask/request_processing/req_logging.py:28}}
Nov 24 18:42:38 user devstack@keystone.service[46421]: DEBUG keystone.server.flask.request_processing.req_logging [None req-ca9f8559-c08f-4008-aca6-61e58e0454c8 admin admin] PATH_INFO: `/v3/projects/7f2f82c08ba54131aba856094d33a199` {{(pid=46421) log_request_info /opt/stack/keystone/keystone/server/flask/request_processing/req_logging.py:29}}
Nov 24 18:42:38 user devstack@keystone.service[46422]: DEBUG keystone.common.rbac_enforcer.enforcer [None req-85807762-d88e-4650-9d1a-7788c859a3b4 admin admin] RBAC: Authorization granted {{(pid=46422) enforce_call /opt/stack/keystone/keystone/common/rbac_enforcer/enforcer.py:457}}
Nov 24 18:42:38 user devstack@keystone.service[46421]: DEBUG keystone.common.rbac_enforcer.enforcer [None req-ca9f8559-c08f-4008-aca6-61e58e0454c8 admin admin] RBAC: Authorizing `identity:get_project(project_id=7f2f82c08ba54131aba856094d33a199)` {{(pid=46421) enforce_call /opt/stack/keystone/keystone/common/rbac_enforcer/enforcer.py:449}}
Nov 24 18:42:38 user devstack@keystone.service[46421]: DEBUG keystone.common.rbac_enforcer.enforcer [None req-ca9f8559-c08f-4008-aca6-61e58e0454c8 admin admin] RBAC: Authorization granted {{(pid=46421) enforce_call /opt/stack/keystone/keystone/common/rbac_enforcer/enforcer.py:457}}
Nov 24 18:42:38 user devstack@keystone.service[46421]: [pid: 46421|app: 0|req: 94/289] 10.0.0.210 () {56 vars in 1202 bytes} [Fri Nov 24 18:42:38 2023] GET /identity/v3/projects/7f2f82c08ba54131aba856094d33a199 => generated 301 bytes in 20 msecs (HTTP/1.1 200) 5 headers in 177 bytes (2 switches on core 0)
Nov 24 18:42:38 user devstack@keystone.service[46421]: DEBUG keystone.server.flask.request_processing.middleware.auth_context [None req-ca9f8559-c08f-4008-aca6-61e58e0454c8 admin admin] Authenticating user token {{(pid=46421) process_request /opt/stack/data/venv/lib/python3.10/site-packages/keystonemiddleware/auth_token/__init__.py:406}}
Nov 24 18:42:38 user devstack@keystone.service[46422]: [pid: 46422|app: 0|req: 95/290] 10.0.0.210 () {56 vars in 1115 bytes} [Fri Nov 24 18:42:38 2023] GET /identity/v3/roles?name=admin => generated 337 bytes in 40 msecs (HTTP/1.1 200) 5 headers in 177 bytes (1 switches on core 0)
Nov 24 18:42:38 user devstack@keystone.service[46422]: DEBUG keystone.server.flask.request_processing.middleware.auth_context [None req-85807762-d88e-4650-9d1a-7788c859a3b4 admin admin] Authenticating user token {{(pid=46422) process_request /opt/stack/data/venv/lib/python3.10/site-packages/keystonemiddleware/auth_token/__init__.py:406}}
Nov 24 18:42:38 user devstack@keystone.service[46421]: DEBUG keystone.server.flask.request_processing.middleware.auth_context [None req-ca9f8559-c08f-4008-aca6-61e58e0454c8 admin admin] Validating token access rules against request {{(pid=46421) validate_allowed_request /opt/stack/data/venv/lib/python3.10/site-packages/keystonemiddleware/auth_token/__init__.py:544}}
Nov 24 18:42:38 user devstack@keystone.service[46421]: DEBUG keystone.server.flask.request_processing.middleware.auth_context [None req-b747af63-0ba0-4e5b-92d4-4421148d57e8 admin admin] RBAC: auth_context: {'token': , 'domain_id': None, 'trust_id': None, 'trustor_id': None, 'trustee_id': None, 'domain_name': None, 'group_ids': [], 'user_id': 'a39071977e3743d4996e258ddc1082a6', 'user_domain_id': 'default', 'system_scope': None, 'project_id': 'be2d2ee0c4dc49409908852df329de5a', 'project_domain_id': 'default', 'roles': ['member', 'reader', 'admin', 'manager'], 'is_admin_project': True, 'service_user_id': None, 'service_user_domain_id': None, 'service_project_id': None, 'service_project_domain_id': None, 'service_roles': []} {{(pid=46421) fill_context /opt/stack/keystone/keystone/server/flask/request_processing/middleware/auth_context.py:480}}
Nov 24 18:42:38 user devstack@keystone.service[46421]: DEBUG keystone.server.flask.request_processing.req_logging [None req-b747af63-0ba0-4e5b-92d4-4421148d57e8 admin admin] REQUEST_METHOD: `PUT` {{(pid=46421) log_request_info /opt/stack/keystone/keystone/server/flask/request_processing/req_logging.py:27}}
Nov 24 18:42:38 user devstack@keystone.service[46421]: DEBUG keystone.server.flask.request_processing.req_logging [None req-b747af63-0ba0-4e5b-92d4-4421148d57e8 admin admin] SCRIPT_NAME: `/identity` {{(pid=46421) log_request_info /opt/stack/keystone/keystone/server/flask/request_processing/req_logging.py:28}}
Nov 24 18:42:38 user devstack@keystone.service[46421]: DEBUG keystone.server.flask.request_processing.req_logging [None req-b747af63-0ba0-4e5b-92d4-4421148d57e8 admin admin] PATH_INFO: `/v3/projects/7f2f82c08ba54131aba856094d33a199/groups/5650acb037634b5ebc474452c3e5fd8f/roles/7828c3c1e18b4b0aaa7b60238c942237` {{(pid=46421) log_request_info /opt/stack/keystone/keystone/server/flask/request_processing/req_logging.py:29}}
Nov 24 18:42:38 user devstack@keystone.service[46421]: DEBUG keystone.common.rbac_enforcer.enforcer [None req-b747af63-0ba0-4e5b-92d4-4421148d57e8 admin admin] RBAC: Authorizing `identity:create_grant(project_id=7f2f82c08ba54131aba856094d33a199, group_id=5650acb037634b5ebc474452c3e5fd8f, role_id=7828c3c1e18b4b0aaa7b60238c942237)` {{(pid=46421) enforce_call /opt/stack/keystone/keystone/common/rbac_enforcer/enforcer.py:449}}
Nov 24 18:42:39 user devstack@keystone.service[46421]: DEBUG keystone.common.rbac_enforcer.enforcer [None req-b747af63-0ba0-4e5b-92d4-4421148d57e8 admin admin] RBAC: Authorization granted {{(pid=46421) enforce_call /opt/stack/keystone/keystone/common/rbac_enforcer/enforcer.py:457}}
Nov 24 18:42:39 user devstack@keystone.service[46422]: DEBUG keystone.server.flask.request_processing.middleware.auth_context [None req-85807762-d88e-4650-9d1a-7788c859a3b4 admin admin] Validating token access rules against request {{(pid=46422) validate_allowed_request /opt/stack/data/venv/lib/python3.10/site-packages/keystonemiddleware/auth_token/__init__.py:544}}
Nov 24 18:42:39 user devstack@keystone.service[46422]: DEBUG keystone.server.flask.request_processing.middleware.auth_context [None req-c32fada5-83f6-4911-900b-9600594d337a admin admin] RBAC: auth_context: {'token': , 'domain_id': None, 'trust_id': None, 'trustor_id': None, 'trustee_id': None, 'domain_name': None, 'group_ids': [], 'user_id': 'a39071977e3743d4996e258ddc1082a6', 'user_domain_id': 'default', 'system_scope': None, 'project_id': 'be2d2ee0c4dc49409908852df329de5a', 'project_domain_id': 'default', 'roles': ['member', 'reader', 'admin', 'manager'], 'is_admin_project': True, 'service_user_id': None, 'service_user_domain_id': None, 'service_project_id': None, 'service_project_domain_id': None, 'service_roles': []} {{(pid=46422) fill_context /opt/stack/keystone/keystone/server/flask/request_processing/middleware/auth_context.py:480}}
Nov 24 18:42:39 user devstack@keystone.service[46422]: DEBUG keystone.server.flask.request_processing.req_logging [None req-c32fada5-83f6-4911-900b-9600594d337a admin admin] REQUEST_METHOD: `GET` {{(pid=46422) log_request_info /opt/stack/keystone/keystone/server/flask/request_processing/req_logging.py:27}}
Nov 24 18:42:39 user devstack@keystone.service[46422]: DEBUG keystone.server.flask.request_processing.req_logging [None req-c32fada5-83f6-4911-900b-9600594d337a admin admin] SCRIPT_NAME: `/identity` {{(pid=46422) log_request_info /opt/stack/keystone/keystone/server/flask/request_processing/req_logging.py:28}}
Nov 24 18:42:39 user devstack@keystone.service[46422]: DEBUG keystone.server.flask.request_processing.req_logging [None req-c32fada5-83f6-4911-900b-9600594d337a admin admin] PATH_INFO: `/v3/groups/17f9153dcb2f49298beb5e43b9a2e872` {{(pid=46422) log_request_info /opt/stack/keystone/keystone/server/flask/request_processing/req_logging.py:29}}
Nov 24 18:42:39 user devstack@keystone.service[46421]: [pid: 46421|app: 0|req: 95/291] 10.0.0.210 () {58 vars in 1458 bytes} [Fri Nov 24 18:42:38 2023] PUT /identity/v3/projects/7f2f82c08ba54131aba856094d33a199/groups/5650acb037634b5ebc474452c3e5fd8f/roles/7828c3c1e18b4b0aaa7b60238c942237 => generated 0 bytes in 32 msecs (HTTP/1.1 204) 3 headers in 132 bytes (0 switches on core 0)
Nov 24 18:42:39 user devstack@keystone.service[46422]: DEBUG keystone.common.rbac_enforcer.enforcer [None req-c32fada5-83f6-4911-900b-9600594d337a admin admin] RBAC: Authorizing `identity:get_group(group_id=17f9153dcb2f49298beb5e43b9a2e872)` {{(pid=46422) enforce_call /opt/stack/keystone/keystone/common/rbac_enforcer/enforcer.py:449}}
Nov 24 18:42:39 user devstack@keystone.service[46422]: DEBUG keystone.common.rbac_enforcer.enforcer [None req-c32fada5-83f6-4911-900b-9600594d337a admin admin] RBAC: Authorization granted {{(pid=46422) enforce_call /opt/stack/keystone/keystone/common/rbac_enforcer/enforcer.py:457}}
Nov 24 18:42:39 user devstack@keystone.service[46422]: [pid: 46422|app: 0|req: 96/292] 10.0.0.210 () {56 vars in 1196 bytes} [Fri Nov 24 18:42:38 2023] GET /identity/v3/groups/17f9153dcb2f49298beb5e43b9a2e872 => generated 228 bytes in 29 msecs (HTTP/1.1 200) 5 headers in 177 bytes (1 switches on core 0)
Nov 24 18:42:39 user devstack@keystone.service[46421]: DEBUG keystone.server.flask.request_processing.middleware.auth_context [None req-b747af63-0ba0-4e5b-92d4-4421148d57e8 admin admin] Authenticating user token {{(pid=46421) process_request /opt/stack/data/venv/lib/python3.10/site-packages/keystonemiddleware/auth_token/__init__.py:406}}
Nov 24 18:42:39 user devstack@keystone.service[46420]: DEBUG keystone.server.flask.request_processing.middleware.auth_context [None req-a214f480-b67f-4263-8334-77dab8178816 admin admin] Validating token access rules against request {{(pid=46420) validate_allowed_request /opt/stack/data/venv/lib/python3.10/site-packages/keystonemiddleware/auth_token/__init__.py:544}}
Nov 24 18:42:39 user devstack@keystone.service[46421]: DEBUG keystone.server.flask.request_processing.middleware.auth_context [None req-b747af63-0ba0-4e5b-92d4-4421148d57e8 admin admin] Validating token access rules against request {{(pid=46421) validate_allowed_request /opt/stack/data/venv/lib/python3.10/site-packages/keystonemiddleware/auth_token/__init__.py:544}}
Nov 24 18:42:39 user devstack@keystone.service[46421]: DEBUG keystone.server.flask.request_processing.middleware.auth_context [None req-63d67154-de78-4df4-8b72-41a43b513cb6 admin admin] RBAC: auth_context: {'token': , 'domain_id': None, 'trust_id': None, 'trustor_id': None, 'trustee_id': None, 'domain_name': None, 'group_ids': [], 'user_id': 'a39071977e3743d4996e258ddc1082a6', 'user_domain_id': 'default', 'system_scope': None, 'project_id': 'be2d2ee0c4dc49409908852df329de5a', 'project_domain_id': 'default', 'roles': ['member', 'reader', 'admin', 'manager'], 'is_admin_project': True, 'service_user_id': None, 'service_user_domain_id': None, 'service_project_id': None, 'service_project_domain_id': None, 'service_roles': []} {{(pid=46421) fill_context /opt/stack/keystone/keystone/server/flask/request_processing/middleware/auth_context.py:480}}
Nov 24 18:42:39 user devstack@keystone.service[46421]: DEBUG keystone.server.flask.request_processing.req_logging [None req-63d67154-de78-4df4-8b72-41a43b513cb6 admin admin] REQUEST_METHOD: `GET` {{(pid=46421) log_request_info /opt/stack/keystone/keystone/server/flask/request_processing/req_logging.py:27}}
Nov 24 18:42:39 user devstack@keystone.service[46421]: DEBUG keystone.server.flask.request_processing.req_logging [None req-63d67154-de78-4df4-8b72-41a43b513cb6 admin admin] SCRIPT_NAME: `/identity` {{(pid=46421) log_request_info /opt/stack/keystone/keystone/server/flask/request_processing/req_logging.py:28}}
Nov 24 18:42:39 user devstack@keystone.service[46421]: DEBUG keystone.server.flask.request_processing.req_logging [None req-63d67154-de78-4df4-8b72-41a43b513cb6 admin admin] PATH_INFO: `/v3/projects/be2d2ee0c4dc49409908852df329de5a` {{(pid=46421) log_request_info /opt/stack/keystone/keystone/server/flask/request_processing/req_logging.py:29}}
Nov 24 18:42:39 user devstack@keystone.service[46421]: DEBUG keystone.common.rbac_enforcer.enforcer [None req-63d67154-de78-4df4-8b72-41a43b513cb6 admin admin] RBAC: Authorizing `identity:get_project(project_id=be2d2ee0c4dc49409908852df329de5a)` {{(pid=46421) enforce_call /opt/stack/keystone/keystone/common/rbac_enforcer/enforcer.py:449}}
Nov 24 18:42:39 user devstack@keystone.service[46421]: DEBUG keystone.common.rbac_enforcer.enforcer [None req-63d67154-de78-4df4-8b72-41a43b513cb6 admin admin] RBAC: Authorization granted {{(pid=46421) enforce_call /opt/stack/keystone/keystone/common/rbac_enforcer/enforcer.py:457}}
Nov 24 18:42:39 user devstack@keystone.service[46421]: [pid: 46421|app: 0|req: 96/293] 10.0.0.210 () {56 vars in 1202 bytes} [Fri Nov 24 18:42:39 2023] GET /identity/v3/projects/be2d2ee0c4dc49409908852df329de5a => generated 343 bytes in 75 msecs (HTTP/1.1 200) 5 headers in 177 bytes (1 switches on core 0)
Nov 24 18:42:39 user devstack@keystone.service[46422]: DEBUG keystone.server.flask.request_processing.middleware.auth_context [None req-c32fada5-83f6-4911-900b-9600594d337a admin admin] Authenticating user token {{(pid=46422) process_request /opt/stack/data/venv/lib/python3.10/site-packages/keystonemiddleware/auth_token/__init__.py:406}}
Nov 24 18:42:39 user devstack@keystone.service[46420]: DEBUG keystone.server.flask.request_processing.middleware.auth_context [None req-6c08d815-79d8-4b6b-b550-5876ecf952f4 None admin] RBAC: auth_context: {'token': , 'domain_id': None, 'trust_id': None, 'trustor_id': None, 'trustee_id': None, 'domain_name': None, 'group_ids': [], 'user_id': 'a39071977e3743d4996e258ddc1082a6', 'user_domain_id': 'default', 'system_scope': 'all', 'project_id': None, 'project_domain_id': None, 'roles': ['admin', 'manager', 'member', 'reader'], 'is_admin_project': True, 'service_user_id': None, 'service_user_domain_id': None, 'service_project_id': None, 'service_project_domain_id': None, 'service_roles': []} {{(pid=46420) fill_context /opt/stack/keystone/keystone/server/flask/request_processing/middleware/auth_context.py:480}}
Nov 24 18:42:39 user devstack@keystone.service[46420]: DEBUG keystone.server.flask.request_processing.req_logging [None req-6c08d815-79d8-4b6b-b550-5876ecf952f4 None admin] REQUEST_METHOD: `GET` {{(pid=46420) log_request_info /opt/stack/keystone/keystone/server/flask/request_processing/req_logging.py:27}}
Nov 24 18:42:39 user devstack@keystone.service[46420]: DEBUG keystone.server.flask.request_processing.req_logging [None req-6c08d815-79d8-4b6b-b550-5876ecf952f4 None admin] SCRIPT_NAME: `/identity` {{(pid=46420) log_request_info /opt/stack/keystone/keystone/server/flask/request_processing/req_logging.py:28}}
Nov 24 18:42:39 user devstack@keystone.service[46420]: DEBUG keystone.server.flask.request_processing.req_logging [None req-6c08d815-79d8-4b6b-b550-5876ecf952f4 None admin] PATH_INFO: `/v3/roles/reader` {{(pid=46420) log_request_info /opt/stack/keystone/keystone/server/flask/request_processing/req_logging.py:29}}
Nov 24 18:42:39 user devstack@keystone.service[46422]: DEBUG keystone.server.flask.request_processing.middleware.auth_context [None req-c32fada5-83f6-4911-900b-9600594d337a admin admin] Validating token access rules against request {{(pid=46422) validate_allowed_request /opt/stack/data/venv/lib/python3.10/site-packages/keystonemiddleware/auth_token/__init__.py:544}}
Nov 24 18:42:39 user devstack@keystone.service[46420]: DEBUG keystone.common.rbac_enforcer.enforcer [None req-6c08d815-79d8-4b6b-b550-5876ecf952f4 None admin] Extracting inferred target data resulted in "NOT FOUND (404)". {{(pid=46420) enforce_call /opt/stack/keystone/keystone/common/rbac_enforcer/enforcer.py:409}}
Nov 24 18:42:39 user devstack@keystone.service[46422]: DEBUG keystone.server.flask.request_processing.middleware.auth_context [None req-fcf09e0a-a660-45ad-8627-f35bf3aee418 admin admin] RBAC: auth_context: {'token': , 'domain_id': None, 'trust_id': None, 'trustor_id': None, 'trustee_id': None, 'domain_name': None, 'group_ids': [], 'user_id': 'a39071977e3743d4996e258ddc1082a6', 'user_domain_id': 'default', 'system_scope': None, 'project_id': 'be2d2ee0c4dc49409908852df329de5a', 'project_domain_id': 'default', 'roles': ['member', 'reader', 'admin', 'manager'], 'is_admin_project': True, 'service_user_id': None, 'service_user_domain_id': None, 'service_project_id': None, 'service_project_domain_id': None, 'service_roles': []} {{(pid=46422) fill_context /opt/stack/keystone/keystone/server/flask/request_processing/middleware/auth_context.py:480}}
Nov 24 18:42:39 user devstack@keystone.service[46422]: DEBUG keystone.server.flask.request_processing.req_logging [None req-fcf09e0a-a660-45ad-8627-f35bf3aee418 admin admin] REQUEST_METHOD: `PUT` {{(pid=46422) log_request_info /opt/stack/keystone/keystone/server/flask/request_processing/req_logging.py:27}}
Nov 24 18:42:39 user devstack@keystone.service[46422]: DEBUG keystone.server.flask.request_processing.req_logging [None req-fcf09e0a-a660-45ad-8627-f35bf3aee418 admin admin] SCRIPT_NAME: `/identity` {{(pid=46422) log_request_info /opt/stack/keystone/keystone/server/flask/request_processing/req_logging.py:28}}
Nov 24 18:42:39 user devstack@keystone.service[46420]: ERROR keystone.server.flask.application [None req-6c08d815-79d8-4b6b-b550-5876ecf952f4 None admin] Could not find role: reader.: keystone.exception.RoleNotFound: Could not find role: reader.
Nov 24 18:42:39 user devstack@keystone.service[46420]: ERROR keystone.server.flask.application
Traceback (most recent call last):
Nov 24 18:42:39 user devstack@keystone.service[46420]: ERROR keystone.server.flask.application
File "/opt/stack/data/venv/lib/python3.10/site-packages/flask/app.py", line 1823, in full_dispatch_request
Nov 24 18:42:39 user devstack@keystone.service[46420]: ERROR keystone.server.flask.application rv = self.dispatch_request()
Nov 24 18:42:39 user devstack@keystone.service[46420]: ERROR keystone.server.flask.application
File "/opt/stack/data/venv/lib/python3.10/site-packages/flask/app.py", line 1799, in dispatch_request
Nov 24 18:42:39 user devstack@keystone.service[46420]: ERROR keystone.server.flask.application return self.ensure_sync(self.view_functions[rule.endpoint])(**view_args)
Nov 24 18:42:39 user devstack@keystone.service[46420]: ERROR keystone.server.flask.application
File "/opt/stack/data/venv/lib/python3.10/site-packages/flask_restful/__init__.py", line 489, in wrapper
Nov 24 18:42:39 user devstack@keystone.service[46420]: ERROR keystone.server.flask.application resp = resource(*args, **kwargs)
Nov 24 18:42:39 user devstack@keystone.service[46420]: ERROR keystone.server.flask.application
File "/opt/stack/data/venv/lib/python3.10/site-packages/flask/views.py", line 107, in view
Nov 24 18:42:39 user devstack@keystone.service[46420]: ERROR keystone.server.flask.application return current_app.ensure_sync(self.dispatch_request)(**kwargs)
Nov 24 18:42:39 user devstack@keystone.service[46420]: ERROR keystone.server.flask.application
File "/opt/stack/data/venv/lib/python3.10/site-packages/flask_restful/__init__.py", line 604, in dispatch_request
Nov 24 18:42:39 user devstack@keystone.service[46420]: ERROR keystone.server.flask.application resp = meth(*args, **kwargs)
Nov 24 18:42:39 user devstack@keystone.service[46420]: ERROR keystone.server.flask.application
File "/opt/stack/keystone/keystone/api/roles.py", line 50, in get
Nov 24 18:42:39 user devstack@keystone.service[46420]: ERROR keystone.server.flask.application return self._get_role(role_id)
Nov 24 18:42:39 user devstack@keystone.service[46420]: ERROR keystone.server.flask.application
File "/opt/stack/keystone/keystone/api/roles.py", line 70, in _get_role
Nov 24 18:42:39 user devstack@keystone.service[46420]: ERROR keystone.server.flask.application ENFORCER.enforce_call(action='identity:get_role')
Nov 24 18:42:39 user devstack@keystone.service[46420]: ERROR keystone.server.flask.application
File "/opt/stack/keystone/keystone/common/rbac_enforcer/enforcer.py", line 402, in enforce_call
Nov 24 18:42:39 user devstack@keystone.service[46420]: ERROR keystone.server.flask.application policy_dict.update(cls._extract_member_target_data(
Nov 24 18:42:39 user devstack@keystone.service[46420]: ERROR keystone.server.flask.application
File "/opt/stack/keystone/keystone/common/rbac_enforcer/enforcer.py", line 234, in _extract_member_target_data
Nov 24 18:42:39 user devstack@keystone.service[46420]: ERROR keystone.server.flask.application member_name: func(flask.request.view_args[key])
Nov 24 18:42:39 user devstack@keystone.service[46420]: ERROR keystone.server.flask.application
File "/opt/stack/keystone/keystone/common/manager.py", line 115, in wrapped
Nov 24 18:42:39 user devstack@keystone.service[46420]: ERROR keystone.server.flask.application __ret_val = __f(*args, **kwargs)
Nov 24 18:42:39 user devstack@keystone.service[46420]: ERROR keystone.server.flask.application
File "/opt/stack/data/venv/lib/python3.10/site-packages/decorator.py", line 232, in fun
Nov 24 18:42:39 user devstack@keystone.service[46420]: ERROR keystone.server.flask.application return caller(func, *(extras + args), **kw)
Nov 24 18:42:39 user devstack@keystone.service[46420]: ERROR keystone.server.flask.application
File "/opt/stack/data/venv/lib/python3.10/site-packages/dogpile/cache/region.py", line 1594, in get_or_create_for_user_func
Nov 24 18:42:39 user devstack@keystone.service[46420]: ERROR keystone.server.flask.application return self.get_or_create(
Nov 24 18:42:39 user devstack@keystone.service[46420]: ERROR keystone.server.flask.application
File "/opt/stack/data/venv/lib/python3.10/site-packages/dogpile/cache/region.py", line 1054, in get_or_create
Nov 24 18:42:39 user devstack@keystone.service[46420]: ERROR keystone.server.flask.application with Lock(
Nov 24 18:42:39 user devstack@keystone.service[46420]: ERROR keystone.server.flask.application
File "/opt/stack/data/venv/lib/python3.10/site-packages/dogpile/lock.py", line 185, in __enter__
Nov 24 18:42:39 user devstack@keystone.service[46420]: ERROR keystone.server.flask.application return self._enter()
Nov 24 18:42:39 user devstack@keystone.service[46420]: ERROR keystone.server.flask.application
File "/opt/stack/data/venv/lib/python3.10/site-packages/dogpile/lock.py", line 94, in _enter
Nov 24 18:42:39 user devstack@keystone.service[46420]: ERROR keystone.server.flask.application generated = self._enter_create(value, createdtime)
Nov 24 18:42:39 user devstack@keystone.service[46420]: ERROR keystone.server.flask.application
File "/opt/stack/data/venv/lib/python3.10/site-packages/dogpile/lock.py", line 178, in _enter_create
Nov 24 18:42:39 user devstack@keystone.service[46420]: ERROR keystone.server.flask.application return self.creator()
Nov 24 18:42:39 user devstack@keystone.service[46420]: ERROR keystone.server.flask.application
File "/opt/stack/data/venv/lib/python3.10/site-packages/dogpile/cache/region.py", line 1007, in gen_value
Nov 24 18:42:39 user devstack@keystone.service[46420]: ERROR keystone.server.flask.application created_value = creator(
Nov 24 18:42:39 user devstack@keystone.service[46420]: ERROR keystone.server.flask.application
File "/opt/stack/keystone/keystone/assignment/core.py", line 1276, in get_role
Nov 24 18:42:39 user devstack@keystone.service[46420]: ERROR keystone.server.flask.application return self.driver.get_role(role_id)
Nov 24 18:42:39 user devstack@keystone.service[46420]: ERROR keystone.server.flask.application
File "/opt/stack/keystone/keystone/assignment/role_backends/sql.py", line 70, in get_role
Nov 24 18:42:39 user devstack@keystone.service[46420]: ERROR keystone.server.flask.application return self._get_role(session, role_id).to_dict()
Nov 24 18:42:39 user devstack@keystone.service[46420]: ERROR keystone.server.flask.application
File "/opt/stack/keystone/keystone/assignment/role_backends/sql.py", line 65, in _get_role
Nov 24 18:42:39 user devstack@keystone.service[46420]: ERROR keystone.server.flask.application raise exception.RoleNotFound(role_id=role_id)
Nov 24 18:42:39 user devstack@keystone.service[46420]: ERROR keystone.server.flask.application keystone.exception.RoleNotFound: Could not find role: reader.
Nov 24 18:42:39 user devstack@keystone.service[46420]: ERROR keystone.server.flask.application
Nov 24 18:42:39 user devstack@keystone.service[46422]: DEBUG keystone.server.flask.request_processing.req_logging [None req-fcf09e0a-a660-45ad-8627-f35bf3aee418 admin admin] PATH_INFO: `/v3/projects/be2d2ee0c4dc49409908852df329de5a/groups/17f9153dcb2f49298beb5e43b9a2e872/roles/c003d3e556ee4845857f40fb4d08f0d2` {{(pid=46422) log_request_info /opt/stack/keystone/keystone/server/flask/request_processing/req_logging.py:29}}
Nov 24 18:42:39 user devstack@keystone.service[46420]: [pid: 46420|app: 0|req: 102/294] 10.0.0.210 () {56 vars in 1094 bytes} [Fri Nov 24 18:42:38 2023] GET /identity/v3/roles/reader => generated 84 bytes in 185 msecs (HTTP/1.1 404) 5 headers in 183 bytes (1 switches on core 0)
Nov 24 18:42:39 user devstack@keystone.service[46422]: DEBUG keystone.common.rbac_enforcer.enforcer [None req-fcf09e0a-a660-45ad-8627-f35bf3aee418 admin admin] RBAC: Authorizing `identity:create_grant(project_id=be2d2ee0c4dc49409908852df329de5a, group_id=17f9153dcb2f49298beb5e43b9a2e872, role_id=c003d3e556ee4845857f40fb4d08f0d2)` {{(pid=46422) enforce_call /opt/stack/keystone/keystone/common/rbac_enforcer/enforcer.py:449}}
Nov 24 18:42:39 user devstack@keystone.service[46422]: DEBUG keystone.common.rbac_enforcer.enforcer [None req-fcf09e0a-a660-45ad-8627-f35bf3aee418 admin admin] RBAC: Authorization granted {{(pid=46422) enforce_call /opt/stack/keystone/keystone/common/rbac_enforcer/enforcer.py:457}}
Nov 24 18:42:39 user devstack@keystone.service[46421]: DEBUG keystone.server.flask.request_processing.middleware.auth_context [None req-63d67154-de78-4df4-8b72-41a43b513cb6 admin admin] Authenticating user token {{(pid=46421) process_request /opt/stack/data/venv/lib/python3.10/site-packages/keystonemiddleware/auth_token/__init__.py:406}}
Nov 24 18:42:39 user devstack@keystone.service[46422]: [pid: 46422|app: 0|req: 97/295] 10.0.0.210 () {58 vars in 1458 bytes} [Fri Nov 24 18:42:39 2023] PUT /identity/v3/projects/be2d2ee0c4dc49409908852df329de5a/groups/17f9153dcb2f49298beb5e43b9a2e872/roles/c003d3e556ee4845857f40fb4d08f0d2 => generated 0 bytes in 44 msecs (HTTP/1.1 204) 3 headers in 132 bytes (0 switches on core 0)
Nov 24 18:42:39 user devstack@keystone.service[46421]: DEBUG keystone.server.flask.request_processing.middleware.auth_context [None req-63d67154-de78-4df4-8b72-41a43b513cb6 admin admin] Validating token access rules against request {{(pid=46421) validate_allowed_request /opt/stack/data/venv/lib/python3.10/site-packages/keystonemiddleware/auth_token/__init__.py:544}}
Nov 24 18:42:39 user devstack@keystone.service[46421]: DEBUG keystone.server.flask.request_processing.middleware.auth_context [None req-bb905b85-55c7-49e6-968e-9f8c8d1867d8 None admin] RBAC: auth_context: {'token': , 'domain_id': None, 'trust_id': None, 'trustor_id': None, 'trustee_id': None, 'domain_name': None, 'group_ids': [], 'user_id': 'a39071977e3743d4996e258ddc1082a6', 'user_domain_id': 'default', 'system_scope': 'all', 'project_id': None, 'project_domain_id': None, 'roles': ['admin', 'manager', 'member', 'reader'], 'is_admin_project': True, 'service_user_id': None, 'service_user_domain_id': None, 'service_project_id': None, 'service_project_domain_id': None, 'service_roles': []} {{(pid=46421) fill_context /opt/stack/keystone/keystone/server/flask/request_processing/middleware/auth_context.py:480}}
Nov 24 18:42:39 user devstack@keystone.service[46421]: DEBUG keystone.server.flask.request_processing.req_logging [None req-bb905b85-55c7-49e6-968e-9f8c8d1867d8 None admin] REQUEST_METHOD: `GET` {{(pid=46421) log_request_info /opt/stack/keystone/keystone/server/flask/request_processing/req_logging.py:27}}
Nov 24 18:42:39 user devstack@keystone.service[46421]: DEBUG keystone.server.flask.request_processing.req_logging [None req-bb905b85-55c7-49e6-968e-9f8c8d1867d8 None admin] SCRIPT_NAME: `/identity` {{(pid=46421) log_request_info /opt/stack/keystone/keystone/server/flask/request_processing/req_logging.py:28}}
Nov 24 18:42:39 user devstack@keystone.service[46421]: DEBUG keystone.server.flask.request_processing.req_logging [None req-bb905b85-55c7-49e6-968e-9f8c8d1867d8 None admin] PATH_INFO: `/v3/roles` {{(pid=46421) log_request_info /opt/stack/keystone/keystone/server/flask/request_processing/req_logging.py:29}}
Nov 24 18:42:39 user devstack@keystone.service[46421]: DEBUG keystone.common.rbac_enforcer.enforcer [None req-bb905b85-55c7-49e6-968e-9f8c8d1867d8 None admin] RBAC: Adding query filter params (name=reader) {{(pid=46421) _extract_filter_values /opt/stack/keystone/keystone/common/rbac_enforcer/enforcer.py:167}}
Nov 24 18:42:39 user devstack@keystone.service[46421]: DEBUG keystone.common.rbac_enforcer.enforcer [None req-bb905b85-55c7-49e6-968e-9f8c8d1867d8 None admin] RBAC: Authorizing `identity:list_roles()` {{(pid=46421) enforce_call /opt/stack/keystone/keystone/common/rbac_enforcer/enforcer.py:449}}
Nov 24 18:42:39 user devstack@keystone.service[46421]: DEBUG keystone.common.rbac_enforcer.enforcer [None req-bb905b85-55c7-49e6-968e-9f8c8d1867d8 None admin] RBAC: Authorization granted {{(pid=46421) enforce_call /opt/stack/keystone/keystone/common/rbac_enforcer/enforcer.py:457}}
Nov 24 18:42:39 user devstack@keystone.service[46421]: [pid: 46421|app: 0|req: 97/296] 10.0.0.210 () {56 vars in 1096 bytes} [Fri Nov 24 18:42:39 2023] GET /identity/v3/roles?name=reader => generated 339 bytes in 143 msecs (HTTP/1.1 200) 5 headers in 177 bytes (1 switches on core 0)
Nov 24 18:42:39 user devstack@keystone.service[46420]: DEBUG keystone.server.flask.request_processing.middleware.auth_context [None req-6c08d815-79d8-4b6b-b550-5876ecf952f4 None admin] Authenticating user token {{(pid=46420) process_request /opt/stack/data/venv/lib/python3.10/site-packages/keystonemiddleware/auth_token/__init__.py:406}}
Nov 24 18:42:39 user devstack@keystone.service[46420]: DEBUG keystone.server.flask.request_processing.middleware.auth_context [None req-6c08d815-79d8-4b6b-b550-5876ecf952f4 None admin] Validating token access rules against request {{(pid=46420) validate_allowed_request /opt/stack/data/venv/lib/python3.10/site-packages/keystonemiddleware/auth_token/__init__.py:544}}
Nov 24 18:42:39 user devstack@keystone.service[46420]: DEBUG keystone.server.flask.request_processing.middleware.auth_context [None req-7365c440-a4bd-430d-98eb-0ee5c07af7c3 None admin] RBAC: auth_context: {'token': , 'domain_id': None, 'trust_id': None, 'trustor_id': None, 'trustee_id': None, 'domain_name': None, 'group_ids': [], 'user_id': 'a39071977e3743d4996e258ddc1082a6', 'user_domain_id': 'default', 'system_scope': 'all', 'project_id': None, 'project_domain_id': None, 'roles': ['admin', 'manager', 'member', 'reader'], 'is_admin_project': True, 'service_user_id': None, 'service_user_domain_id': None, 'service_project_id': None, 'service_project_domain_id': None, 'service_roles': []} {{(pid=46420) fill_context /opt/stack/keystone/keystone/server/flask/request_processing/middleware/auth_context.py:480}}
Nov 24 18:42:39 user devstack@keystone.service[46420]: DEBUG keystone.server.flask.request_processing.req_logging [None req-7365c440-a4bd-430d-98eb-0ee5c07af7c3 None admin] REQUEST_METHOD: `GET` {{(pid=46420) log_request_info /opt/stack/keystone/keystone/server/flask/request_processing/req_logging.py:27}}
Nov 24 18:42:39 user devstack@keystone.service[46420]: DEBUG keystone.server.flask.request_processing.req_logging [None req-7365c440-a4bd-430d-98eb-0ee5c07af7c3 None admin] SCRIPT_NAME: `/identity` {{(pid=46420) log_request_info /opt/stack/keystone/keystone/server/flask/request_processing/req_logging.py:28}}
Nov 24 18:42:39 user devstack@keystone.service[46420]: DEBUG keystone.server.flask.request_processing.req_logging [None req-7365c440-a4bd-430d-98eb-0ee5c07af7c3 None admin] PATH_INFO: `/v3/users/3fad84fb1357463fa25c80519c372845` {{(pid=46420) log_request_info /opt/stack/keystone/keystone/server/flask/request_processing/req_logging.py:29}}
Nov 24 18:42:39 user devstack@keystone.service[46420]: DEBUG keystone.common.rbac_enforcer.enforcer [None req-7365c440-a4bd-430d-98eb-0ee5c07af7c3 None admin] RBAC: Authorizing `identity:get_user(user_id=3fad84fb1357463fa25c80519c372845)` {{(pid=46420) enforce_call /opt/stack/keystone/keystone/common/rbac_enforcer/enforcer.py:449}}
Nov 24 18:42:39 user devstack@keystone.service[46420]: DEBUG keystone.common.rbac_enforcer.enforcer [None req-7365c440-a4bd-430d-98eb-0ee5c07af7c3 None admin] RBAC: Authorization granted {{(pid=46420) enforce_call /opt/stack/keystone/keystone/common/rbac_enforcer/enforcer.py:457}}
Nov 24 18:42:39 user devstack@keystone.service[46420]: [pid: 46420|app: 0|req: 103/297] 10.0.0.210 () {56 vars in 1172 bytes} [Fri Nov 24 18:42:39 2023] GET /identity/v3/users/3fad84fb1357463fa25c80519c372845 => generated 292 bytes in 147 msecs (HTTP/1.1 200) 5 headers in 177 bytes (1 switches on core 0)
Nov 24 18:42:39 user devstack@keystone.service[46422]: DEBUG keystone.server.flask.request_processing.middleware.auth_context [None req-fcf09e0a-a660-45ad-8627-f35bf3aee418 admin admin] Authenticating user token {{(pid=46422) process_request /opt/stack/data/venv/lib/python3.10/site-packages/keystonemiddleware/auth_token/__init__.py:406}}
Nov 24 18:42:39 user devstack@keystone.service[46422]: DEBUG keystone.server.flask.request_processing.middleware.auth_context [None req-fcf09e0a-a660-45ad-8627-f35bf3aee418 admin admin] Validating token access rules against request {{(pid=46422) validate_allowed_request /opt/stack/data/venv/lib/python3.10/site-packages/keystonemiddleware/auth_token/__init__.py:544}}
Nov 24 18:42:39 user devstack@keystone.service[46422]: DEBUG keystone.server.flask.request_processing.middleware.auth_context [None req-09f6106e-e5c8-49c6-88d7-09af59875c77 None admin] RBAC: auth_context: {'token': , 'domain_id': None, 'trust_id': None, 'trustor_id': None, 'trustee_id': None, 'domain_name': None, 'group_ids': [], 'user_id': 'a39071977e3743d4996e258ddc1082a6', 'user_domain_id': 'default', 'system_scope': 'all', 'project_id': None, 'project_domain_id': None, 'roles': ['admin', 'manager', 'member', 'reader'], 'is_admin_project': True, 'service_user_id': None, 'service_user_domain_id': None, 'service_project_id': None, 'service_project_domain_id': None, 'service_roles': []} {{(pid=46422) fill_context /opt/stack/keystone/keystone/server/flask/request_processing/middleware/auth_context.py:480}}
Nov 24 18:42:39 user devstack@keystone.service[46422]: DEBUG keystone.server.flask.request_processing.req_logging [None req-09f6106e-e5c8-49c6-88d7-09af59875c77 None admin] REQUEST_METHOD: `GET` {{(pid=46422) log_request_info /opt/stack/keystone/keystone/server/flask/request_processing/req_logging.py:27}}
