Oct 30 12:04:30 user devstack@n-api.service[64457]: INFO dbcounter [None req-cbc3daae-2d54-48f1-8b1b-260fb9309adb None None] Registered counter for database nova_api
Oct 30 12:04:30 user devstack@n-api.service[64458]: DEBUG nova.context [None req-9e30e2de-3dcc-4d40-8999-655fb76a1de4 None None] Found 2 cells: 00000000-0000-0000-0000-000000000000(cell0),942caca2-e8ef-468c-9257-4fc56a3d5e8c(cell1) {{(pid=64458) load_cells /opt/stack/nova/nova/context.py:464}}
Oct 30 12:04:30 user devstack@n-api.service[64458]: DEBUG oslo_concurrency.lockutils [None req-9e30e2de-3dcc-4d40-8999-655fb76a1de4 None None] Acquiring lock "00000000-0000-0000-0000-000000000000" by "nova.context.set_target_cell..get_or_set_cached_cell_and_set_connections" {{(pid=64458) inner /opt/stack/data/venv/lib/python3.10/site-packages/oslo_concurrency/lockutils.py:404}}
Oct 30 12:04:30 user devstack@n-api.service[64458]: DEBUG oslo_concurrency.lockutils [None req-9e30e2de-3dcc-4d40-8999-655fb76a1de4 None None] Lock "00000000-0000-0000-0000-000000000000" acquired by "nova.context.set_target_cell..get_or_set_cached_cell_and_set_connections" :: waited 0.000s {{(pid=64458) inner /opt/stack/data/venv/lib/python3.10/site-packages/oslo_concurrency/lockutils.py:409}}
Oct 30 12:04:30 user devstack@n-api.service[64458]: DEBUG oslo_concurrency.lockutils [None req-9e30e2de-3dcc-4d40-8999-655fb76a1de4 None None] Lock "00000000-0000-0000-0000-000000000000" "released" by "nova.context.set_target_cell..get_or_set_cached_cell_and_set_connections" :: held 0.001s {{(pid=64458) inner /opt/stack/data/venv/lib/python3.10/site-packages/oslo_concurrency/lockutils.py:423}}
Oct 30 12:04:30 user devstack@n-api.service[64458]: DEBUG oslo_concurrency.lockutils [None req-9e30e2de-3dcc-4d40-8999-655fb76a1de4 None None] Acquiring lock "942caca2-e8ef-468c-9257-4fc56a3d5e8c" by "nova.context.set_target_cell..get_or_set_cached_cell_and_set_connections" {{(pid=64458) inner /opt/stack/data/venv/lib/python3.10/site-packages/oslo_concurrency/lockutils.py:404}}
Oct 30 12:04:30 user devstack@n-api.service[64458]: DEBUG oslo_concurrency.lockutils [None req-9e30e2de-3dcc-4d40-8999-655fb76a1de4 None None] Lock "942caca2-e8ef-468c-9257-4fc56a3d5e8c" acquired by "nova.context.set_target_cell..get_or_set_cached_cell_and_set_connections" :: waited 0.000s {{(pid=64458) inner /opt/stack/data/venv/lib/python3.10/site-packages/oslo_concurrency/lockutils.py:409}}
Oct 30 12:04:30 user devstack@n-api.service[64456]: DEBUG nova.context [None req-9eac0985-72c7-4903-b409-465edde803cc None None] Found 2 cells: 00000000-0000-0000-0000-000000000000(cell0),942caca2-e8ef-468c-9257-4fc56a3d5e8c(cell1) {{(pid=64456) load_cells /opt/stack/nova/nova/context.py:464}}
Oct 30 12:04:30 user devstack@n-api.service[64458]: DEBUG oslo_concurrency.lockutils [None req-9e30e2de-3dcc-4d40-8999-655fb76a1de4 None None] Lock "942caca2-e8ef-468c-9257-4fc56a3d5e8c" "released" by "nova.context.set_target_cell..get_or_set_cached_cell_and_set_connections" :: held 0.001s {{(pid=64458) inner /opt/stack/data/venv/lib/python3.10/site-packages/oslo_concurrency/lockutils.py:423}}
Oct 30 12:04:30 user devstack@n-api.service[64458]: INFO dbcounter [None req-9e30e2de-3dcc-4d40-8999-655fb76a1de4 None None] Registered counter for database nova_cell0
Oct 30 12:04:30 user devstack@n-api.service[64456]: DEBUG oslo_concurrency.lockutils [None req-9eac0985-72c7-4903-b409-465edde803cc None None] Acquiring lock "00000000-0000-0000-0000-000000000000" by "nova.context.set_target_cell..get_or_set_cached_cell_and_set_connections" {{(pid=64456) inner /opt/stack/data/venv/lib/python3.10/site-packages/oslo_concurrency/lockutils.py:404}}
Oct 30 12:04:30 user devstack@n-api.service[64458]: INFO dbcounter [None req-9e30e2de-3dcc-4d40-8999-655fb76a1de4 None None] Registered counter for database nova_cell1
Oct 30 12:04:30 user devstack@n-api.service[64456]: DEBUG oslo_concurrency.lockutils [None req-9eac0985-72c7-4903-b409-465edde803cc None None] Lock "00000000-0000-0000-0000-000000000000" acquired by "nova.context.set_target_cell..get_or_set_cached_cell_and_set_connections" :: waited 0.003s {{(pid=64456) inner /opt/stack/data/venv/lib/python3.10/site-packages/oslo_concurrency/lockutils.py:409}}
Oct 30 12:04:30 user devstack@n-api.service[64456]: DEBUG oslo_concurrency.lockutils [None req-9eac0985-72c7-4903-b409-465edde803cc None None] Lock "00000000-0000-0000-0000-000000000000" "released" by "nova.context.set_target_cell..get_or_set_cached_cell_and_set_connections" :: held 0.001s {{(pid=64456) inner /opt/stack/data/venv/lib/python3.10/site-packages/oslo_concurrency/lockutils.py:423}}
Oct 30 12:04:30 user devstack@n-api.service[64456]: DEBUG oslo_concurrency.lockutils [None req-9eac0985-72c7-4903-b409-465edde803cc None None] Acquiring lock "942caca2-e8ef-468c-9257-4fc56a3d5e8c" by "nova.context.set_target_cell..get_or_set_cached_cell_and_set_connections" {{(pid=64456) inner /opt/stack/data/venv/lib/python3.10/site-packages/oslo_concurrency/lockutils.py:404}}
Oct 30 12:04:30 user devstack@n-api.service[64456]: DEBUG oslo_concurrency.lockutils [None req-9eac0985-72c7-4903-b409-465edde803cc None None] Lock "942caca2-e8ef-468c-9257-4fc56a3d5e8c" acquired by "nova.context.set_target_cell..get_or_set_cached_cell_and_set_connections" :: waited 0.001s {{(pid=64456) inner /opt/stack/data/venv/lib/python3.10/site-packages/oslo_concurrency/lockutils.py:409}}
Oct 30 12:04:30 user devstack@n-api.service[64457]: DEBUG oslo_db.sqlalchemy.engines [None req-cbc3daae-2d54-48f1-8b1b-260fb9309adb None None] MySQL server mode set to STRICT_TRANS_TABLES,STRICT_ALL_TABLES,NO_ZERO_IN_DATE,NO_ZERO_DATE,ERROR_FOR_DIVISION_BY_ZERO,TRADITIONAL,NO_ENGINE_SUBSTITUTION {{(pid=64457) _check_effective_sql_mode /opt/stack/data/venv/lib/python3.10/site-packages/oslo_db/sqlalchemy/engines.py:342}}
Oct 30 12:04:30 user devstack@n-api.service[64456]: DEBUG oslo_concurrency.lockutils [None req-9eac0985-72c7-4903-b409-465edde803cc None None] Lock "942caca2-e8ef-468c-9257-4fc56a3d5e8c" "released" by "nova.context.set_target_cell..get_or_set_cached_cell_and_set_connections" :: held 0.002s {{(pid=64456) inner /opt/stack/data/venv/lib/python3.10/site-packages/oslo_concurrency/lockutils.py:423}}
Oct 30 12:04:30 user devstack@n-api.service[64456]: INFO dbcounter [None req-9eac0985-72c7-4903-b409-465edde803cc None None] Registered counter for database nova_cell0
Oct 30 12:04:30 user devstack@n-api.service[64458]: DEBUG oslo_db.sqlalchemy.engines [None req-9e30e2de-3dcc-4d40-8999-655fb76a1de4 None None] MySQL server mode set to STRICT_TRANS_TABLES,STRICT_ALL_TABLES,NO_ZERO_IN_DATE,NO_ZERO_DATE,ERROR_FOR_DIVISION_BY_ZERO,TRADITIONAL,NO_ENGINE_SUBSTITUTION {{(pid=64458) _check_effective_sql_mode /opt/stack/data/venv/lib/python3.10/site-packages/oslo_db/sqlalchemy/engines.py:342}}
Oct 30 12:04:30 user devstack@n-api.service[64458]: DEBUG dbcounter [-] [64458] Writer thread running {{(pid=64458) stat_writer /opt/stack/data/venv/lib/python3.10/site-packages/dbcounter.py:102}}
Oct 30 12:04:30 user devstack@n-api.service[64456]: INFO dbcounter [None req-9eac0985-72c7-4903-b409-465edde803cc None None] Registered counter for database nova_cell1
Oct 30 12:04:30 user devstack@n-api.service[64458]: DEBUG oslo_db.sqlalchemy.engines [None req-9e30e2de-3dcc-4d40-8999-655fb76a1de4 None None] MySQL server mode set to STRICT_TRANS_TABLES,STRICT_ALL_TABLES,NO_ZERO_IN_DATE,NO_ZERO_DATE,ERROR_FOR_DIVISION_BY_ZERO,TRADITIONAL,NO_ENGINE_SUBSTITUTION {{(pid=64458) _check_effective_sql_mode /opt/stack/data/venv/lib/python3.10/site-packages/oslo_db/sqlalchemy/engines.py:342}}
Oct 30 12:04:30 user devstack@n-api.service[64457]: DEBUG dbcounter [-] [64457] Writer thread running {{(pid=64457) stat_writer /opt/stack/data/venv/lib/python3.10/site-packages/dbcounter.py:102}}
Oct 30 12:04:30 user devstack@n-api.service[64456]: DEBUG oslo_db.sqlalchemy.engines [None req-9eac0985-72c7-4903-b409-465edde803cc None None] MySQL server mode set to STRICT_TRANS_TABLES,STRICT_ALL_TABLES,NO_ZERO_IN_DATE,NO_ZERO_DATE,ERROR_FOR_DIVISION_BY_ZERO,TRADITIONAL,NO_ENGINE_SUBSTITUTION {{(pid=64456) _check_effective_sql_mode /opt/stack/data/venv/lib/python3.10/site-packages/oslo_db/sqlalchemy/engines.py:342}}
Oct 30 12:04:30 user devstack@n-api.service[64456]: DEBUG dbcounter [-] [64456] Writer thread running {{(pid=64456) stat_writer /opt/stack/data/venv/lib/python3.10/site-packages/dbcounter.py:102}}
Oct 30 12:04:30 user devstack@n-api.service[64456]: DEBUG oslo_db.sqlalchemy.engines [None req-9eac0985-72c7-4903-b409-465edde803cc None None] MySQL server mode set to STRICT_TRANS_TABLES,STRICT_ALL_TABLES,NO_ZERO_IN_DATE,NO_ZERO_DATE,ERROR_FOR_DIVISION_BY_ZERO,TRADITIONAL,NO_ENGINE_SUBSTITUTION {{(pid=64456) _check_effective_sql_mode /opt/stack/data/venv/lib/python3.10/site-packages/oslo_db/sqlalchemy/engines.py:342}}
Oct 30 12:04:30 user devstack@n-api.service[64457]: DEBUG nova.context [None req-cbc3daae-2d54-48f1-8b1b-260fb9309adb None None] Found 2 cells: 00000000-0000-0000-0000-000000000000(cell0),942caca2-e8ef-468c-9257-4fc56a3d5e8c(cell1) {{(pid=64457) load_cells /opt/stack/nova/nova/context.py:464}}
Oct 30 12:04:30 user devstack@n-api.service[64457]: DEBUG oslo_concurrency.lockutils [None req-cbc3daae-2d54-48f1-8b1b-260fb9309adb None None] Acquiring lock "00000000-0000-0000-0000-000000000000" by "nova.context.set_target_cell..get_or_set_cached_cell_and_set_connections" {{(pid=64457) inner /opt/stack/data/venv/lib/python3.10/site-packages/oslo_concurrency/lockutils.py:404}}
Oct 30 12:04:30 user devstack@n-api.service[64457]: DEBUG oslo_concurrency.lockutils [None req-cbc3daae-2d54-48f1-8b1b-260fb9309adb None None] Lock "00000000-0000-0000-0000-000000000000" acquired by "nova.context.set_target_cell..get_or_set_cached_cell_and_set_connections" :: waited 0.000s {{(pid=64457) inner /opt/stack/data/venv/lib/python3.10/site-packages/oslo_concurrency/lockutils.py:409}}
Oct 30 12:04:30 user devstack@n-api.service[64457]: DEBUG oslo_concurrency.lockutils [None req-cbc3daae-2d54-48f1-8b1b-260fb9309adb None None] Lock "00000000-0000-0000-0000-000000000000" "released" by "nova.context.set_target_cell..get_or_set_cached_cell_and_set_connections" :: held 0.001s {{(pid=64457) inner /opt/stack/data/venv/lib/python3.10/site-packages/oslo_concurrency/lockutils.py:423}}
Oct 30 12:04:30 user devstack@n-api.service[64457]: DEBUG oslo_concurrency.lockutils [None req-cbc3daae-2d54-48f1-8b1b-260fb9309adb None None] Acquiring lock "942caca2-e8ef-468c-9257-4fc56a3d5e8c" by "nova.context.set_target_cell..get_or_set_cached_cell_and_set_connections" {{(pid=64457) inner /opt/stack/data/venv/lib/python3.10/site-packages/oslo_concurrency/lockutils.py:404}}
Oct 30 12:04:30 user devstack@n-api.service[64457]: DEBUG oslo_concurrency.lockutils [None req-cbc3daae-2d54-48f1-8b1b-260fb9309adb None None] Lock "942caca2-e8ef-468c-9257-4fc56a3d5e8c" acquired by "nova.context.set_target_cell..get_or_set_cached_cell_and_set_connections" :: waited 0.000s {{(pid=64457) inner /opt/stack/data/venv/lib/python3.10/site-packages/oslo_concurrency/lockutils.py:409}}
Oct 30 12:04:30 user devstack@n-api.service[64457]: DEBUG oslo_concurrency.lockutils [None req-cbc3daae-2d54-48f1-8b1b-260fb9309adb None None] Lock "942caca2-e8ef-468c-9257-4fc56a3d5e8c" "released" by "nova.context.set_target_cell..get_or_set_cached_cell_and_set_connections" :: held 0.002s {{(pid=64457) inner /opt/stack/data/venv/lib/python3.10/site-packages/oslo_concurrency/lockutils.py:423}}
Oct 30 12:04:30 user devstack@n-api.service[64457]: INFO dbcounter [None req-cbc3daae-2d54-48f1-8b1b-260fb9309adb None None] Registered counter for database nova_cell0
Oct 30 12:04:30 user devstack@n-api.service[64457]: INFO dbcounter [None req-cbc3daae-2d54-48f1-8b1b-260fb9309adb None None] Registered counter for database nova_cell1
Oct 30 12:04:30 user devstack@n-api.service[64457]: DEBUG oslo_db.sqlalchemy.engines [None req-cbc3daae-2d54-48f1-8b1b-260fb9309adb None None] MySQL server mode set to STRICT_TRANS_TABLES,STRICT_ALL_TABLES,NO_ZERO_IN_DATE,NO_ZERO_DATE,ERROR_FOR_DIVISION_BY_ZERO,TRADITIONAL,NO_ENGINE_SUBSTITUTION {{(pid=64457) _check_effective_sql_mode /opt/stack/data/venv/lib/python3.10/site-packages/oslo_db/sqlalchemy/engines.py:342}}
Oct 30 12:04:30 user devstack@n-api.service[64457]: DEBUG dbcounter [-] [64457] Writer thread running {{(pid=64457) stat_writer /opt/stack/data/venv/lib/python3.10/site-packages/dbcounter.py:102}}
Oct 30 12:04:30 user devstack@n-api.service[64457]: DEBUG oslo_db.sqlalchemy.engines [None req-cbc3daae-2d54-48f1-8b1b-260fb9309adb None None] MySQL server mode set to STRICT_TRANS_TABLES,STRICT_ALL_TABLES,NO_ZERO_IN_DATE,NO_ZERO_DATE,ERROR_FOR_DIVISION_BY_ZERO,TRADITIONAL,NO_ENGINE_SUBSTITUTION {{(pid=64457) _check_effective_sql_mode /opt/stack/data/venv/lib/python3.10/site-packages/oslo_db/sqlalchemy/engines.py:342}}
Oct 30 12:04:30 user devstack@n-api.service[64458]: DEBUG dbcounter [-] [64458] Writer thread running {{(pid=64458) stat_writer /opt/stack/data/venv/lib/python3.10/site-packages/dbcounter.py:102}}
Oct 30 12:04:30 user devstack@n-api.service[64458]: INFO dbcounter [None req-9e30e2de-3dcc-4d40-8999-655fb76a1de4 None None] Registered counter for database nova_cell0
Oct 30 12:04:30 user devstack@n-api.service[64458]: DEBUG oslo_db.sqlalchemy.engines [None req-9e30e2de-3dcc-4d40-8999-655fb76a1de4 None None] MySQL server mode set to STRICT_TRANS_TABLES,STRICT_ALL_TABLES,NO_ZERO_IN_DATE,NO_ZERO_DATE,ERROR_FOR_DIVISION_BY_ZERO,TRADITIONAL,NO_ENGINE_SUBSTITUTION {{(pid=64458) _check_effective_sql_mode /opt/stack/data/venv/lib/python3.10/site-packages/oslo_db/sqlalchemy/engines.py:342}}
Oct 30 12:04:30 user devstack@n-api.service[64456]: DEBUG dbcounter [-] [64456] Writer thread running {{(pid=64456) stat_writer /opt/stack/data/venv/lib/python3.10/site-packages/dbcounter.py:102}}
Oct 30 12:04:30 user devstack@n-api.service[64458]: DEBUG dbcounter [-] [64458] Writer thread running {{(pid=64458) stat_writer /opt/stack/data/venv/lib/python3.10/site-packages/dbcounter.py:102}}
Oct 30 12:04:30 user devstack@n-api.service[64456]: INFO dbcounter [None req-9eac0985-72c7-4903-b409-465edde803cc None None] Registered counter for database nova_cell0
Oct 30 12:04:30 user devstack@n-api.service[64456]: DEBUG oslo_db.sqlalchemy.engines [None req-9eac0985-72c7-4903-b409-465edde803cc None None] MySQL server mode set to STRICT_TRANS_TABLES,STRICT_ALL_TABLES,NO_ZERO_IN_DATE,NO_ZERO_DATE,ERROR_FOR_DIVISION_BY_ZERO,TRADITIONAL,NO_ENGINE_SUBSTITUTION {{(pid=64456) _check_effective_sql_mode /opt/stack/data/venv/lib/python3.10/site-packages/oslo_db/sqlalchemy/engines.py:342}}
Oct 30 12:04:30 user devstack@n-api.service[64456]: DEBUG dbcounter [-] [64456] Writer thread running {{(pid=64456) stat_writer /opt/stack/data/venv/lib/python3.10/site-packages/dbcounter.py:102}}
Oct 30 12:04:30 user devstack@n-api.service[64457]: DEBUG dbcounter [-] [64457] Writer thread running {{(pid=64457) stat_writer /opt/stack/data/venv/lib/python3.10/site-packages/dbcounter.py:102}}
Oct 30 12:04:30 user devstack@n-api.service[64457]: INFO dbcounter [None req-cbc3daae-2d54-48f1-8b1b-260fb9309adb None None] Registered counter for database nova_cell0
Oct 30 12:04:30 user devstack@n-api.service[64457]: DEBUG oslo_db.sqlalchemy.engines [None req-cbc3daae-2d54-48f1-8b1b-260fb9309adb None None] MySQL server mode set to STRICT_TRANS_TABLES,STRICT_ALL_TABLES,NO_ZERO_IN_DATE,NO_ZERO_DATE,ERROR_FOR_DIVISION_BY_ZERO,TRADITIONAL,NO_ENGINE_SUBSTITUTION {{(pid=64457) _check_effective_sql_mode /opt/stack/data/venv/lib/python3.10/site-packages/oslo_db/sqlalchemy/engines.py:342}}
Oct 30 12:04:30 user devstack@n-api.service[64457]: DEBUG dbcounter [-] [64457] Writer thread running {{(pid=64457) stat_writer /opt/stack/data/venv/lib/python3.10/site-packages/dbcounter.py:102}}
Oct 30 12:04:31 user devstack@n-api.service[64458]: WARNING keystonemiddleware.auth_token [None req-9e30e2de-3dcc-4d40-8999-655fb76a1de4 None None] AuthToken middleware is set with keystone_authtoken.service_token_roles_required set to False. This is backwards compatible but deprecated behaviour. Please set this to True.
Oct 30 12:04:31 user devstack@n-api.service[64457]: WARNING keystonemiddleware.auth_token [None req-cbc3daae-2d54-48f1-8b1b-260fb9309adb None None] AuthToken middleware is set with keystone_authtoken.service_token_roles_required set to False. This is backwards compatible but deprecated behaviour. Please set this to True.
Oct 30 12:04:31 user devstack@n-api.service[64458]: WARNING keystonemiddleware.auth_token [None req-9e30e2de-3dcc-4d40-8999-655fb76a1de4 None None] Configuring www_authenticate_uri to point to the public identity endpoint is required; clients may not be able to authenticate against an admin endpoint
Oct 30 12:04:31 user devstack@n-api.service[64457]: WARNING keystonemiddleware.auth_token [None req-cbc3daae-2d54-48f1-8b1b-260fb9309adb None None] Configuring www_authenticate_uri to point to the public identity endpoint is required; clients may not be able to authenticate against an admin endpoint
Oct 30 12:04:31 user devstack@n-api.service[64456]: WARNING keystonemiddleware.auth_token [None req-9eac0985-72c7-4903-b409-465edde803cc None None] AuthToken middleware is set with keystone_authtoken.service_token_roles_required set to False. This is backwards compatible but deprecated behaviour. Please set this to True.
Oct 30 12:04:31 user devstack@n-api.service[64456]: WARNING keystonemiddleware.auth_token [None req-9eac0985-72c7-4903-b409-465edde803cc None None] Configuring www_authenticate_uri to point to the public identity endpoint is required; clients may not be able to authenticate against an admin endpoint
Oct 30 12:04:31 user devstack@n-api.service[64458]: WARNING keystonemiddleware.auth_token [None req-9e30e2de-3dcc-4d40-8999-655fb76a1de4 None None] AuthToken middleware is set with keystone_authtoken.service_token_roles_required set to False. This is backwards compatible but deprecated behaviour. Please set this to True.
Oct 30 12:04:31 user devstack@n-api.service[64458]: WARNING keystonemiddleware.auth_token [None req-9e30e2de-3dcc-4d40-8999-655fb76a1de4 None None] Configuring www_authenticate_uri to point to the public identity endpoint is required; clients may not be able to authenticate against an admin endpoint
Oct 30 12:04:31 user devstack@n-api.service[64458]: WSGI app 0 (mountpoint='') ready in 5 seconds on interpreter 0x563061134b90 pid: 64458 (default app)
Oct 30 12:04:31 user devstack@n-api.service[64458]: DEBUG nova.api.openstack.wsgi [None req-9e30e2de-3dcc-4d40-8999-655fb76a1de4 None None] Calling method '>' {{(pid=64458) _process_stack /opt/stack/nova/nova/api/openstack/wsgi.py:513}}
Oct 30 12:04:31 user devstack@n-api.service[64458]: INFO nova.api.openstack.requestlog [None req-9e30e2de-3dcc-4d40-8999-655fb76a1de4 None None] 10.0.0.210 "GET /compute/v2.1/" status: 200 len: 387 microversion: 2.1 time: 0.001516
Oct 30 12:04:31 user devstack@n-api.service[64458]: [pid: 64458|app: 0|req: 1/1] 10.0.0.210 () {50 vars in 783 bytes} [Mon Oct 30 12:04:31 2023] GET /compute/v2.1/ => generated 387 bytes in 3 msecs (HTTP/1.1 200) 9 headers in 357 bytes (1 switches on core 0)
Oct 30 12:04:31 user devstack@n-api.service[64456]: WARNING keystonemiddleware.auth_token [None req-9eac0985-72c7-4903-b409-465edde803cc None None] AuthToken middleware is set with keystone_authtoken.service_token_roles_required set to False. This is backwards compatible but deprecated behaviour. Please set this to True.
Oct 30 12:04:31 user devstack@n-api.service[64456]: WARNING keystonemiddleware.auth_token [None req-9eac0985-72c7-4903-b409-465edde803cc None None] Configuring www_authenticate_uri to point to the public identity endpoint is required; clients may not be able to authenticate against an admin endpoint
Oct 30 12:04:31 user devstack@n-api.service[64456]: WSGI app 0 (mountpoint='') ready in 5 seconds on interpreter 0x563061134b90 pid: 64456 (default app)
Oct 30 12:04:31 user devstack@n-api.service[64457]: WARNING keystonemiddleware.auth_token [None req-cbc3daae-2d54-48f1-8b1b-260fb9309adb None None] AuthToken middleware is set with keystone_authtoken.service_token_roles_required set to False. This is backwards compatible but deprecated behaviour. Please set this to True.
Oct 30 12:04:31 user devstack@n-api.service[64457]: WARNING keystonemiddleware.auth_token [None req-cbc3daae-2d54-48f1-8b1b-260fb9309adb None None] Configuring www_authenticate_uri to point to the public identity endpoint is required; clients may not be able to authenticate against an admin endpoint
Oct 30 12:04:31 user devstack@n-api.service[64457]: WSGI app 0 (mountpoint='') ready in 5 seconds on interpreter 0x563061134b90 pid: 64457 (default app)
Oct 30 12:06:42 user devstack@n-api.service[64458]: DEBUG nova.api.openstack.wsgi [None req-9e30e2de-3dcc-4d40-8999-655fb76a1de4 None None] Calling method '>' {{(pid=64458) _process_stack /opt/stack/nova/nova/api/openstack/wsgi.py:513}}
Oct 30 12:06:42 user devstack@n-api.service[64458]: INFO nova.api.openstack.requestlog [None req-9e30e2de-3dcc-4d40-8999-655fb76a1de4 None None] 10.0.0.210 "GET /compute/v2.1" status: 200 len: 387 microversion: 2.1 time: 0.001694
Oct 30 12:06:42 user devstack@n-api.service[64458]: [pid: 64458|app: 0|req: 2/2] 10.0.0.210 () {54 vars in 925 bytes} [Mon Oct 30 12:06:42 2023] GET /compute/v2.1 => generated 387 bytes in 3 msecs (HTTP/1.1 200) 9 headers in 357 bytes (1 switches on core 0)
Oct 30 12:06:42 user devstack@n-api.service[64456]: DEBUG dbcounter [-] [64456] Writing DB stats nova_api:SELECT=3 {{(pid=64456) stat_writer /opt/stack/data/venv/lib/python3.10/site-packages/dbcounter.py:115}}
Oct 30 12:06:42 user devstack@n-api.service[64456]: DEBUG dbcounter [-] [64456] Writing DB stats nova_cell0:SELECT=3 {{(pid=64456) stat_writer /opt/stack/data/venv/lib/python3.10/site-packages/dbcounter.py:115}}
Oct 30 12:06:42 user devstack@n-api.service[64456]: DEBUG dbcounter [-] [64456] Writing DB stats nova_cell1:SELECT=3 {{(pid=64456) stat_writer /opt/stack/data/venv/lib/python3.10/site-packages/dbcounter.py:115}}
Oct 30 12:06:42 user devstack@n-api.service[64456]: DEBUG dbcounter [-] [64456] Writing DB stats nova_cell0:SELECT=3 {{(pid=64456) stat_writer /opt/stack/data/venv/lib/python3.10/site-packages/dbcounter.py:115}}
Oct 30 12:06:42 user devstack@n-api.service[64456]: DEBUG nova.api.openstack.wsgi [None req-c89ced50-99d2-4142-8328-f5296b2478cf admin admin] Calling method '>' {{(pid=64456) _process_stack /opt/stack/nova/nova/api/openstack/wsgi.py:513}}
Oct 30 12:06:42 user devstack@n-api.service[64456]: INFO nova.api.openstack.requestlog [None req-c89ced50-99d2-4142-8328-f5296b2478cf admin admin] 10.0.0.210 "GET /compute/v2.1/flavors/detail?is_public=True" status: 200 len: 15 microversion: 2.61 time: 0.415819
Oct 30 12:06:42 user devstack@n-api.service[64456]: [pid: 64456|app: 0|req: 1/3] 10.0.0.210 () {60 vars in 1286 bytes} [Mon Oct 30 12:06:42 2023] GET /compute/v2.1/flavors/detail?is_public=True => generated 15 bytes in 418 msecs (HTTP/1.1 200) 9 headers in 358 bytes (1 switches on core 0)
Oct 30 12:06:44 user devstack@n-api.service[64457]: DEBUG nova.api.openstack.wsgi [None req-cbc3daae-2d54-48f1-8b1b-260fb9309adb None None] Calling method '>' {{(pid=64457) _process_stack /opt/stack/nova/nova/api/openstack/wsgi.py:513}}
Oct 30 12:06:44 user devstack@n-api.service[64457]: INFO nova.api.openstack.requestlog [None req-cbc3daae-2d54-48f1-8b1b-260fb9309adb None None] 10.0.0.210 "GET /compute/v2.1" status: 200 len: 387 microversion: 2.1 time: 0.002526
Oct 30 12:06:44 user devstack@n-api.service[64457]: [pid: 64457|app: 0|req: 1/4] 10.0.0.210 () {54 vars in 925 bytes} [Mon Oct 30 12:06:44 2023] GET /compute/v2.1 => generated 387 bytes in 4 msecs (HTTP/1.1 200) 9 headers in 357 bytes (1 switches on core 0)
Oct 30 12:06:44 user devstack@n-api.service[64458]: DEBUG dbcounter [-] [64458] Writing DB stats nova_api:SELECT=3 {{(pid=64458) stat_writer /opt/stack/data/venv/lib/python3.10/site-packages/dbcounter.py:115}}
Oct 30 12:06:44 user devstack@n-api.service[64458]: DEBUG dbcounter [-] [64458] Writing DB stats nova_cell1:SELECT=3 {{(pid=64458) stat_writer /opt/stack/data/venv/lib/python3.10/site-packages/dbcounter.py:115}}
Oct 30 12:06:44 user devstack@n-api.service[64458]: DEBUG dbcounter [-] [64458] Writing DB stats nova_cell0:SELECT=3 {{(pid=64458) stat_writer /opt/stack/data/venv/lib/python3.10/site-packages/dbcounter.py:115}}
Oct 30 12:06:44 user devstack@n-api.service[64458]: DEBUG dbcounter [-] [64458] Writing DB stats nova_cell0:SELECT=6,nova_cell0:INSERT=1 {{(pid=64458) stat_writer /opt/stack/data/venv/lib/python3.10/site-packages/dbcounter.py:115}}
Oct 30 12:06:44 user devstack@n-api.service[64458]: DEBUG nova.api.openstack.wsgi [None req-6fc6be15-bc63-4ec2-9889-94d8ce6ac09b admin admin] Action: 'create', calling method: >, body: {"flavor": {"OS-FLV-EXT-DATA:ephemeral": 0, "name": "cirros256", "ram": 256, "vcpus": 1, "rxtx_factor": 1.0, "disk": 1, "swap": 0, "id": "c1", "os-flavor-access:is_public": true}} {{(pid=64458) _process_stack /opt/stack/nova/nova/api/openstack/wsgi.py:511}}
Oct 30 12:06:44 user devstack@n-api.service[64458]: INFO nova.api.openstack.requestlog [None req-6fc6be15-bc63-4ec2-9889-94d8ce6ac09b admin admin] 10.0.0.210 "POST /compute/v2.1/flavors" status: 200 len: 405 microversion: 2.61 time: 0.310371
Oct 30 12:06:44 user devstack@n-api.service[64458]: [pid: 64458|app: 0|req: 3/5] 10.0.0.210 () {64 vars in 1277 bytes} [Mon Oct 30 12:06:44 2023] POST /compute/v2.1/flavors => generated 405 bytes in 311 msecs (HTTP/1.1 200) 9 headers in 359 bytes (1 switches on core 0)
Oct 30 12:06:44 user devstack@n-api.service[64456]: DEBUG nova.api.openstack.wsgi [None req-f2c37021-c9ac-41cc-aa6e-fad93df42c71 admin admin] Action: 'create', calling method: >, body: {"extra_specs": {"hw_rng:allowed": "True"}} {{(pid=64456) _process_stack /opt/stack/nova/nova/api/openstack/wsgi.py:511}}
Oct 30 12:06:44 user devstack@n-api.service[64456]: INFO nova.api.openstack.requestlog [None req-f2c37021-c9ac-41cc-aa6e-fad93df42c71 admin admin] 10.0.0.210 "POST /compute/v2.1/flavors/c1/os-extra_specs" status: 200 len: 43 microversion: 2.61 time: 0.046687
Oct 30 12:06:44 user devstack@n-api.service[64456]: [pid: 64456|app: 0|req: 2/6] 10.0.0.210 () {64 vars in 1330 bytes} [Mon Oct 30 12:06:44 2023] POST /compute/v2.1/flavors/c1/os-extra_specs => generated 43 bytes in 48 msecs (HTTP/1.1 200) 9 headers in 358 bytes (1 switches on core 0)
Oct 30 12:06:46 user devstack@n-api.service[64457]: DEBUG nova.api.openstack.wsgi [None req-cbc3daae-2d54-48f1-8b1b-260fb9309adb None None] Calling method '>' {{(pid=64457) _process_stack /opt/stack/nova/nova/api/openstack/wsgi.py:513}}
Oct 30 12:06:46 user devstack@n-api.service[64457]: INFO nova.api.openstack.requestlog [None req-cbc3daae-2d54-48f1-8b1b-260fb9309adb None None] 10.0.0.210 "GET /compute/v2.1" status: 200 len: 387 microversion: 2.1 time: 0.001607
Oct 30 12:06:46 user devstack@n-api.service[64457]: [pid: 64457|app: 0|req: 2/7] 10.0.0.210 () {54 vars in 925 bytes} [Mon Oct 30 12:06:46 2023] GET /compute/v2.1 => generated 387 bytes in 2 msecs (HTTP/1.1 200) 9 headers in 357 bytes (1 switches on core 0)
Oct 30 12:06:46 user devstack@n-api.service[64458]: DEBUG nova.api.openstack.wsgi [None req-f5572bb4-eb97-433e-99a4-4a42217e8c2e admin admin] Action: 'create', calling method: >, body: {"flavor": {"swap": 0, "name": "ds512M", "OS-FLV-EXT-DATA:ephemeral": 0, "ram": 512, "os-flavor-access:is_public": true, "disk": 5, "id": "d1", "rxtx_factor": 1.0, "vcpus": 1}} {{(pid=64458) _process_stack /opt/stack/nova/nova/api/openstack/wsgi.py:511}}
Oct 30 12:06:46 user devstack@n-api.service[64458]: INFO nova.api.openstack.requestlog [None req-f5572bb4-eb97-433e-99a4-4a42217e8c2e admin admin] 10.0.0.210 "POST /compute/v2.1/flavors" status: 200 len: 402 microversion: 2.61 time: 0.069280
Oct 30 12:06:46 user devstack@n-api.service[64458]: [pid: 64458|app: 0|req: 4/8] 10.0.0.210 () {64 vars in 1277 bytes} [Mon Oct 30 12:06:46 2023] POST /compute/v2.1/flavors => generated 402 bytes in 71 msecs (HTTP/1.1 200) 9 headers in 359 bytes (1 switches on core 0)
Oct 30 12:06:46 user devstack@n-api.service[64456]: DEBUG nova.api.openstack.wsgi [None req-399f06fa-4fd3-4883-bddc-8457a80b681b admin admin] Action: 'create', calling method: >, body: {"extra_specs": {"hw_rng:allowed": "True"}} {{(pid=64456) _process_stack /opt/stack/nova/nova/api/openstack/wsgi.py:511}}
Oct 30 12:06:46 user devstack@n-api.service[64456]: INFO nova.api.openstack.requestlog [None req-399f06fa-4fd3-4883-bddc-8457a80b681b admin admin] 10.0.0.210 "POST /compute/v2.1/flavors/d1/os-extra_specs" status: 200 len: 43 microversion: 2.61 time: 0.028043
Oct 30 12:06:46 user devstack@n-api.service[64456]: [pid: 64456|app: 0|req: 3/9] 10.0.0.210 () {64 vars in 1330 bytes} [Mon Oct 30 12:06:46 2023] POST /compute/v2.1/flavors/d1/os-extra_specs => generated 43 bytes in 29 msecs (HTTP/1.1 200) 9 headers in 358 bytes (1 switches on core 0)
Oct 30 12:06:49 user devstack@n-api.service[64457]: DEBUG nova.api.openstack.wsgi [None req-cbc3daae-2d54-48f1-8b1b-260fb9309adb None None] Calling method '>' {{(pid=64457) _process_stack /opt/stack/nova/nova/api/openstack/wsgi.py:513}}
Oct 30 12:06:49 user devstack@n-api.service[64457]: INFO nova.api.openstack.requestlog [None req-cbc3daae-2d54-48f1-8b1b-260fb9309adb None None] 10.0.0.210 "GET /compute/v2.1" status: 200 len: 387 microversion: 2.1 time: 0.001575
Oct 30 12:06:49 user devstack@n-api.service[64457]: [pid: 64457|app: 0|req: 3/10] 10.0.0.210 () {54 vars in 925 bytes} [Mon Oct 30 12:06:49 2023] GET /compute/v2.1 => generated 387 bytes in 2 msecs (HTTP/1.1 200) 9 headers in 357 bytes (1 switches on core 0)
Oct 30 12:06:49 user devstack@n-api.service[64458]: DEBUG nova.api.openstack.wsgi [None req-9e72120a-05e7-4369-b997-018abc949ce6 admin admin] Action: 'create', calling method: >, body: {"flavor": {"rxtx_factor": 1.0, "name": "ds1G", "ram": 1024, "vcpus": 1, "disk": 10, "swap": 0, "os-flavor-access:is_public": true, "OS-FLV-EXT-DATA:ephemeral": 0, "id": "d2"}} {{(pid=64458) _process_stack /opt/stack/nova/nova/api/openstack/wsgi.py:511}}
Oct 30 12:06:49 user devstack@n-api.service[64458]: INFO nova.api.openstack.requestlog [None req-9e72120a-05e7-4369-b997-018abc949ce6 admin admin] 10.0.0.210 "POST /compute/v2.1/flavors" status: 200 len: 402 microversion: 2.61 time: 0.073978
Oct 30 12:06:49 user devstack@n-api.service[64458]: [pid: 64458|app: 0|req: 5/11] 10.0.0.210 () {64 vars in 1277 bytes} [Mon Oct 30 12:06:49 2023] POST /compute/v2.1/flavors => generated 402 bytes in 75 msecs (HTTP/1.1 200) 9 headers in 359 bytes (1 switches on core 0)
Oct 30 12:06:49 user devstack@n-api.service[64456]: DEBUG nova.api.openstack.wsgi [None req-69c490a1-1f84-4249-9fff-8bfac441eba4 admin admin] Action: 'create', calling method: >, body: {"extra_specs": {"hw_rng:allowed": "True"}} {{(pid=64456) _process_stack /opt/stack/nova/nova/api/openstack/wsgi.py:511}}
Oct 30 12:06:49 user devstack@n-api.service[64456]: INFO nova.api.openstack.requestlog [None req-69c490a1-1f84-4249-9fff-8bfac441eba4 admin admin] 10.0.0.210 "POST /compute/v2.1/flavors/d2/os-extra_specs" status: 200 len: 43 microversion: 2.61 time: 0.025003
Oct 30 12:06:49 user devstack@n-api.service[64456]: [pid: 64456|app: 0|req: 4/12] 10.0.0.210 () {64 vars in 1330 bytes} [Mon Oct 30 12:06:49 2023] POST /compute/v2.1/flavors/d2/os-extra_specs => generated 43 bytes in 26 msecs (HTTP/1.1 200) 9 headers in 358 bytes (1 switches on core 0)
Oct 30 12:06:51 user devstack@n-api.service[64457]: DEBUG nova.api.openstack.wsgi [None req-cbc3daae-2d54-48f1-8b1b-260fb9309adb None None] Calling method '>' {{(pid=64457) _process_stack /opt/stack/nova/nova/api/openstack/wsgi.py:513}}
Oct 30 12:06:51 user devstack@n-api.service[64457]: INFO nova.api.openstack.requestlog [None req-cbc3daae-2d54-48f1-8b1b-260fb9309adb None None] 10.0.0.210 "GET /compute/v2.1" status: 200 len: 387 microversion: 2.1 time: 0.002640
Oct 30 12:06:51 user devstack@n-api.service[64457]: [pid: 64457|app: 0|req: 4/13] 10.0.0.210 () {54 vars in 925 bytes} [Mon Oct 30 12:06:51 2023] GET /compute/v2.1 => generated 387 bytes in 5 msecs (HTTP/1.1 200) 9 headers in 357 bytes (1 switches on core 0)
Oct 30 12:06:51 user devstack@n-api.service[64458]: DEBUG nova.api.openstack.wsgi [None req-37066a58-9c1b-4a83-a38c-dc606af11dff admin admin] Action: 'create', calling method: >, body: {"flavor": {"swap": 0, "id": "d3", "disk": 10, "OS-FLV-EXT-DATA:ephemeral": 0, "vcpus": 2, "os-flavor-access:is_public": true, "rxtx_factor": 1.0, "name": "ds2G", "ram": 2048}} {{(pid=64458) _process_stack /opt/stack/nova/nova/api/openstack/wsgi.py:511}}
Oct 30 12:06:51 user devstack@n-api.service[64458]: INFO nova.api.openstack.requestlog [None req-37066a58-9c1b-4a83-a38c-dc606af11dff admin admin] 10.0.0.210 "POST /compute/v2.1/flavors" status: 200 len: 402 microversion: 2.61 time: 0.086247
Oct 30 12:06:51 user devstack@n-api.service[64458]: [pid: 64458|app: 0|req: 6/14] 10.0.0.210 () {64 vars in 1277 bytes} [Mon Oct 30 12:06:51 2023] POST /compute/v2.1/flavors => generated 402 bytes in 88 msecs (HTTP/1.1 200) 9 headers in 359 bytes (1 switches on core 0)
Oct 30 12:06:51 user devstack@n-api.service[64456]: DEBUG nova.api.openstack.wsgi [None req-08601735-1ec5-4046-9598-6d181dc41500 admin admin] Action: 'create', calling method: >, body: {"extra_specs": {"hw_rng:allowed": "True"}} {{(pid=64456) _process_stack /opt/stack/nova/nova/api/openstack/wsgi.py:511}}
Oct 30 12:06:51 user devstack@n-api.service[64456]: INFO nova.api.openstack.requestlog [None req-08601735-1ec5-4046-9598-6d181dc41500 admin admin] 10.0.0.210 "POST /compute/v2.1/flavors/d3/os-extra_specs" status: 200 len: 43 microversion: 2.61 time: 0.028877
Oct 30 12:06:51 user devstack@n-api.service[64456]: [pid: 64456|app: 0|req: 5/15] 10.0.0.210 () {64 vars in 1330 bytes} [Mon Oct 30 12:06:51 2023] POST /compute/v2.1/flavors/d3/os-extra_specs => generated 43 bytes in 31 msecs (HTTP/1.1 200) 9 headers in 358 bytes (1 switches on core 0)
Oct 30 12:06:53 user devstack@n-api.service[64457]: DEBUG nova.api.openstack.wsgi [None req-cbc3daae-2d54-48f1-8b1b-260fb9309adb None None] Calling method '>' {{(pid=64457) _process_stack /opt/stack/nova/nova/api/openstack/wsgi.py:513}}
Oct 30 12:06:53 user devstack@n-api.service[64457]: INFO nova.api.openstack.requestlog [None req-cbc3daae-2d54-48f1-8b1b-260fb9309adb None None] 10.0.0.210 "GET /compute/v2.1" status: 200 len: 387 microversion: 2.1 time: 0.001477
Oct 30 12:06:53 user devstack@n-api.service[64457]: [pid: 64457|app: 0|req: 5/16] 10.0.0.210 () {54 vars in 925 bytes} [Mon Oct 30 12:06:53 2023] GET /compute/v2.1 => generated 387 bytes in 3 msecs (HTTP/1.1 200) 9 headers in 357 bytes (1 switches on core 0)
Oct 30 12:06:53 user devstack@n-api.service[64458]: DEBUG nova.api.openstack.wsgi [None req-0a9ca538-e79d-47ae-af0e-70b67876afcc admin admin] Action: 'create', calling method: >, body: {"flavor": {"vcpus": 4, "os-flavor-access:is_public": true, "name": "ds4G", "ram": 4096, "swap": 0, "rxtx_factor": 1.0, "disk": 20, "id": "d4", "OS-FLV-EXT-DATA:ephemeral": 0}} {{(pid=64458) _process_stack /opt/stack/nova/nova/api/openstack/wsgi.py:511}}
Oct 30 12:06:53 user devstack@n-api.service[64458]: INFO nova.api.openstack.requestlog [None req-0a9ca538-e79d-47ae-af0e-70b67876afcc admin admin] 10.0.0.210 "POST /compute/v2.1/flavors" status: 200 len: 402 microversion: 2.61 time: 0.059141
Oct 30 12:06:53 user devstack@n-api.service[64458]: [pid: 64458|app: 0|req: 7/17] 10.0.0.210 () {64 vars in 1277 bytes} [Mon Oct 30 12:06:53 2023] POST /compute/v2.1/flavors => generated 402 bytes in 60 msecs (HTTP/1.1 200) 9 headers in 359 bytes (1 switches on core 0)
Oct 30 12:06:53 user devstack@n-api.service[64456]: DEBUG nova.api.openstack.wsgi [None req-b7ffcc62-e187-435b-8409-a8d439e04b01 admin admin] Action: 'create', calling method: >, body: {"extra_specs": {"hw_rng:allowed": "True"}} {{(pid=64456) _process_stack /opt/stack/nova/nova/api/openstack/wsgi.py:511}}
Oct 30 12:06:53 user devstack@n-api.service[64456]: INFO nova.api.openstack.requestlog [None req-b7ffcc62-e187-435b-8409-a8d439e04b01 admin admin] 10.0.0.210 "POST /compute/v2.1/flavors/d4/os-extra_specs" status: 200 len: 43 microversion: 2.61 time: 0.029122
Oct 30 12:06:53 user devstack@n-api.service[64456]: [pid: 64456|app: 0|req: 6/18] 10.0.0.210 () {64 vars in 1330 bytes} [Mon Oct 30 12:06:53 2023] POST /compute/v2.1/flavors/d4/os-extra_specs => generated 43 bytes in 31 msecs (HTTP/1.1 200) 9 headers in 358 bytes (1 switches on core 0)
Oct 30 12:06:55 user devstack@n-api.service[64457]: DEBUG nova.api.openstack.wsgi [None req-cbc3daae-2d54-48f1-8b1b-260fb9309adb None None] Calling method '>' {{(pid=64457) _process_stack /opt/stack/nova/nova/api/openstack/wsgi.py:513}}
Oct 30 12:06:55 user devstack@n-api.service[64457]: INFO nova.api.openstack.requestlog [None req-cbc3daae-2d54-48f1-8b1b-260fb9309adb None None] 10.0.0.210 "GET /compute/v2.1" status: 200 len: 387 microversion: 2.1 time: 0.001374
Oct 30 12:06:55 user devstack@n-api.service[64457]: [pid: 64457|app: 0|req: 6/19] 10.0.0.210 () {54 vars in 925 bytes} [Mon Oct 30 12:06:55 2023] GET /compute/v2.1 => generated 387 bytes in 2 msecs (HTTP/1.1 200) 9 headers in 357 bytes (1 switches on core 0)
Oct 30 12:06:55 user devstack@n-api.service[64458]: DEBUG nova.api.openstack.wsgi [None req-401ea21b-0d0f-492c-8580-e1cafe01433e admin admin] Calling method '>' {{(pid=64458) _process_stack /opt/stack/nova/nova/api/openstack/wsgi.py:513}}
Oct 30 12:06:55 user devstack@n-api.service[64458]: INFO nova.api.openstack.requestlog [None req-401ea21b-0d0f-492c-8580-e1cafe01433e admin admin] 10.0.0.210 "GET /compute/v2.1/flavors/detail?is_public=True" status: 200 len: 2096 microversion: 2.61 time: 0.083304
Oct 30 12:06:55 user devstack@n-api.service[64458]: [pid: 64458|app: 0|req: 8/20] 10.0.0.210 () {60 vars in 1286 bytes} [Mon Oct 30 12:06:55 2023] GET /compute/v2.1/flavors/detail?is_public=True => generated 2096 bytes in 84 msecs (HTTP/1.1 200) 9 headers in 360 bytes (1 switches on core 0)
Oct 30 12:06:57 user devstack@n-api.service[64456]: DEBUG nova.api.openstack.wsgi [None req-b7ffcc62-e187-435b-8409-a8d439e04b01 admin admin] Calling method '>' {{(pid=64456) _process_stack /opt/stack/nova/nova/api/openstack/wsgi.py:513}}
Oct 30 12:06:57 user devstack@n-api.service[64456]: INFO nova.api.openstack.requestlog [None req-b7ffcc62-e187-435b-8409-a8d439e04b01 admin admin] 10.0.0.210 "GET /compute/v2.1" status: 200 len: 387 microversion: 2.1 time: 0.002411
Oct 30 12:06:57 user devstack@n-api.service[64456]: [pid: 64456|app: 0|req: 7/21] 10.0.0.210 () {54 vars in 925 bytes} [Mon Oct 30 12:06:57 2023] GET /compute/v2.1 => generated 387 bytes in 4 msecs (HTTP/1.1 200) 9 headers in 357 bytes (1 switches on core 0)
Oct 30 12:06:57 user devstack@n-api.service[64457]: DEBUG dbcounter [-] [64457] Writing DB stats nova_api:SELECT=3 {{(pid=64457) stat_writer /opt/stack/data/venv/lib/python3.10/site-packages/dbcounter.py:115}}
Oct 30 12:06:57 user devstack@n-api.service[64457]: DEBUG dbcounter [-] [64457] Writing DB stats nova_cell1:SELECT=3 {{(pid=64457) stat_writer /opt/stack/data/venv/lib/python3.10/site-packages/dbcounter.py:115}}
Oct 30 12:06:57 user devstack@n-api.service[64457]: DEBUG dbcounter [-] [64457] Writing DB stats nova_cell0:SELECT=3 {{(pid=64457) stat_writer /opt/stack/data/venv/lib/python3.10/site-packages/dbcounter.py:115}}
Oct 30 12:06:57 user devstack@n-api.service[64457]: DEBUG dbcounter [-] [64457] Writing DB stats nova_cell0:SELECT=3 {{(pid=64457) stat_writer /opt/stack/data/venv/lib/python3.10/site-packages/dbcounter.py:115}}
Oct 30 12:06:57 user devstack@n-api.service[64457]: DEBUG nova.api.openstack.wsgi [None req-f3ba8ef4-5651-495b-8b0b-23132280d2af admin admin] Action: 'create', calling method: >, body: {"flavor": {"swap": 0, "OS-FLV-EXT-DATA:ephemeral": 0, "name": "m1.tiny", "disk": 1, "ram": 512, "vcpus": 1, "rxtx_factor": 1.0, "id": "1", "os-flavor-access:is_public": true}} {{(pid=64457) _process_stack /opt/stack/nova/nova/api/openstack/wsgi.py:511}}
Oct 30 12:06:57 user devstack@n-api.service[64457]: INFO nova.api.openstack.requestlog [None req-f3ba8ef4-5651-495b-8b0b-23132280d2af admin admin] 10.0.0.210 "POST /compute/v2.1/flavors" status: 200 len: 400 microversion: 2.61 time: 0.325181
Oct 30 12:06:57 user devstack@n-api.service[64457]: [pid: 64457|app: 0|req: 7/22] 10.0.0.210 () {64 vars in 1277 bytes} [Mon Oct 30 12:06:57 2023] POST /compute/v2.1/flavors => generated 400 bytes in 327 msecs (HTTP/1.1 200) 9 headers in 359 bytes (1 switches on core 0)
Oct 30 12:06:57 user devstack@n-api.service[64458]: DEBUG nova.api.openstack.wsgi [None req-bb311c2b-fd09-4aa6-bfae-996cfc8a05a7 admin admin] Action: 'create', calling method: >, body: {"extra_specs": {"hw_rng:allowed": "True"}} {{(pid=64458) _process_stack /opt/stack/nova/nova/api/openstack/wsgi.py:511}}
Oct 30 12:06:57 user devstack@n-api.service[64458]: INFO nova.api.openstack.requestlog [None req-bb311c2b-fd09-4aa6-bfae-996cfc8a05a7 admin admin] 10.0.0.210 "POST /compute/v2.1/flavors/1/os-extra_specs" status: 200 len: 43 microversion: 2.61 time: 0.033371
Oct 30 12:06:57 user devstack@n-api.service[64458]: [pid: 64458|app: 0|req: 9/23] 10.0.0.210 () {64 vars in 1327 bytes} [Mon Oct 30 12:06:57 2023] POST /compute/v2.1/flavors/1/os-extra_specs => generated 43 bytes in 35 msecs (HTTP/1.1 200) 9 headers in 358 bytes (1 switches on core 0)
Oct 30 12:06:59 user devstack@n-api.service[64456]: DEBUG nova.api.openstack.wsgi [None req-b7ffcc62-e187-435b-8409-a8d439e04b01 admin admin] Calling method '>' {{(pid=64456) _process_stack /opt/stack/nova/nova/api/openstack/wsgi.py:513}}
Oct 30 12:06:59 user devstack@n-api.service[64456]: INFO nova.api.openstack.requestlog [None req-b7ffcc62-e187-435b-8409-a8d439e04b01 admin admin] 10.0.0.210 "GET /compute/v2.1" status: 200 len: 387 microversion: 2.1 time: 0.001567
Oct 30 12:06:59 user devstack@n-api.service[64456]: [pid: 64456|app: 0|req: 8/24] 10.0.0.210 () {54 vars in 925 bytes} [Mon Oct 30 12:06:59 2023] GET /compute/v2.1 => generated 387 bytes in 3 msecs (HTTP/1.1 200) 9 headers in 357 bytes (1 switches on core 0)
Oct 30 12:06:59 user devstack@n-api.service[64457]: DEBUG nova.api.openstack.wsgi [None req-87a1ab98-bcaf-49a5-b190-791bdc1d6eb1 admin admin] Action: 'create', calling method: >, body: {"flavor": {"os-flavor-access:is_public": true, "vcpus": 1, "rxtx_factor": 1.0, "name": "m1.small", "disk": 20, "swap": 0, "id": "2", "ram": 2048, "OS-FLV-EXT-DATA:ephemeral": 0}} {{(pid=64457) _process_stack /opt/stack/nova/nova/api/openstack/wsgi.py:511}}
Oct 30 12:06:59 user devstack@n-api.service[64457]: INFO nova.api.openstack.requestlog [None req-87a1ab98-bcaf-49a5-b190-791bdc1d6eb1 admin admin] 10.0.0.210 "POST /compute/v2.1/flavors" status: 200 len: 403 microversion: 2.61 time: 0.067827
Oct 30 12:06:59 user devstack@n-api.service[64457]: [pid: 64457|app: 0|req: 8/25] 10.0.0.210 () {64 vars in 1277 bytes} [Mon Oct 30 12:06:59 2023] POST /compute/v2.1/flavors => generated 403 bytes in 69 msecs (HTTP/1.1 200) 9 headers in 359 bytes (1 switches on core 0)
Oct 30 12:06:59 user devstack@n-api.service[64458]: DEBUG nova.api.openstack.wsgi [None req-6104efb0-94fb-4b75-b3a5-59edfe42582b admin admin] Action: 'create', calling method: >, body: {"extra_specs": {"hw_rng:allowed": "True"}} {{(pid=64458) _process_stack /opt/stack/nova/nova/api/openstack/wsgi.py:511}}
Oct 30 12:06:59 user devstack@n-api.service[64458]: INFO nova.api.openstack.requestlog [None req-6104efb0-94fb-4b75-b3a5-59edfe42582b admin admin] 10.0.0.210 "POST /compute/v2.1/flavors/2/os-extra_specs" status: 200 len: 43 microversion: 2.61 time: 0.024766
Oct 30 12:06:59 user devstack@n-api.service[64458]: [pid: 64458|app: 0|req: 10/26] 10.0.0.210 () {64 vars in 1327 bytes} [Mon Oct 30 12:06:59 2023] POST /compute/v2.1/flavors/2/os-extra_specs => generated 43 bytes in 26 msecs (HTTP/1.1 200) 9 headers in 358 bytes (1 switches on core 0)
Oct 30 12:07:01 user devstack@n-api.service[64456]: DEBUG nova.api.openstack.wsgi [None req-b7ffcc62-e187-435b-8409-a8d439e04b01 admin admin] Calling method '>' {{(pid=64456) _process_stack /opt/stack/nova/nova/api/openstack/wsgi.py:513}}
Oct 30 12:07:01 user devstack@n-api.service[64456]: INFO nova.api.openstack.requestlog [None req-b7ffcc62-e187-435b-8409-a8d439e04b01 admin admin] 10.0.0.210 "GET /compute/v2.1" status: 200 len: 387 microversion: 2.1 time: 0.001638
Oct 30 12:07:01 user devstack@n-api.service[64456]: [pid: 64456|app: 0|req: 9/27] 10.0.0.210 () {54 vars in 925 bytes} [Mon Oct 30 12:07:01 2023] GET /compute/v2.1 => generated 387 bytes in 3 msecs (HTTP/1.1 200) 9 headers in 357 bytes (1 switches on core 0)
Oct 30 12:07:01 user devstack@n-api.service[64457]: DEBUG nova.api.openstack.wsgi [None req-dae7bdcf-3343-481f-b64a-34cd077fa3e4 admin admin] Action: 'create', calling method: >, body: {"flavor": {"ram": 4096, "vcpus": 2, "disk": 40, "id": "3", "swap": 0, "name": "m1.medium", "os-flavor-access:is_public": true, "OS-FLV-EXT-DATA:ephemeral": 0, "rxtx_factor": 1.0}} {{(pid=64457) _process_stack /opt/stack/nova/nova/api/openstack/wsgi.py:511}}
Oct 30 12:07:01 user devstack@n-api.service[64457]: INFO nova.api.openstack.requestlog [None req-dae7bdcf-3343-481f-b64a-34cd077fa3e4 admin admin] 10.0.0.210 "POST /compute/v2.1/flavors" status: 200 len: 404 microversion: 2.61 time: 0.076988
Oct 30 12:07:01 user devstack@n-api.service[64457]: [pid: 64457|app: 0|req: 9/28] 10.0.0.210 () {64 vars in 1277 bytes} [Mon Oct 30 12:07:01 2023] POST /compute/v2.1/flavors => generated 404 bytes in 78 msecs (HTTP/1.1 200) 9 headers in 359 bytes (1 switches on core 0)
Oct 30 12:07:01 user devstack@n-api.service[64458]: DEBUG nova.api.openstack.wsgi [None req-07b9f2d4-c7c8-48f6-b5d0-da943d87e94d admin admin] Action: 'create', calling method: >, body: {"extra_specs": {"hw_rng:allowed": "True"}} {{(pid=64458) _process_stack /opt/stack/nova/nova/api/openstack/wsgi.py:511}}
Oct 30 12:07:01 user devstack@n-api.service[64458]: INFO nova.api.openstack.requestlog [None req-07b9f2d4-c7c8-48f6-b5d0-da943d87e94d admin admin] 10.0.0.210 "POST /compute/v2.1/flavors/3/os-extra_specs" status: 200 len: 43 microversion: 2.61 time: 0.023188
Oct 30 12:07:01 user devstack@n-api.service[64458]: [pid: 64458|app: 0|req: 11/29] 10.0.0.210 () {64 vars in 1327 bytes} [Mon Oct 30 12:07:01 2023] POST /compute/v2.1/flavors/3/os-extra_specs => generated 43 bytes in 24 msecs (HTTP/1.1 200) 9 headers in 358 bytes (1 switches on core 0)
Oct 30 12:07:03 user devstack@n-api.service[64456]: DEBUG nova.api.openstack.wsgi [None req-b7ffcc62-e187-435b-8409-a8d439e04b01 admin admin] Calling method '>' {{(pid=64456) _process_stack /opt/stack/nova/nova/api/openstack/wsgi.py:513}}
Oct 30 12:07:03 user devstack@n-api.service[64456]: INFO nova.api.openstack.requestlog [None req-b7ffcc62-e187-435b-8409-a8d439e04b01 admin admin] 10.0.0.210 "GET /compute/v2.1" status: 200 len: 387 microversion: 2.1 time: 0.002564
Oct 30 12:07:03 user devstack@n-api.service[64456]: [pid: 64456|app: 0|req: 10/30] 10.0.0.210 () {54 vars in 925 bytes} [Mon Oct 30 12:07:03 2023] GET /compute/v2.1 => generated 387 bytes in 4 msecs (HTTP/1.1 200) 9 headers in 357 bytes (1 switches on core 0)
Oct 30 12:07:03 user devstack@n-api.service[64457]: DEBUG nova.api.openstack.wsgi [None req-48023376-2fdb-42c8-a6a9-b4b880278a17 admin admin] Action: 'create', calling method: >, body: {"flavor": {"ram": 8192, "os-flavor-access:is_public": true, "vcpus": 4, "rxtx_factor": 1.0, "OS-FLV-EXT-DATA:ephemeral": 0, "id": "4", "name": "m1.large", "disk": 80, "swap": 0}} {{(pid=64457) _process_stack /opt/stack/nova/nova/api/openstack/wsgi.py:511}}
Oct 30 12:07:03 user devstack@n-api.service[64457]: INFO nova.api.openstack.requestlog [None req-48023376-2fdb-42c8-a6a9-b4b880278a17 admin admin] 10.0.0.210 "POST /compute/v2.1/flavors" status: 200 len: 403 microversion: 2.61 time: 0.066092
Oct 30 12:07:03 user devstack@n-api.service[64457]: [pid: 64457|app: 0|req: 10/31] 10.0.0.210 () {64 vars in 1277 bytes} [Mon Oct 30 12:07:03 2023] POST /compute/v2.1/flavors => generated 403 bytes in 67 msecs (HTTP/1.1 200) 9 headers in 359 bytes (2 switches on core 0)
Oct 30 12:07:03 user devstack@n-api.service[64458]: DEBUG nova.api.openstack.wsgi [None req-13b4ae2d-557e-420d-9c28-57cbc9096703 admin admin] Action: 'create', calling method: >, body: {"extra_specs": {"hw_rng:allowed": "True"}} {{(pid=64458) _process_stack /opt/stack/nova/nova/api/openstack/wsgi.py:511}}
Oct 30 12:07:03 user devstack@n-api.service[64458]: INFO nova.api.openstack.requestlog [None req-13b4ae2d-557e-420d-9c28-57cbc9096703 admin admin] 10.0.0.210 "POST /compute/v2.1/flavors/4/os-extra_specs" status: 200 len: 43 microversion: 2.61 time: 0.025343
Oct 30 12:07:03 user devstack@n-api.service[64458]: [pid: 64458|app: 0|req: 12/32] 10.0.0.210 () {64 vars in 1327 bytes} [Mon Oct 30 12:07:03 2023] POST /compute/v2.1/flavors/4/os-extra_specs => generated 43 bytes in 27 msecs (HTTP/1.1 200) 9 headers in 358 bytes (1 switches on core 0)
Oct 30 12:07:05 user devstack@n-api.service[64456]: DEBUG nova.api.openstack.wsgi [None req-b7ffcc62-e187-435b-8409-a8d439e04b01 admin admin] Calling method '>' {{(pid=64456) _process_stack /opt/stack/nova/nova/api/openstack/wsgi.py:513}}
Oct 30 12:07:05 user devstack@n-api.service[64456]: INFO nova.api.openstack.requestlog [None req-b7ffcc62-e187-435b-8409-a8d439e04b01 admin admin] 10.0.0.210 "GET /compute/v2.1" status: 200 len: 387 microversion: 2.1 time: 0.001670
Oct 30 12:07:05 user devstack@n-api.service[64456]: [pid: 64456|app: 0|req: 11/33] 10.0.0.210 () {54 vars in 925 bytes} [Mon Oct 30 12:07:05 2023] GET /compute/v2.1 => generated 387 bytes in 3 msecs (HTTP/1.1 200) 9 headers in 357 bytes (1 switches on core 0)
