Aug 26 16:13:37 user devstack@keystone.service[44506]: [pid: 44506|app: 0|req: 111/336] 10.0.0.210 () {56 vars in 1371 bytes} [Sat Aug 26 16:13:37 2023] GET /identity/v3/role_assignments?group.id=8f05b6fa747445ad857d0075aaa6a0e7&scope.project.id=d19b9271898449c8848112caaa244f21&role.id=11bab63d160741c4b7bf957e0284d7fc => generated 609 bytes in 163 msecs (HTTP/1.1 200) 5 headers in 177 bytes (1 switches on core 0)
Aug 26 16:13:37 user devstack@keystone.service[44507]: DEBUG keystone.server.flask.request_processing.middleware.auth_context [None req-3477a902-4d05-4120-84eb-7689aa2c21c8 None admin] Validating token access rules against request {{(pid=44507) validate_allowed_request /opt/stack/data/venv/lib/python3.10/site-packages/keystonemiddleware/auth_token/__init__.py:544}}
Aug 26 16:13:37 user devstack@keystone.service[44507]: DEBUG keystone.server.flask.request_processing.middleware.auth_context [None req-7f2f4646-aedc-4dfd-975d-e628373e55bc None admin] RBAC: auth_context: {'token': , 'domain_id': None, 'trust_id': None, 'trustor_id': None, 'trustee_id': None, 'domain_name': None, 'group_ids': [], 'user_id': 'fdbf4ad26ae646c0bae0398ab1e2a066', 'user_domain_id': 'default', 'system_scope': 'all', 'project_id': None, 'project_domain_id': None, 'roles': ['admin', 'member', 'reader'], 'is_admin_project': True, 'service_user_id': None, 'service_user_domain_id': None, 'service_project_id': None, 'service_project_domain_id': None, 'service_roles': []} {{(pid=44507) fill_context /opt/stack/keystone/keystone/server/flask/request_processing/middleware/auth_context.py:480}}
Aug 26 16:13:37 user devstack@keystone.service[44507]: DEBUG keystone.server.flask.request_processing.req_logging [None req-7f2f4646-aedc-4dfd-975d-e628373e55bc None admin] REQUEST_METHOD: `GET` {{(pid=44507) log_request_info /opt/stack/keystone/keystone/server/flask/request_processing/req_logging.py:27}}
Aug 26 16:13:37 user devstack@keystone.service[44507]: DEBUG keystone.server.flask.request_processing.req_logging [None req-7f2f4646-aedc-4dfd-975d-e628373e55bc None admin] SCRIPT_NAME: `/identity` {{(pid=44507) log_request_info /opt/stack/keystone/keystone/server/flask/request_processing/req_logging.py:28}}
Aug 26 16:13:37 user devstack@keystone.service[44507]: DEBUG keystone.server.flask.request_processing.req_logging [None req-7f2f4646-aedc-4dfd-975d-e628373e55bc None admin] PATH_INFO: `/v3/groups/d5533aa9481e418ba3fe482fbaff4078` {{(pid=44507) log_request_info /opt/stack/keystone/keystone/server/flask/request_processing/req_logging.py:29}}
Aug 26 16:13:37 user devstack@keystone.service[44507]: DEBUG keystone.common.rbac_enforcer.enforcer [None req-7f2f4646-aedc-4dfd-975d-e628373e55bc None admin] RBAC: Authorizing `identity:get_group(group_id=d5533aa9481e418ba3fe482fbaff4078)` {{(pid=44507) enforce_call /opt/stack/keystone/keystone/common/rbac_enforcer/enforcer.py:449}}
Aug 26 16:13:37 user devstack@keystone.service[44507]: DEBUG keystone.common.rbac_enforcer.enforcer [None req-7f2f4646-aedc-4dfd-975d-e628373e55bc None admin] RBAC: Authorization granted {{(pid=44507) enforce_call /opt/stack/keystone/keystone/common/rbac_enforcer/enforcer.py:457}}
Aug 26 16:13:37 user devstack@keystone.service[44507]: [pid: 44507|app: 0|req: 110/337] 10.0.0.210 () {56 vars in 1175 bytes} [Sat Aug 26 16:13:37 2023] GET /identity/v3/groups/d5533aa9481e418ba3fe482fbaff4078 => generated 228 bytes in 142 msecs (HTTP/1.1 200) 5 headers in 177 bytes (2 switches on core 0)
Aug 26 16:13:37 user devstack@keystone.service[44505]: DEBUG keystone.server.flask.request_processing.middleware.auth_context [None req-9957610f-cd29-4420-b1c1-cf0584870f88 None admin] Authenticating user token {{(pid=44505) process_request /opt/stack/data/venv/lib/python3.10/site-packages/keystonemiddleware/auth_token/__init__.py:406}}
Aug 26 16:13:37 user devstack@keystone.service[44505]: DEBUG keystone.server.flask.request_processing.middleware.auth_context [None req-9957610f-cd29-4420-b1c1-cf0584870f88 None admin] Validating token access rules against request {{(pid=44505) validate_allowed_request /opt/stack/data/venv/lib/python3.10/site-packages/keystonemiddleware/auth_token/__init__.py:544}}
Aug 26 16:13:37 user devstack@keystone.service[44505]: DEBUG keystone.server.flask.request_processing.middleware.auth_context [None req-6f03c56d-40e1-4ab0-acfe-939447a163a3 None admin] RBAC: auth_context: {'token': , 'domain_id': None, 'trust_id': None, 'trustor_id': None, 'trustee_id': None, 'domain_name': None, 'group_ids': [], 'user_id': 'fdbf4ad26ae646c0bae0398ab1e2a066', 'user_domain_id': 'default', 'system_scope': 'all', 'project_id': None, 'project_domain_id': None, 'roles': ['admin', 'member', 'reader'], 'is_admin_project': True, 'service_user_id': None, 'service_user_domain_id': None, 'service_project_id': None, 'service_project_domain_id': None, 'service_roles': []} {{(pid=44505) fill_context /opt/stack/keystone/keystone/server/flask/request_processing/middleware/auth_context.py:480}}
Aug 26 16:13:37 user devstack@keystone.service[44505]: DEBUG keystone.server.flask.request_processing.req_logging [None req-6f03c56d-40e1-4ab0-acfe-939447a163a3 None admin] REQUEST_METHOD: `GET` {{(pid=44505) log_request_info /opt/stack/keystone/keystone/server/flask/request_processing/req_logging.py:27}}
Aug 26 16:13:37 user devstack@keystone.service[44505]: DEBUG keystone.server.flask.request_processing.req_logging [None req-6f03c56d-40e1-4ab0-acfe-939447a163a3 None admin] SCRIPT_NAME: `/identity` {{(pid=44505) log_request_info /opt/stack/keystone/keystone/server/flask/request_processing/req_logging.py:28}}
Aug 26 16:13:37 user devstack@keystone.service[44505]: DEBUG keystone.server.flask.request_processing.req_logging [None req-6f03c56d-40e1-4ab0-acfe-939447a163a3 None admin] PATH_INFO: `/v3/role_assignments` {{(pid=44505) log_request_info /opt/stack/keystone/keystone/server/flask/request_processing/req_logging.py:29}}
Aug 26 16:13:37 user devstack@keystone.service[44505]: DEBUG keystone.common.rbac_enforcer.enforcer [None req-6f03c56d-40e1-4ab0-acfe-939447a163a3 None admin] RBAC: Adding query filter params (group.id=d5533aa9481e418ba3fe482fbaff4078, role.id=b46a1944f0ad4640b4b6de8c06dfd22c, scope.project.id=a7c6cc558f914e288686b7d529eb93a6) {{(pid=44505) _extract_filter_values /opt/stack/keystone/keystone/common/rbac_enforcer/enforcer.py:167}}
Aug 26 16:13:37 user devstack@keystone.service[44505]: DEBUG keystone.common.rbac_enforcer.enforcer [None req-6f03c56d-40e1-4ab0-acfe-939447a163a3 None admin] RBAC: Authorizing `identity:list_role_assignments()` {{(pid=44505) enforce_call /opt/stack/keystone/keystone/common/rbac_enforcer/enforcer.py:449}}
Aug 26 16:13:37 user devstack@keystone.service[44505]: DEBUG keystone.common.rbac_enforcer.enforcer [None req-6f03c56d-40e1-4ab0-acfe-939447a163a3 None admin] RBAC: Authorization granted {{(pid=44505) enforce_call /opt/stack/keystone/keystone/common/rbac_enforcer/enforcer.py:457}}
Aug 26 16:13:37 user devstack@keystone.service[44505]: [pid: 44505|app: 0|req: 117/338] 10.0.0.210 () {56 vars in 1371 bytes} [Sat Aug 26 16:13:37 2023] GET /identity/v3/role_assignments?group.id=d5533aa9481e418ba3fe482fbaff4078&scope.project.id=a7c6cc558f914e288686b7d529eb93a6&role.id=b46a1944f0ad4640b4b6de8c06dfd22c => generated 609 bytes in 130 msecs (HTTP/1.1 200) 5 headers in 177 bytes (1 switches on core 0)
Aug 26 16:13:39 user devstack@keystone.service[44506]: DEBUG keystone.server.flask.request_processing.req_logging [None req-c0795259-cbef-408d-88df-7785dc79e107 None None] REQUEST_METHOD: `GET` {{(pid=44506) log_request_info /opt/stack/keystone/keystone/server/flask/request_processing/req_logging.py:27}}
Aug 26 16:13:39 user devstack@keystone.service[44506]: DEBUG keystone.server.flask.request_processing.req_logging [None req-c0795259-cbef-408d-88df-7785dc79e107 None None] SCRIPT_NAME: `/identity` {{(pid=44506) log_request_info /opt/stack/keystone/keystone/server/flask/request_processing/req_logging.py:28}}
Aug 26 16:13:39 user devstack@keystone.service[44506]: DEBUG keystone.server.flask.request_processing.req_logging [None req-c0795259-cbef-408d-88df-7785dc79e107 None None] PATH_INFO: `/` {{(pid=44506) log_request_info /opt/stack/keystone/keystone/server/flask/request_processing/req_logging.py:29}}
Aug 26 16:13:39 user devstack@keystone.service[44506]: [pid: 44506|app: 0|req: 112/339] 10.0.0.210 () {54 vars in 921 bytes} [Sat Aug 26 16:13:39 2023] GET /identity => generated 269 bytes in 3 msecs (HTTP/1.1 300) 6 headers in 233 bytes (1 switches on core 0)
Aug 26 16:13:39 user devstack@keystone.service[44507]: DEBUG keystone.server.flask.request_processing.req_logging [None req-3580fde1-899b-43cf-b957-05ed25f8ca0b None None] REQUEST_METHOD: `POST` {{(pid=44507) log_request_info /opt/stack/keystone/keystone/server/flask/request_processing/req_logging.py:27}}
Aug 26 16:13:39 user devstack@keystone.service[44507]: DEBUG keystone.server.flask.request_processing.req_logging [None req-3580fde1-899b-43cf-b957-05ed25f8ca0b None None] SCRIPT_NAME: `/identity` {{(pid=44507) log_request_info /opt/stack/keystone/keystone/server/flask/request_processing/req_logging.py:28}}
Aug 26 16:13:39 user devstack@keystone.service[44507]: DEBUG keystone.server.flask.request_processing.req_logging [None req-3580fde1-899b-43cf-b957-05ed25f8ca0b None None] PATH_INFO: `/v3/auth/tokens` {{(pid=44507) log_request_info /opt/stack/keystone/keystone/server/flask/request_processing/req_logging.py:29}}
Aug 26 16:13:39 user devstack@keystone.service[44507]: WARNING keystone.common.password_hashing [None req-3580fde1-899b-43cf-b957-05ed25f8ca0b None None] Truncating password to algorithm specific maximum length 72 characters.
Aug 26 16:13:39 user devstack@keystone.service[44507]: DEBUG keystone.auth.core [None req-3580fde1-899b-43cf-b957-05ed25f8ca0b None None] MFA Rules not processed for user `fdbf4ad26ae646c0bae0398ab1e2a066`. Rule list: `[]` (Enabled: `True`). {{(pid=44507) check_auth_methods_against_rules /opt/stack/keystone/keystone/auth/core.py:438}}
Aug 26 16:13:39 user devstack@keystone.service[44507]: DEBUG keystone.common.fernet_utils [None req-3580fde1-899b-43cf-b957-05ed25f8ca0b None None] Loaded 2 Fernet keys from /etc/keystone/fernet-keys/, but `[fernet_tokens] max_active_keys = 3`; perhaps there have not been enough key rotations to reach `max_active_keys` yet? {{(pid=44507) load_keys /opt/stack/keystone/keystone/common/fernet_utils.py:286}}
Aug 26 16:13:39 user devstack@keystone.service[44507]: [pid: 44507|app: 0|req: 111/340] 10.0.0.210 () {58 vars in 1018 bytes} [Sat Aug 26 16:13:39 2023] POST /identity/v3/auth/tokens => generated 798 bytes in 79 msecs (HTTP/1.1 201) 6 headers in 363 bytes (1 switches on core 0)
Aug 26 16:13:39 user devstack@keystone.service[44505]: DEBUG keystone.server.flask.request_processing.middleware.auth_context [None req-6f03c56d-40e1-4ab0-acfe-939447a163a3 None admin] Authenticating user token {{(pid=44505) process_request /opt/stack/data/venv/lib/python3.10/site-packages/keystonemiddleware/auth_token/__init__.py:406}}
Aug 26 16:13:39 user devstack@keystone.service[44506]: DEBUG keystone.server.flask.request_processing.req_logging [None req-0e0fb633-0841-4c5c-b5d4-10630efa9f11 None None] REQUEST_METHOD: `GET` {{(pid=44506) log_request_info /opt/stack/keystone/keystone/server/flask/request_processing/req_logging.py:27}}
Aug 26 16:13:39 user devstack@keystone.service[44506]: DEBUG keystone.server.flask.request_processing.req_logging [None req-0e0fb633-0841-4c5c-b5d4-10630efa9f11 None None] SCRIPT_NAME: `/identity` {{(pid=44506) log_request_info /opt/stack/keystone/keystone/server/flask/request_processing/req_logging.py:28}}
Aug 26 16:13:39 user devstack@keystone.service[44506]: DEBUG keystone.server.flask.request_processing.req_logging [None req-0e0fb633-0841-4c5c-b5d4-10630efa9f11 None None] PATH_INFO: `/` {{(pid=44506) log_request_info /opt/stack/keystone/keystone/server/flask/request_processing/req_logging.py:29}}
Aug 26 16:13:39 user devstack@keystone.service[44506]: [pid: 44506|app: 0|req: 113/341] 10.0.0.210 () {54 vars in 921 bytes} [Sat Aug 26 16:13:39 2023] GET /identity => generated 269 bytes in 5 msecs (HTTP/1.1 300) 6 headers in 233 bytes (1 switches on core 0)
Aug 26 16:13:39 user devstack@keystone.service[44507]: DEBUG keystone.server.flask.request_processing.req_logging [None req-99627ac7-06d7-4cfa-9f0e-8a7489921e0f None None] REQUEST_METHOD: `POST` {{(pid=44507) log_request_info /opt/stack/keystone/keystone/server/flask/request_processing/req_logging.py:27}}
Aug 26 16:13:39 user devstack@keystone.service[44507]: DEBUG keystone.server.flask.request_processing.req_logging [None req-99627ac7-06d7-4cfa-9f0e-8a7489921e0f None None] SCRIPT_NAME: `/identity` {{(pid=44507) log_request_info /opt/stack/keystone/keystone/server/flask/request_processing/req_logging.py:28}}
Aug 26 16:13:39 user devstack@keystone.service[44507]: DEBUG keystone.server.flask.request_processing.req_logging [None req-99627ac7-06d7-4cfa-9f0e-8a7489921e0f None None] PATH_INFO: `/v3/auth/tokens` {{(pid=44507) log_request_info /opt/stack/keystone/keystone/server/flask/request_processing/req_logging.py:29}}
Aug 26 16:13:39 user devstack@keystone.service[44507]: WARNING keystone.common.password_hashing [None req-99627ac7-06d7-4cfa-9f0e-8a7489921e0f None None] Truncating password to algorithm specific maximum length 72 characters.
Aug 26 16:13:39 user devstack@keystone.service[44507]: DEBUG keystone.auth.core [None req-99627ac7-06d7-4cfa-9f0e-8a7489921e0f None None] MFA Rules not processed for user `fdbf4ad26ae646c0bae0398ab1e2a066`. Rule list: `[]` (Enabled: `True`). {{(pid=44507) check_auth_methods_against_rules /opt/stack/keystone/keystone/auth/core.py:438}}
Aug 26 16:13:39 user devstack@keystone.service[44507]: DEBUG keystone.common.fernet_utils [None req-99627ac7-06d7-4cfa-9f0e-8a7489921e0f None None] Loaded 2 Fernet keys from /etc/keystone/fernet-keys/, but `[fernet_tokens] max_active_keys = 3`; perhaps there have not been enough key rotations to reach `max_active_keys` yet? {{(pid=44507) load_keys /opt/stack/keystone/keystone/common/fernet_utils.py:286}}
Aug 26 16:13:40 user devstack@keystone.service[44505]: DEBUG keystone.server.flask.request_processing.middleware.auth_context [None req-6f03c56d-40e1-4ab0-acfe-939447a163a3 None admin] Validating token access rules against request {{(pid=44505) validate_allowed_request /opt/stack/data/venv/lib/python3.10/site-packages/keystonemiddleware/auth_token/__init__.py:544}}
Aug 26 16:13:40 user devstack@keystone.service[44507]: [pid: 44507|app: 0|req: 112/342] 10.0.0.210 () {58 vars in 1018 bytes} [Sat Aug 26 16:13:39 2023] POST /identity/v3/auth/tokens => generated 798 bytes in 104 msecs (HTTP/1.1 201) 6 headers in 363 bytes (1 switches on core 0)
Aug 26 16:13:40 user devstack@keystone.service[44505]: DEBUG keystone.server.flask.request_processing.middleware.auth_context [None req-48183d46-4d6c-4d89-9663-548c86374aee None admin] RBAC: auth_context: {'token': , 'domain_id': None, 'trust_id': None, 'trustor_id': None, 'trustee_id': None, 'domain_name': None, 'group_ids': [], 'user_id': 'fdbf4ad26ae646c0bae0398ab1e2a066', 'user_domain_id': 'default', 'system_scope': 'all', 'project_id': None, 'project_domain_id': None, 'roles': ['admin', 'member', 'reader'], 'is_admin_project': True, 'service_user_id': None, 'service_user_domain_id': None, 'service_project_id': None, 'service_project_domain_id': None, 'service_roles': []} {{(pid=44505) fill_context /opt/stack/keystone/keystone/server/flask/request_processing/middleware/auth_context.py:480}}
Aug 26 16:13:40 user devstack@keystone.service[44505]: DEBUG keystone.server.flask.request_processing.req_logging [None req-48183d46-4d6c-4d89-9663-548c86374aee None admin] REQUEST_METHOD: `GET` {{(pid=44505) log_request_info /opt/stack/keystone/keystone/server/flask/request_processing/req_logging.py:27}}
Aug 26 16:13:40 user devstack@keystone.service[44505]: DEBUG keystone.server.flask.request_processing.req_logging [None req-48183d46-4d6c-4d89-9663-548c86374aee None admin] SCRIPT_NAME: `/identity` {{(pid=44505) log_request_info /opt/stack/keystone/keystone/server/flask/request_processing/req_logging.py:28}}
Aug 26 16:13:40 user devstack@keystone.service[44505]: DEBUG keystone.server.flask.request_processing.req_logging [None req-48183d46-4d6c-4d89-9663-548c86374aee None admin] PATH_INFO: `/v3/domains/Default` {{(pid=44505) log_request_info /opt/stack/keystone/keystone/server/flask/request_processing/req_logging.py:29}}
Aug 26 16:13:40 user devstack@keystone.service[44505]: DEBUG keystone.common.rbac_enforcer.enforcer [None req-48183d46-4d6c-4d89-9663-548c86374aee None admin] RBAC: Authorizing `identity:get_domain(domain_id=Default)` {{(pid=44505) enforce_call /opt/stack/keystone/keystone/common/rbac_enforcer/enforcer.py:449}}
Aug 26 16:13:40 user devstack@keystone.service[44505]: DEBUG keystone.common.rbac_enforcer.enforcer [None req-48183d46-4d6c-4d89-9663-548c86374aee None admin] RBAC: Authorization granted {{(pid=44505) enforce_call /opt/stack/keystone/keystone/common/rbac_enforcer/enforcer.py:457}}
Aug 26 16:13:40 user devstack@keystone.service[44505]: ERROR keystone.server.flask.application [None req-48183d46-4d6c-4d89-9663-548c86374aee None admin] Could not find domain: Default.: keystone.exception.DomainNotFound: Could not find domain: Default.
Aug 26 16:13:40 user devstack@keystone.service[44505]: ERROR keystone.server.flask.application
Traceback (most recent call last):
Aug 26 16:13:40 user devstack@keystone.service[44505]: ERROR keystone.server.flask.application
File "/opt/stack/data/venv/lib/python3.10/site-packages/flask/app.py", line 1823, in full_dispatch_request
Aug 26 16:13:40 user devstack@keystone.service[44505]: ERROR keystone.server.flask.application rv = self.dispatch_request()
Aug 26 16:13:40 user devstack@keystone.service[44505]: ERROR keystone.server.flask.application
File "/opt/stack/data/venv/lib/python3.10/site-packages/flask/app.py", line 1799, in dispatch_request
Aug 26 16:13:40 user devstack@keystone.service[44505]: ERROR keystone.server.flask.application return self.ensure_sync(self.view_functions[rule.endpoint])(**view_args)
Aug 26 16:13:40 user devstack@keystone.service[44505]: ERROR keystone.server.flask.application
File "/opt/stack/data/venv/lib/python3.10/site-packages/flask_restful/__init__.py", line 467, in wrapper
Aug 26 16:13:40 user devstack@keystone.service[44505]: ERROR keystone.server.flask.application resp = resource(*args, **kwargs)
Aug 26 16:13:40 user devstack@keystone.service[44505]: ERROR keystone.server.flask.application
File "/opt/stack/data/venv/lib/python3.10/site-packages/flask/views.py", line 107, in view
Aug 26 16:13:40 user devstack@keystone.service[44505]: ERROR keystone.server.flask.application return current_app.ensure_sync(self.dispatch_request)(**kwargs)
Aug 26 16:13:40 user devstack@keystone.service[44505]: ERROR keystone.server.flask.application
File "/opt/stack/data/venv/lib/python3.10/site-packages/flask_restful/__init__.py", line 582, in dispatch_request
Aug 26 16:13:40 user devstack@keystone.service[44505]: ERROR keystone.server.flask.application resp = meth(*args, **kwargs)
Aug 26 16:13:40 user devstack@keystone.service[44505]: ERROR keystone.server.flask.application
File "/opt/stack/keystone/keystone/api/domains.py", line 89, in get
Aug 26 16:13:40 user devstack@keystone.service[44505]: ERROR keystone.server.flask.application return self._get_domain(domain_id)
Aug 26 16:13:40 user devstack@keystone.service[44505]: ERROR keystone.server.flask.application
File "/opt/stack/keystone/keystone/api/domains.py", line 97, in _get_domain
Aug 26 16:13:40 user devstack@keystone.service[44505]: ERROR keystone.server.flask.application domain = PROVIDERS.resource_api.get_domain(domain_id)
Aug 26 16:13:40 user devstack@keystone.service[44505]: ERROR keystone.server.flask.application
File "/opt/stack/keystone/keystone/common/manager.py", line 115, in wrapped
Aug 26 16:13:40 user devstack@keystone.service[44505]: ERROR keystone.server.flask.application __ret_val = __f(*args, **kwargs)
Aug 26 16:13:40 user devstack@keystone.service[44505]: ERROR keystone.server.flask.application
File "/opt/stack/data/venv/lib/python3.10/site-packages/decorator.py", line 232, in fun
Aug 26 16:13:40 user devstack@keystone.service[44505]: ERROR keystone.server.flask.application return caller(func, *(extras + args), **kw)
Aug 26 16:13:40 user devstack@keystone.service[44505]: ERROR keystone.server.flask.application
File "/opt/stack/data/venv/lib/python3.10/site-packages/dogpile/cache/region.py", line 1577, in get_or_create_for_user_func
Aug 26 16:13:40 user devstack@keystone.service[44505]: ERROR keystone.server.flask.application return self.get_or_create(
Aug 26 16:13:40 user devstack@keystone.service[44505]: ERROR keystone.server.flask.application
File "/opt/stack/data/venv/lib/python3.10/site-packages/dogpile/cache/region.py", line 1042, in get_or_create
Aug 26 16:13:40 user devstack@keystone.service[44505]: ERROR keystone.server.flask.application with Lock(
Aug 26 16:13:40 user devstack@keystone.service[44505]: ERROR keystone.server.flask.application
File "/opt/stack/data/venv/lib/python3.10/site-packages/dogpile/lock.py", line 185, in __enter__
Aug 26 16:13:40 user devstack@keystone.service[44505]: ERROR keystone.server.flask.application return self._enter()
Aug 26 16:13:40 user devstack@keystone.service[44505]: ERROR keystone.server.flask.application
File "/opt/stack/data/venv/lib/python3.10/site-packages/dogpile/lock.py", line 94, in _enter
Aug 26 16:13:40 user devstack@keystone.service[44505]: ERROR keystone.server.flask.application generated = self._enter_create(value, createdtime)
Aug 26 16:13:40 user devstack@keystone.service[44505]: ERROR keystone.server.flask.application
File "/opt/stack/data/venv/lib/python3.10/site-packages/dogpile/lock.py", line 178, in _enter_create
Aug 26 16:13:40 user devstack@keystone.service[44505]: ERROR keystone.server.flask.application return self.creator()
Aug 26 16:13:40 user devstack@keystone.service[44505]: ERROR keystone.server.flask.application
File "/opt/stack/data/venv/lib/python3.10/site-packages/dogpile/cache/region.py", line 995, in gen_value
Aug 26 16:13:40 user devstack@keystone.service[44505]: ERROR keystone.server.flask.application created_value = creator(
Aug 26 16:13:40 user devstack@keystone.service[44505]: ERROR keystone.server.flask.application
File "/opt/stack/keystone/keystone/resource/core.py", line 716, in get_domain
Aug 26 16:13:40 user devstack@keystone.service[44505]: ERROR keystone.server.flask.application raise exception.DomainNotFound(domain_id=domain_id)
Aug 26 16:13:40 user devstack@keystone.service[44505]: ERROR keystone.server.flask.application keystone.exception.DomainNotFound: Could not find domain: Default.
Aug 26 16:13:40 user devstack@keystone.service[44505]: ERROR keystone.server.flask.application
Aug 26 16:13:40 user devstack@keystone.service[44505]: [pid: 44505|app: 0|req: 118/343] 10.0.0.210 () {56 vars in 1103 bytes} [Sat Aug 26 16:13:39 2023] GET /identity/v3/domains/Default => generated 87 bytes in 146 msecs (HTTP/1.1 404) 5 headers in 183 bytes (1 switches on core 0)
Aug 26 16:13:40 user devstack@keystone.service[44506]: DEBUG keystone.server.flask.request_processing.middleware.auth_context [None req-0e0fb633-0841-4c5c-b5d4-10630efa9f11 None None] Authenticating user token {{(pid=44506) process_request /opt/stack/data/venv/lib/python3.10/site-packages/keystonemiddleware/auth_token/__init__.py:406}}
Aug 26 16:13:40 user devstack@keystone.service[44506]: DEBUG keystone.server.flask.request_processing.middleware.auth_context [None req-0e0fb633-0841-4c5c-b5d4-10630efa9f11 None None] Validating token access rules against request {{(pid=44506) validate_allowed_request /opt/stack/data/venv/lib/python3.10/site-packages/keystonemiddleware/auth_token/__init__.py:544}}
Aug 26 16:13:40 user devstack@keystone.service[44506]: DEBUG keystone.server.flask.request_processing.middleware.auth_context [None req-665a6965-ff28-4d18-a2b8-21e0cdbf6fa2 None admin] RBAC: auth_context: {'token': , 'domain_id': None, 'trust_id': None, 'trustor_id': None, 'trustee_id': None, 'domain_name': None, 'group_ids': [], 'user_id': 'fdbf4ad26ae646c0bae0398ab1e2a066', 'user_domain_id': 'default', 'system_scope': 'all', 'project_id': None, 'project_domain_id': None, 'roles': ['admin', 'member', 'reader'], 'is_admin_project': True, 'service_user_id': None, 'service_user_domain_id': None, 'service_project_id': None, 'service_project_domain_id': None, 'service_roles': []} {{(pid=44506) fill_context /opt/stack/keystone/keystone/server/flask/request_processing/middleware/auth_context.py:480}}
Aug 26 16:13:40 user devstack@keystone.service[44506]: DEBUG keystone.server.flask.request_processing.req_logging [None req-665a6965-ff28-4d18-a2b8-21e0cdbf6fa2 None admin] REQUEST_METHOD: `GET` {{(pid=44506) log_request_info /opt/stack/keystone/keystone/server/flask/request_processing/req_logging.py:27}}
Aug 26 16:13:40 user devstack@keystone.service[44506]: DEBUG keystone.server.flask.request_processing.req_logging [None req-665a6965-ff28-4d18-a2b8-21e0cdbf6fa2 None admin] SCRIPT_NAME: `/identity` {{(pid=44506) log_request_info /opt/stack/keystone/keystone/server/flask/request_processing/req_logging.py:28}}
Aug 26 16:13:40 user devstack@keystone.service[44506]: DEBUG keystone.server.flask.request_processing.req_logging [None req-665a6965-ff28-4d18-a2b8-21e0cdbf6fa2 None admin] PATH_INFO: `/v3/domains` {{(pid=44506) log_request_info /opt/stack/keystone/keystone/server/flask/request_processing/req_logging.py:29}}
Aug 26 16:13:40 user devstack@keystone.service[44506]: DEBUG keystone.common.rbac_enforcer.enforcer [None req-665a6965-ff28-4d18-a2b8-21e0cdbf6fa2 None admin] RBAC: Adding query filter params (name=Default) {{(pid=44506) _extract_filter_values /opt/stack/keystone/keystone/common/rbac_enforcer/enforcer.py:167}}
Aug 26 16:13:40 user devstack@keystone.service[44506]: DEBUG keystone.common.rbac_enforcer.enforcer [None req-665a6965-ff28-4d18-a2b8-21e0cdbf6fa2 None admin] RBAC: Authorizing `identity:list_domains()` {{(pid=44506) enforce_call /opt/stack/keystone/keystone/common/rbac_enforcer/enforcer.py:449}}
Aug 26 16:13:40 user devstack@keystone.service[44506]: DEBUG keystone.common.rbac_enforcer.enforcer [None req-665a6965-ff28-4d18-a2b8-21e0cdbf6fa2 None admin] RBAC: Authorization granted {{(pid=44506) enforce_call /opt/stack/keystone/keystone/common/rbac_enforcer/enforcer.py:457}}
Aug 26 16:13:40 user devstack@keystone.service[44506]: [pid: 44506|app: 0|req: 114/344] 10.0.0.210 () {56 vars in 1104 bytes} [Sat Aug 26 16:13:40 2023] GET /identity/v3/domains?name=Default => generated 306 bytes in 138 msecs (HTTP/1.1 200) 5 headers in 177 bytes (1 switches on core 0)
Aug 26 16:13:40 user devstack@keystone.service[44507]: DEBUG keystone.server.flask.request_processing.middleware.auth_context [None req-99627ac7-06d7-4cfa-9f0e-8a7489921e0f None None] Authenticating user token {{(pid=44507) process_request /opt/stack/data/venv/lib/python3.10/site-packages/keystonemiddleware/auth_token/__init__.py:406}}
Aug 26 16:13:40 user devstack@keystone.service[44505]: DEBUG keystone.server.flask.request_processing.req_logging [None req-af6be141-3da9-4e85-a23e-ae90203e8f4c None None] REQUEST_METHOD: `GET` {{(pid=44505) log_request_info /opt/stack/keystone/keystone/server/flask/request_processing/req_logging.py:27}}
Aug 26 16:13:40 user devstack@keystone.service[44505]: DEBUG keystone.server.flask.request_processing.req_logging [None req-af6be141-3da9-4e85-a23e-ae90203e8f4c None None] SCRIPT_NAME: `/identity` {{(pid=44505) log_request_info /opt/stack/keystone/keystone/server/flask/request_processing/req_logging.py:28}}
Aug 26 16:13:40 user devstack@keystone.service[44505]: DEBUG keystone.server.flask.request_processing.req_logging [None req-af6be141-3da9-4e85-a23e-ae90203e8f4c None None] PATH_INFO: `/` {{(pid=44505) log_request_info /opt/stack/keystone/keystone/server/flask/request_processing/req_logging.py:29}}
Aug 26 16:13:40 user devstack@keystone.service[44505]: [pid: 44505|app: 0|req: 119/345] 10.0.0.210 () {54 vars in 921 bytes} [Sat Aug 26 16:13:40 2023] GET /identity => generated 269 bytes in 3 msecs (HTTP/1.1 300) 6 headers in 233 bytes (1 switches on core 0)
Aug 26 16:13:40 user devstack@keystone.service[44506]: DEBUG keystone.server.flask.request_processing.req_logging [None req-8dd1a5f3-28b2-4178-9867-6be10d9774e8 None None] REQUEST_METHOD: `POST` {{(pid=44506) log_request_info /opt/stack/keystone/keystone/server/flask/request_processing/req_logging.py:27}}
Aug 26 16:13:40 user devstack@keystone.service[44506]: DEBUG keystone.server.flask.request_processing.req_logging [None req-8dd1a5f3-28b2-4178-9867-6be10d9774e8 None None] SCRIPT_NAME: `/identity` {{(pid=44506) log_request_info /opt/stack/keystone/keystone/server/flask/request_processing/req_logging.py:28}}
Aug 26 16:13:40 user devstack@keystone.service[44506]: DEBUG keystone.server.flask.request_processing.req_logging [None req-8dd1a5f3-28b2-4178-9867-6be10d9774e8 None None] PATH_INFO: `/v3/auth/tokens` {{(pid=44506) log_request_info /opt/stack/keystone/keystone/server/flask/request_processing/req_logging.py:29}}
Aug 26 16:13:40 user devstack@keystone.service[44506]: WARNING keystone.common.password_hashing [None req-8dd1a5f3-28b2-4178-9867-6be10d9774e8 None None] Truncating password to algorithm specific maximum length 72 characters.
Aug 26 16:13:40 user devstack@keystone.service[44506]: DEBUG keystone.auth.core [None req-8dd1a5f3-28b2-4178-9867-6be10d9774e8 None None] MFA Rules not processed for user `fdbf4ad26ae646c0bae0398ab1e2a066`. Rule list: `[]` (Enabled: `True`). {{(pid=44506) check_auth_methods_against_rules /opt/stack/keystone/keystone/auth/core.py:438}}
Aug 26 16:13:40 user devstack@keystone.service[44505]: DEBUG keystone.server.flask.request_processing.middleware.auth_context [None req-af6be141-3da9-4e85-a23e-ae90203e8f4c None None] Authenticating user token {{(pid=44505) process_request /opt/stack/data/venv/lib/python3.10/site-packages/keystonemiddleware/auth_token/__init__.py:406}}
Aug 26 16:13:40 user devstack@keystone.service[44506]: DEBUG keystone.common.fernet_utils [None req-8dd1a5f3-28b2-4178-9867-6be10d9774e8 None None] Loaded 2 Fernet keys from /etc/keystone/fernet-keys/, but `[fernet_tokens] max_active_keys = 3`; perhaps there have not been enough key rotations to reach `max_active_keys` yet? {{(pid=44506) load_keys /opt/stack/keystone/keystone/common/fernet_utils.py:286}}
Aug 26 16:13:40 user devstack@keystone.service[44507]: DEBUG keystone.server.flask.request_processing.middleware.auth_context [None req-99627ac7-06d7-4cfa-9f0e-8a7489921e0f None None] Validating token access rules against request {{(pid=44507) validate_allowed_request /opt/stack/data/venv/lib/python3.10/site-packages/keystonemiddleware/auth_token/__init__.py:544}}
Aug 26 16:13:40 user devstack@keystone.service[44506]: [pid: 44506|app: 0|req: 115/346] 10.0.0.210 () {58 vars in 1018 bytes} [Sat Aug 26 16:13:40 2023] POST /identity/v3/auth/tokens => generated 798 bytes in 105 msecs (HTTP/1.1 201) 6 headers in 363 bytes (1 switches on core 0)
Aug 26 16:13:40 user devstack@keystone.service[44505]: DEBUG keystone.server.flask.request_processing.middleware.auth_context [None req-af6be141-3da9-4e85-a23e-ae90203e8f4c None None] Validating token access rules against request {{(pid=44505) validate_allowed_request /opt/stack/data/venv/lib/python3.10/site-packages/keystonemiddleware/auth_token/__init__.py:544}}
Aug 26 16:13:40 user devstack@keystone.service[44507]: DEBUG keystone.server.flask.request_processing.middleware.auth_context [None req-9f036378-06ab-4525-a2ed-7ec110cfd755 None admin] RBAC: auth_context: {'token': , 'domain_id': None, 'trust_id': None, 'trustor_id': None, 'trustee_id': None, 'domain_name': None, 'group_ids': [], 'user_id': 'fdbf4ad26ae646c0bae0398ab1e2a066', 'user_domain_id': 'default', 'system_scope': 'all', 'project_id': None, 'project_domain_id': None, 'roles': ['admin', 'member', 'reader'], 'is_admin_project': True, 'service_user_id': None, 'service_user_domain_id': None, 'service_project_id': None, 'service_project_domain_id': None, 'service_roles': []} {{(pid=44507) fill_context /opt/stack/keystone/keystone/server/flask/request_processing/middleware/auth_context.py:480}}
Aug 26 16:13:40 user devstack@keystone.service[44507]: DEBUG keystone.server.flask.request_processing.req_logging [None req-9f036378-06ab-4525-a2ed-7ec110cfd755 None admin] REQUEST_METHOD: `POST` {{(pid=44507) log_request_info /opt/stack/keystone/keystone/server/flask/request_processing/req_logging.py:27}}
Aug 26 16:13:40 user devstack@keystone.service[44507]: DEBUG keystone.server.flask.request_processing.req_logging [None req-9f036378-06ab-4525-a2ed-7ec110cfd755 None admin] SCRIPT_NAME: `/identity` {{(pid=44507) log_request_info /opt/stack/keystone/keystone/server/flask/request_processing/req_logging.py:28}}
Aug 26 16:13:40 user devstack@keystone.service[44507]: DEBUG keystone.server.flask.request_processing.req_logging [None req-9f036378-06ab-4525-a2ed-7ec110cfd755 None admin] PATH_INFO: `/v3/users` {{(pid=44507) log_request_info /opt/stack/keystone/keystone/server/flask/request_processing/req_logging.py:29}}
Aug 26 16:13:40 user devstack@keystone.service[44507]: DEBUG keystone.common.rbac_enforcer.enforcer [None req-9f036378-06ab-4525-a2ed-7ec110cfd755 None admin] RBAC: Authorizing `identity:create_user()` {{(pid=44507) enforce_call /opt/stack/keystone/keystone/common/rbac_enforcer/enforcer.py:449}}
Aug 26 16:13:40 user devstack@keystone.service[44507]: DEBUG keystone.common.rbac_enforcer.enforcer [None req-9f036378-06ab-4525-a2ed-7ec110cfd755 None admin] RBAC: Authorization granted {{(pid=44507) enforce_call /opt/stack/keystone/keystone/common/rbac_enforcer/enforcer.py:457}}
Aug 26 16:13:40 user devstack@keystone.service[44507]: WARNING keystone.common.password_hashing [None req-9f036378-06ab-4525-a2ed-7ec110cfd755 None admin] Truncating password to algorithm specific maximum length 72 characters.
Aug 26 16:13:40 user devstack@keystone.service[44505]: DEBUG keystone.server.flask.request_processing.middleware.auth_context [None req-3fe9c555-e0d9-4f17-85ea-9f7052fda076 None admin] RBAC: auth_context: {'token': , 'domain_id': None, 'trust_id': None, 'trustor_id': None, 'trustee_id': None, 'domain_name': None, 'group_ids': [], 'user_id': 'fdbf4ad26ae646c0bae0398ab1e2a066', 'user_domain_id': 'default', 'system_scope': 'all', 'project_id': None, 'project_domain_id': None, 'roles': ['admin', 'member', 'reader'], 'is_admin_project': True, 'service_user_id': None, 'service_user_domain_id': None, 'service_project_id': None, 'service_project_domain_id': None, 'service_roles': []} {{(pid=44505) fill_context /opt/stack/keystone/keystone/server/flask/request_processing/middleware/auth_context.py:480}}
Aug 26 16:13:40 user devstack@keystone.service[44505]: DEBUG keystone.server.flask.request_processing.req_logging [None req-3fe9c555-e0d9-4f17-85ea-9f7052fda076 None admin] REQUEST_METHOD: `GET` {{(pid=44505) log_request_info /opt/stack/keystone/keystone/server/flask/request_processing/req_logging.py:27}}
Aug 26 16:13:40 user devstack@keystone.service[44505]: DEBUG keystone.server.flask.request_processing.req_logging [None req-3fe9c555-e0d9-4f17-85ea-9f7052fda076 None admin] SCRIPT_NAME: `/identity` {{(pid=44505) log_request_info /opt/stack/keystone/keystone/server/flask/request_processing/req_logging.py:28}}
Aug 26 16:13:40 user devstack@keystone.service[44505]: DEBUG keystone.server.flask.request_processing.req_logging [None req-3fe9c555-e0d9-4f17-85ea-9f7052fda076 None admin] PATH_INFO: `/v3/domains/Default` {{(pid=44505) log_request_info /opt/stack/keystone/keystone/server/flask/request_processing/req_logging.py:29}}
Aug 26 16:13:40 user devstack@keystone.service[44507]: [pid: 44507|app: 0|req: 113/347] 10.0.0.210 () {60 vars in 1127 bytes} [Sat Aug 26 16:13:40 2023] POST /identity/v3/users => generated 245 bytes in 155 msecs (HTTP/1.1 201) 5 headers in 182 bytes (1 switches on core 0)
Aug 26 16:13:40 user devstack@keystone.service[44505]: DEBUG keystone.common.rbac_enforcer.enforcer [None req-3fe9c555-e0d9-4f17-85ea-9f7052fda076 None admin] RBAC: Authorizing `identity:get_domain(domain_id=Default)` {{(pid=44505) enforce_call /opt/stack/keystone/keystone/common/rbac_enforcer/enforcer.py:449}}
Aug 26 16:13:40 user devstack@keystone.service[44505]: DEBUG keystone.common.rbac_enforcer.enforcer [None req-3fe9c555-e0d9-4f17-85ea-9f7052fda076 None admin] RBAC: Authorization granted {{(pid=44505) enforce_call /opt/stack/keystone/keystone/common/rbac_enforcer/enforcer.py:457}}
Aug 26 16:13:40 user devstack@keystone.service[44505]: ERROR keystone.server.flask.application [None req-3fe9c555-e0d9-4f17-85ea-9f7052fda076 None admin] Could not find domain: Default.: keystone.exception.DomainNotFound: Could not find domain: Default.
Aug 26 16:13:40 user devstack@keystone.service[44505]: ERROR keystone.server.flask.application
Traceback (most recent call last):
Aug 26 16:13:40 user devstack@keystone.service[44505]: ERROR keystone.server.flask.application
File "/opt/stack/data/venv/lib/python3.10/site-packages/flask/app.py", line 1823, in full_dispatch_request
Aug 26 16:13:40 user devstack@keystone.service[44505]: ERROR keystone.server.flask.application rv = self.dispatch_request()
Aug 26 16:13:40 user devstack@keystone.service[44505]: ERROR keystone.server.flask.application
File "/opt/stack/data/venv/lib/python3.10/site-packages/flask/app.py", line 1799, in dispatch_request
Aug 26 16:13:40 user devstack@keystone.service[44505]: ERROR keystone.server.flask.application return self.ensure_sync(self.view_functions[rule.endpoint])(**view_args)
Aug 26 16:13:40 user devstack@keystone.service[44505]: ERROR keystone.server.flask.application
File "/opt/stack/data/venv/lib/python3.10/site-packages/flask_restful/__init__.py", line 467, in wrapper
Aug 26 16:13:40 user devstack@keystone.service[44505]: ERROR keystone.server.flask.application resp = resource(*args, **kwargs)
Aug 26 16:13:40 user devstack@keystone.service[44505]: ERROR keystone.server.flask.application
File "/opt/stack/data/venv/lib/python3.10/site-packages/flask/views.py", line 107, in view
Aug 26 16:13:40 user devstack@keystone.service[44505]: ERROR keystone.server.flask.application return current_app.ensure_sync(self.dispatch_request)(**kwargs)
Aug 26 16:13:40 user devstack@keystone.service[44505]: ERROR keystone.server.flask.application
File "/opt/stack/data/venv/lib/python3.10/site-packages/flask_restful/__init__.py", line 582, in dispatch_request
Aug 26 16:13:40 user devstack@keystone.service[44505]: ERROR keystone.server.flask.application resp = meth(*args, **kwargs)
Aug 26 16:13:40 user devstack@keystone.service[44505]: ERROR keystone.server.flask.application
File "/opt/stack/keystone/keystone/api/domains.py", line 89, in get
Aug 26 16:13:40 user devstack@keystone.service[44505]: ERROR keystone.server.flask.application return self._get_domain(domain_id)
Aug 26 16:13:40 user devstack@keystone.service[44505]: ERROR keystone.server.flask.application
File "/opt/stack/keystone/keystone/api/domains.py", line 97, in _get_domain
Aug 26 16:13:40 user devstack@keystone.service[44505]: ERROR keystone.server.flask.application domain = PROVIDERS.resource_api.get_domain(domain_id)
Aug 26 16:13:40 user devstack@keystone.service[44505]: ERROR keystone.server.flask.application
File "/opt/stack/keystone/keystone/common/manager.py", line 115, in wrapped
Aug 26 16:13:40 user devstack@keystone.service[44505]: ERROR keystone.server.flask.application __ret_val = __f(*args, **kwargs)
Aug 26 16:13:40 user devstack@keystone.service[44505]: ERROR keystone.server.flask.application
File "/opt/stack/data/venv/lib/python3.10/site-packages/decorator.py", line 232, in fun
Aug 26 16:13:40 user devstack@keystone.service[44505]: ERROR keystone.server.flask.application return caller(func, *(extras + args), **kw)
Aug 26 16:13:40 user devstack@keystone.service[44505]: ERROR keystone.server.flask.application
File "/opt/stack/data/venv/lib/python3.10/site-packages/dogpile/cache/region.py", line 1577, in get_or_create_for_user_func
Aug 26 16:13:40 user devstack@keystone.service[44505]: ERROR keystone.server.flask.application return self.get_or_create(
Aug 26 16:13:40 user devstack@keystone.service[44505]: ERROR keystone.server.flask.application
File "/opt/stack/data/venv/lib/python3.10/site-packages/dogpile/cache/region.py", line 1042, in get_or_create
Aug 26 16:13:40 user devstack@keystone.service[44505]: ERROR keystone.server.flask.application with Lock(
Aug 26 16:13:40 user devstack@keystone.service[44505]: ERROR keystone.server.flask.application
File "/opt/stack/data/venv/lib/python3.10/site-packages/dogpile/lock.py", line 185, in __enter__
Aug 26 16:13:40 user devstack@keystone.service[44505]: ERROR keystone.server.flask.application return self._enter()
Aug 26 16:13:40 user devstack@keystone.service[44505]: ERROR keystone.server.flask.application
File "/opt/stack/data/venv/lib/python3.10/site-packages/dogpile/lock.py", line 94, in _enter
Aug 26 16:13:40 user devstack@keystone.service[44505]: ERROR keystone.server.flask.application generated = self._enter_create(value, createdtime)
Aug 26 16:13:40 user devstack@keystone.service[44505]: ERROR keystone.server.flask.application
File "/opt/stack/data/venv/lib/python3.10/site-packages/dogpile/lock.py", line 178, in _enter_create
Aug 26 16:13:40 user devstack@keystone.service[44505]: ERROR keystone.server.flask.application return self.creator()
Aug 26 16:13:40 user devstack@keystone.service[44505]: ERROR keystone.server.flask.application
File "/opt/stack/data/venv/lib/python3.10/site-packages/dogpile/cache/region.py", line 995, in gen_value
Aug 26 16:13:40 user devstack@keystone.service[44505]: ERROR keystone.server.flask.application created_value = creator(
Aug 26 16:13:40 user devstack@keystone.service[44505]: ERROR keystone.server.flask.application
File "/opt/stack/keystone/keystone/resource/core.py", line 716, in get_domain
Aug 26 16:13:40 user devstack@keystone.service[44505]: ERROR keystone.server.flask.application raise exception.DomainNotFound(domain_id=domain_id)
Aug 26 16:13:40 user devstack@keystone.service[44505]: ERROR keystone.server.flask.application keystone.exception.DomainNotFound: Could not find domain: Default.
Aug 26 16:13:40 user devstack@keystone.service[44505]: ERROR keystone.server.flask.application
Aug 26 16:13:40 user devstack@keystone.service[44505]: [pid: 44505|app: 0|req: 120/348] 10.0.0.210 () {56 vars in 1103 bytes} [Sat Aug 26 16:13:40 2023] GET /identity/v3/domains/Default => generated 87 bytes in 146 msecs (HTTP/1.1 404) 5 headers in 183 bytes (1 switches on core 0)
Aug 26 16:13:40 user devstack@keystone.service[44506]: DEBUG keystone.server.flask.request_processing.middleware.auth_context [None req-8dd1a5f3-28b2-4178-9867-6be10d9774e8 None None] Authenticating user token {{(pid=44506) process_request /opt/stack/data/venv/lib/python3.10/site-packages/keystonemiddleware/auth_token/__init__.py:406}}
Aug 26 16:13:40 user devstack@keystone.service[44506]: DEBUG keystone.server.flask.request_processing.middleware.auth_context [None req-8dd1a5f3-28b2-4178-9867-6be10d9774e8 None None] Validating token access rules against request {{(pid=44506) validate_allowed_request /opt/stack/data/venv/lib/python3.10/site-packages/keystonemiddleware/auth_token/__init__.py:544}}
Aug 26 16:13:40 user devstack@keystone.service[44507]: DEBUG keystone.server.flask.request_processing.req_logging [None req-e794a42a-56a8-4a5e-8800-d69fc1bfe1e3 None None] REQUEST_METHOD: `GET` {{(pid=44507) log_request_info /opt/stack/keystone/keystone/server/flask/request_processing/req_logging.py:27}}
Aug 26 16:13:40 user devstack@keystone.service[44507]: DEBUG keystone.server.flask.request_processing.req_logging [None req-e794a42a-56a8-4a5e-8800-d69fc1bfe1e3 None None] SCRIPT_NAME: `/identity` {{(pid=44507) log_request_info /opt/stack/keystone/keystone/server/flask/request_processing/req_logging.py:28}}
Aug 26 16:13:40 user devstack@keystone.service[44507]: DEBUG keystone.server.flask.request_processing.req_logging [None req-e794a42a-56a8-4a5e-8800-d69fc1bfe1e3 None None] PATH_INFO: `/` {{(pid=44507) log_request_info /opt/stack/keystone/keystone/server/flask/request_processing/req_logging.py:29}}
Aug 26 16:13:40 user devstack@keystone.service[44507]: [pid: 44507|app: 0|req: 114/349] 10.0.0.210 () {54 vars in 921 bytes} [Sat Aug 26 16:13:40 2023] GET /identity => generated 269 bytes in 3 msecs (HTTP/1.1 300) 6 headers in 233 bytes (1 switches on core 0)
Aug 26 16:13:40 user devstack@keystone.service[44505]: DEBUG keystone.server.flask.request_processing.req_logging [None req-88eba30a-a276-40bf-abdd-954075f796c0 None None] REQUEST_METHOD: `POST` {{(pid=44505) log_request_info /opt/stack/keystone/keystone/server/flask/request_processing/req_logging.py:27}}
Aug 26 16:13:40 user devstack@keystone.service[44505]: DEBUG keystone.server.flask.request_processing.req_logging [None req-88eba30a-a276-40bf-abdd-954075f796c0 None None] SCRIPT_NAME: `/identity` {{(pid=44505) log_request_info /opt/stack/keystone/keystone/server/flask/request_processing/req_logging.py:28}}
Aug 26 16:13:40 user devstack@keystone.service[44505]: DEBUG keystone.server.flask.request_processing.req_logging [None req-88eba30a-a276-40bf-abdd-954075f796c0 None None] PATH_INFO: `/v3/auth/tokens` {{(pid=44505) log_request_info /opt/stack/keystone/keystone/server/flask/request_processing/req_logging.py:29}}
Aug 26 16:13:40 user devstack@keystone.service[44507]: DEBUG keystone.server.flask.request_processing.middleware.auth_context [None req-e794a42a-56a8-4a5e-8800-d69fc1bfe1e3 None None] Authenticating user token {{(pid=44507) process_request /opt/stack/data/venv/lib/python3.10/site-packages/keystonemiddleware/auth_token/__init__.py:406}}
Aug 26 16:13:40 user devstack@keystone.service[44506]: DEBUG keystone.server.flask.request_processing.middleware.auth_context [None req-5f998571-9778-4c40-a9ab-6e26bea49a3f None admin] RBAC: auth_context: {'token': , 'domain_id': None, 'trust_id': None, 'trustor_id': None, 'trustee_id': None, 'domain_name': None, 'group_ids': [], 'user_id': 'fdbf4ad26ae646c0bae0398ab1e2a066', 'user_domain_id': 'default', 'system_scope': 'all', 'project_id': None, 'project_domain_id': None, 'roles': ['admin', 'member', 'reader'], 'is_admin_project': True, 'service_user_id': None, 'service_user_domain_id': None, 'service_project_id': None, 'service_project_domain_id': None, 'service_roles': []} {{(pid=44506) fill_context /opt/stack/keystone/keystone/server/flask/request_processing/middleware/auth_context.py:480}}
Aug 26 16:13:40 user devstack@keystone.service[44505]: WARNING keystone.common.password_hashing [None req-88eba30a-a276-40bf-abdd-954075f796c0 None None] Truncating password to algorithm specific maximum length 72 characters.
Aug 26 16:13:40 user devstack@keystone.service[44506]: DEBUG keystone.server.flask.request_processing.req_logging [None req-5f998571-9778-4c40-a9ab-6e26bea49a3f None admin] REQUEST_METHOD: `GET` {{(pid=44506) log_request_info /opt/stack/keystone/keystone/server/flask/request_processing/req_logging.py:27}}
Aug 26 16:13:40 user devstack@keystone.service[44506]: DEBUG keystone.server.flask.request_processing.req_logging [None req-5f998571-9778-4c40-a9ab-6e26bea49a3f None admin] SCRIPT_NAME: `/identity` {{(pid=44506) log_request_info /opt/stack/keystone/keystone/server/flask/request_processing/req_logging.py:28}}
Aug 26 16:13:40 user devstack@keystone.service[44506]: DEBUG keystone.server.flask.request_processing.req_logging [None req-5f998571-9778-4c40-a9ab-6e26bea49a3f None admin] PATH_INFO: `/v3/domains` {{(pid=44506) log_request_info /opt/stack/keystone/keystone/server/flask/request_processing/req_logging.py:29}}
Aug 26 16:13:40 user devstack@keystone.service[44506]: DEBUG keystone.common.rbac_enforcer.enforcer [None req-5f998571-9778-4c40-a9ab-6e26bea49a3f None admin] RBAC: Adding query filter params (name=Default) {{(pid=44506) _extract_filter_values /opt/stack/keystone/keystone/common/rbac_enforcer/enforcer.py:167}}
Aug 26 16:13:40 user devstack@keystone.service[44506]: DEBUG keystone.common.rbac_enforcer.enforcer [None req-5f998571-9778-4c40-a9ab-6e26bea49a3f None admin] RBAC: Authorizing `identity:list_domains()` {{(pid=44506) enforce_call /opt/stack/keystone/keystone/common/rbac_enforcer/enforcer.py:449}}
Aug 26 16:13:40 user devstack@keystone.service[44506]: DEBUG keystone.common.rbac_enforcer.enforcer [None req-5f998571-9778-4c40-a9ab-6e26bea49a3f None admin] RBAC: Authorization granted {{(pid=44506) enforce_call /opt/stack/keystone/keystone/common/rbac_enforcer/enforcer.py:457}}
Aug 26 16:13:40 user devstack@keystone.service[44505]: DEBUG keystone.auth.core [None req-88eba30a-a276-40bf-abdd-954075f796c0 None None] MFA Rules not processed for user `fdbf4ad26ae646c0bae0398ab1e2a066`. Rule list: `[]` (Enabled: `True`). {{(pid=44505) check_auth_methods_against_rules /opt/stack/keystone/keystone/auth/core.py:438}}
Aug 26 16:13:40 user devstack@keystone.service[44505]: DEBUG keystone.common.fernet_utils [None req-88eba30a-a276-40bf-abdd-954075f796c0 None None] Loaded 2 Fernet keys from /etc/keystone/fernet-keys/, but `[fernet_tokens] max_active_keys = 3`; perhaps there have not been enough key rotations to reach `max_active_keys` yet? {{(pid=44505) load_keys /opt/stack/keystone/keystone/common/fernet_utils.py:286}}
Aug 26 16:13:40 user devstack@keystone.service[44506]: [pid: 44506|app: 0|req: 116/350] 10.0.0.210 () {56 vars in 1104 bytes} [Sat Aug 26 16:13:40 2023] GET /identity/v3/domains?name=Default => generated 306 bytes in 168 msecs (HTTP/1.1 200) 5 headers in 177 bytes (1 switches on core 0)
