Sep 04 23:19:40 user devstack@keystone.service[44371]: DEBUG keystone.server.flask.request_processing.req_logging [None req-990e5b31-9859-473f-aa8e-85d7793cb0ec admin admin] REQUEST_METHOD: `GET` {{(pid=44371) log_request_info /opt/stack/keystone/keystone/server/flask/request_processing/req_logging.py:27}}
Sep 04 23:19:40 user devstack@keystone.service[44372]: DEBUG keystone.common.rbac_enforcer.enforcer [None req-c1205ddc-011f-4068-9463-9e532e472d18 admin admin] RBAC: Authorizing `identity:create_grant(project_id=f6d7b1fac77145698961f506788818b7, group_id=4cfef602fa4e4375a9ceb91830983bd3, role_id=3b76a1f4c41b4357a75eaa80127a0fef)` {{(pid=44372) enforce_call /opt/stack/keystone/keystone/common/rbac_enforcer/enforcer.py:449}}
Sep 04 23:19:40 user devstack@keystone.service[44371]: DEBUG keystone.server.flask.request_processing.req_logging [None req-990e5b31-9859-473f-aa8e-85d7793cb0ec admin admin] SCRIPT_NAME: `/identity` {{(pid=44371) log_request_info /opt/stack/keystone/keystone/server/flask/request_processing/req_logging.py:28}}
Sep 04 23:19:40 user devstack@keystone.service[44371]: DEBUG keystone.server.flask.request_processing.req_logging [None req-990e5b31-9859-473f-aa8e-85d7793cb0ec admin admin] PATH_INFO: `/v3/roles` {{(pid=44371) log_request_info /opt/stack/keystone/keystone/server/flask/request_processing/req_logging.py:29}}
Sep 04 23:19:40 user devstack@keystone.service[44371]: DEBUG keystone.common.rbac_enforcer.enforcer [None req-990e5b31-9859-473f-aa8e-85d7793cb0ec admin admin] RBAC: Adding query filter params (name=anotherrole) {{(pid=44371) _extract_filter_values /opt/stack/keystone/keystone/common/rbac_enforcer/enforcer.py:167}}
Sep 04 23:19:40 user devstack@keystone.service[44371]: DEBUG keystone.common.rbac_enforcer.enforcer [None req-990e5b31-9859-473f-aa8e-85d7793cb0ec admin admin] RBAC: Authorizing `identity:list_roles()` {{(pid=44371) enforce_call /opt/stack/keystone/keystone/common/rbac_enforcer/enforcer.py:449}}
Sep 04 23:19:40 user devstack@keystone.service[44371]: DEBUG keystone.common.rbac_enforcer.enforcer [None req-990e5b31-9859-473f-aa8e-85d7793cb0ec admin admin] RBAC: Authorization granted {{(pid=44371) enforce_call /opt/stack/keystone/keystone/common/rbac_enforcer/enforcer.py:457}}
Sep 04 23:19:40 user devstack@keystone.service[44372]: DEBUG keystone.common.rbac_enforcer.enforcer [None req-c1205ddc-011f-4068-9463-9e532e472d18 admin admin] RBAC: Authorization granted {{(pid=44372) enforce_call /opt/stack/keystone/keystone/common/rbac_enforcer/enforcer.py:457}}
Sep 04 23:19:40 user devstack@keystone.service[44371]: [pid: 44371|app: 0|req: 101/286] 10.0.0.210 () {56 vars in 1127 bytes} [Mon Sep 4 23:19:40 2023] GET /identity/v3/roles?name=anotherrole => generated 332 bytes in 26 msecs (HTTP/1.1 200) 5 headers in 177 bytes (1 switches on core 0)
Sep 04 23:19:40 user devstack@keystone.service[44372]: [pid: 44372|app: 0|req: 95/287] 10.0.0.210 () {58 vars in 1458 bytes} [Mon Sep 4 23:19:40 2023] PUT /identity/v3/projects/f6d7b1fac77145698961f506788818b7/groups/4cfef602fa4e4375a9ceb91830983bd3/roles/3b76a1f4c41b4357a75eaa80127a0fef => generated 0 bytes in 35 msecs (HTTP/1.1 204) 3 headers in 132 bytes (1 switches on core 0)
Sep 04 23:19:40 user devstack@keystone.service[44371]: DEBUG keystone.server.flask.request_processing.middleware.auth_context [None req-990e5b31-9859-473f-aa8e-85d7793cb0ec admin admin] Authenticating user token {{(pid=44371) process_request /opt/stack/data/venv/lib/python3.10/site-packages/keystonemiddleware/auth_token/__init__.py:406}}
Sep 04 23:19:40 user devstack@keystone.service[44371]: DEBUG keystone.server.flask.request_processing.middleware.auth_context [None req-990e5b31-9859-473f-aa8e-85d7793cb0ec admin admin] Validating token access rules against request {{(pid=44371) validate_allowed_request /opt/stack/data/venv/lib/python3.10/site-packages/keystonemiddleware/auth_token/__init__.py:544}}
Sep 04 23:19:40 user devstack@keystone.service[44373]: DEBUG keystone.server.flask.request_processing.middleware.auth_context [None req-e50b7b94-ecf2-458f-825c-dd02751a1559 None admin] Validating token access rules against request {{(pid=44373) validate_allowed_request /opt/stack/data/venv/lib/python3.10/site-packages/keystonemiddleware/auth_token/__init__.py:544}}
Sep 04 23:19:40 user devstack@keystone.service[44373]: DEBUG keystone.server.flask.request_processing.middleware.auth_context [None req-a414ef31-d98b-482b-a14f-034c84460cab None admin] RBAC: auth_context: {'token': , 'domain_id': None, 'trust_id': None, 'trustor_id': None, 'trustee_id': None, 'domain_name': None, 'group_ids': [], 'user_id': 'e8e0754d260d4fe9a6815d425edefd67', 'user_domain_id': 'default', 'system_scope': 'all', 'project_id': None, 'project_domain_id': None, 'roles': ['admin', 'member', 'reader'], 'is_admin_project': True, 'service_user_id': None, 'service_user_domain_id': None, 'service_project_id': None, 'service_project_domain_id': None, 'service_roles': []} {{(pid=44373) fill_context /opt/stack/keystone/keystone/server/flask/request_processing/middleware/auth_context.py:480}}
Sep 04 23:19:40 user devstack@keystone.service[44373]: DEBUG keystone.server.flask.request_processing.req_logging [None req-a414ef31-d98b-482b-a14f-034c84460cab None admin] REQUEST_METHOD: `GET` {{(pid=44373) log_request_info /opt/stack/keystone/keystone/server/flask/request_processing/req_logging.py:27}}
Sep 04 23:19:40 user devstack@keystone.service[44373]: DEBUG keystone.server.flask.request_processing.req_logging [None req-a414ef31-d98b-482b-a14f-034c84460cab None admin] SCRIPT_NAME: `/identity` {{(pid=44373) log_request_info /opt/stack/keystone/keystone/server/flask/request_processing/req_logging.py:28}}
Sep 04 23:19:40 user devstack@keystone.service[44373]: DEBUG keystone.server.flask.request_processing.req_logging [None req-a414ef31-d98b-482b-a14f-034c84460cab None admin] PATH_INFO: `/v3/roles` {{(pid=44373) log_request_info /opt/stack/keystone/keystone/server/flask/request_processing/req_logging.py:29}}
Sep 04 23:19:40 user devstack@keystone.service[44373]: DEBUG keystone.common.rbac_enforcer.enforcer [None req-a414ef31-d98b-482b-a14f-034c84460cab None admin] RBAC: Adding query filter params (name=reader) {{(pid=44373) _extract_filter_values /opt/stack/keystone/keystone/common/rbac_enforcer/enforcer.py:167}}
Sep 04 23:19:40 user devstack@keystone.service[44373]: DEBUG keystone.common.rbac_enforcer.enforcer [None req-a414ef31-d98b-482b-a14f-034c84460cab None admin] RBAC: Authorizing `identity:list_roles()` {{(pid=44373) enforce_call /opt/stack/keystone/keystone/common/rbac_enforcer/enforcer.py:449}}
Sep 04 23:19:40 user devstack@keystone.service[44373]: DEBUG keystone.common.rbac_enforcer.enforcer [None req-a414ef31-d98b-482b-a14f-034c84460cab None admin] RBAC: Authorization granted {{(pid=44373) enforce_call /opt/stack/keystone/keystone/common/rbac_enforcer/enforcer.py:457}}
Sep 04 23:19:40 user devstack@keystone.service[44371]: DEBUG keystone.server.flask.request_processing.middleware.auth_context [None req-6fa546b4-7047-4e35-aab4-2f82352baedf admin admin] RBAC: auth_context: {'token': , 'domain_id': None, 'trust_id': None, 'trustor_id': None, 'trustee_id': None, 'domain_name': None, 'group_ids': [], 'user_id': 'e8e0754d260d4fe9a6815d425edefd67', 'user_domain_id': 'default', 'system_scope': None, 'project_id': 'ec486013ab25483999e5f2ccf38b313f', 'project_domain_id': 'default', 'roles': ['admin', 'member', 'reader'], 'is_admin_project': True, 'service_user_id': None, 'service_user_domain_id': None, 'service_project_id': None, 'service_project_domain_id': None, 'service_roles': []} {{(pid=44371) fill_context /opt/stack/keystone/keystone/server/flask/request_processing/middleware/auth_context.py:480}}
Sep 04 23:19:40 user devstack@keystone.service[44371]: DEBUG keystone.server.flask.request_processing.req_logging [None req-6fa546b4-7047-4e35-aab4-2f82352baedf admin admin] REQUEST_METHOD: `GET` {{(pid=44371) log_request_info /opt/stack/keystone/keystone/server/flask/request_processing/req_logging.py:27}}
Sep 04 23:19:40 user devstack@keystone.service[44371]: DEBUG keystone.server.flask.request_processing.req_logging [None req-6fa546b4-7047-4e35-aab4-2f82352baedf admin admin] SCRIPT_NAME: `/identity` {{(pid=44371) log_request_info /opt/stack/keystone/keystone/server/flask/request_processing/req_logging.py:28}}
Sep 04 23:19:40 user devstack@keystone.service[44371]: DEBUG keystone.server.flask.request_processing.req_logging [None req-6fa546b4-7047-4e35-aab4-2f82352baedf admin admin] PATH_INFO: `/v3/groups/4cfef602fa4e4375a9ceb91830983bd3` {{(pid=44371) log_request_info /opt/stack/keystone/keystone/server/flask/request_processing/req_logging.py:29}}
Sep 04 23:19:40 user devstack@keystone.service[44371]: DEBUG keystone.common.rbac_enforcer.enforcer [None req-6fa546b4-7047-4e35-aab4-2f82352baedf admin admin] RBAC: Authorizing `identity:get_group(group_id=4cfef602fa4e4375a9ceb91830983bd3)` {{(pid=44371) enforce_call /opt/stack/keystone/keystone/common/rbac_enforcer/enforcer.py:449}}
Sep 04 23:19:40 user devstack@keystone.service[44371]: DEBUG keystone.common.rbac_enforcer.enforcer [None req-6fa546b4-7047-4e35-aab4-2f82352baedf admin admin] RBAC: Authorization granted {{(pid=44371) enforce_call /opt/stack/keystone/keystone/common/rbac_enforcer/enforcer.py:457}}
Sep 04 23:19:40 user devstack@keystone.service[44371]: [pid: 44371|app: 0|req: 102/288] 10.0.0.210 () {56 vars in 1196 bytes} [Mon Sep 4 23:19:40 2023] GET /identity/v3/groups/4cfef602fa4e4375a9ceb91830983bd3 => generated 225 bytes in 72 msecs (HTTP/1.1 200) 5 headers in 177 bytes (1 switches on core 0)
Sep 04 23:19:40 user devstack@keystone.service[44373]: [pid: 44373|app: 0|req: 92/289] 10.0.0.210 () {56 vars in 1096 bytes} [Mon Sep 4 23:19:40 2023] GET /identity/v3/roles?name=reader => generated 339 bytes in 158 msecs (HTTP/1.1 200) 5 headers in 177 bytes (2 switches on core 0)
Sep 04 23:19:40 user devstack@keystone.service[44372]: DEBUG keystone.server.flask.request_processing.middleware.auth_context [None req-c1205ddc-011f-4068-9463-9e532e472d18 admin admin] Authenticating user token {{(pid=44372) process_request /opt/stack/data/venv/lib/python3.10/site-packages/keystonemiddleware/auth_token/__init__.py:406}}
Sep 04 23:19:40 user devstack@keystone.service[44371]: DEBUG keystone.server.flask.request_processing.middleware.auth_context [None req-6fa546b4-7047-4e35-aab4-2f82352baedf admin admin] Authenticating user token {{(pid=44371) process_request /opt/stack/data/venv/lib/python3.10/site-packages/keystonemiddleware/auth_token/__init__.py:406}}
Sep 04 23:19:40 user devstack@keystone.service[44372]: DEBUG keystone.server.flask.request_processing.middleware.auth_context [None req-c1205ddc-011f-4068-9463-9e532e472d18 admin admin] Validating token access rules against request {{(pid=44372) validate_allowed_request /opt/stack/data/venv/lib/python3.10/site-packages/keystonemiddleware/auth_token/__init__.py:544}}
Sep 04 23:19:40 user devstack@keystone.service[44372]: DEBUG keystone.server.flask.request_processing.middleware.auth_context [None req-9e50290e-5caa-42d4-97e1-e33c5a00b711 admin admin] RBAC: auth_context: {'token': , 'domain_id': None, 'trust_id': None, 'trustor_id': None, 'trustee_id': None, 'domain_name': None, 'group_ids': [], 'user_id': 'e8e0754d260d4fe9a6815d425edefd67', 'user_domain_id': 'default', 'system_scope': None, 'project_id': 'ec486013ab25483999e5f2ccf38b313f', 'project_domain_id': 'default', 'roles': ['admin', 'member', 'reader'], 'is_admin_project': True, 'service_user_id': None, 'service_user_domain_id': None, 'service_project_id': None, 'service_project_domain_id': None, 'service_roles': []} {{(pid=44372) fill_context /opt/stack/keystone/keystone/server/flask/request_processing/middleware/auth_context.py:480}}
Sep 04 23:19:40 user devstack@keystone.service[44372]: DEBUG keystone.server.flask.request_processing.req_logging [None req-9e50290e-5caa-42d4-97e1-e33c5a00b711 admin admin] REQUEST_METHOD: `GET` {{(pid=44372) log_request_info /opt/stack/keystone/keystone/server/flask/request_processing/req_logging.py:27}}
Sep 04 23:19:40 user devstack@keystone.service[44372]: DEBUG keystone.server.flask.request_processing.req_logging [None req-9e50290e-5caa-42d4-97e1-e33c5a00b711 admin admin] SCRIPT_NAME: `/identity` {{(pid=44372) log_request_info /opt/stack/keystone/keystone/server/flask/request_processing/req_logging.py:28}}
Sep 04 23:19:40 user devstack@keystone.service[44372]: DEBUG keystone.server.flask.request_processing.req_logging [None req-9e50290e-5caa-42d4-97e1-e33c5a00b711 admin admin] PATH_INFO: `/v3/projects/f6d7b1fac77145698961f506788818b7` {{(pid=44372) log_request_info /opt/stack/keystone/keystone/server/flask/request_processing/req_logging.py:29}}
Sep 04 23:19:40 user devstack@keystone.service[44372]: DEBUG keystone.common.rbac_enforcer.enforcer [None req-9e50290e-5caa-42d4-97e1-e33c5a00b711 admin admin] RBAC: Authorizing `identity:get_project(project_id=f6d7b1fac77145698961f506788818b7)` {{(pid=44372) enforce_call /opt/stack/keystone/keystone/common/rbac_enforcer/enforcer.py:449}}
Sep 04 23:19:40 user devstack@keystone.service[44372]: DEBUG keystone.common.rbac_enforcer.enforcer [None req-9e50290e-5caa-42d4-97e1-e33c5a00b711 admin admin] RBAC: Authorization granted {{(pid=44372) enforce_call /opt/stack/keystone/keystone/common/rbac_enforcer/enforcer.py:457}}
Sep 04 23:19:40 user devstack@keystone.service[44372]: [pid: 44372|app: 0|req: 96/290] 10.0.0.210 () {56 vars in 1202 bytes} [Mon Sep 4 23:19:40 2023] GET /identity/v3/projects/f6d7b1fac77145698961f506788818b7 => generated 301 bytes in 21 msecs (HTTP/1.1 200) 5 headers in 177 bytes (1 switches on core 0)
Sep 04 23:19:40 user devstack@keystone.service[44373]: DEBUG keystone.server.flask.request_processing.middleware.auth_context [None req-a414ef31-d98b-482b-a14f-034c84460cab None admin] Authenticating user token {{(pid=44373) process_request /opt/stack/data/venv/lib/python3.10/site-packages/keystonemiddleware/auth_token/__init__.py:406}}
Sep 04 23:19:40 user devstack@keystone.service[44373]: DEBUG keystone.server.flask.request_processing.middleware.auth_context [None req-a414ef31-d98b-482b-a14f-034c84460cab None admin] Validating token access rules against request {{(pid=44373) validate_allowed_request /opt/stack/data/venv/lib/python3.10/site-packages/keystonemiddleware/auth_token/__init__.py:544}}
Sep 04 23:19:40 user devstack@keystone.service[44373]: DEBUG keystone.server.flask.request_processing.middleware.auth_context [None req-a78b60e2-9471-4848-8f38-455b69a203d0 admin admin] RBAC: auth_context: {'token': , 'domain_id': None, 'trust_id': None, 'trustor_id': None, 'trustee_id': None, 'domain_name': None, 'group_ids': [], 'user_id': 'e8e0754d260d4fe9a6815d425edefd67', 'user_domain_id': 'default', 'system_scope': None, 'project_id': 'ec486013ab25483999e5f2ccf38b313f', 'project_domain_id': 'default', 'roles': ['admin', 'member', 'reader'], 'is_admin_project': True, 'service_user_id': None, 'service_user_domain_id': None, 'service_project_id': None, 'service_project_domain_id': None, 'service_roles': []} {{(pid=44373) fill_context /opt/stack/keystone/keystone/server/flask/request_processing/middleware/auth_context.py:480}}
Sep 04 23:19:40 user devstack@keystone.service[44373]: DEBUG keystone.server.flask.request_processing.req_logging [None req-a78b60e2-9471-4848-8f38-455b69a203d0 admin admin] REQUEST_METHOD: `PUT` {{(pid=44373) log_request_info /opt/stack/keystone/keystone/server/flask/request_processing/req_logging.py:27}}
Sep 04 23:19:40 user devstack@keystone.service[44373]: DEBUG keystone.server.flask.request_processing.req_logging [None req-a78b60e2-9471-4848-8f38-455b69a203d0 admin admin] SCRIPT_NAME: `/identity` {{(pid=44373) log_request_info /opt/stack/keystone/keystone/server/flask/request_processing/req_logging.py:28}}
Sep 04 23:19:40 user devstack@keystone.service[44373]: DEBUG keystone.server.flask.request_processing.req_logging [None req-a78b60e2-9471-4848-8f38-455b69a203d0 admin admin] PATH_INFO: `/v3/projects/f6d7b1fac77145698961f506788818b7/groups/4cfef602fa4e4375a9ceb91830983bd3/roles/c38f4cf5e393430dabe7a90ace44f623` {{(pid=44373) log_request_info /opt/stack/keystone/keystone/server/flask/request_processing/req_logging.py:29}}
Sep 04 23:19:40 user devstack@keystone.service[44373]: DEBUG keystone.common.rbac_enforcer.enforcer [None req-a78b60e2-9471-4848-8f38-455b69a203d0 admin admin] RBAC: Authorizing `identity:create_grant(project_id=f6d7b1fac77145698961f506788818b7, group_id=4cfef602fa4e4375a9ceb91830983bd3, role_id=c38f4cf5e393430dabe7a90ace44f623)` {{(pid=44373) enforce_call /opt/stack/keystone/keystone/common/rbac_enforcer/enforcer.py:449}}
Sep 04 23:19:40 user devstack@keystone.service[44373]: DEBUG keystone.common.rbac_enforcer.enforcer [None req-a78b60e2-9471-4848-8f38-455b69a203d0 admin admin] RBAC: Authorization granted {{(pid=44373) enforce_call /opt/stack/keystone/keystone/common/rbac_enforcer/enforcer.py:457}}
Sep 04 23:19:40 user devstack@keystone.service[44372]: DEBUG keystone.server.flask.request_processing.middleware.auth_context [None req-9e50290e-5caa-42d4-97e1-e33c5a00b711 admin admin] Authenticating user token {{(pid=44372) process_request /opt/stack/data/venv/lib/python3.10/site-packages/keystonemiddleware/auth_token/__init__.py:406}}
Sep 04 23:19:40 user devstack@keystone.service[44373]: [pid: 44373|app: 0|req: 93/291] 10.0.0.210 () {58 vars in 1458 bytes} [Mon Sep 4 23:19:40 2023] PUT /identity/v3/projects/f6d7b1fac77145698961f506788818b7/groups/4cfef602fa4e4375a9ceb91830983bd3/roles/c38f4cf5e393430dabe7a90ace44f623 => generated 0 bytes in 32 msecs (HTTP/1.1 204) 3 headers in 132 bytes (0 switches on core 0)
Sep 04 23:19:40 user devstack@keystone.service[44372]: DEBUG keystone.server.flask.request_processing.middleware.auth_context [None req-9e50290e-5caa-42d4-97e1-e33c5a00b711 admin admin] Validating token access rules against request {{(pid=44372) validate_allowed_request /opt/stack/data/venv/lib/python3.10/site-packages/keystonemiddleware/auth_token/__init__.py:544}}
Sep 04 23:19:40 user devstack@keystone.service[44371]: DEBUG keystone.server.flask.request_processing.middleware.auth_context [None req-6fa546b4-7047-4e35-aab4-2f82352baedf admin admin] Validating token access rules against request {{(pid=44371) validate_allowed_request /opt/stack/data/venv/lib/python3.10/site-packages/keystonemiddleware/auth_token/__init__.py:544}}
Sep 04 23:19:40 user devstack@keystone.service[44372]: DEBUG keystone.server.flask.request_processing.middleware.auth_context [None req-08102c0a-3611-4940-a51d-16a1de02d2c0 admin admin] RBAC: auth_context: {'token': , 'domain_id': None, 'trust_id': None, 'trustor_id': None, 'trustee_id': None, 'domain_name': None, 'group_ids': [], 'user_id': 'e8e0754d260d4fe9a6815d425edefd67', 'user_domain_id': 'default', 'system_scope': None, 'project_id': 'ec486013ab25483999e5f2ccf38b313f', 'project_domain_id': 'default', 'roles': ['admin', 'member', 'reader'], 'is_admin_project': True, 'service_user_id': None, 'service_user_domain_id': None, 'service_project_id': None, 'service_project_domain_id': None, 'service_roles': []} {{(pid=44372) fill_context /opt/stack/keystone/keystone/server/flask/request_processing/middleware/auth_context.py:480}}
Sep 04 23:19:40 user devstack@keystone.service[44372]: DEBUG keystone.server.flask.request_processing.req_logging [None req-08102c0a-3611-4940-a51d-16a1de02d2c0 admin admin] REQUEST_METHOD: `GET` {{(pid=44372) log_request_info /opt/stack/keystone/keystone/server/flask/request_processing/req_logging.py:27}}
Sep 04 23:19:40 user devstack@keystone.service[44372]: DEBUG keystone.server.flask.request_processing.req_logging [None req-08102c0a-3611-4940-a51d-16a1de02d2c0 admin admin] SCRIPT_NAME: `/identity` {{(pid=44372) log_request_info /opt/stack/keystone/keystone/server/flask/request_processing/req_logging.py:28}}
Sep 04 23:19:40 user devstack@keystone.service[44372]: DEBUG keystone.server.flask.request_processing.req_logging [None req-08102c0a-3611-4940-a51d-16a1de02d2c0 admin admin] PATH_INFO: `/v3/roles/admin` {{(pid=44372) log_request_info /opt/stack/keystone/keystone/server/flask/request_processing/req_logging.py:29}}
Sep 04 23:19:40 user devstack@keystone.service[44372]: DEBUG keystone.common.rbac_enforcer.enforcer [None req-08102c0a-3611-4940-a51d-16a1de02d2c0 admin admin] Extracting inferred target data resulted in "NOT FOUND (404)". {{(pid=44372) enforce_call /opt/stack/keystone/keystone/common/rbac_enforcer/enforcer.py:409}}
Sep 04 23:19:40 user devstack@keystone.service[44372]: ERROR keystone.server.flask.application [None req-08102c0a-3611-4940-a51d-16a1de02d2c0 admin admin] Could not find role: admin.: keystone.exception.RoleNotFound: Could not find role: admin.
Sep 04 23:19:40 user devstack@keystone.service[44372]: ERROR keystone.server.flask.application
Traceback (most recent call last):
Sep 04 23:19:40 user devstack@keystone.service[44372]: ERROR keystone.server.flask.application
File "/opt/stack/data/venv/lib/python3.10/site-packages/flask/app.py", line 1823, in full_dispatch_request
Sep 04 23:19:40 user devstack@keystone.service[44372]: ERROR keystone.server.flask.application rv = self.dispatch_request()
Sep 04 23:19:40 user devstack@keystone.service[44372]: ERROR keystone.server.flask.application
File "/opt/stack/data/venv/lib/python3.10/site-packages/flask/app.py", line 1799, in dispatch_request
Sep 04 23:19:40 user devstack@keystone.service[44372]: ERROR keystone.server.flask.application return self.ensure_sync(self.view_functions[rule.endpoint])(**view_args)
Sep 04 23:19:40 user devstack@keystone.service[44372]: ERROR keystone.server.flask.application
File "/opt/stack/data/venv/lib/python3.10/site-packages/flask_restful/__init__.py", line 467, in wrapper
Sep 04 23:19:40 user devstack@keystone.service[44372]: ERROR keystone.server.flask.application resp = resource(*args, **kwargs)
Sep 04 23:19:40 user devstack@keystone.service[44372]: ERROR keystone.server.flask.application
File "/opt/stack/data/venv/lib/python3.10/site-packages/flask/views.py", line 107, in view
Sep 04 23:19:40 user devstack@keystone.service[44372]: ERROR keystone.server.flask.application return current_app.ensure_sync(self.dispatch_request)(**kwargs)
Sep 04 23:19:40 user devstack@keystone.service[44372]: ERROR keystone.server.flask.application
File "/opt/stack/data/venv/lib/python3.10/site-packages/flask_restful/__init__.py", line 582, in dispatch_request
Sep 04 23:19:40 user devstack@keystone.service[44372]: ERROR keystone.server.flask.application resp = meth(*args, **kwargs)
Sep 04 23:19:40 user devstack@keystone.service[44372]: ERROR keystone.server.flask.application
File "/opt/stack/keystone/keystone/api/roles.py", line 50, in get
Sep 04 23:19:40 user devstack@keystone.service[44372]: ERROR keystone.server.flask.application return self._get_role(role_id)
Sep 04 23:19:40 user devstack@keystone.service[44372]: ERROR keystone.server.flask.application
File "/opt/stack/keystone/keystone/api/roles.py", line 70, in _get_role
Sep 04 23:19:40 user devstack@keystone.service[44372]: ERROR keystone.server.flask.application ENFORCER.enforce_call(action='identity:get_role')
Sep 04 23:19:40 user devstack@keystone.service[44372]: ERROR keystone.server.flask.application
File "/opt/stack/keystone/keystone/common/rbac_enforcer/enforcer.py", line 402, in enforce_call
Sep 04 23:19:40 user devstack@keystone.service[44372]: ERROR keystone.server.flask.application policy_dict.update(cls._extract_member_target_data(
Sep 04 23:19:40 user devstack@keystone.service[44372]: ERROR keystone.server.flask.application
File "/opt/stack/keystone/keystone/common/rbac_enforcer/enforcer.py", line 234, in _extract_member_target_data
Sep 04 23:19:40 user devstack@keystone.service[44372]: ERROR keystone.server.flask.application member_name: func(flask.request.view_args[key])
Sep 04 23:19:40 user devstack@keystone.service[44372]: ERROR keystone.server.flask.application
File "/opt/stack/keystone/keystone/common/manager.py", line 115, in wrapped
Sep 04 23:19:40 user devstack@keystone.service[44372]: ERROR keystone.server.flask.application __ret_val = __f(*args, **kwargs)
Sep 04 23:19:40 user devstack@keystone.service[44372]: ERROR keystone.server.flask.application
File "/opt/stack/data/venv/lib/python3.10/site-packages/decorator.py", line 232, in fun
Sep 04 23:19:40 user devstack@keystone.service[44372]: ERROR keystone.server.flask.application return caller(func, *(extras + args), **kw)
Sep 04 23:19:40 user devstack@keystone.service[44372]: ERROR keystone.server.flask.application
File "/opt/stack/data/venv/lib/python3.10/site-packages/dogpile/cache/region.py", line 1577, in get_or_create_for_user_func
Sep 04 23:19:40 user devstack@keystone.service[44372]: ERROR keystone.server.flask.application return self.get_or_create(
Sep 04 23:19:40 user devstack@keystone.service[44372]: ERROR keystone.server.flask.application
File "/opt/stack/data/venv/lib/python3.10/site-packages/dogpile/cache/region.py", line 1042, in get_or_create
Sep 04 23:19:40 user devstack@keystone.service[44372]: ERROR keystone.server.flask.application with Lock(
Sep 04 23:19:40 user devstack@keystone.service[44372]: ERROR keystone.server.flask.application
File "/opt/stack/data/venv/lib/python3.10/site-packages/dogpile/lock.py", line 185, in __enter__
Sep 04 23:19:40 user devstack@keystone.service[44372]: ERROR keystone.server.flask.application return self._enter()
Sep 04 23:19:40 user devstack@keystone.service[44372]: ERROR keystone.server.flask.application
File "/opt/stack/data/venv/lib/python3.10/site-packages/dogpile/lock.py", line 94, in _enter
Sep 04 23:19:40 user devstack@keystone.service[44372]: ERROR keystone.server.flask.application generated = self._enter_create(value, createdtime)
Sep 04 23:19:40 user devstack@keystone.service[44372]: ERROR keystone.server.flask.application
File "/opt/stack/data/venv/lib/python3.10/site-packages/dogpile/lock.py", line 178, in _enter_create
Sep 04 23:19:40 user devstack@keystone.service[44372]: ERROR keystone.server.flask.application return self.creator()
Sep 04 23:19:40 user devstack@keystone.service[44372]: ERROR keystone.server.flask.application
File "/opt/stack/data/venv/lib/python3.10/site-packages/dogpile/cache/region.py", line 995, in gen_value
Sep 04 23:19:40 user devstack@keystone.service[44372]: ERROR keystone.server.flask.application created_value = creator(
Sep 04 23:19:40 user devstack@keystone.service[44372]: ERROR keystone.server.flask.application
File "/opt/stack/keystone/keystone/assignment/core.py", line 1276, in get_role
Sep 04 23:19:40 user devstack@keystone.service[44372]: ERROR keystone.server.flask.application return self.driver.get_role(role_id)
Sep 04 23:19:40 user devstack@keystone.service[44372]: ERROR keystone.server.flask.application
File "/opt/stack/keystone/keystone/assignment/role_backends/sql.py", line 70, in get_role
Sep 04 23:19:40 user devstack@keystone.service[44372]: ERROR keystone.server.flask.application return self._get_role(session, role_id).to_dict()
Sep 04 23:19:40 user devstack@keystone.service[44372]: ERROR keystone.server.flask.application
File "/opt/stack/keystone/keystone/assignment/role_backends/sql.py", line 65, in _get_role
Sep 04 23:19:40 user devstack@keystone.service[44372]: ERROR keystone.server.flask.application raise exception.RoleNotFound(role_id=role_id)
Sep 04 23:19:40 user devstack@keystone.service[44372]: ERROR keystone.server.flask.application keystone.exception.RoleNotFound: Could not find role: admin.
Sep 04 23:19:40 user devstack@keystone.service[44372]: ERROR keystone.server.flask.application
Sep 04 23:19:40 user devstack@keystone.service[44372]: [pid: 44372|app: 0|req: 97/292] 10.0.0.210 () {56 vars in 1112 bytes} [Mon Sep 4 23:19:40 2023] GET /identity/v3/roles/admin => generated 83 bytes in 81 msecs (HTTP/1.1 404) 5 headers in 183 bytes (1 switches on core 0)
Sep 04 23:19:40 user devstack@keystone.service[44373]: DEBUG keystone.server.flask.request_processing.middleware.auth_context [None req-a78b60e2-9471-4848-8f38-455b69a203d0 admin admin] Authenticating user token {{(pid=44373) process_request /opt/stack/data/venv/lib/python3.10/site-packages/keystonemiddleware/auth_token/__init__.py:406}}
Sep 04 23:19:40 user devstack@keystone.service[44371]: DEBUG keystone.server.flask.request_processing.middleware.auth_context [None req-a6a290e2-7ebf-46f5-96d7-26856eea7957 None admin] RBAC: auth_context: {'token': , 'domain_id': None, 'trust_id': None, 'trustor_id': None, 'trustee_id': None, 'domain_name': None, 'group_ids': [], 'user_id': 'e8e0754d260d4fe9a6815d425edefd67', 'user_domain_id': 'default', 'system_scope': 'all', 'project_id': None, 'project_domain_id': None, 'roles': ['admin', 'member', 'reader'], 'is_admin_project': True, 'service_user_id': None, 'service_user_domain_id': None, 'service_project_id': None, 'service_project_domain_id': None, 'service_roles': []} {{(pid=44371) fill_context /opt/stack/keystone/keystone/server/flask/request_processing/middleware/auth_context.py:480}}
Sep 04 23:19:40 user devstack@keystone.service[44371]: DEBUG keystone.server.flask.request_processing.req_logging [None req-a6a290e2-7ebf-46f5-96d7-26856eea7957 None admin] REQUEST_METHOD: `GET` {{(pid=44371) log_request_info /opt/stack/keystone/keystone/server/flask/request_processing/req_logging.py:27}}
Sep 04 23:19:40 user devstack@keystone.service[44371]: DEBUG keystone.server.flask.request_processing.req_logging [None req-a6a290e2-7ebf-46f5-96d7-26856eea7957 None admin] SCRIPT_NAME: `/identity` {{(pid=44371) log_request_info /opt/stack/keystone/keystone/server/flask/request_processing/req_logging.py:28}}
Sep 04 23:19:40 user devstack@keystone.service[44371]: DEBUG keystone.server.flask.request_processing.req_logging [None req-a6a290e2-7ebf-46f5-96d7-26856eea7957 None admin] PATH_INFO: `/v3/users/97a5d40d40594458931d5f025ca4a65c` {{(pid=44371) log_request_info /opt/stack/keystone/keystone/server/flask/request_processing/req_logging.py:29}}
Sep 04 23:19:40 user devstack@keystone.service[44373]: DEBUG keystone.server.flask.request_processing.middleware.auth_context [None req-a78b60e2-9471-4848-8f38-455b69a203d0 admin admin] Validating token access rules against request {{(pid=44373) validate_allowed_request /opt/stack/data/venv/lib/python3.10/site-packages/keystonemiddleware/auth_token/__init__.py:544}}
Sep 04 23:19:40 user devstack@keystone.service[44371]: DEBUG keystone.common.rbac_enforcer.enforcer [None req-a6a290e2-7ebf-46f5-96d7-26856eea7957 None admin] RBAC: Authorizing `identity:get_user(user_id=97a5d40d40594458931d5f025ca4a65c)` {{(pid=44371) enforce_call /opt/stack/keystone/keystone/common/rbac_enforcer/enforcer.py:449}}
Sep 04 23:19:40 user devstack@keystone.service[44371]: DEBUG keystone.common.rbac_enforcer.enforcer [None req-a6a290e2-7ebf-46f5-96d7-26856eea7957 None admin] RBAC: Authorization granted {{(pid=44371) enforce_call /opt/stack/keystone/keystone/common/rbac_enforcer/enforcer.py:457}}
Sep 04 23:19:40 user devstack@keystone.service[44371]: [pid: 44371|app: 0|req: 103/293] 10.0.0.210 () {56 vars in 1172 bytes} [Mon Sep 4 23:19:40 2023] GET /identity/v3/users/97a5d40d40594458931d5f025ca4a65c => generated 292 bytes in 153 msecs (HTTP/1.1 200) 5 headers in 177 bytes (1 switches on core 0)
Sep 04 23:19:40 user devstack@keystone.service[44373]: DEBUG keystone.server.flask.request_processing.middleware.auth_context [None req-195054bc-58ca-438b-bb41-c9cd80cc7d58 admin admin] RBAC: auth_context: {'token': , 'domain_id': None, 'trust_id': None, 'trustor_id': None, 'trustee_id': None, 'domain_name': None, 'group_ids': [], 'user_id': 'e8e0754d260d4fe9a6815d425edefd67', 'user_domain_id': 'default', 'system_scope': None, 'project_id': 'ec486013ab25483999e5f2ccf38b313f', 'project_domain_id': 'default', 'roles': ['admin', 'member', 'reader'], 'is_admin_project': True, 'service_user_id': None, 'service_user_domain_id': None, 'service_project_id': None, 'service_project_domain_id': None, 'service_roles': []} {{(pid=44373) fill_context /opt/stack/keystone/keystone/server/flask/request_processing/middleware/auth_context.py:480}}
Sep 04 23:19:40 user devstack@keystone.service[44373]: DEBUG keystone.server.flask.request_processing.req_logging [None req-195054bc-58ca-438b-bb41-c9cd80cc7d58 admin admin] REQUEST_METHOD: `GET` {{(pid=44373) log_request_info /opt/stack/keystone/keystone/server/flask/request_processing/req_logging.py:27}}
Sep 04 23:19:40 user devstack@keystone.service[44373]: DEBUG keystone.server.flask.request_processing.req_logging [None req-195054bc-58ca-438b-bb41-c9cd80cc7d58 admin admin] SCRIPT_NAME: `/identity` {{(pid=44373) log_request_info /opt/stack/keystone/keystone/server/flask/request_processing/req_logging.py:28}}
Sep 04 23:19:40 user devstack@keystone.service[44373]: DEBUG keystone.server.flask.request_processing.req_logging [None req-195054bc-58ca-438b-bb41-c9cd80cc7d58 admin admin] PATH_INFO: `/v3/roles` {{(pid=44373) log_request_info /opt/stack/keystone/keystone/server/flask/request_processing/req_logging.py:29}}
Sep 04 23:19:40 user devstack@keystone.service[44373]: DEBUG keystone.common.rbac_enforcer.enforcer [None req-195054bc-58ca-438b-bb41-c9cd80cc7d58 admin admin] RBAC: Adding query filter params (name=admin) {{(pid=44373) _extract_filter_values /opt/stack/keystone/keystone/common/rbac_enforcer/enforcer.py:167}}
Sep 04 23:19:40 user devstack@keystone.service[44373]: DEBUG keystone.common.rbac_enforcer.enforcer [None req-195054bc-58ca-438b-bb41-c9cd80cc7d58 admin admin] RBAC: Authorizing `identity:list_roles()` {{(pid=44373) enforce_call /opt/stack/keystone/keystone/common/rbac_enforcer/enforcer.py:449}}
Sep 04 23:19:40 user devstack@keystone.service[44373]: WARNING py.warnings [None req-195054bc-58ca-438b-bb41-c9cd80cc7d58 admin admin] /opt/stack/data/venv/lib/python3.10/site-packages/oslo_policy/policy.py:1130: UserWarning: Policy "identity:list_roles": "role:reader and system_scope:all" failed scope check. The token used to make the request was project scoped but the policy requires ['system'] scope. This behavior may change in the future where using the intended scope is required
Sep 04 23:19:40 user devstack@keystone.service[44373]: warnings.warn(msg)
Sep 04 23:19:40 user devstack@keystone.service[44373]:
Sep 04 23:19:40 user devstack@keystone.service[44373]: DEBUG keystone.common.rbac_enforcer.enforcer [None req-195054bc-58ca-438b-bb41-c9cd80cc7d58 admin admin] RBAC: Authorization granted {{(pid=44373) enforce_call /opt/stack/keystone/keystone/common/rbac_enforcer/enforcer.py:457}}
Sep 04 23:19:40 user devstack@keystone.service[44372]: DEBUG keystone.server.flask.request_processing.middleware.auth_context [None req-08102c0a-3611-4940-a51d-16a1de02d2c0 admin admin] Authenticating user token {{(pid=44372) process_request /opt/stack/data/venv/lib/python3.10/site-packages/keystonemiddleware/auth_token/__init__.py:406}}
Sep 04 23:19:41 user devstack@keystone.service[44373]: [pid: 44373|app: 0|req: 94/294] 10.0.0.210 () {56 vars in 1115 bytes} [Mon Sep 4 23:19:40 2023] GET /identity/v3/roles?name=admin => generated 337 bytes in 26 msecs (HTTP/1.1 200) 5 headers in 177 bytes (1 switches on core 0)
Sep 04 23:19:41 user devstack@keystone.service[44371]: DEBUG keystone.server.flask.request_processing.middleware.auth_context [None req-a6a290e2-7ebf-46f5-96d7-26856eea7957 None admin] Authenticating user token {{(pid=44371) process_request /opt/stack/data/venv/lib/python3.10/site-packages/keystonemiddleware/auth_token/__init__.py:406}}
Sep 04 23:19:41 user devstack@keystone.service[44371]: DEBUG keystone.server.flask.request_processing.middleware.auth_context [None req-a6a290e2-7ebf-46f5-96d7-26856eea7957 None admin] Validating token access rules against request {{(pid=44371) validate_allowed_request /opt/stack/data/venv/lib/python3.10/site-packages/keystonemiddleware/auth_token/__init__.py:544}}
Sep 04 23:19:41 user devstack@keystone.service[44371]: DEBUG keystone.server.flask.request_processing.middleware.auth_context [None req-e2b683d1-4e5d-4d07-940f-c670e94a5460 admin admin] RBAC: auth_context: {'token': , 'domain_id': None, 'trust_id': None, 'trustor_id': None, 'trustee_id': None, 'domain_name': None, 'group_ids': [], 'user_id': 'e8e0754d260d4fe9a6815d425edefd67', 'user_domain_id': 'default', 'system_scope': None, 'project_id': 'ec486013ab25483999e5f2ccf38b313f', 'project_domain_id': 'default', 'roles': ['admin', 'member', 'reader'], 'is_admin_project': True, 'service_user_id': None, 'service_user_domain_id': None, 'service_project_id': None, 'service_project_domain_id': None, 'service_roles': []} {{(pid=44371) fill_context /opt/stack/keystone/keystone/server/flask/request_processing/middleware/auth_context.py:480}}
Sep 04 23:19:41 user devstack@keystone.service[44371]: DEBUG keystone.server.flask.request_processing.req_logging [None req-e2b683d1-4e5d-4d07-940f-c670e94a5460 admin admin] REQUEST_METHOD: `GET` {{(pid=44371) log_request_info /opt/stack/keystone/keystone/server/flask/request_processing/req_logging.py:27}}
Sep 04 23:19:41 user devstack@keystone.service[44371]: DEBUG keystone.server.flask.request_processing.req_logging [None req-e2b683d1-4e5d-4d07-940f-c670e94a5460 admin admin] SCRIPT_NAME: `/identity` {{(pid=44371) log_request_info /opt/stack/keystone/keystone/server/flask/request_processing/req_logging.py:28}}
Sep 04 23:19:41 user devstack@keystone.service[44371]: DEBUG keystone.server.flask.request_processing.req_logging [None req-e2b683d1-4e5d-4d07-940f-c670e94a5460 admin admin] PATH_INFO: `/v3/groups/f97912b008a94779987f44c87684d705` {{(pid=44371) log_request_info /opt/stack/keystone/keystone/server/flask/request_processing/req_logging.py:29}}
Sep 04 23:19:41 user devstack@keystone.service[44371]: DEBUG keystone.common.rbac_enforcer.enforcer [None req-e2b683d1-4e5d-4d07-940f-c670e94a5460 admin admin] RBAC: Authorizing `identity:get_group(group_id=f97912b008a94779987f44c87684d705)` {{(pid=44371) enforce_call /opt/stack/keystone/keystone/common/rbac_enforcer/enforcer.py:449}}
Sep 04 23:19:41 user devstack@keystone.service[44371]: DEBUG keystone.common.rbac_enforcer.enforcer [None req-e2b683d1-4e5d-4d07-940f-c670e94a5460 admin admin] RBAC: Authorization granted {{(pid=44371) enforce_call /opt/stack/keystone/keystone/common/rbac_enforcer/enforcer.py:457}}
Sep 04 23:19:41 user devstack@keystone.service[44371]: [pid: 44371|app: 0|req: 104/295] 10.0.0.210 () {56 vars in 1196 bytes} [Mon Sep 4 23:19:41 2023] GET /identity/v3/groups/f97912b008a94779987f44c87684d705 => generated 228 bytes in 35 msecs (HTTP/1.1 200) 5 headers in 177 bytes (1 switches on core 0)
Sep 04 23:19:41 user devstack@keystone.service[44373]: DEBUG keystone.server.flask.request_processing.middleware.auth_context [None req-195054bc-58ca-438b-bb41-c9cd80cc7d58 admin admin] Authenticating user token {{(pid=44373) process_request /opt/stack/data/venv/lib/python3.10/site-packages/keystonemiddleware/auth_token/__init__.py:406}}
Sep 04 23:19:41 user devstack@keystone.service[44373]: DEBUG keystone.server.flask.request_processing.middleware.auth_context [None req-195054bc-58ca-438b-bb41-c9cd80cc7d58 admin admin] Validating token access rules against request {{(pid=44373) validate_allowed_request /opt/stack/data/venv/lib/python3.10/site-packages/keystonemiddleware/auth_token/__init__.py:544}}
Sep 04 23:19:41 user devstack@keystone.service[44373]: DEBUG keystone.server.flask.request_processing.middleware.auth_context [None req-095bbd94-73b6-47dc-8b07-1a875fcddbaf admin admin] RBAC: auth_context: {'token': , 'domain_id': None, 'trust_id': None, 'trustor_id': None, 'trustee_id': None, 'domain_name': None, 'group_ids': [], 'user_id': 'e8e0754d260d4fe9a6815d425edefd67', 'user_domain_id': 'default', 'system_scope': None, 'project_id': 'ec486013ab25483999e5f2ccf38b313f', 'project_domain_id': 'default', 'roles': ['admin', 'member', 'reader'], 'is_admin_project': True, 'service_user_id': None, 'service_user_domain_id': None, 'service_project_id': None, 'service_project_domain_id': None, 'service_roles': []} {{(pid=44373) fill_context /opt/stack/keystone/keystone/server/flask/request_processing/middleware/auth_context.py:480}}
Sep 04 23:19:41 user devstack@keystone.service[44373]: DEBUG keystone.server.flask.request_processing.req_logging [None req-095bbd94-73b6-47dc-8b07-1a875fcddbaf admin admin] REQUEST_METHOD: `GET` {{(pid=44373) log_request_info /opt/stack/keystone/keystone/server/flask/request_processing/req_logging.py:27}}
Sep 04 23:19:41 user devstack@keystone.service[44373]: DEBUG keystone.server.flask.request_processing.req_logging [None req-095bbd94-73b6-47dc-8b07-1a875fcddbaf admin admin] SCRIPT_NAME: `/identity` {{(pid=44373) log_request_info /opt/stack/keystone/keystone/server/flask/request_processing/req_logging.py:28}}
Sep 04 23:19:41 user devstack@keystone.service[44373]: DEBUG keystone.server.flask.request_processing.req_logging [None req-095bbd94-73b6-47dc-8b07-1a875fcddbaf admin admin] PATH_INFO: `/v3/projects/ec486013ab25483999e5f2ccf38b313f` {{(pid=44373) log_request_info /opt/stack/keystone/keystone/server/flask/request_processing/req_logging.py:29}}
Sep 04 23:19:41 user devstack@keystone.service[44373]: DEBUG keystone.common.rbac_enforcer.enforcer [None req-095bbd94-73b6-47dc-8b07-1a875fcddbaf admin admin] RBAC: Authorizing `identity:get_project(project_id=ec486013ab25483999e5f2ccf38b313f)` {{(pid=44373) enforce_call /opt/stack/keystone/keystone/common/rbac_enforcer/enforcer.py:449}}
Sep 04 23:19:41 user devstack@keystone.service[44373]: DEBUG keystone.common.rbac_enforcer.enforcer [None req-095bbd94-73b6-47dc-8b07-1a875fcddbaf admin admin] RBAC: Authorization granted {{(pid=44373) enforce_call /opt/stack/keystone/keystone/common/rbac_enforcer/enforcer.py:457}}
Sep 04 23:19:41 user devstack@keystone.service[44373]: [pid: 44373|app: 0|req: 95/296] 10.0.0.210 () {56 vars in 1202 bytes} [Mon Sep 4 23:19:41 2023] GET /identity/v3/projects/ec486013ab25483999e5f2ccf38b313f => generated 343 bytes in 21 msecs (HTTP/1.1 200) 5 headers in 177 bytes (1 switches on core 0)
Sep 04 23:19:41 user devstack@keystone.service[44371]: DEBUG keystone.server.flask.request_processing.middleware.auth_context [None req-e2b683d1-4e5d-4d07-940f-c670e94a5460 admin admin] Authenticating user token {{(pid=44371) process_request /opt/stack/data/venv/lib/python3.10/site-packages/keystonemiddleware/auth_token/__init__.py:406}}
Sep 04 23:19:41 user devstack@keystone.service[44371]: DEBUG keystone.server.flask.request_processing.middleware.auth_context [None req-e2b683d1-4e5d-4d07-940f-c670e94a5460 admin admin] Validating token access rules against request {{(pid=44371) validate_allowed_request /opt/stack/data/venv/lib/python3.10/site-packages/keystonemiddleware/auth_token/__init__.py:544}}
Sep 04 23:19:41 user devstack@keystone.service[44371]: DEBUG keystone.server.flask.request_processing.middleware.auth_context [None req-067a40a2-fb6c-4880-8f53-5671c642f07f admin admin] RBAC: auth_context: {'token': , 'domain_id': None, 'trust_id': None, 'trustor_id': None, 'trustee_id': None, 'domain_name': None, 'group_ids': [], 'user_id': 'e8e0754d260d4fe9a6815d425edefd67', 'user_domain_id': 'default', 'system_scope': None, 'project_id': 'ec486013ab25483999e5f2ccf38b313f', 'project_domain_id': 'default', 'roles': ['admin', 'member', 'reader'], 'is_admin_project': True, 'service_user_id': None, 'service_user_domain_id': None, 'service_project_id': None, 'service_project_domain_id': None, 'service_roles': []} {{(pid=44371) fill_context /opt/stack/keystone/keystone/server/flask/request_processing/middleware/auth_context.py:480}}
Sep 04 23:19:41 user devstack@keystone.service[44371]: DEBUG keystone.server.flask.request_processing.req_logging [None req-067a40a2-fb6c-4880-8f53-5671c642f07f admin admin] REQUEST_METHOD: `PUT` {{(pid=44371) log_request_info /opt/stack/keystone/keystone/server/flask/request_processing/req_logging.py:27}}
Sep 04 23:19:41 user devstack@keystone.service[44371]: DEBUG keystone.server.flask.request_processing.req_logging [None req-067a40a2-fb6c-4880-8f53-5671c642f07f admin admin] SCRIPT_NAME: `/identity` {{(pid=44371) log_request_info /opt/stack/keystone/keystone/server/flask/request_processing/req_logging.py:28}}
Sep 04 23:19:41 user devstack@keystone.service[44371]: DEBUG keystone.server.flask.request_processing.req_logging [None req-067a40a2-fb6c-4880-8f53-5671c642f07f admin admin] PATH_INFO: `/v3/projects/ec486013ab25483999e5f2ccf38b313f/groups/f97912b008a94779987f44c87684d705/roles/e2c8848093384110bf12d399a367a473` {{(pid=44371) log_request_info /opt/stack/keystone/keystone/server/flask/request_processing/req_logging.py:29}}
Sep 04 23:19:41 user devstack@keystone.service[44371]: DEBUG keystone.common.rbac_enforcer.enforcer [None req-067a40a2-fb6c-4880-8f53-5671c642f07f admin admin] RBAC: Authorizing `identity:create_grant(project_id=ec486013ab25483999e5f2ccf38b313f, group_id=f97912b008a94779987f44c87684d705, role_id=e2c8848093384110bf12d399a367a473)` {{(pid=44371) enforce_call /opt/stack/keystone/keystone/common/rbac_enforcer/enforcer.py:449}}
Sep 04 23:19:41 user devstack@keystone.service[44371]: WARNING py.warnings [None req-067a40a2-fb6c-4880-8f53-5671c642f07f admin admin] /opt/stack/data/venv/lib/python3.10/site-packages/oslo_policy/policy.py:1130: UserWarning: Policy "identity:create_grant": "(role:admin and system_scope:all) or ((role:admin and domain_id:%(target.user.domain_id)s and domain_id:%(target.project.domain_id)s) or (role:admin and domain_id:%(target.user.domain_id)s and domain_id:%(target.domain.id)s) or (role:admin and domain_id:%(target.group.domain_id)s and domain_id:%(target.project.domain_id)s) or (role:admin and domain_id:%(target.group.domain_id)s and domain_id:%(target.domain.id)s)) and (domain_id:%(target.role.domain_id)s or None:%(target.role.domain_id)s)" failed scope check. The token used to make the request was project scoped but the policy requires ['system', 'domain'] scope. This behavior may change in the future where using the intended scope is required
Sep 04 23:19:41 user devstack@keystone.service[44371]: warnings.warn(msg)
Sep 04 23:19:41 user devstack@keystone.service[44371]:
Sep 04 23:19:41 user devstack@keystone.service[44371]: DEBUG keystone.common.rbac_enforcer.enforcer [None req-067a40a2-fb6c-4880-8f53-5671c642f07f admin admin] RBAC: Authorization granted {{(pid=44371) enforce_call /opt/stack/keystone/keystone/common/rbac_enforcer/enforcer.py:457}}
Sep 04 23:19:41 user devstack@keystone.service[44372]: DEBUG keystone.server.flask.request_processing.middleware.auth_context [None req-08102c0a-3611-4940-a51d-16a1de02d2c0 admin admin] Validating token access rules against request {{(pid=44372) validate_allowed_request /opt/stack/data/venv/lib/python3.10/site-packages/keystonemiddleware/auth_token/__init__.py:544}}
Sep 04 23:19:41 user devstack@keystone.service[44371]: [pid: 44371|app: 0|req: 105/297] 10.0.0.210 () {58 vars in 1458 bytes} [Mon Sep 4 23:19:41 2023] PUT /identity/v3/projects/ec486013ab25483999e5f2ccf38b313f/groups/f97912b008a94779987f44c87684d705/roles/e2c8848093384110bf12d399a367a473 => generated 0 bytes in 43 msecs (HTTP/1.1 204) 3 headers in 132 bytes (0 switches on core 0)
Sep 04 23:19:41 user devstack@keystone.service[44372]: DEBUG keystone.server.flask.request_processing.middleware.auth_context [None req-6e318421-b921-4fb4-86e9-44129bc570e6 None admin] RBAC: auth_context: {'token': , 'domain_id': None, 'trust_id': None, 'trustor_id': None, 'trustee_id': None, 'domain_name': None, 'group_ids': [], 'user_id': 'e8e0754d260d4fe9a6815d425edefd67', 'user_domain_id': 'default', 'system_scope': 'all', 'project_id': None, 'project_domain_id': None, 'roles': ['admin', 'member', 'reader'], 'is_admin_project': True, 'service_user_id': None, 'service_user_domain_id': None, 'service_project_id': None, 'service_project_domain_id': None, 'service_roles': []} {{(pid=44372) fill_context /opt/stack/keystone/keystone/server/flask/request_processing/middleware/auth_context.py:480}}
Sep 04 23:19:41 user devstack@keystone.service[44372]: DEBUG keystone.server.flask.request_processing.req_logging [None req-6e318421-b921-4fb4-86e9-44129bc570e6 None admin] REQUEST_METHOD: `GET` {{(pid=44372) log_request_info /opt/stack/keystone/keystone/server/flask/request_processing/req_logging.py:27}}
Sep 04 23:19:41 user devstack@keystone.service[44372]: DEBUG keystone.server.flask.request_processing.req_logging [None req-6e318421-b921-4fb4-86e9-44129bc570e6 None admin] SCRIPT_NAME: `/identity` {{(pid=44372) log_request_info /opt/stack/keystone/keystone/server/flask/request_processing/req_logging.py:28}}
Sep 04 23:19:41 user devstack@keystone.service[44372]: DEBUG keystone.server.flask.request_processing.req_logging [None req-6e318421-b921-4fb4-86e9-44129bc570e6 None admin] PATH_INFO: `/v3/role_assignments` {{(pid=44372) log_request_info /opt/stack/keystone/keystone/server/flask/request_processing/req_logging.py:29}}
Sep 04 23:19:41 user devstack@keystone.service[44372]: DEBUG keystone.common.rbac_enforcer.enforcer [None req-6e318421-b921-4fb4-86e9-44129bc570e6 None admin] RBAC: Adding query filter params (role.id=67d1061bc252420a94a153e0fbf987a7, user.id=97a5d40d40594458931d5f025ca4a65c, scope.system=all) {{(pid=44372) _extract_filter_values /opt/stack/keystone/keystone/common/rbac_enforcer/enforcer.py:167}}
Sep 04 23:19:41 user devstack@keystone.service[44372]: DEBUG keystone.common.rbac_enforcer.enforcer [None req-6e318421-b921-4fb4-86e9-44129bc570e6 None admin] RBAC: Authorizing `identity:list_role_assignments()` {{(pid=44372) enforce_call /opt/stack/keystone/keystone/common/rbac_enforcer/enforcer.py:449}}
Sep 04 23:19:41 user devstack@keystone.service[44372]: DEBUG keystone.common.rbac_enforcer.enforcer [None req-6e318421-b921-4fb4-86e9-44129bc570e6 None admin] RBAC: Authorization granted {{(pid=44372) enforce_call /opt/stack/keystone/keystone/common/rbac_enforcer/enforcer.py:457}}
