Sep 04 23:19:43 user devstack@keystone.service[44372]: ERROR keystone.server.flask.application [None req-d3089430-2341-4359-9654-3291838445fb None admin] Could not find role: admin.: keystone.exception.RoleNotFound: Could not find role: admin.
Sep 04 23:19:43 user devstack@keystone.service[44372]: ERROR keystone.server.flask.application
Traceback (most recent call last):
Sep 04 23:19:43 user devstack@keystone.service[44372]: ERROR keystone.server.flask.application
File "/opt/stack/data/venv/lib/python3.10/site-packages/flask/app.py", line 1823, in full_dispatch_request
Sep 04 23:19:43 user devstack@keystone.service[44372]: ERROR keystone.server.flask.application rv = self.dispatch_request()
Sep 04 23:19:43 user devstack@keystone.service[44372]: ERROR keystone.server.flask.application
File "/opt/stack/data/venv/lib/python3.10/site-packages/flask/app.py", line 1799, in dispatch_request
Sep 04 23:19:43 user devstack@keystone.service[44372]: ERROR keystone.server.flask.application return self.ensure_sync(self.view_functions[rule.endpoint])(**view_args)
Sep 04 23:19:43 user devstack@keystone.service[44372]: ERROR keystone.server.flask.application
File "/opt/stack/data/venv/lib/python3.10/site-packages/flask_restful/__init__.py", line 467, in wrapper
Sep 04 23:19:43 user devstack@keystone.service[44372]: ERROR keystone.server.flask.application resp = resource(*args, **kwargs)
Sep 04 23:19:43 user devstack@keystone.service[44372]: ERROR keystone.server.flask.application
File "/opt/stack/data/venv/lib/python3.10/site-packages/flask/views.py", line 107, in view
Sep 04 23:19:43 user devstack@keystone.service[44372]: ERROR keystone.server.flask.application return current_app.ensure_sync(self.dispatch_request)(**kwargs)
Sep 04 23:19:43 user devstack@keystone.service[44372]: ERROR keystone.server.flask.application
File "/opt/stack/data/venv/lib/python3.10/site-packages/flask_restful/__init__.py", line 582, in dispatch_request
Sep 04 23:19:43 user devstack@keystone.service[44372]: ERROR keystone.server.flask.application resp = meth(*args, **kwargs)
Sep 04 23:19:43 user devstack@keystone.service[44372]: ERROR keystone.server.flask.application
File "/opt/stack/keystone/keystone/api/roles.py", line 50, in get
Sep 04 23:19:43 user devstack@keystone.service[44372]: ERROR keystone.server.flask.application return self._get_role(role_id)
Sep 04 23:19:43 user devstack@keystone.service[44372]: ERROR keystone.server.flask.application
File "/opt/stack/keystone/keystone/api/roles.py", line 70, in _get_role
Sep 04 23:19:43 user devstack@keystone.service[44372]: ERROR keystone.server.flask.application ENFORCER.enforce_call(action='identity:get_role')
Sep 04 23:19:43 user devstack@keystone.service[44372]: ERROR keystone.server.flask.application
File "/opt/stack/keystone/keystone/common/rbac_enforcer/enforcer.py", line 402, in enforce_call
Sep 04 23:19:43 user devstack@keystone.service[44372]: ERROR keystone.server.flask.application policy_dict.update(cls._extract_member_target_data(
Sep 04 23:19:43 user devstack@keystone.service[44372]: ERROR keystone.server.flask.application
File "/opt/stack/keystone/keystone/common/rbac_enforcer/enforcer.py", line 234, in _extract_member_target_data
Sep 04 23:19:43 user devstack@keystone.service[44372]: ERROR keystone.server.flask.application member_name: func(flask.request.view_args[key])
Sep 04 23:19:43 user devstack@keystone.service[44372]: ERROR keystone.server.flask.application
File "/opt/stack/keystone/keystone/common/manager.py", line 115, in wrapped
Sep 04 23:19:43 user devstack@keystone.service[44372]: ERROR keystone.server.flask.application __ret_val = __f(*args, **kwargs)
Sep 04 23:19:43 user devstack@keystone.service[44372]: ERROR keystone.server.flask.application
File "/opt/stack/data/venv/lib/python3.10/site-packages/decorator.py", line 232, in fun
Sep 04 23:19:43 user devstack@keystone.service[44372]: ERROR keystone.server.flask.application return caller(func, *(extras + args), **kw)
Sep 04 23:19:43 user devstack@keystone.service[44372]: ERROR keystone.server.flask.application
File "/opt/stack/data/venv/lib/python3.10/site-packages/dogpile/cache/region.py", line 1577, in get_or_create_for_user_func
Sep 04 23:19:43 user devstack@keystone.service[44372]: ERROR keystone.server.flask.application return self.get_or_create(
Sep 04 23:19:43 user devstack@keystone.service[44372]: ERROR keystone.server.flask.application
File "/opt/stack/data/venv/lib/python3.10/site-packages/dogpile/cache/region.py", line 1042, in get_or_create
Sep 04 23:19:43 user devstack@keystone.service[44372]: ERROR keystone.server.flask.application with Lock(
Sep 04 23:19:43 user devstack@keystone.service[44372]: ERROR keystone.server.flask.application
File "/opt/stack/data/venv/lib/python3.10/site-packages/dogpile/lock.py", line 185, in __enter__
Sep 04 23:19:43 user devstack@keystone.service[44372]: ERROR keystone.server.flask.application return self._enter()
Sep 04 23:19:43 user devstack@keystone.service[44372]: ERROR keystone.server.flask.application
File "/opt/stack/data/venv/lib/python3.10/site-packages/dogpile/lock.py", line 94, in _enter
Sep 04 23:19:43 user devstack@keystone.service[44372]: ERROR keystone.server.flask.application generated = self._enter_create(value, createdtime)
Sep 04 23:19:43 user devstack@keystone.service[44372]: ERROR keystone.server.flask.application
File "/opt/stack/data/venv/lib/python3.10/site-packages/dogpile/lock.py", line 178, in _enter_create
Sep 04 23:19:43 user devstack@keystone.service[44372]: ERROR keystone.server.flask.application return self.creator()
Sep 04 23:19:43 user devstack@keystone.service[44372]: ERROR keystone.server.flask.application
File "/opt/stack/data/venv/lib/python3.10/site-packages/dogpile/cache/region.py", line 995, in gen_value
Sep 04 23:19:43 user devstack@keystone.service[44372]: ERROR keystone.server.flask.application created_value = creator(
Sep 04 23:19:43 user devstack@keystone.service[44372]: ERROR keystone.server.flask.application
File "/opt/stack/keystone/keystone/assignment/core.py", line 1276, in get_role
Sep 04 23:19:43 user devstack@keystone.service[44372]: ERROR keystone.server.flask.application return self.driver.get_role(role_id)
Sep 04 23:19:43 user devstack@keystone.service[44372]: ERROR keystone.server.flask.application
File "/opt/stack/keystone/keystone/assignment/role_backends/sql.py", line 70, in get_role
Sep 04 23:19:43 user devstack@keystone.service[44372]: ERROR keystone.server.flask.application return self._get_role(session, role_id).to_dict()
Sep 04 23:19:43 user devstack@keystone.service[44372]: ERROR keystone.server.flask.application
File "/opt/stack/keystone/keystone/assignment/role_backends/sql.py", line 65, in _get_role
Sep 04 23:19:43 user devstack@keystone.service[44372]: ERROR keystone.server.flask.application raise exception.RoleNotFound(role_id=role_id)
Sep 04 23:19:43 user devstack@keystone.service[44372]: ERROR keystone.server.flask.application keystone.exception.RoleNotFound: Could not find role: admin.
Sep 04 23:19:43 user devstack@keystone.service[44372]: ERROR keystone.server.flask.application
Sep 04 23:19:43 user devstack@keystone.service[44372]: [pid: 44372|app: 0|req: 107/323] 10.0.0.210 () {56 vars in 1091 bytes} [Mon Sep 4 23:19:43 2023] GET /identity/v3/roles/admin => generated 83 bytes in 136 msecs (HTTP/1.1 404) 5 headers in 183 bytes (1 switches on core 0)
Sep 04 23:19:43 user devstack@keystone.service[44372]: DEBUG keystone.server.flask.request_processing.middleware.auth_context [None req-d3089430-2341-4359-9654-3291838445fb None admin] Authenticating user token {{(pid=44372) process_request /opt/stack/data/venv/lib/python3.10/site-packages/keystonemiddleware/auth_token/__init__.py:406}}
Sep 04 23:19:43 user devstack@keystone.service[44371]: [pid: 44371|app: 0|req: 113/324] 10.0.0.210 () {58 vars in 1277 bytes} [Mon Sep 4 23:19:43 2023] GET /identity/v3/auth/tokens => generated 798 bytes in 277 msecs (HTTP/1.1 200) 6 headers in 358 bytes (1 switches on core 0)
Sep 04 23:19:43 user devstack@keystone.service[44371]: DEBUG keystone.server.flask.request_processing.middleware.auth_context [None req-c3ae1732-4c29-44f4-a774-5815f9840c05 None admin] Authenticating user token {{(pid=44371) process_request /opt/stack/data/venv/lib/python3.10/site-packages/keystonemiddleware/auth_token/__init__.py:406}}
Sep 04 23:19:43 user devstack@keystone.service[44373]: DEBUG keystone.server.flask.request_processing.middleware.auth_context [None req-eb1bd6c7-78fd-4400-a756-f205e6a50b86 None admin] Validating token access rules against request {{(pid=44373) validate_allowed_request /opt/stack/data/venv/lib/python3.10/site-packages/keystonemiddleware/auth_token/__init__.py:544}}
Sep 04 23:19:43 user devstack@keystone.service[44372]: DEBUG keystone.server.flask.request_processing.middleware.auth_context [None req-d3089430-2341-4359-9654-3291838445fb None admin] Validating token access rules against request {{(pid=44372) validate_allowed_request /opt/stack/data/venv/lib/python3.10/site-packages/keystonemiddleware/auth_token/__init__.py:544}}
Sep 04 23:19:43 user devstack@keystone.service[44373]: DEBUG keystone.server.flask.request_processing.middleware.auth_context [None req-3e584a29-2b5b-485f-96a5-2dbca9e0ee66 None admin] RBAC: auth_context: {'token': , 'domain_id': None, 'trust_id': None, 'trustor_id': None, 'trustee_id': None, 'domain_name': None, 'group_ids': [], 'user_id': 'e8e0754d260d4fe9a6815d425edefd67', 'user_domain_id': 'default', 'system_scope': 'all', 'project_id': None, 'project_domain_id': None, 'roles': ['admin', 'member', 'reader'], 'is_admin_project': True, 'service_user_id': None, 'service_user_domain_id': None, 'service_project_id': None, 'service_project_domain_id': None, 'service_roles': []} {{(pid=44373) fill_context /opt/stack/keystone/keystone/server/flask/request_processing/middleware/auth_context.py:480}}
Sep 04 23:19:43 user devstack@keystone.service[44373]: DEBUG keystone.server.flask.request_processing.req_logging [None req-3e584a29-2b5b-485f-96a5-2dbca9e0ee66 None admin] REQUEST_METHOD: `GET` {{(pid=44373) log_request_info /opt/stack/keystone/keystone/server/flask/request_processing/req_logging.py:27}}
Sep 04 23:19:43 user devstack@keystone.service[44373]: DEBUG keystone.server.flask.request_processing.req_logging [None req-3e584a29-2b5b-485f-96a5-2dbca9e0ee66 None admin] SCRIPT_NAME: `/identity` {{(pid=44373) log_request_info /opt/stack/keystone/keystone/server/flask/request_processing/req_logging.py:28}}
Sep 04 23:19:43 user devstack@keystone.service[44373]: DEBUG keystone.server.flask.request_processing.req_logging [None req-3e584a29-2b5b-485f-96a5-2dbca9e0ee66 None admin] PATH_INFO: `/v3/auth/tokens` {{(pid=44373) log_request_info /opt/stack/keystone/keystone/server/flask/request_processing/req_logging.py:29}}
Sep 04 23:19:43 user devstack@keystone.service[44372]: DEBUG keystone.server.flask.request_processing.middleware.auth_context [None req-df641193-ba62-4498-be09-0712373be26e None admin] RBAC: auth_context: {'token': , 'domain_id': None, 'trust_id': None, 'trustor_id': None, 'trustee_id': None, 'domain_name': None, 'group_ids': [], 'user_id': 'e8e0754d260d4fe9a6815d425edefd67', 'user_domain_id': 'default', 'system_scope': 'all', 'project_id': None, 'project_domain_id': None, 'roles': ['admin', 'member', 'reader'], 'is_admin_project': True, 'service_user_id': None, 'service_user_domain_id': None, 'service_project_id': None, 'service_project_domain_id': None, 'service_roles': []} {{(pid=44372) fill_context /opt/stack/keystone/keystone/server/flask/request_processing/middleware/auth_context.py:480}}
Sep 04 23:19:43 user devstack@keystone.service[44372]: DEBUG keystone.server.flask.request_processing.req_logging [None req-df641193-ba62-4498-be09-0712373be26e None admin] REQUEST_METHOD: `GET` {{(pid=44372) log_request_info /opt/stack/keystone/keystone/server/flask/request_processing/req_logging.py:27}}
Sep 04 23:19:43 user devstack@keystone.service[44372]: DEBUG keystone.server.flask.request_processing.req_logging [None req-df641193-ba62-4498-be09-0712373be26e None admin] SCRIPT_NAME: `/identity` {{(pid=44372) log_request_info /opt/stack/keystone/keystone/server/flask/request_processing/req_logging.py:28}}
Sep 04 23:19:43 user devstack@keystone.service[44372]: DEBUG keystone.server.flask.request_processing.req_logging [None req-df641193-ba62-4498-be09-0712373be26e None admin] PATH_INFO: `/v3/groups/4cfef602fa4e4375a9ceb91830983bd3` {{(pid=44372) log_request_info /opt/stack/keystone/keystone/server/flask/request_processing/req_logging.py:29}}
Sep 04 23:19:43 user devstack@keystone.service[44372]: DEBUG keystone.common.rbac_enforcer.enforcer [None req-df641193-ba62-4498-be09-0712373be26e None admin] RBAC: Authorizing `identity:get_group(group_id=4cfef602fa4e4375a9ceb91830983bd3)` {{(pid=44372) enforce_call /opt/stack/keystone/keystone/common/rbac_enforcer/enforcer.py:449}}
Sep 04 23:19:43 user devstack@keystone.service[44372]: DEBUG keystone.common.rbac_enforcer.enforcer [None req-df641193-ba62-4498-be09-0712373be26e None admin] RBAC: Authorization granted {{(pid=44372) enforce_call /opt/stack/keystone/keystone/common/rbac_enforcer/enforcer.py:457}}
Sep 04 23:19:43 user devstack@keystone.service[44372]: [pid: 44372|app: 0|req: 108/325] 10.0.0.210 () {56 vars in 1175 bytes} [Mon Sep 4 23:19:43 2023] GET /identity/v3/groups/4cfef602fa4e4375a9ceb91830983bd3 => generated 225 bytes in 120 msecs (HTTP/1.1 200) 5 headers in 177 bytes (1 switches on core 0)
Sep 04 23:19:43 user devstack@keystone.service[44372]: DEBUG keystone.server.flask.request_processing.middleware.auth_context [None req-df641193-ba62-4498-be09-0712373be26e None admin] Authenticating user token {{(pid=44372) process_request /opt/stack/data/venv/lib/python3.10/site-packages/keystonemiddleware/auth_token/__init__.py:406}}
Sep 04 23:19:43 user devstack@keystone.service[44371]: DEBUG keystone.server.flask.request_processing.middleware.auth_context [None req-c3ae1732-4c29-44f4-a774-5815f9840c05 None admin] Validating token access rules against request {{(pid=44371) validate_allowed_request /opt/stack/data/venv/lib/python3.10/site-packages/keystonemiddleware/auth_token/__init__.py:544}}
Sep 04 23:19:43 user devstack@keystone.service[44373]: DEBUG keystone.common.rbac_enforcer.enforcer [None req-3e584a29-2b5b-485f-96a5-2dbca9e0ee66 None admin] RBAC: Authorizing `identity:validate_token()` {{(pid=44373) enforce_call /opt/stack/keystone/keystone/common/rbac_enforcer/enforcer.py:449}}
Sep 04 23:19:43 user devstack@keystone.service[44373]: DEBUG keystone.common.rbac_enforcer.enforcer [None req-3e584a29-2b5b-485f-96a5-2dbca9e0ee66 None admin] RBAC: Authorization granted {{(pid=44373) enforce_call /opt/stack/keystone/keystone/common/rbac_enforcer/enforcer.py:457}}
Sep 04 23:19:43 user devstack@keystone.service[44371]: DEBUG keystone.server.flask.request_processing.middleware.auth_context [None req-3d118796-8a17-4f58-974f-8c6c8d682257 None admin] RBAC: auth_context: {'token': , 'domain_id': None, 'trust_id': None, 'trustor_id': None, 'trustee_id': None, 'domain_name': None, 'group_ids': [], 'user_id': 'e8e0754d260d4fe9a6815d425edefd67', 'user_domain_id': 'default', 'system_scope': 'all', 'project_id': None, 'project_domain_id': None, 'roles': ['admin', 'member', 'reader'], 'is_admin_project': True, 'service_user_id': None, 'service_user_domain_id': None, 'service_project_id': None, 'service_project_domain_id': None, 'service_roles': []} {{(pid=44371) fill_context /opt/stack/keystone/keystone/server/flask/request_processing/middleware/auth_context.py:480}}
Sep 04 23:19:43 user devstack@keystone.service[44371]: DEBUG keystone.server.flask.request_processing.req_logging [None req-3d118796-8a17-4f58-974f-8c6c8d682257 None admin] REQUEST_METHOD: `GET` {{(pid=44371) log_request_info /opt/stack/keystone/keystone/server/flask/request_processing/req_logging.py:27}}
Sep 04 23:19:43 user devstack@keystone.service[44371]: DEBUG keystone.server.flask.request_processing.req_logging [None req-3d118796-8a17-4f58-974f-8c6c8d682257 None admin] SCRIPT_NAME: `/identity` {{(pid=44371) log_request_info /opt/stack/keystone/keystone/server/flask/request_processing/req_logging.py:28}}
Sep 04 23:19:43 user devstack@keystone.service[44371]: DEBUG keystone.server.flask.request_processing.req_logging [None req-3d118796-8a17-4f58-974f-8c6c8d682257 None admin] PATH_INFO: `/v3/roles` {{(pid=44371) log_request_info /opt/stack/keystone/keystone/server/flask/request_processing/req_logging.py:29}}
Sep 04 23:19:43 user devstack@keystone.service[44371]: DEBUG keystone.common.rbac_enforcer.enforcer [None req-3d118796-8a17-4f58-974f-8c6c8d682257 None admin] RBAC: Adding query filter params (name=admin) {{(pid=44371) _extract_filter_values /opt/stack/keystone/keystone/common/rbac_enforcer/enforcer.py:167}}
Sep 04 23:19:43 user devstack@keystone.service[44371]: DEBUG keystone.common.rbac_enforcer.enforcer [None req-3d118796-8a17-4f58-974f-8c6c8d682257 None admin] RBAC: Authorizing `identity:list_roles()` {{(pid=44371) enforce_call /opt/stack/keystone/keystone/common/rbac_enforcer/enforcer.py:449}}
Sep 04 23:19:43 user devstack@keystone.service[44371]: DEBUG keystone.common.rbac_enforcer.enforcer [None req-3d118796-8a17-4f58-974f-8c6c8d682257 None admin] RBAC: Authorization granted {{(pid=44371) enforce_call /opt/stack/keystone/keystone/common/rbac_enforcer/enforcer.py:457}}
Sep 04 23:19:43 user devstack@keystone.service[44371]: [pid: 44371|app: 0|req: 114/326] 10.0.0.210 () {56 vars in 1094 bytes} [Mon Sep 4 23:19:43 2023] GET /identity/v3/roles?name=admin => generated 337 bytes in 138 msecs (HTTP/1.1 200) 5 headers in 177 bytes (1 switches on core 0)
Sep 04 23:19:43 user devstack@keystone.service[44371]: DEBUG keystone.server.flask.request_processing.middleware.auth_context [None req-3d118796-8a17-4f58-974f-8c6c8d682257 None admin] Authenticating user token {{(pid=44371) process_request /opt/stack/data/venv/lib/python3.10/site-packages/keystonemiddleware/auth_token/__init__.py:406}}
Sep 04 23:19:43 user devstack@keystone.service[44372]: DEBUG keystone.server.flask.request_processing.middleware.auth_context [None req-df641193-ba62-4498-be09-0712373be26e None admin] Validating token access rules against request {{(pid=44372) validate_allowed_request /opt/stack/data/venv/lib/python3.10/site-packages/keystonemiddleware/auth_token/__init__.py:544}}
Sep 04 23:19:43 user devstack@keystone.service[44372]: DEBUG keystone.server.flask.request_processing.middleware.auth_context [None req-8dca2240-df71-422f-9466-53a20c3c0c79 None admin] RBAC: auth_context: {'token': , 'domain_id': None, 'trust_id': None, 'trustor_id': None, 'trustee_id': None, 'domain_name': None, 'group_ids': [], 'user_id': 'e8e0754d260d4fe9a6815d425edefd67', 'user_domain_id': 'default', 'system_scope': 'all', 'project_id': None, 'project_domain_id': None, 'roles': ['admin', 'member', 'reader'], 'is_admin_project': True, 'service_user_id': None, 'service_user_domain_id': None, 'service_project_id': None, 'service_project_domain_id': None, 'service_roles': []} {{(pid=44372) fill_context /opt/stack/keystone/keystone/server/flask/request_processing/middleware/auth_context.py:480}}
Sep 04 23:19:43 user devstack@keystone.service[44372]: DEBUG keystone.server.flask.request_processing.req_logging [None req-8dca2240-df71-422f-9466-53a20c3c0c79 None admin] REQUEST_METHOD: `GET` {{(pid=44372) log_request_info /opt/stack/keystone/keystone/server/flask/request_processing/req_logging.py:27}}
Sep 04 23:19:43 user devstack@keystone.service[44372]: DEBUG keystone.server.flask.request_processing.req_logging [None req-8dca2240-df71-422f-9466-53a20c3c0c79 None admin] SCRIPT_NAME: `/identity` {{(pid=44372) log_request_info /opt/stack/keystone/keystone/server/flask/request_processing/req_logging.py:28}}
Sep 04 23:19:43 user devstack@keystone.service[44372]: DEBUG keystone.server.flask.request_processing.req_logging [None req-8dca2240-df71-422f-9466-53a20c3c0c79 None admin] PATH_INFO: `/v3/projects/f6d7b1fac77145698961f506788818b7` {{(pid=44372) log_request_info /opt/stack/keystone/keystone/server/flask/request_processing/req_logging.py:29}}
Sep 04 23:19:43 user devstack@keystone.service[44373]: [pid: 44373|app: 0|req: 105/327] 10.0.0.210 () {58 vars in 1277 bytes} [Mon Sep 4 23:19:43 2023] GET /identity/v3/auth/tokens => generated 798 bytes in 269 msecs (HTTP/1.1 200) 6 headers in 358 bytes (1 switches on core 0)
Sep 04 23:19:43 user devstack@keystone.service[44372]: DEBUG keystone.common.rbac_enforcer.enforcer [None req-8dca2240-df71-422f-9466-53a20c3c0c79 None admin] RBAC: Authorizing `identity:get_project(project_id=f6d7b1fac77145698961f506788818b7)` {{(pid=44372) enforce_call /opt/stack/keystone/keystone/common/rbac_enforcer/enforcer.py:449}}
Sep 04 23:19:43 user devstack@keystone.service[44373]: DEBUG keystone.server.flask.request_processing.middleware.auth_context [None req-3e584a29-2b5b-485f-96a5-2dbca9e0ee66 None admin] Authenticating user token {{(pid=44373) process_request /opt/stack/data/venv/lib/python3.10/site-packages/keystonemiddleware/auth_token/__init__.py:406}}
Sep 04 23:19:43 user devstack@keystone.service[44372]: DEBUG keystone.common.rbac_enforcer.enforcer [None req-8dca2240-df71-422f-9466-53a20c3c0c79 None admin] RBAC: Authorization granted {{(pid=44372) enforce_call /opt/stack/keystone/keystone/common/rbac_enforcer/enforcer.py:457}}
Sep 04 23:19:43 user devstack@keystone.service[44372]: [pid: 44372|app: 0|req: 109/328] 10.0.0.210 () {56 vars in 1181 bytes} [Mon Sep 4 23:19:43 2023] GET /identity/v3/projects/f6d7b1fac77145698961f506788818b7 => generated 301 bytes in 130 msecs (HTTP/1.1 200) 5 headers in 177 bytes (1 switches on core 0)
Sep 04 23:19:43 user devstack@keystone.service[44372]: DEBUG keystone.server.flask.request_processing.middleware.auth_context [None req-8dca2240-df71-422f-9466-53a20c3c0c79 None admin] Authenticating user token {{(pid=44372) process_request /opt/stack/data/venv/lib/python3.10/site-packages/keystonemiddleware/auth_token/__init__.py:406}}
Sep 04 23:19:43 user devstack@keystone.service[44371]: DEBUG keystone.server.flask.request_processing.middleware.auth_context [None req-3d118796-8a17-4f58-974f-8c6c8d682257 None admin] Validating token access rules against request {{(pid=44371) validate_allowed_request /opt/stack/data/venv/lib/python3.10/site-packages/keystonemiddleware/auth_token/__init__.py:544}}
Sep 04 23:19:43 user devstack@keystone.service[44373]: DEBUG keystone.server.flask.request_processing.middleware.auth_context [None req-3e584a29-2b5b-485f-96a5-2dbca9e0ee66 None admin] Validating token access rules against request {{(pid=44373) validate_allowed_request /opt/stack/data/venv/lib/python3.10/site-packages/keystonemiddleware/auth_token/__init__.py:544}}
Sep 04 23:19:43 user devstack@keystone.service[44372]: DEBUG keystone.server.flask.request_processing.middleware.auth_context [None req-8dca2240-df71-422f-9466-53a20c3c0c79 None admin] Validating token access rules against request {{(pid=44372) validate_allowed_request /opt/stack/data/venv/lib/python3.10/site-packages/keystonemiddleware/auth_token/__init__.py:544}}
Sep 04 23:19:43 user devstack@keystone.service[44371]: DEBUG keystone.server.flask.request_processing.middleware.auth_context [None req-6ad775ec-bc30-42a7-8399-939102ce038a None admin] RBAC: auth_context: {'token': , 'domain_id': None, 'trust_id': None, 'trustor_id': None, 'trustee_id': None, 'domain_name': None, 'group_ids': [], 'user_id': 'e8e0754d260d4fe9a6815d425edefd67', 'user_domain_id': 'default', 'system_scope': 'all', 'project_id': None, 'project_domain_id': None, 'roles': ['admin', 'member', 'reader'], 'is_admin_project': True, 'service_user_id': None, 'service_user_domain_id': None, 'service_project_id': None, 'service_project_domain_id': None, 'service_roles': []} {{(pid=44371) fill_context /opt/stack/keystone/keystone/server/flask/request_processing/middleware/auth_context.py:480}}
Sep 04 23:19:43 user devstack@keystone.service[44371]: DEBUG keystone.server.flask.request_processing.req_logging [None req-6ad775ec-bc30-42a7-8399-939102ce038a None admin] REQUEST_METHOD: `GET` {{(pid=44371) log_request_info /opt/stack/keystone/keystone/server/flask/request_processing/req_logging.py:27}}
Sep 04 23:19:43 user devstack@keystone.service[44371]: DEBUG keystone.server.flask.request_processing.req_logging [None req-6ad775ec-bc30-42a7-8399-939102ce038a None admin] SCRIPT_NAME: `/identity` {{(pid=44371) log_request_info /opt/stack/keystone/keystone/server/flask/request_processing/req_logging.py:28}}
Sep 04 23:19:43 user devstack@keystone.service[44371]: DEBUG keystone.server.flask.request_processing.req_logging [None req-6ad775ec-bc30-42a7-8399-939102ce038a None admin] PATH_INFO: `/v3/role_assignments` {{(pid=44371) log_request_info /opt/stack/keystone/keystone/server/flask/request_processing/req_logging.py:29}}
Sep 04 23:19:43 user devstack@keystone.service[44371]: DEBUG keystone.common.rbac_enforcer.enforcer [None req-6ad775ec-bc30-42a7-8399-939102ce038a None admin] RBAC: Adding query filter params (group.id=4cfef602fa4e4375a9ceb91830983bd3, role.id=c38f4cf5e393430dabe7a90ace44f623, scope.project.id=8af578df62454470b02f22a8b325d7a4) {{(pid=44371) _extract_filter_values /opt/stack/keystone/keystone/common/rbac_enforcer/enforcer.py:167}}
Sep 04 23:19:43 user devstack@keystone.service[44371]: DEBUG keystone.common.rbac_enforcer.enforcer [None req-6ad775ec-bc30-42a7-8399-939102ce038a None admin] RBAC: Authorizing `identity:list_role_assignments()` {{(pid=44371) enforce_call /opt/stack/keystone/keystone/common/rbac_enforcer/enforcer.py:449}}
Sep 04 23:19:43 user devstack@keystone.service[44371]: DEBUG keystone.common.rbac_enforcer.enforcer [None req-6ad775ec-bc30-42a7-8399-939102ce038a None admin] RBAC: Authorization granted {{(pid=44371) enforce_call /opt/stack/keystone/keystone/common/rbac_enforcer/enforcer.py:457}}
Sep 04 23:19:43 user devstack@keystone.service[44371]: [pid: 44371|app: 0|req: 115/329] 10.0.0.210 () {56 vars in 1371 bytes} [Mon Sep 4 23:19:43 2023] GET /identity/v3/role_assignments?group.id=4cfef602fa4e4375a9ceb91830983bd3&scope.project.id=8af578df62454470b02f22a8b325d7a4&role.id=c38f4cf5e393430dabe7a90ace44f623 => generated 609 bytes in 147 msecs (HTTP/1.1 200) 5 headers in 177 bytes (1 switches on core 0)
Sep 04 23:19:43 user devstack@keystone.service[44371]: DEBUG keystone.server.flask.request_processing.middleware.auth_context [None req-6ad775ec-bc30-42a7-8399-939102ce038a None admin] Authenticating user token {{(pid=44371) process_request /opt/stack/data/venv/lib/python3.10/site-packages/keystonemiddleware/auth_token/__init__.py:406}}
Sep 04 23:19:43 user devstack@keystone.service[44373]: DEBUG keystone.server.flask.request_processing.middleware.auth_context [None req-2ddaf896-5135-484d-bda7-41fbbbea13a8 None admin] RBAC: auth_context: {'token': , 'domain_id': None, 'trust_id': None, 'trustor_id': None, 'trustee_id': None, 'domain_name': None, 'group_ids': [], 'user_id': 'e8e0754d260d4fe9a6815d425edefd67', 'user_domain_id': 'default', 'system_scope': 'all', 'project_id': None, 'project_domain_id': None, 'roles': ['admin', 'member', 'reader'], 'is_admin_project': True, 'service_user_id': None, 'service_user_domain_id': None, 'service_project_id': None, 'service_project_domain_id': None, 'service_roles': []} {{(pid=44373) fill_context /opt/stack/keystone/keystone/server/flask/request_processing/middleware/auth_context.py:480}}
Sep 04 23:19:43 user devstack@keystone.service[44373]: DEBUG keystone.server.flask.request_processing.req_logging [None req-2ddaf896-5135-484d-bda7-41fbbbea13a8 None admin] REQUEST_METHOD: `GET` {{(pid=44373) log_request_info /opt/stack/keystone/keystone/server/flask/request_processing/req_logging.py:27}}
Sep 04 23:19:43 user devstack@keystone.service[44373]: DEBUG keystone.server.flask.request_processing.req_logging [None req-2ddaf896-5135-484d-bda7-41fbbbea13a8 None admin] SCRIPT_NAME: `/identity` {{(pid=44373) log_request_info /opt/stack/keystone/keystone/server/flask/request_processing/req_logging.py:28}}
Sep 04 23:19:43 user devstack@keystone.service[44373]: DEBUG keystone.server.flask.request_processing.req_logging [None req-2ddaf896-5135-484d-bda7-41fbbbea13a8 None admin] PATH_INFO: `/v3/auth/tokens` {{(pid=44373) log_request_info /opt/stack/keystone/keystone/server/flask/request_processing/req_logging.py:29}}
Sep 04 23:19:43 user devstack@keystone.service[44372]: DEBUG keystone.server.flask.request_processing.middleware.auth_context [None req-da32e972-75e8-4e6b-99ba-95ab4b6df3d3 None admin] RBAC: auth_context: {'token': , 'domain_id': None, 'trust_id': None, 'trustor_id': None, 'trustee_id': None, 'domain_name': None, 'group_ids': [], 'user_id': 'e8e0754d260d4fe9a6815d425edefd67', 'user_domain_id': 'default', 'system_scope': 'all', 'project_id': None, 'project_domain_id': None, 'roles': ['admin', 'member', 'reader'], 'is_admin_project': True, 'service_user_id': None, 'service_user_domain_id': None, 'service_project_id': None, 'service_project_domain_id': None, 'service_roles': []} {{(pid=44372) fill_context /opt/stack/keystone/keystone/server/flask/request_processing/middleware/auth_context.py:480}}
Sep 04 23:19:43 user devstack@keystone.service[44372]: DEBUG keystone.server.flask.request_processing.req_logging [None req-da32e972-75e8-4e6b-99ba-95ab4b6df3d3 None admin] REQUEST_METHOD: `GET` {{(pid=44372) log_request_info /opt/stack/keystone/keystone/server/flask/request_processing/req_logging.py:27}}
Sep 04 23:19:43 user devstack@keystone.service[44372]: DEBUG keystone.server.flask.request_processing.req_logging [None req-da32e972-75e8-4e6b-99ba-95ab4b6df3d3 None admin] SCRIPT_NAME: `/identity` {{(pid=44372) log_request_info /opt/stack/keystone/keystone/server/flask/request_processing/req_logging.py:28}}
Sep 04 23:19:43 user devstack@keystone.service[44372]: DEBUG keystone.server.flask.request_processing.req_logging [None req-da32e972-75e8-4e6b-99ba-95ab4b6df3d3 None admin] PATH_INFO: `/v3/projects/f6d7b1fac77145698961f506788818b7` {{(pid=44372) log_request_info /opt/stack/keystone/keystone/server/flask/request_processing/req_logging.py:29}}
Sep 04 23:19:43 user devstack@keystone.service[44372]: DEBUG keystone.common.rbac_enforcer.enforcer [None req-da32e972-75e8-4e6b-99ba-95ab4b6df3d3 None admin] RBAC: Authorizing `identity:get_project(project_id=f6d7b1fac77145698961f506788818b7)` {{(pid=44372) enforce_call /opt/stack/keystone/keystone/common/rbac_enforcer/enforcer.py:449}}
Sep 04 23:19:43 user devstack@keystone.service[44372]: DEBUG keystone.common.rbac_enforcer.enforcer [None req-da32e972-75e8-4e6b-99ba-95ab4b6df3d3 None admin] RBAC: Authorization granted {{(pid=44372) enforce_call /opt/stack/keystone/keystone/common/rbac_enforcer/enforcer.py:457}}
Sep 04 23:19:43 user devstack@keystone.service[44372]: [pid: 44372|app: 0|req: 110/330] 10.0.0.210 () {56 vars in 1181 bytes} [Mon Sep 4 23:19:43 2023] GET /identity/v3/projects/f6d7b1fac77145698961f506788818b7 => generated 301 bytes in 126 msecs (HTTP/1.1 200) 5 headers in 177 bytes (2 switches on core 0)
Sep 04 23:19:43 user devstack@keystone.service[44372]: DEBUG keystone.server.flask.request_processing.middleware.auth_context [None req-da32e972-75e8-4e6b-99ba-95ab4b6df3d3 None admin] Authenticating user token {{(pid=44372) process_request /opt/stack/data/venv/lib/python3.10/site-packages/keystonemiddleware/auth_token/__init__.py:406}}
Sep 04 23:19:43 user devstack@keystone.service[44373]: DEBUG keystone.common.rbac_enforcer.enforcer [None req-2ddaf896-5135-484d-bda7-41fbbbea13a8 None admin] RBAC: Authorizing `identity:validate_token()` {{(pid=44373) enforce_call /opt/stack/keystone/keystone/common/rbac_enforcer/enforcer.py:449}}
Sep 04 23:19:43 user devstack@keystone.service[44373]: DEBUG keystone.common.rbac_enforcer.enforcer [None req-2ddaf896-5135-484d-bda7-41fbbbea13a8 None admin] RBAC: Authorization granted {{(pid=44373) enforce_call /opt/stack/keystone/keystone/common/rbac_enforcer/enforcer.py:457}}
Sep 04 23:19:43 user devstack@keystone.service[44371]: DEBUG keystone.server.flask.request_processing.middleware.auth_context [None req-6ad775ec-bc30-42a7-8399-939102ce038a None admin] Validating token access rules against request {{(pid=44371) validate_allowed_request /opt/stack/data/venv/lib/python3.10/site-packages/keystonemiddleware/auth_token/__init__.py:544}}
Sep 04 23:19:43 user devstack@keystone.service[44372]: DEBUG keystone.server.flask.request_processing.middleware.auth_context [None req-da32e972-75e8-4e6b-99ba-95ab4b6df3d3 None admin] Validating token access rules against request {{(pid=44372) validate_allowed_request /opt/stack/data/venv/lib/python3.10/site-packages/keystonemiddleware/auth_token/__init__.py:544}}
Sep 04 23:19:43 user devstack@keystone.service[44371]: DEBUG keystone.server.flask.request_processing.middleware.auth_context [None req-dd2a6049-a064-423f-8085-b4c31eb623fb None admin] RBAC: auth_context: {'token': , 'domain_id': None, 'trust_id': None, 'trustor_id': None, 'trustee_id': None, 'domain_name': None, 'group_ids': [], 'user_id': 'e8e0754d260d4fe9a6815d425edefd67', 'user_domain_id': 'default', 'system_scope': 'all', 'project_id': None, 'project_domain_id': None, 'roles': ['admin', 'member', 'reader'], 'is_admin_project': True, 'service_user_id': None, 'service_user_domain_id': None, 'service_project_id': None, 'service_project_domain_id': None, 'service_roles': []} {{(pid=44371) fill_context /opt/stack/keystone/keystone/server/flask/request_processing/middleware/auth_context.py:480}}
Sep 04 23:19:43 user devstack@keystone.service[44371]: DEBUG keystone.server.flask.request_processing.req_logging [None req-dd2a6049-a064-423f-8085-b4c31eb623fb None admin] REQUEST_METHOD: `GET` {{(pid=44371) log_request_info /opt/stack/keystone/keystone/server/flask/request_processing/req_logging.py:27}}
Sep 04 23:19:43 user devstack@keystone.service[44371]: DEBUG keystone.server.flask.request_processing.req_logging [None req-dd2a6049-a064-423f-8085-b4c31eb623fb None admin] SCRIPT_NAME: `/identity` {{(pid=44371) log_request_info /opt/stack/keystone/keystone/server/flask/request_processing/req_logging.py:28}}
Sep 04 23:19:43 user devstack@keystone.service[44371]: DEBUG keystone.server.flask.request_processing.req_logging [None req-dd2a6049-a064-423f-8085-b4c31eb623fb None admin] PATH_INFO: `/v3/groups/4cfef602fa4e4375a9ceb91830983bd3` {{(pid=44371) log_request_info /opt/stack/keystone/keystone/server/flask/request_processing/req_logging.py:29}}
Sep 04 23:19:43 user devstack@keystone.service[44371]: DEBUG keystone.common.rbac_enforcer.enforcer [None req-dd2a6049-a064-423f-8085-b4c31eb623fb None admin] RBAC: Authorizing `identity:get_group(group_id=4cfef602fa4e4375a9ceb91830983bd3)` {{(pid=44371) enforce_call /opt/stack/keystone/keystone/common/rbac_enforcer/enforcer.py:449}}
Sep 04 23:19:43 user devstack@keystone.service[44371]: DEBUG keystone.common.rbac_enforcer.enforcer [None req-dd2a6049-a064-423f-8085-b4c31eb623fb None admin] RBAC: Authorization granted {{(pid=44371) enforce_call /opt/stack/keystone/keystone/common/rbac_enforcer/enforcer.py:457}}
Sep 04 23:19:43 user devstack@keystone.service[44371]: [pid: 44371|app: 0|req: 116/331] 10.0.0.210 () {56 vars in 1175 bytes} [Mon Sep 4 23:19:43 2023] GET /identity/v3/groups/4cfef602fa4e4375a9ceb91830983bd3 => generated 225 bytes in 146 msecs (HTTP/1.1 200) 5 headers in 177 bytes (1 switches on core 0)
Sep 04 23:19:43 user devstack@keystone.service[44371]: DEBUG keystone.server.flask.request_processing.middleware.auth_context [None req-dd2a6049-a064-423f-8085-b4c31eb623fb None admin] Authenticating user token {{(pid=44371) process_request /opt/stack/data/venv/lib/python3.10/site-packages/keystonemiddleware/auth_token/__init__.py:406}}
Sep 04 23:19:43 user devstack@keystone.service[44373]: [pid: 44373|app: 0|req: 106/332] 10.0.0.210 () {58 vars in 1277 bytes} [Mon Sep 4 23:19:43 2023] GET /identity/v3/auth/tokens => generated 798 bytes in 259 msecs (HTTP/1.1 200) 6 headers in 358 bytes (1 switches on core 0)
Sep 04 23:19:43 user devstack@keystone.service[44373]: DEBUG keystone.server.flask.request_processing.middleware.auth_context [None req-2ddaf896-5135-484d-bda7-41fbbbea13a8 None admin] Authenticating user token {{(pid=44373) process_request /opt/stack/data/venv/lib/python3.10/site-packages/keystonemiddleware/auth_token/__init__.py:406}}
Sep 04 23:19:43 user devstack@keystone.service[44372]: DEBUG keystone.server.flask.request_processing.middleware.auth_context [None req-3d1ea699-336a-48f5-82e7-2c925e9f7bb8 None admin] RBAC: auth_context: {'token': , 'domain_id': None, 'trust_id': None, 'trustor_id': None, 'trustee_id': None, 'domain_name': None, 'group_ids': [], 'user_id': 'e8e0754d260d4fe9a6815d425edefd67', 'user_domain_id': 'default', 'system_scope': 'all', 'project_id': None, 'project_domain_id': None, 'roles': ['admin', 'member', 'reader'], 'is_admin_project': True, 'service_user_id': None, 'service_user_domain_id': None, 'service_project_id': None, 'service_project_domain_id': None, 'service_roles': []} {{(pid=44372) fill_context /opt/stack/keystone/keystone/server/flask/request_processing/middleware/auth_context.py:480}}
Sep 04 23:19:43 user devstack@keystone.service[44372]: DEBUG keystone.server.flask.request_processing.req_logging [None req-3d1ea699-336a-48f5-82e7-2c925e9f7bb8 None admin] REQUEST_METHOD: `GET` {{(pid=44372) log_request_info /opt/stack/keystone/keystone/server/flask/request_processing/req_logging.py:27}}
Sep 04 23:19:43 user devstack@keystone.service[44372]: DEBUG keystone.server.flask.request_processing.req_logging [None req-3d1ea699-336a-48f5-82e7-2c925e9f7bb8 None admin] SCRIPT_NAME: `/identity` {{(pid=44372) log_request_info /opt/stack/keystone/keystone/server/flask/request_processing/req_logging.py:28}}
Sep 04 23:19:43 user devstack@keystone.service[44372]: DEBUG keystone.server.flask.request_processing.req_logging [None req-3d1ea699-336a-48f5-82e7-2c925e9f7bb8 None admin] PATH_INFO: `/v3/groups/4cfef602fa4e4375a9ceb91830983bd3` {{(pid=44372) log_request_info /opt/stack/keystone/keystone/server/flask/request_processing/req_logging.py:29}}
Sep 04 23:19:43 user devstack@keystone.service[44372]: DEBUG keystone.common.rbac_enforcer.enforcer [None req-3d1ea699-336a-48f5-82e7-2c925e9f7bb8 None admin] RBAC: Authorizing `identity:get_group(group_id=4cfef602fa4e4375a9ceb91830983bd3)` {{(pid=44372) enforce_call /opt/stack/keystone/keystone/common/rbac_enforcer/enforcer.py:449}}
Sep 04 23:19:43 user devstack@keystone.service[44372]: DEBUG keystone.common.rbac_enforcer.enforcer [None req-3d1ea699-336a-48f5-82e7-2c925e9f7bb8 None admin] RBAC: Authorization granted {{(pid=44372) enforce_call /opt/stack/keystone/keystone/common/rbac_enforcer/enforcer.py:457}}
Sep 04 23:19:43 user devstack@keystone.service[44372]: [pid: 44372|app: 0|req: 111/333] 10.0.0.210 () {56 vars in 1175 bytes} [Mon Sep 4 23:19:43 2023] GET /identity/v3/groups/4cfef602fa4e4375a9ceb91830983bd3 => generated 225 bytes in 134 msecs (HTTP/1.1 200) 5 headers in 177 bytes (1 switches on core 0)
Sep 04 23:19:43 user devstack@keystone.service[44372]: DEBUG keystone.server.flask.request_processing.middleware.auth_context [None req-3d1ea699-336a-48f5-82e7-2c925e9f7bb8 None admin] Authenticating user token {{(pid=44372) process_request /opt/stack/data/venv/lib/python3.10/site-packages/keystonemiddleware/auth_token/__init__.py:406}}
Sep 04 23:19:44 user devstack@keystone.service[44371]: DEBUG keystone.server.flask.request_processing.middleware.auth_context [None req-dd2a6049-a064-423f-8085-b4c31eb623fb None admin] Validating token access rules against request {{(pid=44371) validate_allowed_request /opt/stack/data/venv/lib/python3.10/site-packages/keystonemiddleware/auth_token/__init__.py:544}}
Sep 04 23:19:44 user devstack@keystone.service[44373]: DEBUG keystone.server.flask.request_processing.middleware.auth_context [None req-2ddaf896-5135-484d-bda7-41fbbbea13a8 None admin] Validating token access rules against request {{(pid=44373) validate_allowed_request /opt/stack/data/venv/lib/python3.10/site-packages/keystonemiddleware/auth_token/__init__.py:544}}
Sep 04 23:19:44 user devstack@keystone.service[44371]: DEBUG keystone.server.flask.request_processing.middleware.auth_context [None req-21b33ac5-c436-4ad2-a3b9-b520ce782fb9 None admin] RBAC: auth_context: {'token': , 'domain_id': None, 'trust_id': None, 'trustor_id': None, 'trustee_id': None, 'domain_name': None, 'group_ids': [], 'user_id': 'e8e0754d260d4fe9a6815d425edefd67', 'user_domain_id': 'default', 'system_scope': 'all', 'project_id': None, 'project_domain_id': None, 'roles': ['admin', 'member', 'reader'], 'is_admin_project': True, 'service_user_id': None, 'service_user_domain_id': None, 'service_project_id': None, 'service_project_domain_id': None, 'service_roles': []} {{(pid=44371) fill_context /opt/stack/keystone/keystone/server/flask/request_processing/middleware/auth_context.py:480}}
Sep 04 23:19:44 user devstack@keystone.service[44371]: DEBUG keystone.server.flask.request_processing.req_logging [None req-21b33ac5-c436-4ad2-a3b9-b520ce782fb9 None admin] REQUEST_METHOD: `GET` {{(pid=44371) log_request_info /opt/stack/keystone/keystone/server/flask/request_processing/req_logging.py:27}}
Sep 04 23:19:44 user devstack@keystone.service[44371]: DEBUG keystone.server.flask.request_processing.req_logging [None req-21b33ac5-c436-4ad2-a3b9-b520ce782fb9 None admin] SCRIPT_NAME: `/identity` {{(pid=44371) log_request_info /opt/stack/keystone/keystone/server/flask/request_processing/req_logging.py:28}}
Sep 04 23:19:44 user devstack@keystone.service[44372]: DEBUG keystone.server.flask.request_processing.middleware.auth_context [None req-3d1ea699-336a-48f5-82e7-2c925e9f7bb8 None admin] Validating token access rules against request {{(pid=44372) validate_allowed_request /opt/stack/data/venv/lib/python3.10/site-packages/keystonemiddleware/auth_token/__init__.py:544}}
Sep 04 23:19:44 user devstack@keystone.service[44371]: DEBUG keystone.server.flask.request_processing.req_logging [None req-21b33ac5-c436-4ad2-a3b9-b520ce782fb9 None admin] PATH_INFO: `/v3/role_assignments` {{(pid=44371) log_request_info /opt/stack/keystone/keystone/server/flask/request_processing/req_logging.py:29}}
Sep 04 23:19:44 user devstack@keystone.service[44371]: DEBUG keystone.common.rbac_enforcer.enforcer [None req-21b33ac5-c436-4ad2-a3b9-b520ce782fb9 None admin] RBAC: Adding query filter params (group.id=4cfef602fa4e4375a9ceb91830983bd3, role.id=c38f4cf5e393430dabe7a90ace44f623, scope.project.id=f6d7b1fac77145698961f506788818b7) {{(pid=44371) _extract_filter_values /opt/stack/keystone/keystone/common/rbac_enforcer/enforcer.py:167}}
Sep 04 23:19:44 user devstack@keystone.service[44371]: DEBUG keystone.common.rbac_enforcer.enforcer [None req-21b33ac5-c436-4ad2-a3b9-b520ce782fb9 None admin] RBAC: Authorizing `identity:list_role_assignments()` {{(pid=44371) enforce_call /opt/stack/keystone/keystone/common/rbac_enforcer/enforcer.py:449}}
Sep 04 23:19:44 user devstack@keystone.service[44371]: DEBUG keystone.common.rbac_enforcer.enforcer [None req-21b33ac5-c436-4ad2-a3b9-b520ce782fb9 None admin] RBAC: Authorization granted {{(pid=44371) enforce_call /opt/stack/keystone/keystone/common/rbac_enforcer/enforcer.py:457}}
Sep 04 23:19:44 user devstack@keystone.service[44371]: [pid: 44371|app: 0|req: 117/334] 10.0.0.210 () {56 vars in 1371 bytes} [Mon Sep 4 23:19:43 2023] GET /identity/v3/role_assignments?group.id=4cfef602fa4e4375a9ceb91830983bd3&scope.project.id=f6d7b1fac77145698961f506788818b7&role.id=c38f4cf5e393430dabe7a90ace44f623 => generated 609 bytes in 146 msecs (HTTP/1.1 200) 5 headers in 177 bytes (2 switches on core 0)
Sep 04 23:19:44 user devstack@keystone.service[44373]: DEBUG keystone.server.flask.request_processing.middleware.auth_context [None req-674497ab-c4e8-4aeb-9d73-89ec4015fd1b None admin] RBAC: auth_context: {'token': , 'domain_id': None, 'trust_id': None, 'trustor_id': None, 'trustee_id': None, 'domain_name': None, 'group_ids': [], 'user_id': 'e8e0754d260d4fe9a6815d425edefd67', 'user_domain_id': 'default', 'system_scope': 'all', 'project_id': None, 'project_domain_id': None, 'roles': ['admin', 'member', 'reader'], 'is_admin_project': True, 'service_user_id': None, 'service_user_domain_id': None, 'service_project_id': None, 'service_project_domain_id': None, 'service_roles': []} {{(pid=44373) fill_context /opt/stack/keystone/keystone/server/flask/request_processing/middleware/auth_context.py:480}}
Sep 04 23:19:44 user devstack@keystone.service[44373]: DEBUG keystone.server.flask.request_processing.req_logging [None req-674497ab-c4e8-4aeb-9d73-89ec4015fd1b None admin] REQUEST_METHOD: `GET` {{(pid=44373) log_request_info /opt/stack/keystone/keystone/server/flask/request_processing/req_logging.py:27}}
Sep 04 23:19:44 user devstack@keystone.service[44373]: DEBUG keystone.server.flask.request_processing.req_logging [None req-674497ab-c4e8-4aeb-9d73-89ec4015fd1b None admin] SCRIPT_NAME: `/identity` {{(pid=44373) log_request_info /opt/stack/keystone/keystone/server/flask/request_processing/req_logging.py:28}}
Sep 04 23:19:44 user devstack@keystone.service[44373]: DEBUG keystone.server.flask.request_processing.req_logging [None req-674497ab-c4e8-4aeb-9d73-89ec4015fd1b None admin] PATH_INFO: `/v3/projects/ec486013ab25483999e5f2ccf38b313f` {{(pid=44373) log_request_info /opt/stack/keystone/keystone/server/flask/request_processing/req_logging.py:29}}
Sep 04 23:19:44 user devstack@keystone.service[44373]: DEBUG keystone.common.rbac_enforcer.enforcer [None req-674497ab-c4e8-4aeb-9d73-89ec4015fd1b None admin] RBAC: Authorizing `identity:get_project(project_id=ec486013ab25483999e5f2ccf38b313f)` {{(pid=44373) enforce_call /opt/stack/keystone/keystone/common/rbac_enforcer/enforcer.py:449}}
Sep 04 23:19:44 user devstack@keystone.service[44373]: DEBUG keystone.common.rbac_enforcer.enforcer [None req-674497ab-c4e8-4aeb-9d73-89ec4015fd1b None admin] RBAC: Authorization granted {{(pid=44373) enforce_call /opt/stack/keystone/keystone/common/rbac_enforcer/enforcer.py:457}}
Sep 04 23:19:44 user devstack@keystone.service[44373]: [pid: 44373|app: 0|req: 107/335] 10.0.0.210 () {56 vars in 1181 bytes} [Mon Sep 4 23:19:43 2023] GET /identity/v3/projects/ec486013ab25483999e5f2ccf38b313f => generated 343 bytes in 148 msecs (HTTP/1.1 200) 5 headers in 177 bytes (2 switches on core 0)
Sep 04 23:19:44 user devstack@keystone.service[44371]: DEBUG keystone.server.flask.request_processing.middleware.auth_context [None req-21b33ac5-c436-4ad2-a3b9-b520ce782fb9 None admin] Authenticating user token {{(pid=44371) process_request /opt/stack/data/venv/lib/python3.10/site-packages/keystonemiddleware/auth_token/__init__.py:406}}
Sep 04 23:19:44 user devstack@keystone.service[44372]: DEBUG keystone.server.flask.request_processing.middleware.auth_context [None req-20bf7e17-a095-44db-9d62-28b051b4267b None admin] RBAC: auth_context: {'token': , 'domain_id': None, 'trust_id': None, 'trustor_id': None, 'trustee_id': None, 'domain_name': None, 'group_ids': [], 'user_id': 'e8e0754d260d4fe9a6815d425edefd67', 'user_domain_id': 'default', 'system_scope': 'all', 'project_id': None, 'project_domain_id': None, 'roles': ['admin', 'member', 'reader'], 'is_admin_project': True, 'service_user_id': None, 'service_user_domain_id': None, 'service_project_id': None, 'service_project_domain_id': None, 'service_roles': []} {{(pid=44372) fill_context /opt/stack/keystone/keystone/server/flask/request_processing/middleware/auth_context.py:480}}
Sep 04 23:19:44 user devstack@keystone.service[44372]: DEBUG keystone.server.flask.request_processing.req_logging [None req-20bf7e17-a095-44db-9d62-28b051b4267b None admin] REQUEST_METHOD: `GET` {{(pid=44372) log_request_info /opt/stack/keystone/keystone/server/flask/request_processing/req_logging.py:27}}
Sep 04 23:19:44 user devstack@keystone.service[44372]: DEBUG keystone.server.flask.request_processing.req_logging [None req-20bf7e17-a095-44db-9d62-28b051b4267b None admin] SCRIPT_NAME: `/identity` {{(pid=44372) log_request_info /opt/stack/keystone/keystone/server/flask/request_processing/req_logging.py:28}}
Sep 04 23:19:44 user devstack@keystone.service[44372]: DEBUG keystone.server.flask.request_processing.req_logging [None req-20bf7e17-a095-44db-9d62-28b051b4267b None admin] PATH_INFO: `/v3/role_assignments` {{(pid=44372) log_request_info /opt/stack/keystone/keystone/server/flask/request_processing/req_logging.py:29}}
Sep 04 23:19:44 user devstack@keystone.service[44372]: DEBUG keystone.common.rbac_enforcer.enforcer [None req-20bf7e17-a095-44db-9d62-28b051b4267b None admin] RBAC: Adding query filter params (group.id=4cfef602fa4e4375a9ceb91830983bd3, role.id=3b76a1f4c41b4357a75eaa80127a0fef, scope.project.id=f6d7b1fac77145698961f506788818b7) {{(pid=44372) _extract_filter_values /opt/stack/keystone/keystone/common/rbac_enforcer/enforcer.py:167}}
Sep 04 23:19:44 user devstack@keystone.service[44372]: DEBUG keystone.common.rbac_enforcer.enforcer [None req-20bf7e17-a095-44db-9d62-28b051b4267b None admin] RBAC: Authorizing `identity:list_role_assignments()` {{(pid=44372) enforce_call /opt/stack/keystone/keystone/common/rbac_enforcer/enforcer.py:449}}
Sep 04 23:19:44 user devstack@keystone.service[44372]: DEBUG keystone.common.rbac_enforcer.enforcer [None req-20bf7e17-a095-44db-9d62-28b051b4267b None admin] RBAC: Authorization granted {{(pid=44372) enforce_call /opt/stack/keystone/keystone/common/rbac_enforcer/enforcer.py:457}}
Sep 04 23:19:44 user devstack@keystone.service[44372]: [pid: 44372|app: 0|req: 112/336] 10.0.0.210 () {56 vars in 1371 bytes} [Mon Sep 4 23:19:43 2023] GET /identity/v3/role_assignments?group.id=4cfef602fa4e4375a9ceb91830983bd3&scope.project.id=f6d7b1fac77145698961f506788818b7&role.id=3b76a1f4c41b4357a75eaa80127a0fef => generated 609 bytes in 165 msecs (HTTP/1.1 200) 5 headers in 177 bytes (1 switches on core 0)
