Oct 26 05:01:35 user devstack@c-api.service[75351]: DEBUG cinder.api.openstack.wsgi [None req-6a25b88a-1bc2-48ff-be23-f99e890f5578 tempest-QosSpecsTestJSON-760302699 tempest-QosSpecsTestJSON-760302699-project-admin] Calling method 'show' {{(pid=75351) _process_stack /opt/stack/cinder/cinder/api/openstack/wsgi.py:868}}
Oct 26 05:01:35 user devstack@c-api.service[75351]: INFO cinder.api.openstack.wsgi [None req-6a25b88a-1bc2-48ff-be23-f99e890f5578 tempest-QosSpecsTestJSON-760302699 tempest-QosSpecsTestJSON-760302699-project-admin] http://10.0.0.210/volume/v3/5302bfb1c5af4d85b8fb1395ca95bb41/types/a6351713-fce0-473a-8afb-0c77a5ddae97 returned with HTTP 404
Oct 26 05:01:35 user devstack@c-api.service[75351]: [pid: 75351|app: 0|req: 106/303] 10.0.0.210 () {62 vars in 1396 bytes} [Thu Oct 26 05:01:35 2023] GET /volume/v3/5302bfb1c5af4d85b8fb1395ca95bb41/types/a6351713-fce0-473a-8afb-0c77a5ddae97 => generated 114 bytes in 16 msecs (HTTP/1.1 404) 7 headers in 292 bytes (1 switches on core 0)
Oct 26 05:01:35 user devstack@c-api.service[75349]: DEBUG cinder.api.middleware.request_id [None req-96876189-cd02-4f39-9d29-5ee9eabcc722 None None] RequestId filter calling following filter/app {{(pid=75349) _context_setter /opt/stack/cinder/cinder/api/middleware/request_id.py:62}}
Oct 26 05:01:35 user devstack@c-api.service[75349]: INFO cinder.api.openstack.wsgi [None req-96876189-cd02-4f39-9d29-5ee9eabcc722 tempest-QosSpecsTestJSON-760302699 tempest-QosSpecsTestJSON-760302699-project-admin] DELETE http://10.0.0.210/volume/v3/5302bfb1c5af4d85b8fb1395ca95bb41/types/41557288-7218-48cc-8807-7e7cddb4dd03
Oct 26 05:01:35 user devstack@c-api.service[75349]: DEBUG cinder.api.openstack.wsgi [None req-96876189-cd02-4f39-9d29-5ee9eabcc722 tempest-QosSpecsTestJSON-760302699 tempest-QosSpecsTestJSON-760302699-project-admin] Empty body provided in request {{(pid=75349) get_body /opt/stack/cinder/cinder/api/openstack/wsgi.py:715}}
Oct 26 05:01:35 user devstack@c-api.service[75349]: DEBUG cinder.api.openstack.wsgi [None req-96876189-cd02-4f39-9d29-5ee9eabcc722 tempest-QosSpecsTestJSON-760302699 tempest-QosSpecsTestJSON-760302699-project-admin] Calling method '_delete' {{(pid=75349) _process_stack /opt/stack/cinder/cinder/api/openstack/wsgi.py:868}}
Oct 26 05:01:35 user devstack@c-api.service[75349]: /opt/stack/data/venv/lib/python3.10/site-packages/oslo_context/context.py:100: DeprecationWarning: Policy enforcement is depending on the value of is_admin. This key is deprecated. Please update your policy file to use the standard policy values.
Oct 26 05:01:35 user devstack@c-api.service[75349]: warnings.warn('Policy enforcement is depending on the value of '
Oct 26 05:01:35 user devstack@c-api.service[75349]: INFO cinder.api.openstack.wsgi [None req-96876189-cd02-4f39-9d29-5ee9eabcc722 tempest-QosSpecsTestJSON-760302699 tempest-QosSpecsTestJSON-760302699-project-admin] http://10.0.0.210/volume/v3/5302bfb1c5af4d85b8fb1395ca95bb41/types/41557288-7218-48cc-8807-7e7cddb4dd03 returned with HTTP 202
Oct 26 05:01:35 user devstack@c-api.service[75349]: [pid: 75349|app: 0|req: 100/304] 10.0.0.210 () {62 vars in 1399 bytes} [Thu Oct 26 05:01:35 2023] DELETE /volume/v3/5302bfb1c5af4d85b8fb1395ca95bb41/types/41557288-7218-48cc-8807-7e7cddb4dd03 => generated 0 bytes in 57 msecs (HTTP/1.1 202) 6 headers in 233 bytes (1 switches on core 0)
Oct 26 05:01:35 user devstack@c-api.service[75350]: DEBUG cinder.api.middleware.request_id [None req-ce7799cd-0db7-40b0-8eef-5148dec7f9a5 None None] RequestId filter calling following filter/app {{(pid=75350) _context_setter /opt/stack/cinder/cinder/api/middleware/request_id.py:62}}
Oct 26 05:01:35 user devstack@c-api.service[75350]: INFO cinder.api.openstack.wsgi [None req-ce7799cd-0db7-40b0-8eef-5148dec7f9a5 tempest-QosSpecsTestJSON-760302699 tempest-QosSpecsTestJSON-760302699-project-admin] GET http://10.0.0.210/volume/v3/5302bfb1c5af4d85b8fb1395ca95bb41/types/41557288-7218-48cc-8807-7e7cddb4dd03
Oct 26 05:01:35 user devstack@c-api.service[75350]: DEBUG cinder.api.openstack.wsgi [None req-ce7799cd-0db7-40b0-8eef-5148dec7f9a5 tempest-QosSpecsTestJSON-760302699 tempest-QosSpecsTestJSON-760302699-project-admin] Empty body provided in request {{(pid=75350) get_body /opt/stack/cinder/cinder/api/openstack/wsgi.py:715}}
Oct 26 05:01:35 user devstack@c-api.service[75350]: DEBUG cinder.api.openstack.wsgi [None req-ce7799cd-0db7-40b0-8eef-5148dec7f9a5 tempest-QosSpecsTestJSON-760302699 tempest-QosSpecsTestJSON-760302699-project-admin] Calling method 'show' {{(pid=75350) _process_stack /opt/stack/cinder/cinder/api/openstack/wsgi.py:868}}
Oct 26 05:01:35 user devstack@c-api.service[75351]: DEBUG cinder.api.middleware.request_id [None req-e3a373bc-97ca-45f6-a38d-a5137a1d82a7 None None] RequestId filter calling following filter/app {{(pid=75351) _context_setter /opt/stack/cinder/cinder/api/middleware/request_id.py:62}}
Oct 26 05:01:35 user devstack@c-api.service[75350]: INFO cinder.api.openstack.wsgi [None req-ce7799cd-0db7-40b0-8eef-5148dec7f9a5 tempest-QosSpecsTestJSON-760302699 tempest-QosSpecsTestJSON-760302699-project-admin] http://10.0.0.210/volume/v3/5302bfb1c5af4d85b8fb1395ca95bb41/types/41557288-7218-48cc-8807-7e7cddb4dd03 returned with HTTP 404
Oct 26 05:01:35 user devstack@c-api.service[75351]: INFO cinder.api.openstack.wsgi [None req-e3a373bc-97ca-45f6-a38d-a5137a1d82a7 tempest-GroupsV314Test-505830641 tempest-GroupsV314Test-505830641-project-member] GET http://10.0.0.210/volume/v3/55439ca2dc13423490d1bcb3ddd6cb3a/volumes/b20596e9-8848-4fba-80da-ed0bc540d646
Oct 26 05:01:35 user devstack@c-api.service[75350]: [pid: 75350|app: 0|req: 99/305] 10.0.0.210 () {62 vars in 1396 bytes} [Thu Oct 26 05:01:35 2023] GET /volume/v3/5302bfb1c5af4d85b8fb1395ca95bb41/types/41557288-7218-48cc-8807-7e7cddb4dd03 => generated 114 bytes in 38 msecs (HTTP/1.1 404) 7 headers in 292 bytes (1 switches on core 0)
Oct 26 05:01:35 user devstack@c-api.service[75351]: DEBUG cinder.api.openstack.wsgi [None req-e3a373bc-97ca-45f6-a38d-a5137a1d82a7 tempest-GroupsV314Test-505830641 tempest-GroupsV314Test-505830641-project-member] Empty body provided in request {{(pid=75351) get_body /opt/stack/cinder/cinder/api/openstack/wsgi.py:715}}
Oct 26 05:01:35 user devstack@c-api.service[75351]: DEBUG cinder.api.openstack.wsgi [None req-e3a373bc-97ca-45f6-a38d-a5137a1d82a7 tempest-GroupsV314Test-505830641 tempest-GroupsV314Test-505830641-project-member] Calling method 'show' {{(pid=75351) _process_stack /opt/stack/cinder/cinder/api/openstack/wsgi.py:868}}
Oct 26 05:01:35 user devstack@c-api.service[75349]: DEBUG cinder.api.middleware.request_id [None req-7e9a5112-60fd-4e7e-a8a0-28d32d253874 None None] RequestId filter calling following filter/app {{(pid=75349) _context_setter /opt/stack/cinder/cinder/api/middleware/request_id.py:62}}
Oct 26 05:01:35 user devstack@c-api.service[75349]: INFO cinder.api.openstack.wsgi [None req-7e9a5112-60fd-4e7e-a8a0-28d32d253874 tempest-QosSpecsTestJSON-760302699 tempest-QosSpecsTestJSON-760302699-project-admin] POST http://10.0.0.210/volume/v3/5302bfb1c5af4d85b8fb1395ca95bb41/qos-specs
Oct 26 05:01:35 user devstack@c-api.service[75349]: DEBUG cinder.api.openstack.wsgi [None req-7e9a5112-60fd-4e7e-a8a0-28d32d253874 tempest-QosSpecsTestJSON-760302699 tempest-QosSpecsTestJSON-760302699-project-admin] Action: 'create', calling method: create, body: {"qos_specs": {"name": "tempest-QosSpecsTestJSON-qos-1516891240", "consumer": "back-end"}} {{(pid=75349) _process_stack /opt/stack/cinder/cinder/api/openstack/wsgi.py:866}}
Oct 26 05:01:35 user devstack@c-api.service[75349]: DEBUG cinder.volume.qos_specs [None req-7e9a5112-60fd-4e7e-a8a0-28d32d253874 tempest-QosSpecsTestJSON-760302699 tempest-QosSpecsTestJSON-760302699-project-admin] Dict for qos_specs: {'name': 'tempest-QosSpecsTestJSON-qos-1516891240', 'consumer': 'back-end', 'specs': {}} {{(pid=75349) create /opt/stack/cinder/cinder/volume/qos_specs.py:64}}
Oct 26 05:01:35 user devstack@c-api.service[75351]: /opt/stack/data/venv/lib/python3.10/site-packages/oslo_context/context.py:100: DeprecationWarning: Policy enforcement is depending on the value of is_admin. This key is deprecated. Please update your policy file to use the standard policy values.
Oct 26 05:01:35 user devstack@c-api.service[75351]: warnings.warn('Policy enforcement is depending on the value of '
Oct 26 05:01:35 user devstack@c-api.service[75350]: DEBUG cinder.api.middleware.request_id [None req-4bcd40bb-7408-4e16-9d15-c3e0e17a8636 None None] RequestId filter calling following filter/app {{(pid=75350) _context_setter /opt/stack/cinder/cinder/api/middleware/request_id.py:62}}
Oct 26 05:01:35 user devstack@c-api.service[75351]: INFO cinder.volume.api [None req-e3a373bc-97ca-45f6-a38d-a5137a1d82a7 tempest-GroupsV314Test-505830641 tempest-GroupsV314Test-505830641-project-member] Volume info retrieved successfully.
Oct 26 05:01:35 user devstack@c-api.service[75351]: WARNING stevedore.named [None req-e3a373bc-97ca-45f6-a38d-a5137a1d82a7 tempest-GroupsV314Test-505830641 tempest-GroupsV314Test-505830641-project-member] Could not load cinder.keymgr.conf_key_mgr.ConfKeyManager
Oct 26 05:01:35 user devstack@c-api.service[75351]: WARNING castellan.key_manager [None req-e3a373bc-97ca-45f6-a38d-a5137a1d82a7 tempest-GroupsV314Test-505830641 tempest-GroupsV314Test-505830641-project-member] Deprecation Warning : cinder.keymgr.conf_key_mgr.ConfKeyManager is not a stevedore based driver, trying to load it as a class: stevedore.exception.NoMatches: No 'castellan.drivers' driver found, looking for 'cinder.keymgr.conf_key_mgr.ConfKeyManager'
Oct 26 05:01:35 user devstack@c-api.service[75350]: INFO cinder.api.openstack.wsgi [None req-4bcd40bb-7408-4e16-9d15-c3e0e17a8636 tempest-TestVolumeSwap-2043576853 tempest-TestVolumeSwap-2043576853-project-member] GET http://10.0.0.210/volume/v3/9954ecc790e547cb9c5167f120fc525e/volumes/e0ddb7b5-8655-43c4-9bb0-b97954b835db
Oct 26 05:01:35 user devstack@c-api.service[75350]: DEBUG cinder.api.openstack.wsgi [None req-4bcd40bb-7408-4e16-9d15-c3e0e17a8636 tempest-TestVolumeSwap-2043576853 tempest-TestVolumeSwap-2043576853-project-member] Empty body provided in request {{(pid=75350) get_body /opt/stack/cinder/cinder/api/openstack/wsgi.py:715}}
Oct 26 05:01:35 user devstack@c-api.service[75350]: DEBUG cinder.api.openstack.wsgi [None req-4bcd40bb-7408-4e16-9d15-c3e0e17a8636 tempest-TestVolumeSwap-2043576853 tempest-TestVolumeSwap-2043576853-project-member] Calling method 'show' {{(pid=75350) _process_stack /opt/stack/cinder/cinder/api/openstack/wsgi.py:868}}
Oct 26 05:01:35 user devstack@c-api.service[75349]: DEBUG cinder.db.sqlalchemy.api [None req-7e9a5112-60fd-4e7e-a8a0-28d32d253874 tempest-QosSpecsTestJSON-760302699 tempest-QosSpecsTestJSON-760302699-project-admin] DB qos_specs_create(): root {'id': '1018e89a-6529-4292-93ae-9b6a87d442c5', 'key': 'QoS_Specs_Name', 'value': 'tempest-QosSpecsTestJSON-qos-1516891240'} {{(pid=75349) qos_specs_create /opt/stack/cinder/cinder/db/sqlalchemy/api.py:5643}}
Oct 26 05:01:35 user devstack@c-api.service[75351]: DEBUG oslo_db.sqlalchemy.engines [None req-e3a373bc-97ca-45f6-a38d-a5137a1d82a7 tempest-GroupsV314Test-505830641 tempest-GroupsV314Test-505830641-project-member] MySQL server mode set to STRICT_TRANS_TABLES,STRICT_ALL_TABLES,NO_ZERO_IN_DATE,NO_ZERO_DATE,ERROR_FOR_DIVISION_BY_ZERO,TRADITIONAL,NO_ENGINE_SUBSTITUTION {{(pid=75351) _check_effective_sql_mode /opt/stack/data/venv/lib/python3.10/site-packages/oslo_db/sqlalchemy/engines.py:342}}
Oct 26 05:01:35 user devstack@c-api.service[75351]: /opt/stack/data/venv/lib/python3.10/site-packages/oslo_context/context.py:100: DeprecationWarning: Policy enforcement is depending on the value of is_admin. This key is deprecated. Please update your policy file to use the standard policy values.
Oct 26 05:01:35 user devstack@c-api.service[75351]: warnings.warn('Policy enforcement is depending on the value of '
Oct 26 05:01:35 user devstack@c-api.service[75349]: INFO cinder.api.openstack.wsgi [None req-7e9a5112-60fd-4e7e-a8a0-28d32d253874 tempest-QosSpecsTestJSON-760302699 tempest-QosSpecsTestJSON-760302699-project-admin] http://10.0.0.210/volume/v3/5302bfb1c5af4d85b8fb1395ca95bb41/qos-specs returned with HTTP 200
Oct 26 05:01:35 user devstack@c-api.service[75349]: [pid: 75349|app: 0|req: 101/306] 10.0.0.210 () {64 vars in 1318 bytes} [Thu Oct 26 05:01:35 2023] POST /volume/v3/5302bfb1c5af4d85b8fb1395ca95bb41/qos-specs => generated 433 bytes in 71 msecs (HTTP/1.1 200) 7 headers in 285 bytes (2 switches on core 0)
Oct 26 05:01:35 user devstack@c-api.service[75349]: DEBUG cinder.api.middleware.request_id [None req-8e4bc3bb-5477-4a0c-abee-949e06e08ae4 None None] RequestId filter calling following filter/app {{(pid=75349) _context_setter /opt/stack/cinder/cinder/api/middleware/request_id.py:62}}
Oct 26 05:01:35 user devstack@c-api.service[75350]: /opt/stack/data/venv/lib/python3.10/site-packages/oslo_context/context.py:100: DeprecationWarning: Policy enforcement is depending on the value of is_admin. This key is deprecated. Please update your policy file to use the standard policy values.
Oct 26 05:01:35 user devstack@c-api.service[75350]: warnings.warn('Policy enforcement is depending on the value of '
Oct 26 05:01:35 user devstack@c-api.service[75349]: INFO cinder.api.openstack.wsgi [None req-8e4bc3bb-5477-4a0c-abee-949e06e08ae4 tempest-QosSpecsTestJSON-760302699 tempest-QosSpecsTestJSON-760302699-project-admin] DELETE http://10.0.0.210/volume/v3/5302bfb1c5af4d85b8fb1395ca95bb41/qos-specs/1018e89a-6529-4292-93ae-9b6a87d442c5?force=False
Oct 26 05:01:35 user devstack@c-api.service[75349]: DEBUG cinder.api.openstack.wsgi [None req-8e4bc3bb-5477-4a0c-abee-949e06e08ae4 tempest-QosSpecsTestJSON-760302699 tempest-QosSpecsTestJSON-760302699-project-admin] Empty body provided in request {{(pid=75349) get_body /opt/stack/cinder/cinder/api/openstack/wsgi.py:715}}
Oct 26 05:01:35 user devstack@c-api.service[75349]: DEBUG cinder.api.openstack.wsgi [None req-8e4bc3bb-5477-4a0c-abee-949e06e08ae4 tempest-QosSpecsTestJSON-760302699 tempest-QosSpecsTestJSON-760302699-project-admin] Calling method 'delete' {{(pid=75349) _process_stack /opt/stack/cinder/cinder/api/openstack/wsgi.py:868}}
Oct 26 05:01:35 user devstack@c-api.service[75349]: /opt/stack/data/venv/lib/python3.10/site-packages/oslo_context/context.py:100: DeprecationWarning: Policy enforcement is depending on the value of is_admin. This key is deprecated. Please update your policy file to use the standard policy values.
Oct 26 05:01:35 user devstack@c-api.service[75349]: warnings.warn('Policy enforcement is depending on the value of '
Oct 26 05:01:35 user devstack@c-api.service[75349]: DEBUG cinder.api.contrib.qos_specs_manage [None req-8e4bc3bb-5477-4a0c-abee-949e06e08ae4 tempest-QosSpecsTestJSON-760302699 tempest-QosSpecsTestJSON-760302699-project-admin] Delete qos_spec: 1018e89a-6529-4292-93ae-9b6a87d442c5, force: False {{(pid=75349) delete /opt/stack/cinder/cinder/api/contrib/qos_specs_manage.py:168}}
Oct 26 05:01:35 user devstack@c-api.service[75350]: INFO cinder.volume.api [None req-4bcd40bb-7408-4e16-9d15-c3e0e17a8636 tempest-TestVolumeSwap-2043576853 tempest-TestVolumeSwap-2043576853-project-member] Volume info retrieved successfully.
Oct 26 05:01:35 user devstack@c-api.service[75351]: INFO cinder.api.openstack.wsgi [None req-e3a373bc-97ca-45f6-a38d-a5137a1d82a7 tempest-GroupsV314Test-505830641 tempest-GroupsV314Test-505830641-project-member] http://10.0.0.210/volume/v3/55439ca2dc13423490d1bcb3ddd6cb3a/volumes/b20596e9-8848-4fba-80da-ed0bc540d646 returned with HTTP 200
Oct 26 05:01:35 user devstack@c-api.service[75351]: [pid: 75351|app: 0|req: 107/307] 10.0.0.210 () {64 vars in 1443 bytes} [Thu Oct 26 05:01:35 2023] GET /volume/v3/55439ca2dc13423490d1bcb3ddd6cb3a/volumes/b20596e9-8848-4fba-80da-ed0bc540d646 => generated 974 bytes in 132 msecs (HTTP/1.1 200) 7 headers in 286 bytes (1 switches on core 0)
Oct 26 05:01:35 user devstack@c-api.service[75351]: DEBUG cinder.api.middleware.request_id [None req-f336c0bc-e1e2-41e1-85ed-00442e6489e7 None None] RequestId filter calling following filter/app {{(pid=75351) _context_setter /opt/stack/cinder/cinder/api/middleware/request_id.py:62}}
Oct 26 05:01:35 user devstack@c-api.service[75351]: INFO cinder.api.openstack.wsgi [None req-f336c0bc-e1e2-41e1-85ed-00442e6489e7 tempest-GroupsTest-1174086075 tempest-GroupsTest-1174086075-project-member] GET http://10.0.0.210/volume/v3/c7d4234480c3492ebb93382e3fb3cc2e/volumes/b898ce54-710f-4555-ae75-4f0e0863a722
Oct 26 05:01:35 user devstack@c-api.service[75351]: DEBUG cinder.api.openstack.wsgi [None req-f336c0bc-e1e2-41e1-85ed-00442e6489e7 tempest-GroupsTest-1174086075 tempest-GroupsTest-1174086075-project-member] Empty body provided in request {{(pid=75351) get_body /opt/stack/cinder/cinder/api/openstack/wsgi.py:715}}
Oct 26 05:01:35 user devstack@c-api.service[75351]: DEBUG cinder.api.openstack.wsgi [None req-f336c0bc-e1e2-41e1-85ed-00442e6489e7 tempest-GroupsTest-1174086075 tempest-GroupsTest-1174086075-project-member] Calling method 'show' {{(pid=75351) _process_stack /opt/stack/cinder/cinder/api/openstack/wsgi.py:868}}
Oct 26 05:01:35 user devstack@c-api.service[75351]: /opt/stack/data/venv/lib/python3.10/site-packages/oslo_context/context.py:100: DeprecationWarning: Policy enforcement is depending on the value of is_admin. This key is deprecated. Please update your policy file to use the standard policy values.
Oct 26 05:01:35 user devstack@c-api.service[75351]: warnings.warn('Policy enforcement is depending on the value of '
Oct 26 05:01:35 user devstack@c-api.service[75350]: INFO cinder.api.openstack.wsgi [None req-4bcd40bb-7408-4e16-9d15-c3e0e17a8636 tempest-TestVolumeSwap-2043576853 tempest-TestVolumeSwap-2043576853-project-member] http://10.0.0.210/volume/v3/9954ecc790e547cb9c5167f120fc525e/volumes/e0ddb7b5-8655-43c4-9bb0-b97954b835db returned with HTTP 200
Oct 26 05:01:35 user devstack@c-api.service[75350]: [pid: 75350|app: 0|req: 100/308] 10.0.0.210 () {62 vars in 1402 bytes} [Thu Oct 26 05:01:35 2023] GET /volume/v3/9954ecc790e547cb9c5167f120fc525e/volumes/e0ddb7b5-8655-43c4-9bb0-b97954b835db => generated 904 bytes in 128 msecs (HTTP/1.1 200) 7 headers in 285 bytes (1 switches on core 0)
Oct 26 05:01:35 user devstack@c-api.service[75351]: INFO cinder.volume.api [None req-f336c0bc-e1e2-41e1-85ed-00442e6489e7 tempest-GroupsTest-1174086075 tempest-GroupsTest-1174086075-project-member] Volume info retrieved successfully.
Oct 26 05:01:35 user devstack@c-api.service[75351]: WARNING stevedore.named [None req-f336c0bc-e1e2-41e1-85ed-00442e6489e7 tempest-GroupsTest-1174086075 tempest-GroupsTest-1174086075-project-member] Could not load cinder.keymgr.conf_key_mgr.ConfKeyManager
Oct 26 05:01:35 user devstack@c-api.service[75349]: INFO cinder.api.openstack.wsgi [None req-8e4bc3bb-5477-4a0c-abee-949e06e08ae4 tempest-QosSpecsTestJSON-760302699 tempest-QosSpecsTestJSON-760302699-project-admin] http://10.0.0.210/volume/v3/5302bfb1c5af4d85b8fb1395ca95bb41/qos-specs/1018e89a-6529-4292-93ae-9b6a87d442c5?force=False returned with HTTP 202
Oct 26 05:01:35 user devstack@c-api.service[75349]: [pid: 75349|app: 0|req: 102/309] 10.0.0.210 () {62 vars in 1434 bytes} [Thu Oct 26 05:01:35 2023] DELETE /volume/v3/5302bfb1c5af4d85b8fb1395ca95bb41/qos-specs/1018e89a-6529-4292-93ae-9b6a87d442c5?force=False => generated 0 bytes in 95 msecs (HTTP/1.1 202) 6 headers in 233 bytes (1 switches on core 0)
Oct 26 05:01:35 user devstack@c-api.service[75351]: WARNING castellan.key_manager [None req-f336c0bc-e1e2-41e1-85ed-00442e6489e7 tempest-GroupsTest-1174086075 tempest-GroupsTest-1174086075-project-member] Deprecation Warning : cinder.keymgr.conf_key_mgr.ConfKeyManager is not a stevedore based driver, trying to load it as a class: stevedore.exception.NoMatches: No 'castellan.drivers' driver found, looking for 'cinder.keymgr.conf_key_mgr.ConfKeyManager'
Oct 26 05:01:35 user devstack@c-api.service[75351]: DEBUG oslo_db.sqlalchemy.engines [None req-f336c0bc-e1e2-41e1-85ed-00442e6489e7 tempest-GroupsTest-1174086075 tempest-GroupsTest-1174086075-project-member] MySQL server mode set to STRICT_TRANS_TABLES,STRICT_ALL_TABLES,NO_ZERO_IN_DATE,NO_ZERO_DATE,ERROR_FOR_DIVISION_BY_ZERO,TRADITIONAL,NO_ENGINE_SUBSTITUTION {{(pid=75351) _check_effective_sql_mode /opt/stack/data/venv/lib/python3.10/site-packages/oslo_db/sqlalchemy/engines.py:342}}
Oct 26 05:01:35 user devstack@c-api.service[75350]: DEBUG cinder.api.middleware.request_id [None req-386c9802-7484-453d-8712-7af47331d502 None None] RequestId filter calling following filter/app {{(pid=75350) _context_setter /opt/stack/cinder/cinder/api/middleware/request_id.py:62}}
Oct 26 05:01:35 user devstack@c-api.service[75351]: /opt/stack/data/venv/lib/python3.10/site-packages/oslo_context/context.py:100: DeprecationWarning: Policy enforcement is depending on the value of is_admin. This key is deprecated. Please update your policy file to use the standard policy values.
Oct 26 05:01:35 user devstack@c-api.service[75351]: warnings.warn('Policy enforcement is depending on the value of '
Oct 26 05:01:35 user devstack@c-api.service[75350]: INFO cinder.api.openstack.wsgi [None req-386c9802-7484-453d-8712-7af47331d502 tempest-QosSpecsTestJSON-760302699 tempest-QosSpecsTestJSON-760302699-project-admin] GET http://10.0.0.210/volume/v3/5302bfb1c5af4d85b8fb1395ca95bb41/qos-specs/1018e89a-6529-4292-93ae-9b6a87d442c5
Oct 26 05:01:35 user devstack@c-api.service[75350]: DEBUG cinder.api.openstack.wsgi [None req-386c9802-7484-453d-8712-7af47331d502 tempest-QosSpecsTestJSON-760302699 tempest-QosSpecsTestJSON-760302699-project-admin] Empty body provided in request {{(pid=75350) get_body /opt/stack/cinder/cinder/api/openstack/wsgi.py:715}}
Oct 26 05:01:35 user devstack@c-api.service[75350]: DEBUG cinder.api.openstack.wsgi [None req-386c9802-7484-453d-8712-7af47331d502 tempest-QosSpecsTestJSON-760302699 tempest-QosSpecsTestJSON-760302699-project-admin] Calling method 'show' {{(pid=75350) _process_stack /opt/stack/cinder/cinder/api/openstack/wsgi.py:868}}
Oct 26 05:01:35 user devstack@c-api.service[75350]: INFO cinder.api.openstack.wsgi [None req-386c9802-7484-453d-8712-7af47331d502 tempest-QosSpecsTestJSON-760302699 tempest-QosSpecsTestJSON-760302699-project-admin] http://10.0.0.210/volume/v3/5302bfb1c5af4d85b8fb1395ca95bb41/qos-specs/1018e89a-6529-4292-93ae-9b6a87d442c5 returned with HTTP 404
Oct 26 05:01:35 user devstack@c-api.service[75349]: DEBUG cinder.api.middleware.request_id [None req-bcdc60d9-a2fd-4b86-83c2-d1cbfebd5a4c None None] RequestId filter calling following filter/app {{(pid=75349) _context_setter /opt/stack/cinder/cinder/api/middleware/request_id.py:62}}
Oct 26 05:01:35 user devstack@c-api.service[75351]: INFO cinder.api.openstack.wsgi [None req-f336c0bc-e1e2-41e1-85ed-00442e6489e7 tempest-GroupsTest-1174086075 tempest-GroupsTest-1174086075-project-member] http://10.0.0.210/volume/v3/c7d4234480c3492ebb93382e3fb3cc2e/volumes/b898ce54-710f-4555-ae75-4f0e0863a722 returned with HTTP 200
Oct 26 05:01:35 user devstack@c-api.service[75350]: [pid: 75350|app: 0|req: 101/310] 10.0.0.210 () {62 vars in 1408 bytes} [Thu Oct 26 05:01:35 2023] GET /volume/v3/5302bfb1c5af4d85b8fb1395ca95bb41/qos-specs/1018e89a-6529-4292-93ae-9b6a87d442c5 => generated 100 bytes in 46 msecs (HTTP/1.1 404) 7 headers in 292 bytes (1 switches on core 0)
Oct 26 05:01:35 user devstack@c-api.service[75351]: [pid: 75351|app: 0|req: 108/311] 10.0.0.210 () {64 vars in 1443 bytes} [Thu Oct 26 05:01:35 2023] GET /volume/v3/c7d4234480c3492ebb93382e3fb3cc2e/volumes/b898ce54-710f-4555-ae75-4f0e0863a722 => generated 969 bytes in 115 msecs (HTTP/1.1 200) 7 headers in 286 bytes (1 switches on core 0)
Oct 26 05:01:35 user devstack@c-api.service[75350]: DEBUG cinder.api.middleware.request_id [None req-e03fc80e-2c41-490d-bec7-2aac55efaa78 None None] RequestId filter calling following filter/app {{(pid=75350) _context_setter /opt/stack/cinder/cinder/api/middleware/request_id.py:62}}
Oct 26 05:01:35 user devstack@c-api.service[75350]: INFO cinder.api.openstack.wsgi [None req-e03fc80e-2c41-490d-bec7-2aac55efaa78 tempest-QosSpecsTestJSON-760302699 tempest-QosSpecsTestJSON-760302699-project-admin] GET http://10.0.0.210/volume/v3/5302bfb1c5af4d85b8fb1395ca95bb41/qos-specs
Oct 26 05:01:35 user devstack@c-api.service[75350]: DEBUG cinder.api.openstack.wsgi [None req-e03fc80e-2c41-490d-bec7-2aac55efaa78 tempest-QosSpecsTestJSON-760302699 tempest-QosSpecsTestJSON-760302699-project-admin] Empty body provided in request {{(pid=75350) get_body /opt/stack/cinder/cinder/api/openstack/wsgi.py:715}}
Oct 26 05:01:35 user devstack@c-api.service[75350]: DEBUG cinder.api.openstack.wsgi [None req-e03fc80e-2c41-490d-bec7-2aac55efaa78 tempest-QosSpecsTestJSON-760302699 tempest-QosSpecsTestJSON-760302699-project-admin] Calling method 'index' {{(pid=75350) _process_stack /opt/stack/cinder/cinder/api/openstack/wsgi.py:868}}
Oct 26 05:01:35 user devstack@c-api.service[75349]: INFO cinder.api.openstack.wsgi [None req-bcdc60d9-a2fd-4b86-83c2-d1cbfebd5a4c tempest-TaggedBootDevicesTest-1560474128 tempest-TaggedBootDevicesTest-1560474128-project-member] GET http://10.0.0.210/volume/v3/8ed8195807e54a60bf79c8df4d1a8bef/volumes/9789ec9f-5e40-47b1-b1cf-feba72477976
Oct 26 05:01:35 user devstack@c-api.service[75349]: DEBUG cinder.api.openstack.wsgi [None req-bcdc60d9-a2fd-4b86-83c2-d1cbfebd5a4c tempest-TaggedBootDevicesTest-1560474128 tempest-TaggedBootDevicesTest-1560474128-project-member] Empty body provided in request {{(pid=75349) get_body /opt/stack/cinder/cinder/api/openstack/wsgi.py:715}}
Oct 26 05:01:35 user devstack@c-api.service[75349]: DEBUG cinder.api.openstack.wsgi [None req-bcdc60d9-a2fd-4b86-83c2-d1cbfebd5a4c tempest-TaggedBootDevicesTest-1560474128 tempest-TaggedBootDevicesTest-1560474128-project-member] Calling method 'show' {{(pid=75349) _process_stack /opt/stack/cinder/cinder/api/openstack/wsgi.py:868}}
Oct 26 05:01:35 user devstack@c-api.service[75350]: INFO cinder.api.openstack.wsgi [None req-e03fc80e-2c41-490d-bec7-2aac55efaa78 tempest-QosSpecsTestJSON-760302699 tempest-QosSpecsTestJSON-760302699-project-admin] http://10.0.0.210/volume/v3/5302bfb1c5af4d85b8fb1395ca95bb41/qos-specs returned with HTTP 200
Oct 26 05:01:35 user devstack@c-api.service[75350]: [pid: 75350|app: 0|req: 102/312] 10.0.0.210 () {62 vars in 1297 bytes} [Thu Oct 26 05:01:35 2023] GET /volume/v3/5302bfb1c5af4d85b8fb1395ca95bb41/qos-specs => generated 175 bytes in 44 msecs (HTTP/1.1 200) 7 headers in 285 bytes (1 switches on core 0)
Oct 26 05:01:35 user devstack@c-api.service[75349]: /opt/stack/data/venv/lib/python3.10/site-packages/oslo_context/context.py:100: DeprecationWarning: Policy enforcement is depending on the value of is_admin. This key is deprecated. Please update your policy file to use the standard policy values.
Oct 26 05:01:35 user devstack@c-api.service[75349]: warnings.warn('Policy enforcement is depending on the value of '
Oct 26 05:01:35 user devstack@c-api.service[75351]: DEBUG cinder.api.middleware.request_id [None req-78f875d6-7499-47ed-96b2-52ac0c191a02 None None] RequestId filter calling following filter/app {{(pid=75351) _context_setter /opt/stack/cinder/cinder/api/middleware/request_id.py:62}}
Oct 26 05:01:35 user devstack@c-api.service[75349]: INFO cinder.volume.api [None req-bcdc60d9-a2fd-4b86-83c2-d1cbfebd5a4c tempest-TaggedBootDevicesTest-1560474128 tempest-TaggedBootDevicesTest-1560474128-project-member] Volume info retrieved successfully.
Oct 26 05:01:35 user devstack@c-api.service[75351]: INFO cinder.api.openstack.wsgi [None req-78f875d6-7499-47ed-96b2-52ac0c191a02 tempest-QosSpecsTestJSON-760302699 tempest-QosSpecsTestJSON-760302699-project-admin] DELETE http://10.0.0.210/volume/v3/5302bfb1c5af4d85b8fb1395ca95bb41/qos-specs/1018e89a-6529-4292-93ae-9b6a87d442c5?force=False
Oct 26 05:01:35 user devstack@c-api.service[75351]: DEBUG cinder.api.openstack.wsgi [None req-78f875d6-7499-47ed-96b2-52ac0c191a02 tempest-QosSpecsTestJSON-760302699 tempest-QosSpecsTestJSON-760302699-project-admin] Empty body provided in request {{(pid=75351) get_body /opt/stack/cinder/cinder/api/openstack/wsgi.py:715}}
Oct 26 05:01:35 user devstack@c-api.service[75351]: DEBUG cinder.api.openstack.wsgi [None req-78f875d6-7499-47ed-96b2-52ac0c191a02 tempest-QosSpecsTestJSON-760302699 tempest-QosSpecsTestJSON-760302699-project-admin] Calling method 'delete' {{(pid=75351) _process_stack /opt/stack/cinder/cinder/api/openstack/wsgi.py:868}}
Oct 26 05:01:35 user devstack@c-api.service[75351]: DEBUG cinder.api.contrib.qos_specs_manage [None req-78f875d6-7499-47ed-96b2-52ac0c191a02 tempest-QosSpecsTestJSON-760302699 tempest-QosSpecsTestJSON-760302699-project-admin] Delete qos_spec: 1018e89a-6529-4292-93ae-9b6a87d442c5, force: False {{(pid=75351) delete /opt/stack/cinder/cinder/api/contrib/qos_specs_manage.py:168}}
Oct 26 05:01:35 user devstack@c-api.service[75349]: INFO cinder.api.openstack.wsgi [None req-bcdc60d9-a2fd-4b86-83c2-d1cbfebd5a4c tempest-TaggedBootDevicesTest-1560474128 tempest-TaggedBootDevicesTest-1560474128-project-member] http://10.0.0.210/volume/v3/8ed8195807e54a60bf79c8df4d1a8bef/volumes/9789ec9f-5e40-47b1-b1cf-feba72477976 returned with HTTP 200
Oct 26 05:01:35 user devstack@c-api.service[75349]: [pid: 75349|app: 0|req: 103/313] 10.0.0.210 () {62 vars in 1402 bytes} [Thu Oct 26 05:01:35 2023] GET /volume/v3/8ed8195807e54a60bf79c8df4d1a8bef/volumes/9789ec9f-5e40-47b1-b1cf-feba72477976 => generated 972 bytes in 92 msecs (HTTP/1.1 200) 7 headers in 285 bytes (1 switches on core 0)
Oct 26 05:01:35 user devstack@c-api.service[75351]: INFO cinder.api.openstack.wsgi [None req-78f875d6-7499-47ed-96b2-52ac0c191a02 tempest-QosSpecsTestJSON-760302699 tempest-QosSpecsTestJSON-760302699-project-admin] http://10.0.0.210/volume/v3/5302bfb1c5af4d85b8fb1395ca95bb41/qos-specs/1018e89a-6529-4292-93ae-9b6a87d442c5?force=False returned with HTTP 404
Oct 26 05:01:35 user devstack@c-api.service[75351]: [pid: 75351|app: 0|req: 109/314] 10.0.0.210 () {62 vars in 1434 bytes} [Thu Oct 26 05:01:35 2023] DELETE /volume/v3/5302bfb1c5af4d85b8fb1395ca95bb41/qos-specs/1018e89a-6529-4292-93ae-9b6a87d442c5?force=False => generated 100 bytes in 31 msecs (HTTP/1.1 404) 7 headers in 292 bytes (2 switches on core 0)
Oct 26 05:01:35 user devstack@c-api.service[75350]: DEBUG cinder.api.middleware.request_id [None req-3fd63767-e8b8-443f-894a-bbb72609cdb6 None None] RequestId filter calling following filter/app {{(pid=75350) _context_setter /opt/stack/cinder/cinder/api/middleware/request_id.py:62}}
Oct 26 05:01:35 user devstack@c-api.service[75350]: INFO cinder.api.openstack.wsgi [None req-3fd63767-e8b8-443f-894a-bbb72609cdb6 tempest-QosSpecsTestJSON-760302699 tempest-QosSpecsTestJSON-760302699-project-admin] GET http://10.0.0.210/volume/v3/5302bfb1c5af4d85b8fb1395ca95bb41/qos-specs/1018e89a-6529-4292-93ae-9b6a87d442c5
Oct 26 05:01:35 user devstack@c-api.service[75350]: DEBUG cinder.api.openstack.wsgi [None req-3fd63767-e8b8-443f-894a-bbb72609cdb6 tempest-QosSpecsTestJSON-760302699 tempest-QosSpecsTestJSON-760302699-project-admin] Empty body provided in request {{(pid=75350) get_body /opt/stack/cinder/cinder/api/openstack/wsgi.py:715}}
Oct 26 05:01:35 user devstack@c-api.service[75350]: DEBUG cinder.api.openstack.wsgi [None req-3fd63767-e8b8-443f-894a-bbb72609cdb6 tempest-QosSpecsTestJSON-760302699 tempest-QosSpecsTestJSON-760302699-project-admin] Calling method 'show' {{(pid=75350) _process_stack /opt/stack/cinder/cinder/api/openstack/wsgi.py:868}}
Oct 26 05:01:35 user devstack@c-api.service[75350]: /opt/stack/data/venv/lib/python3.10/site-packages/oslo_context/context.py:100: DeprecationWarning: Policy enforcement is depending on the value of is_admin. This key is deprecated. Please update your policy file to use the standard policy values.
Oct 26 05:01:35 user devstack@c-api.service[75350]: warnings.warn('Policy enforcement is depending on the value of '
Oct 26 05:01:35 user devstack@c-api.service[75350]: INFO cinder.api.openstack.wsgi [None req-3fd63767-e8b8-443f-894a-bbb72609cdb6 tempest-QosSpecsTestJSON-760302699 tempest-QosSpecsTestJSON-760302699-project-admin] http://10.0.0.210/volume/v3/5302bfb1c5af4d85b8fb1395ca95bb41/qos-specs/1018e89a-6529-4292-93ae-9b6a87d442c5 returned with HTTP 404
Oct 26 05:01:35 user devstack@c-api.service[75349]: DEBUG cinder.api.middleware.request_id [None req-2f877272-a291-4d4e-be84-b215126c276b None None] RequestId filter calling following filter/app {{(pid=75349) _context_setter /opt/stack/cinder/cinder/api/middleware/request_id.py:62}}
Oct 26 05:01:35 user devstack@c-api.service[75350]: [pid: 75350|app: 0|req: 103/315] 10.0.0.210 () {62 vars in 1408 bytes} [Thu Oct 26 05:01:35 2023] GET /volume/v3/5302bfb1c5af4d85b8fb1395ca95bb41/qos-specs/1018e89a-6529-4292-93ae-9b6a87d442c5 => generated 100 bytes in 32 msecs (HTTP/1.1 404) 7 headers in 292 bytes (1 switches on core 0)
Oct 26 05:01:35 user devstack@c-api.service[75351]: DEBUG cinder.api.middleware.request_id [None req-715b2614-4322-496e-b2b0-1b3926461601 None None] RequestId filter calling following filter/app {{(pid=75351) _context_setter /opt/stack/cinder/cinder/api/middleware/request_id.py:62}}
Oct 26 05:01:35 user devstack@c-api.service[75349]: INFO cinder.api.openstack.wsgi [None req-2f877272-a291-4d4e-be84-b215126c276b tempest-VolumesTestJSON-1749820463 tempest-VolumesTestJSON-1749820463-project-member] GET http://10.0.0.210/volume/v3/69f5b30532a445e5b7179fa5f6f21966/volumes/f5ffc35e-2510-4534-9e3e-501f9beef8a1
Oct 26 05:01:35 user devstack@c-api.service[75349]: DEBUG cinder.api.openstack.wsgi [None req-2f877272-a291-4d4e-be84-b215126c276b tempest-VolumesTestJSON-1749820463 tempest-VolumesTestJSON-1749820463-project-member] Empty body provided in request {{(pid=75349) get_body /opt/stack/cinder/cinder/api/openstack/wsgi.py:715}}
Oct 26 05:01:35 user devstack@c-api.service[75349]: DEBUG cinder.api.openstack.wsgi [None req-2f877272-a291-4d4e-be84-b215126c276b tempest-VolumesTestJSON-1749820463 tempest-VolumesTestJSON-1749820463-project-member] Calling method 'show' {{(pid=75349) _process_stack /opt/stack/cinder/cinder/api/openstack/wsgi.py:868}}
Oct 26 05:01:35 user devstack@c-api.service[75351]: INFO cinder.api.openstack.wsgi [None req-715b2614-4322-496e-b2b0-1b3926461601 tempest-QosSpecsTestJSON-760302699 tempest-QosSpecsTestJSON-760302699-project-admin] POST http://10.0.0.210/volume/v3/5302bfb1c5af4d85b8fb1395ca95bb41/qos-specs
Oct 26 05:01:35 user devstack@c-api.service[75351]: DEBUG cinder.api.openstack.wsgi [None req-715b2614-4322-496e-b2b0-1b3926461601 tempest-QosSpecsTestJSON-760302699 tempest-QosSpecsTestJSON-760302699-project-admin] Action: 'create', calling method: create, body: {"qos_specs": {"name": "tempest-QosSpecsTestJSON-qos-463257102", "consumer": "both"}} {{(pid=75351) _process_stack /opt/stack/cinder/cinder/api/openstack/wsgi.py:866}}
Oct 26 05:01:35 user devstack@c-api.service[75351]: DEBUG cinder.volume.qos_specs [None req-715b2614-4322-496e-b2b0-1b3926461601 tempest-QosSpecsTestJSON-760302699 tempest-QosSpecsTestJSON-760302699-project-admin] Dict for qos_specs: {'name': 'tempest-QosSpecsTestJSON-qos-463257102', 'consumer': 'both', 'specs': {}} {{(pid=75351) create /opt/stack/cinder/cinder/volume/qos_specs.py:64}}
Oct 26 05:01:35 user devstack@c-api.service[75351]: DEBUG cinder.db.sqlalchemy.api [None req-715b2614-4322-496e-b2b0-1b3926461601 tempest-QosSpecsTestJSON-760302699 tempest-QosSpecsTestJSON-760302699-project-admin] DB qos_specs_create(): root {'id': 'd8128280-9da2-4e32-bda4-4c1f6d53b54f', 'key': 'QoS_Specs_Name', 'value': 'tempest-QosSpecsTestJSON-qos-463257102'} {{(pid=75351) qos_specs_create /opt/stack/cinder/cinder/db/sqlalchemy/api.py:5643}}
Oct 26 05:01:35 user devstack@c-api.service[75349]: /opt/stack/data/venv/lib/python3.10/site-packages/oslo_context/context.py:100: DeprecationWarning: Policy enforcement is depending on the value of is_admin. This key is deprecated. Please update your policy file to use the standard policy values.
Oct 26 05:01:35 user devstack@c-api.service[75349]: warnings.warn('Policy enforcement is depending on the value of '
Oct 26 05:01:35 user devstack@c-api.service[75351]: INFO cinder.api.openstack.wsgi [None req-715b2614-4322-496e-b2b0-1b3926461601 tempest-QosSpecsTestJSON-760302699 tempest-QosSpecsTestJSON-760302699-project-admin] http://10.0.0.210/volume/v3/5302bfb1c5af4d85b8fb1395ca95bb41/qos-specs returned with HTTP 200
Oct 26 05:01:35 user devstack@c-api.service[75351]: [pid: 75351|app: 0|req: 110/316] 10.0.0.210 () {64 vars in 1318 bytes} [Thu Oct 26 05:01:35 2023] POST /volume/v3/5302bfb1c5af4d85b8fb1395ca95bb41/qos-specs => generated 428 bytes in 52 msecs (HTTP/1.1 200) 7 headers in 285 bytes (1 switches on core 0)
Oct 26 05:01:35 user devstack@c-api.service[75350]: DEBUG cinder.api.middleware.request_id [None req-59f8f05b-24e7-4596-9716-77e887bccfce None None] RequestId filter calling following filter/app {{(pid=75350) _context_setter /opt/stack/cinder/cinder/api/middleware/request_id.py:62}}
Oct 26 05:01:35 user devstack@c-api.service[75349]: INFO cinder.volume.api [None req-2f877272-a291-4d4e-be84-b215126c276b tempest-VolumesTestJSON-1749820463 tempest-VolumesTestJSON-1749820463-project-member] Volume info retrieved successfully.
Oct 26 05:01:35 user devstack@c-api.service[75350]: INFO cinder.api.openstack.wsgi [None req-59f8f05b-24e7-4596-9716-77e887bccfce tempest-QosSpecsTestJSON-760302699 tempest-QosSpecsTestJSON-760302699-project-admin] DELETE http://10.0.0.210/volume/v3/5302bfb1c5af4d85b8fb1395ca95bb41/qos-specs/d8128280-9da2-4e32-bda4-4c1f6d53b54f?force=False
Oct 26 05:01:35 user devstack@c-api.service[75350]: DEBUG cinder.api.openstack.wsgi [None req-59f8f05b-24e7-4596-9716-77e887bccfce tempest-QosSpecsTestJSON-760302699 tempest-QosSpecsTestJSON-760302699-project-admin] Empty body provided in request {{(pid=75350) get_body /opt/stack/cinder/cinder/api/openstack/wsgi.py:715}}
Oct 26 05:01:35 user devstack@c-api.service[75350]: DEBUG cinder.api.openstack.wsgi [None req-59f8f05b-24e7-4596-9716-77e887bccfce tempest-QosSpecsTestJSON-760302699 tempest-QosSpecsTestJSON-760302699-project-admin] Calling method 'delete' {{(pid=75350) _process_stack /opt/stack/cinder/cinder/api/openstack/wsgi.py:868}}
Oct 26 05:01:35 user devstack@c-api.service[75350]: DEBUG cinder.api.contrib.qos_specs_manage [None req-59f8f05b-24e7-4596-9716-77e887bccfce tempest-QosSpecsTestJSON-760302699 tempest-QosSpecsTestJSON-760302699-project-admin] Delete qos_spec: d8128280-9da2-4e32-bda4-4c1f6d53b54f, force: False {{(pid=75350) delete /opt/stack/cinder/cinder/api/contrib/qos_specs_manage.py:168}}
Oct 26 05:01:35 user devstack@c-api.service[75349]: INFO cinder.api.openstack.wsgi [None req-2f877272-a291-4d4e-be84-b215126c276b tempest-VolumesTestJSON-1749820463 tempest-VolumesTestJSON-1749820463-project-member] http://10.0.0.210/volume/v3/69f5b30532a445e5b7179fa5f6f21966/volumes/f5ffc35e-2510-4534-9e3e-501f9beef8a1 returned with HTTP 200
Oct 26 05:01:35 user devstack@c-api.service[75349]: [pid: 75349|app: 0|req: 104/317] 10.0.0.210 () {62 vars in 1402 bytes} [Thu Oct 26 05:01:35 2023] GET /volume/v3/69f5b30532a445e5b7179fa5f6f21966/volumes/f5ffc35e-2510-4534-9e3e-501f9beef8a1 => generated 918 bytes in 97 msecs (HTTP/1.1 200) 7 headers in 285 bytes (1 switches on core 0)
Oct 26 05:01:35 user devstack@c-api.service[75350]: INFO cinder.api.openstack.wsgi [None req-59f8f05b-24e7-4596-9716-77e887bccfce tempest-QosSpecsTestJSON-760302699 tempest-QosSpecsTestJSON-760302699-project-admin] http://10.0.0.210/volume/v3/5302bfb1c5af4d85b8fb1395ca95bb41/qos-specs/d8128280-9da2-4e32-bda4-4c1f6d53b54f?force=False returned with HTTP 202
Oct 26 05:01:35 user devstack@c-api.service[75350]: [pid: 75350|app: 0|req: 104/318] 10.0.0.210 () {62 vars in 1434 bytes} [Thu Oct 26 05:01:35 2023] DELETE /volume/v3/5302bfb1c5af4d85b8fb1395ca95bb41/qos-specs/d8128280-9da2-4e32-bda4-4c1f6d53b54f?force=False => generated 0 bytes in 76 msecs (HTTP/1.1 202) 6 headers in 233 bytes (1 switches on core 0)
Oct 26 05:01:35 user devstack@c-api.service[75351]: DEBUG cinder.api.middleware.request_id [None req-e851270d-6f42-44f2-8ba9-9fa6e7e9ba10 None None] RequestId filter calling following filter/app {{(pid=75351) _context_setter /opt/stack/cinder/cinder/api/middleware/request_id.py:62}}
Oct 26 05:01:35 user devstack@c-api.service[75351]: INFO cinder.api.openstack.wsgi [None req-e851270d-6f42-44f2-8ba9-9fa6e7e9ba10 tempest-QosSpecsTestJSON-760302699 tempest-QosSpecsTestJSON-760302699-project-admin] GET http://10.0.0.210/volume/v3/5302bfb1c5af4d85b8fb1395ca95bb41/qos-specs/d8128280-9da2-4e32-bda4-4c1f6d53b54f
Oct 26 05:01:35 user devstack@c-api.service[75351]: DEBUG cinder.api.openstack.wsgi [None req-e851270d-6f42-44f2-8ba9-9fa6e7e9ba10 tempest-QosSpecsTestJSON-760302699 tempest-QosSpecsTestJSON-760302699-project-admin] Empty body provided in request {{(pid=75351) get_body /opt/stack/cinder/cinder/api/openstack/wsgi.py:715}}
Oct 26 05:01:35 user devstack@c-api.service[75351]: DEBUG cinder.api.openstack.wsgi [None req-e851270d-6f42-44f2-8ba9-9fa6e7e9ba10 tempest-QosSpecsTestJSON-760302699 tempest-QosSpecsTestJSON-760302699-project-admin] Calling method 'show' {{(pid=75351) _process_stack /opt/stack/cinder/cinder/api/openstack/wsgi.py:868}}
Oct 26 05:01:35 user devstack@c-api.service[75351]: /opt/stack/data/venv/lib/python3.10/site-packages/oslo_context/context.py:100: DeprecationWarning: Policy enforcement is depending on the value of is_admin. This key is deprecated. Please update your policy file to use the standard policy values.
Oct 26 05:01:35 user devstack@c-api.service[75351]: warnings.warn('Policy enforcement is depending on the value of '
Oct 26 05:01:35 user devstack@c-api.service[75351]: INFO cinder.api.openstack.wsgi [None req-e851270d-6f42-44f2-8ba9-9fa6e7e9ba10 tempest-QosSpecsTestJSON-760302699 tempest-QosSpecsTestJSON-760302699-project-admin] http://10.0.0.210/volume/v3/5302bfb1c5af4d85b8fb1395ca95bb41/qos-specs/d8128280-9da2-4e32-bda4-4c1f6d53b54f returned with HTTP 404
Oct 26 05:01:35 user devstack@c-api.service[75351]: [pid: 75351|app: 0|req: 111/319] 10.0.0.210 () {62 vars in 1408 bytes} [Thu Oct 26 05:01:35 2023] GET /volume/v3/5302bfb1c5af4d85b8fb1395ca95bb41/qos-specs/d8128280-9da2-4e32-bda4-4c1f6d53b54f => generated 100 bytes in 37 msecs (HTTP/1.1 404) 7 headers in 292 bytes (1 switches on core 0)
Oct 26 05:01:35 user devstack@c-api.service[75349]: DEBUG cinder.api.middleware.request_id [None req-7706f844-4571-4495-a584-5ca89362b12e None None] RequestId filter calling following filter/app {{(pid=75349) _context_setter /opt/stack/cinder/cinder/api/middleware/request_id.py:62}}
Oct 26 05:01:35 user devstack@c-api.service[75349]: INFO cinder.api.openstack.wsgi [None req-7706f844-4571-4495-a584-5ca89362b12e tempest-QosSpecsTestJSON-760302699 tempest-QosSpecsTestJSON-760302699-project-admin] GET http://10.0.0.210/volume/v3/5302bfb1c5af4d85b8fb1395ca95bb41/qos-specs
Oct 26 05:01:35 user devstack@c-api.service[75349]: DEBUG cinder.api.openstack.wsgi [None req-7706f844-4571-4495-a584-5ca89362b12e tempest-QosSpecsTestJSON-760302699 tempest-QosSpecsTestJSON-760302699-project-admin] Empty body provided in request {{(pid=75349) get_body /opt/stack/cinder/cinder/api/openstack/wsgi.py:715}}
Oct 26 05:01:35 user devstack@c-api.service[75349]: DEBUG cinder.api.openstack.wsgi [None req-7706f844-4571-4495-a584-5ca89362b12e tempest-QosSpecsTestJSON-760302699 tempest-QosSpecsTestJSON-760302699-project-admin] Calling method 'index' {{(pid=75349) _process_stack /opt/stack/cinder/cinder/api/openstack/wsgi.py:868}}
Oct 26 05:01:35 user devstack@c-api.service[75349]: INFO cinder.api.openstack.wsgi [None req-7706f844-4571-4495-a584-5ca89362b12e tempest-QosSpecsTestJSON-760302699 tempest-QosSpecsTestJSON-760302699-project-admin] http://10.0.0.210/volume/v3/5302bfb1c5af4d85b8fb1395ca95bb41/qos-specs returned with HTTP 200
Oct 26 05:01:35 user devstack@c-api.service[75349]: [pid: 75349|app: 0|req: 105/320] 10.0.0.210 () {62 vars in 1297 bytes} [Thu Oct 26 05:01:35 2023] GET /volume/v3/5302bfb1c5af4d85b8fb1395ca95bb41/qos-specs => generated 175 bytes in 76 msecs (HTTP/1.1 200) 7 headers in 285 bytes (1 switches on core 0)
Oct 26 05:01:36 user devstack@c-api.service[75350]: DEBUG cinder.api.middleware.request_id [None req-857a4666-06a0-4a59-a0da-a5de86b78ef0 None None] RequestId filter calling following filter/app {{(pid=75350) _context_setter /opt/stack/cinder/cinder/api/middleware/request_id.py:62}}
Oct 26 05:01:36 user devstack@c-api.service[75350]: INFO cinder.api.openstack.wsgi [None req-857a4666-06a0-4a59-a0da-a5de86b78ef0 tempest-QosSpecsTestJSON-760302699 tempest-QosSpecsTestJSON-760302699-project-admin] DELETE http://10.0.0.210/volume/v3/5302bfb1c5af4d85b8fb1395ca95bb41/qos-specs/d8128280-9da2-4e32-bda4-4c1f6d53b54f?force=False
Oct 26 05:01:36 user devstack@c-api.service[75350]: DEBUG cinder.api.openstack.wsgi [None req-857a4666-06a0-4a59-a0da-a5de86b78ef0 tempest-QosSpecsTestJSON-760302699 tempest-QosSpecsTestJSON-760302699-project-admin] Empty body provided in request {{(pid=75350) get_body /opt/stack/cinder/cinder/api/openstack/wsgi.py:715}}
Oct 26 05:01:36 user devstack@c-api.service[75350]: DEBUG cinder.api.openstack.wsgi [None req-857a4666-06a0-4a59-a0da-a5de86b78ef0 tempest-QosSpecsTestJSON-760302699 tempest-QosSpecsTestJSON-760302699-project-admin] Calling method 'delete' {{(pid=75350) _process_stack /opt/stack/cinder/cinder/api/openstack/wsgi.py:868}}
Oct 26 05:01:36 user devstack@c-api.service[75350]: /opt/stack/data/venv/lib/python3.10/site-packages/oslo_context/context.py:100: DeprecationWarning: Policy enforcement is depending on the value of is_admin. This key is deprecated. Please update your policy file to use the standard policy values.
Oct 26 05:01:36 user devstack@c-api.service[75350]: warnings.warn('Policy enforcement is depending on the value of '
Oct 26 05:01:36 user devstack@c-api.service[75350]: DEBUG cinder.api.contrib.qos_specs_manage [None req-857a4666-06a0-4a59-a0da-a5de86b78ef0 tempest-QosSpecsTestJSON-760302699 tempest-QosSpecsTestJSON-760302699-project-admin] Delete qos_spec: d8128280-9da2-4e32-bda4-4c1f6d53b54f, force: False {{(pid=75350) delete /opt/stack/cinder/cinder/api/contrib/qos_specs_manage.py:168}}
Oct 26 05:01:36 user devstack@c-api.service[75350]: INFO cinder.api.openstack.wsgi [None req-857a4666-06a0-4a59-a0da-a5de86b78ef0 tempest-QosSpecsTestJSON-760302699 tempest-QosSpecsTestJSON-760302699-project-admin] http://10.0.0.210/volume/v3/5302bfb1c5af4d85b8fb1395ca95bb41/qos-specs/d8128280-9da2-4e32-bda4-4c1f6d53b54f?force=False returned with HTTP 404
Oct 26 05:01:36 user devstack@c-api.service[75350]: [pid: 75350|app: 0|req: 105/321] 10.0.0.210 () {62 vars in 1434 bytes} [Thu Oct 26 05:01:36 2023] DELETE /volume/v3/5302bfb1c5af4d85b8fb1395ca95bb41/qos-specs/d8128280-9da2-4e32-bda4-4c1f6d53b54f?force=False => generated 100 bytes in 27 msecs (HTTP/1.1 404) 7 headers in 292 bytes (1 switches on core 0)
Oct 26 05:01:36 user devstack@c-api.service[75351]: DEBUG cinder.api.middleware.request_id [None req-4ba272d2-4938-4d01-b214-93611f82ba5f None None] RequestId filter calling following filter/app {{(pid=75351) _context_setter /opt/stack/cinder/cinder/api/middleware/request_id.py:62}}
Oct 26 05:01:36 user devstack@c-api.service[75351]: INFO cinder.api.openstack.wsgi [None req-4ba272d2-4938-4d01-b214-93611f82ba5f tempest-QosSpecsTestJSON-760302699 tempest-QosSpecsTestJSON-760302699-project-admin] GET http://10.0.0.210/volume/v3/5302bfb1c5af4d85b8fb1395ca95bb41/qos-specs/d8128280-9da2-4e32-bda4-4c1f6d53b54f
Oct 26 05:01:36 user devstack@c-api.service[75351]: DEBUG cinder.api.openstack.wsgi [None req-4ba272d2-4938-4d01-b214-93611f82ba5f tempest-QosSpecsTestJSON-760302699 tempest-QosSpecsTestJSON-760302699-project-admin] Empty body provided in request {{(pid=75351) get_body /opt/stack/cinder/cinder/api/openstack/wsgi.py:715}}
Oct 26 05:01:36 user devstack@c-api.service[75351]: DEBUG cinder.api.openstack.wsgi [None req-4ba272d2-4938-4d01-b214-93611f82ba5f tempest-QosSpecsTestJSON-760302699 tempest-QosSpecsTestJSON-760302699-project-admin] Calling method 'show' {{(pid=75351) _process_stack /opt/stack/cinder/cinder/api/openstack/wsgi.py:868}}
Oct 26 05:01:36 user devstack@c-api.service[75351]: INFO cinder.api.openstack.wsgi [None req-4ba272d2-4938-4d01-b214-93611f82ba5f tempest-QosSpecsTestJSON-760302699 tempest-QosSpecsTestJSON-760302699-project-admin] http://10.0.0.210/volume/v3/5302bfb1c5af4d85b8fb1395ca95bb41/qos-specs/d8128280-9da2-4e32-bda4-4c1f6d53b54f returned with HTTP 404
Oct 26 05:01:36 user devstack@c-api.service[75351]: [pid: 75351|app: 0|req: 112/322] 10.0.0.210 () {62 vars in 1408 bytes} [Thu Oct 26 05:01:36 2023] GET /volume/v3/5302bfb1c5af4d85b8fb1395ca95bb41/qos-specs/d8128280-9da2-4e32-bda4-4c1f6d53b54f => generated 100 bytes in 37 msecs (HTTP/1.1 404) 7 headers in 292 bytes (1 switches on core 0)
Oct 26 05:01:36 user devstack@c-api.service[75349]: DEBUG cinder.api.middleware.request_id [None req-2bf0d274-bb93-4125-a5b9-90cf7cc4c8a3 None None] RequestId filter calling following filter/app {{(pid=75349) _context_setter /opt/stack/cinder/cinder/api/middleware/request_id.py:62}}
Oct 26 05:01:36 user devstack@c-api.service[75349]: INFO cinder.api.openstack.wsgi [None req-2bf0d274-bb93-4125-a5b9-90cf7cc4c8a3 tempest-QosSpecsTestJSON-760302699 tempest-QosSpecsTestJSON-760302699-project-admin] POST http://10.0.0.210/volume/v3/5302bfb1c5af4d85b8fb1395ca95bb41/qos-specs
Oct 26 05:01:36 user devstack@c-api.service[75349]: DEBUG cinder.api.openstack.wsgi [None req-2bf0d274-bb93-4125-a5b9-90cf7cc4c8a3 tempest-QosSpecsTestJSON-760302699 tempest-QosSpecsTestJSON-760302699-project-admin] Action: 'create', calling method: create, body: {"qos_specs": {"name": "tempest-QosSpecsTestJSON-qos-1242955247", "consumer": "front-end"}} {{(pid=75349) _process_stack /opt/stack/cinder/cinder/api/openstack/wsgi.py:866}}
