Oct 26 04:51:12 user devstack@keystone.service[45600]: DEBUG keystone.server.flask.request_processing.req_logging [None req-ca3fdd04-512d-4370-a305-7a5aba3348e9 None admin] REQUEST_METHOD: `GET` {{(pid=45600) log_request_info /opt/stack/keystone/keystone/server/flask/request_processing/req_logging.py:27}}
Oct 26 04:51:12 user devstack@keystone.service[45600]: DEBUG keystone.server.flask.request_processing.req_logging [None req-ca3fdd04-512d-4370-a305-7a5aba3348e9 None admin] SCRIPT_NAME: `/identity` {{(pid=45600) log_request_info /opt/stack/keystone/keystone/server/flask/request_processing/req_logging.py:28}}
Oct 26 04:51:12 user devstack@keystone.service[45600]: DEBUG keystone.server.flask.request_processing.req_logging [None req-ca3fdd04-512d-4370-a305-7a5aba3348e9 None admin] PATH_INFO: `/v3/role_assignments` {{(pid=45600) log_request_info /opt/stack/keystone/keystone/server/flask/request_processing/req_logging.py:29}}
Oct 26 04:51:12 user devstack@keystone.service[45600]: DEBUG keystone.common.rbac_enforcer.enforcer [None req-ca3fdd04-512d-4370-a305-7a5aba3348e9 None admin] RBAC: Adding query filter params (role.id=beff5ec7c52440db8fc807a91e429234, scope.project.id=77443135fc674a488c67f1544ea0b149, user.id=9a2c0f03c6e74a4c9a904efe7033bccc) {{(pid=45600) _extract_filter_values /opt/stack/keystone/keystone/common/rbac_enforcer/enforcer.py:167}}
Oct 26 04:51:12 user devstack@keystone.service[45600]: DEBUG keystone.common.rbac_enforcer.enforcer [None req-ca3fdd04-512d-4370-a305-7a5aba3348e9 None admin] RBAC: Authorizing `identity:list_role_assignments()` {{(pid=45600) enforce_call /opt/stack/keystone/keystone/common/rbac_enforcer/enforcer.py:449}}
Oct 26 04:51:12 user devstack@keystone.service[45600]: DEBUG keystone.common.rbac_enforcer.enforcer [None req-ca3fdd04-512d-4370-a305-7a5aba3348e9 None admin] RBAC: Authorization granted {{(pid=45600) enforce_call /opt/stack/keystone/keystone/common/rbac_enforcer/enforcer.py:457}}
Oct 26 04:51:12 user devstack@keystone.service[45600]: [pid: 45600|app: 0|req: 43/125] 10.0.0.210 () {56 vars in 1369 bytes} [Thu Oct 26 04:51:12 2023] GET /identity/v3/role_assignments?user.id=9a2c0f03c6e74a4c9a904efe7033bccc&scope.project.id=77443135fc674a488c67f1544ea0b149&role.id=beff5ec7c52440db8fc807a91e429234 => generated 606 bytes in 164 msecs (HTTP/1.1 200) 5 headers in 177 bytes (1 switches on core 0)
Oct 26 04:51:12 user devstack@keystone.service[45600]: DEBUG keystone.server.flask.request_processing.middleware.auth_context [None req-ca3fdd04-512d-4370-a305-7a5aba3348e9 None admin] Authenticating user token {{(pid=45600) process_request /opt/stack/data/venv/lib/python3.10/site-packages/keystonemiddleware/auth_token/__init__.py:406}}
Oct 26 04:51:12 user devstack@keystone.service[45601]: DEBUG keystone.server.flask.request_processing.middleware.auth_context [None req-10c7ea3e-1a1b-42e7-8505-a7ca6831362f None admin] Validating token access rules against request {{(pid=45601) validate_allowed_request /opt/stack/data/venv/lib/python3.10/site-packages/keystonemiddleware/auth_token/__init__.py:544}}
Oct 26 04:51:12 user devstack@keystone.service[45602]: DEBUG keystone.common.rbac_enforcer.enforcer [None req-a69e5583-6937-4ff3-9ad9-d948a69b9994 None admin] RBAC: Authorizing `identity:validate_token()` {{(pid=45602) enforce_call /opt/stack/keystone/keystone/common/rbac_enforcer/enforcer.py:449}}
Oct 26 04:51:12 user devstack@keystone.service[45602]: DEBUG keystone.common.rbac_enforcer.enforcer [None req-a69e5583-6937-4ff3-9ad9-d948a69b9994 None admin] RBAC: Authorization granted {{(pid=45602) enforce_call /opt/stack/keystone/keystone/common/rbac_enforcer/enforcer.py:457}}
Oct 26 04:51:12 user devstack@keystone.service[45601]: DEBUG keystone.server.flask.request_processing.middleware.auth_context [None req-e92d1f33-7a8a-40ab-9241-317932575755 None admin] RBAC: auth_context: {'token': , 'domain_id': None, 'trust_id': None, 'trustor_id': None, 'trustee_id': None, 'domain_name': None, 'group_ids': [], 'user_id': '18d06f45ac7a461682e44009a13db88c', 'user_domain_id': 'default', 'system_scope': 'all', 'project_id': None, 'project_domain_id': None, 'roles': ['admin', 'manager', 'member', 'reader'], 'is_admin_project': True, 'service_user_id': None, 'service_user_domain_id': None, 'service_project_id': None, 'service_project_domain_id': None, 'service_roles': []} {{(pid=45601) fill_context /opt/stack/keystone/keystone/server/flask/request_processing/middleware/auth_context.py:480}}
Oct 26 04:51:12 user devstack@keystone.service[45601]: DEBUG keystone.server.flask.request_processing.req_logging [None req-e92d1f33-7a8a-40ab-9241-317932575755 None admin] REQUEST_METHOD: `PUT` {{(pid=45601) log_request_info /opt/stack/keystone/keystone/server/flask/request_processing/req_logging.py:27}}
Oct 26 04:51:12 user devstack@keystone.service[45601]: DEBUG keystone.server.flask.request_processing.req_logging [None req-e92d1f33-7a8a-40ab-9241-317932575755 None admin] SCRIPT_NAME: `/identity` {{(pid=45601) log_request_info /opt/stack/keystone/keystone/server/flask/request_processing/req_logging.py:28}}
Oct 26 04:51:12 user devstack@keystone.service[45601]: DEBUG keystone.server.flask.request_processing.req_logging [None req-e92d1f33-7a8a-40ab-9241-317932575755 None admin] PATH_INFO: `/v3/projects/77443135fc674a488c67f1544ea0b149/users/aa8359bf063e4e988d6812c2fccb4843/roles/d4b1d2898cba466790dcde882e61a526` {{(pid=45601) log_request_info /opt/stack/keystone/keystone/server/flask/request_processing/req_logging.py:29}}
Oct 26 04:51:12 user devstack@keystone.service[45601]: DEBUG keystone.common.rbac_enforcer.enforcer [None req-e92d1f33-7a8a-40ab-9241-317932575755 None admin] RBAC: Authorizing `identity:create_grant(project_id=77443135fc674a488c67f1544ea0b149, user_id=aa8359bf063e4e988d6812c2fccb4843, role_id=d4b1d2898cba466790dcde882e61a526)` {{(pid=45601) enforce_call /opt/stack/keystone/keystone/common/rbac_enforcer/enforcer.py:449}}
Oct 26 04:51:12 user devstack@keystone.service[45601]: DEBUG keystone.common.rbac_enforcer.enforcer [None req-e92d1f33-7a8a-40ab-9241-317932575755 None admin] RBAC: Authorization granted {{(pid=45601) enforce_call /opt/stack/keystone/keystone/common/rbac_enforcer/enforcer.py:457}}
Oct 26 04:51:12 user devstack@keystone.service[45601]: [pid: 45601|app: 0|req: 44/126] 10.0.0.210 () {58 vars in 1434 bytes} [Thu Oct 26 04:51:12 2023] PUT /identity/v3/projects/77443135fc674a488c67f1544ea0b149/users/aa8359bf063e4e988d6812c2fccb4843/roles/d4b1d2898cba466790dcde882e61a526 => generated 0 bytes in 159 msecs (HTTP/1.1 204) 3 headers in 132 bytes (0 switches on core 0)
Oct 26 04:51:12 user devstack@keystone.service[45600]: DEBUG keystone.server.flask.request_processing.middleware.auth_context [None req-ca3fdd04-512d-4370-a305-7a5aba3348e9 None admin] Validating token access rules against request {{(pid=45600) validate_allowed_request /opt/stack/data/venv/lib/python3.10/site-packages/keystonemiddleware/auth_token/__init__.py:544}}
Oct 26 04:51:12 user devstack@keystone.service[45600]: DEBUG keystone.server.flask.request_processing.middleware.auth_context [None req-e726e998-cb87-47af-a2e8-4122a2c44946 None admin] RBAC: auth_context: {'token': , 'domain_id': None, 'trust_id': None, 'trustor_id': None, 'trustee_id': None, 'domain_name': None, 'group_ids': [], 'user_id': '18d06f45ac7a461682e44009a13db88c', 'user_domain_id': 'default', 'system_scope': 'all', 'project_id': None, 'project_domain_id': None, 'roles': ['admin', 'manager', 'member', 'reader'], 'is_admin_project': True, 'service_user_id': None, 'service_user_domain_id': None, 'service_project_id': None, 'service_project_domain_id': None, 'service_roles': []} {{(pid=45600) fill_context /opt/stack/keystone/keystone/server/flask/request_processing/middleware/auth_context.py:480}}
Oct 26 04:51:12 user devstack@keystone.service[45600]: DEBUG keystone.server.flask.request_processing.req_logging [None req-e726e998-cb87-47af-a2e8-4122a2c44946 None admin] REQUEST_METHOD: `GET` {{(pid=45600) log_request_info /opt/stack/keystone/keystone/server/flask/request_processing/req_logging.py:27}}
Oct 26 04:51:12 user devstack@keystone.service[45602]: [pid: 45602|app: 0|req: 40/127] 10.0.0.210 () {58 vars in 1277 bytes} [Thu Oct 26 04:51:12 2023] GET /identity/v3/auth/tokens => generated 861 bytes in 309 msecs (HTTP/1.1 200) 6 headers in 358 bytes (1 switches on core 0)
Oct 26 04:51:12 user devstack@keystone.service[45600]: DEBUG keystone.server.flask.request_processing.req_logging [None req-e726e998-cb87-47af-a2e8-4122a2c44946 None admin] SCRIPT_NAME: `/identity` {{(pid=45600) log_request_info /opt/stack/keystone/keystone/server/flask/request_processing/req_logging.py:28}}
Oct 26 04:51:12 user devstack@keystone.service[45600]: DEBUG keystone.server.flask.request_processing.req_logging [None req-e726e998-cb87-47af-a2e8-4122a2c44946 None admin] PATH_INFO: `/v3/projects/77443135fc674a488c67f1544ea0b149` {{(pid=45600) log_request_info /opt/stack/keystone/keystone/server/flask/request_processing/req_logging.py:29}}
Oct 26 04:51:12 user devstack@keystone.service[45600]: DEBUG keystone.common.rbac_enforcer.enforcer [None req-e726e998-cb87-47af-a2e8-4122a2c44946 None admin] RBAC: Authorizing `identity:get_project(project_id=77443135fc674a488c67f1544ea0b149)` {{(pid=45600) enforce_call /opt/stack/keystone/keystone/common/rbac_enforcer/enforcer.py:449}}
Oct 26 04:51:12 user devstack@keystone.service[45600]: DEBUG keystone.common.rbac_enforcer.enforcer [None req-e726e998-cb87-47af-a2e8-4122a2c44946 None admin] RBAC: Authorization granted {{(pid=45600) enforce_call /opt/stack/keystone/keystone/common/rbac_enforcer/enforcer.py:457}}
Oct 26 04:51:12 user devstack@keystone.service[45600]: [pid: 45600|app: 0|req: 44/128] 10.0.0.210 () {56 vars in 1181 bytes} [Thu Oct 26 04:51:12 2023] GET /identity/v3/projects/77443135fc674a488c67f1544ea0b149 => generated 297 bytes in 128 msecs (HTTP/1.1 200) 5 headers in 177 bytes (1 switches on core 0)
Oct 26 04:51:12 user devstack@keystone.service[45601]: DEBUG keystone.server.flask.request_processing.middleware.auth_context [None req-e92d1f33-7a8a-40ab-9241-317932575755 None admin] Authenticating user token {{(pid=45601) process_request /opt/stack/data/venv/lib/python3.10/site-packages/keystonemiddleware/auth_token/__init__.py:406}}
Oct 26 04:51:12 user devstack@keystone.service[45602]: DEBUG keystone.server.flask.request_processing.middleware.auth_context [None req-a69e5583-6937-4ff3-9ad9-d948a69b9994 None admin] Authenticating user token {{(pid=45602) process_request /opt/stack/data/venv/lib/python3.10/site-packages/keystonemiddleware/auth_token/__init__.py:406}}
Oct 26 04:51:13 user devstack@keystone.service[45602]: DEBUG keystone.server.flask.request_processing.middleware.auth_context [None req-a69e5583-6937-4ff3-9ad9-d948a69b9994 None admin] Validating token access rules against request {{(pid=45602) validate_allowed_request /opt/stack/data/venv/lib/python3.10/site-packages/keystonemiddleware/auth_token/__init__.py:544}}
Oct 26 04:51:13 user devstack@keystone.service[45601]: DEBUG keystone.server.flask.request_processing.middleware.auth_context [None req-e92d1f33-7a8a-40ab-9241-317932575755 None admin] Validating token access rules against request {{(pid=45601) validate_allowed_request /opt/stack/data/venv/lib/python3.10/site-packages/keystonemiddleware/auth_token/__init__.py:544}}
Oct 26 04:51:13 user devstack@keystone.service[45602]: DEBUG keystone.server.flask.request_processing.middleware.auth_context [None req-cef01abb-768c-470f-a26b-58b5480b0ea3 None admin] RBAC: auth_context: {'token': , 'domain_id': None, 'trust_id': None, 'trustor_id': None, 'trustee_id': None, 'domain_name': None, 'group_ids': [], 'user_id': '18d06f45ac7a461682e44009a13db88c', 'user_domain_id': 'default', 'system_scope': 'all', 'project_id': None, 'project_domain_id': None, 'roles': ['admin', 'manager', 'member', 'reader'], 'is_admin_project': True, 'service_user_id': None, 'service_user_domain_id': None, 'service_project_id': None, 'service_project_domain_id': None, 'service_roles': []} {{(pid=45602) fill_context /opt/stack/keystone/keystone/server/flask/request_processing/middleware/auth_context.py:480}}
Oct 26 04:51:13 user devstack@keystone.service[45601]: DEBUG keystone.server.flask.request_processing.middleware.auth_context [None req-b1095f22-7d0f-4448-bde6-79ef4bb03dea None admin] RBAC: auth_context: {'token': , 'domain_id': None, 'trust_id': None, 'trustor_id': None, 'trustee_id': None, 'domain_name': None, 'group_ids': [], 'user_id': '18d06f45ac7a461682e44009a13db88c', 'user_domain_id': 'default', 'system_scope': 'all', 'project_id': None, 'project_domain_id': None, 'roles': ['admin', 'manager', 'member', 'reader'], 'is_admin_project': True, 'service_user_id': None, 'service_user_domain_id': None, 'service_project_id': None, 'service_project_domain_id': None, 'service_roles': []} {{(pid=45601) fill_context /opt/stack/keystone/keystone/server/flask/request_processing/middleware/auth_context.py:480}}
Oct 26 04:51:13 user devstack@keystone.service[45602]: DEBUG keystone.server.flask.request_processing.req_logging [None req-cef01abb-768c-470f-a26b-58b5480b0ea3 None admin] REQUEST_METHOD: `GET` {{(pid=45602) log_request_info /opt/stack/keystone/keystone/server/flask/request_processing/req_logging.py:27}}
Oct 26 04:51:13 user devstack@keystone.service[45602]: DEBUG keystone.server.flask.request_processing.req_logging [None req-cef01abb-768c-470f-a26b-58b5480b0ea3 None admin] SCRIPT_NAME: `/identity` {{(pid=45602) log_request_info /opt/stack/keystone/keystone/server/flask/request_processing/req_logging.py:28}}
Oct 26 04:51:13 user devstack@keystone.service[45601]: DEBUG keystone.server.flask.request_processing.req_logging [None req-b1095f22-7d0f-4448-bde6-79ef4bb03dea None admin] REQUEST_METHOD: `GET` {{(pid=45601) log_request_info /opt/stack/keystone/keystone/server/flask/request_processing/req_logging.py:27}}
Oct 26 04:51:13 user devstack@keystone.service[45602]: DEBUG keystone.server.flask.request_processing.req_logging [None req-cef01abb-768c-470f-a26b-58b5480b0ea3 None admin] PATH_INFO: `/v3/role_assignments` {{(pid=45602) log_request_info /opt/stack/keystone/keystone/server/flask/request_processing/req_logging.py:29}}
Oct 26 04:51:13 user devstack@keystone.service[45601]: DEBUG keystone.server.flask.request_processing.req_logging [None req-b1095f22-7d0f-4448-bde6-79ef4bb03dea None admin] SCRIPT_NAME: `/identity` {{(pid=45601) log_request_info /opt/stack/keystone/keystone/server/flask/request_processing/req_logging.py:28}}
Oct 26 04:51:13 user devstack@keystone.service[45601]: DEBUG keystone.server.flask.request_processing.req_logging [None req-b1095f22-7d0f-4448-bde6-79ef4bb03dea None admin] PATH_INFO: `/v3/projects/413b282e50a746abbd12792d6e9c5c37` {{(pid=45601) log_request_info /opt/stack/keystone/keystone/server/flask/request_processing/req_logging.py:29}}
Oct 26 04:51:13 user devstack@keystone.service[45602]: DEBUG keystone.common.rbac_enforcer.enforcer [None req-cef01abb-768c-470f-a26b-58b5480b0ea3 None admin] RBAC: Adding query filter params (role.id=f9ebd1387a314d8092c7df2424c4b708, scope.project.id=77443135fc674a488c67f1544ea0b149, user.id=9a2c0f03c6e74a4c9a904efe7033bccc) {{(pid=45602) _extract_filter_values /opt/stack/keystone/keystone/common/rbac_enforcer/enforcer.py:167}}
Oct 26 04:51:13 user devstack@keystone.service[45601]: DEBUG keystone.common.rbac_enforcer.enforcer [None req-b1095f22-7d0f-4448-bde6-79ef4bb03dea None admin] RBAC: Authorizing `identity:get_project(project_id=413b282e50a746abbd12792d6e9c5c37)` {{(pid=45601) enforce_call /opt/stack/keystone/keystone/common/rbac_enforcer/enforcer.py:449}}
Oct 26 04:51:13 user devstack@keystone.service[45602]: DEBUG keystone.common.rbac_enforcer.enforcer [None req-cef01abb-768c-470f-a26b-58b5480b0ea3 None admin] RBAC: Authorizing `identity:list_role_assignments()` {{(pid=45602) enforce_call /opt/stack/keystone/keystone/common/rbac_enforcer/enforcer.py:449}}
Oct 26 04:51:13 user devstack@keystone.service[45601]: DEBUG keystone.common.rbac_enforcer.enforcer [None req-b1095f22-7d0f-4448-bde6-79ef4bb03dea None admin] RBAC: Authorization granted {{(pid=45601) enforce_call /opt/stack/keystone/keystone/common/rbac_enforcer/enforcer.py:457}}
Oct 26 04:51:13 user devstack@keystone.service[45602]: DEBUG keystone.common.rbac_enforcer.enforcer [None req-cef01abb-768c-470f-a26b-58b5480b0ea3 None admin] RBAC: Authorization granted {{(pid=45602) enforce_call /opt/stack/keystone/keystone/common/rbac_enforcer/enforcer.py:457}}
Oct 26 04:51:13 user devstack@keystone.service[45601]: [pid: 45601|app: 0|req: 45/129] 10.0.0.210 () {56 vars in 1181 bytes} [Thu Oct 26 04:51:12 2023] GET /identity/v3/projects/413b282e50a746abbd12792d6e9c5c37 => generated 311 bytes in 154 msecs (HTTP/1.1 200) 5 headers in 177 bytes (2 switches on core 0)
Oct 26 04:51:13 user devstack@keystone.service[45602]: [pid: 45602|app: 0|req: 41/130] 10.0.0.210 () {56 vars in 1369 bytes} [Thu Oct 26 04:51:12 2023] GET /identity/v3/role_assignments?user.id=9a2c0f03c6e74a4c9a904efe7033bccc&scope.project.id=77443135fc674a488c67f1544ea0b149&role.id=f9ebd1387a314d8092c7df2424c4b708 => generated 606 bytes in 154 msecs (HTTP/1.1 200) 5 headers in 177 bytes (1 switches on core 0)
Oct 26 04:51:13 user devstack@keystone.service[45600]: DEBUG keystone.server.flask.request_processing.middleware.auth_context [None req-e726e998-cb87-47af-a2e8-4122a2c44946 None admin] Authenticating user token {{(pid=45600) process_request /opt/stack/data/venv/lib/python3.10/site-packages/keystonemiddleware/auth_token/__init__.py:406}}
Oct 26 04:51:13 user devstack@keystone.service[45600]: DEBUG keystone.server.flask.request_processing.middleware.auth_context [None req-e726e998-cb87-47af-a2e8-4122a2c44946 None admin] Validating token access rules against request {{(pid=45600) validate_allowed_request /opt/stack/data/venv/lib/python3.10/site-packages/keystonemiddleware/auth_token/__init__.py:544}}
Oct 26 04:51:13 user devstack@keystone.service[45600]: DEBUG keystone.server.flask.request_processing.middleware.auth_context [None req-d1f239f0-81a9-4a18-8e53-3788a18f4ce0 None admin] RBAC: auth_context: {'token': , 'domain_id': None, 'trust_id': None, 'trustor_id': None, 'trustee_id': None, 'domain_name': None, 'group_ids': [], 'user_id': '18d06f45ac7a461682e44009a13db88c', 'user_domain_id': 'default', 'system_scope': 'all', 'project_id': None, 'project_domain_id': None, 'roles': ['admin', 'manager', 'member', 'reader'], 'is_admin_project': True, 'service_user_id': None, 'service_user_domain_id': None, 'service_project_id': None, 'service_project_domain_id': None, 'service_roles': []} {{(pid=45600) fill_context /opt/stack/keystone/keystone/server/flask/request_processing/middleware/auth_context.py:480}}
Oct 26 04:51:13 user devstack@keystone.service[45600]: DEBUG keystone.server.flask.request_processing.req_logging [None req-d1f239f0-81a9-4a18-8e53-3788a18f4ce0 None admin] REQUEST_METHOD: `GET` {{(pid=45600) log_request_info /opt/stack/keystone/keystone/server/flask/request_processing/req_logging.py:27}}
Oct 26 04:51:13 user devstack@keystone.service[45600]: DEBUG keystone.server.flask.request_processing.req_logging [None req-d1f239f0-81a9-4a18-8e53-3788a18f4ce0 None admin] SCRIPT_NAME: `/identity` {{(pid=45600) log_request_info /opt/stack/keystone/keystone/server/flask/request_processing/req_logging.py:28}}
Oct 26 04:51:13 user devstack@keystone.service[45600]: DEBUG keystone.server.flask.request_processing.req_logging [None req-d1f239f0-81a9-4a18-8e53-3788a18f4ce0 None admin] PATH_INFO: `/v3/role_assignments` {{(pid=45600) log_request_info /opt/stack/keystone/keystone/server/flask/request_processing/req_logging.py:29}}
Oct 26 04:51:13 user devstack@keystone.service[45600]: DEBUG keystone.common.rbac_enforcer.enforcer [None req-d1f239f0-81a9-4a18-8e53-3788a18f4ce0 None admin] RBAC: Adding query filter params (role.id=beff5ec7c52440db8fc807a91e429234, scope.project.id=413b282e50a746abbd12792d6e9c5c37, user.id=9a2c0f03c6e74a4c9a904efe7033bccc) {{(pid=45600) _extract_filter_values /opt/stack/keystone/keystone/common/rbac_enforcer/enforcer.py:167}}
Oct 26 04:51:13 user devstack@keystone.service[45600]: DEBUG keystone.common.rbac_enforcer.enforcer [None req-d1f239f0-81a9-4a18-8e53-3788a18f4ce0 None admin] RBAC: Authorizing `identity:list_role_assignments()` {{(pid=45600) enforce_call /opt/stack/keystone/keystone/common/rbac_enforcer/enforcer.py:449}}
Oct 26 04:51:13 user devstack@keystone.service[45600]: DEBUG keystone.common.rbac_enforcer.enforcer [None req-d1f239f0-81a9-4a18-8e53-3788a18f4ce0 None admin] RBAC: Authorization granted {{(pid=45600) enforce_call /opt/stack/keystone/keystone/common/rbac_enforcer/enforcer.py:457}}
Oct 26 04:51:13 user devstack@keystone.service[45600]: [pid: 45600|app: 0|req: 45/131] 10.0.0.210 () {56 vars in 1369 bytes} [Thu Oct 26 04:51:13 2023] GET /identity/v3/role_assignments?user.id=9a2c0f03c6e74a4c9a904efe7033bccc&scope.project.id=413b282e50a746abbd12792d6e9c5c37&role.id=beff5ec7c52440db8fc807a91e429234 => generated 606 bytes in 153 msecs (HTTP/1.1 200) 5 headers in 177 bytes (1 switches on core 0)
Oct 26 04:51:14 user devstack@keystone.service[45601]: DEBUG keystone.server.flask.request_processing.req_logging [None req-9a1eff51-79c6-4137-82e4-59ef9a1f53fe None None] REQUEST_METHOD: `GET` {{(pid=45601) log_request_info /opt/stack/keystone/keystone/server/flask/request_processing/req_logging.py:27}}
Oct 26 04:51:14 user devstack@keystone.service[45601]: DEBUG keystone.server.flask.request_processing.req_logging [None req-9a1eff51-79c6-4137-82e4-59ef9a1f53fe None None] SCRIPT_NAME: `/identity` {{(pid=45601) log_request_info /opt/stack/keystone/keystone/server/flask/request_processing/req_logging.py:28}}
Oct 26 04:51:14 user devstack@keystone.service[45601]: DEBUG keystone.server.flask.request_processing.req_logging [None req-9a1eff51-79c6-4137-82e4-59ef9a1f53fe None None] PATH_INFO: `/` {{(pid=45601) log_request_info /opt/stack/keystone/keystone/server/flask/request_processing/req_logging.py:29}}
Oct 26 04:51:14 user devstack@keystone.service[45601]: [pid: 45601|app: 0|req: 46/132] 10.0.0.210 () {54 vars in 921 bytes} [Thu Oct 26 04:51:14 2023] GET /identity => generated 269 bytes in 3 msecs (HTTP/1.1 300) 6 headers in 233 bytes (1 switches on core 0)
Oct 26 04:51:14 user devstack@keystone.service[45602]: DEBUG keystone.server.flask.request_processing.req_logging [None req-c4671b63-6945-43b5-aaea-ae72b5f25b8b None None] REQUEST_METHOD: `POST` {{(pid=45602) log_request_info /opt/stack/keystone/keystone/server/flask/request_processing/req_logging.py:27}}
Oct 26 04:51:14 user devstack@keystone.service[45602]: DEBUG keystone.server.flask.request_processing.req_logging [None req-c4671b63-6945-43b5-aaea-ae72b5f25b8b None None] SCRIPT_NAME: `/identity` {{(pid=45602) log_request_info /opt/stack/keystone/keystone/server/flask/request_processing/req_logging.py:28}}
Oct 26 04:51:14 user devstack@keystone.service[45602]: DEBUG keystone.server.flask.request_processing.req_logging [None req-c4671b63-6945-43b5-aaea-ae72b5f25b8b None None] PATH_INFO: `/v3/auth/tokens` {{(pid=45602) log_request_info /opt/stack/keystone/keystone/server/flask/request_processing/req_logging.py:29}}
Oct 26 04:51:14 user devstack@keystone.service[45602]: WARNING keystone.common.password_hashing [None req-c4671b63-6945-43b5-aaea-ae72b5f25b8b None None] Truncating password to algorithm specific maximum length 72 characters.
Oct 26 04:51:14 user devstack@keystone.service[45602]: DEBUG keystone.auth.core [None req-c4671b63-6945-43b5-aaea-ae72b5f25b8b None None] MFA Rules not processed for user `18d06f45ac7a461682e44009a13db88c`. Rule list: `[]` (Enabled: `True`). {{(pid=45602) check_auth_methods_against_rules /opt/stack/keystone/keystone/auth/core.py:438}}
Oct 26 04:51:14 user devstack@keystone.service[45602]: DEBUG keystone.common.fernet_utils [None req-c4671b63-6945-43b5-aaea-ae72b5f25b8b None None] Loaded 2 Fernet keys from /etc/keystone/fernet-keys/, but `[fernet_tokens] max_active_keys = 3`; perhaps there have not been enough key rotations to reach `max_active_keys` yet? {{(pid=45602) load_keys /opt/stack/keystone/keystone/common/fernet_utils.py:286}}
Oct 26 04:51:14 user devstack@keystone.service[45602]: [pid: 45602|app: 0|req: 42/133] 10.0.0.210 () {58 vars in 1018 bytes} [Thu Oct 26 04:51:14 2023] POST /identity/v3/auth/tokens => generated 861 bytes in 141 msecs (HTTP/1.1 201) 6 headers in 363 bytes (1 switches on core 0)
Oct 26 04:51:14 user devstack@keystone.service[45600]: DEBUG keystone.server.flask.request_processing.middleware.auth_context [None req-d1f239f0-81a9-4a18-8e53-3788a18f4ce0 None admin] Authenticating user token {{(pid=45600) process_request /opt/stack/data/venv/lib/python3.10/site-packages/keystonemiddleware/auth_token/__init__.py:406}}
Oct 26 04:51:14 user devstack@keystone.service[45601]: DEBUG keystone.server.flask.request_processing.req_logging [None req-6eeccb3f-4e5f-4125-9887-be2a470d1fcd None None] REQUEST_METHOD: `GET` {{(pid=45601) log_request_info /opt/stack/keystone/keystone/server/flask/request_processing/req_logging.py:27}}
Oct 26 04:51:14 user devstack@keystone.service[45601]: DEBUG keystone.server.flask.request_processing.req_logging [None req-6eeccb3f-4e5f-4125-9887-be2a470d1fcd None None] SCRIPT_NAME: `/identity` {{(pid=45601) log_request_info /opt/stack/keystone/keystone/server/flask/request_processing/req_logging.py:28}}
Oct 26 04:51:14 user devstack@keystone.service[45601]: DEBUG keystone.server.flask.request_processing.req_logging [None req-6eeccb3f-4e5f-4125-9887-be2a470d1fcd None None] PATH_INFO: `/` {{(pid=45601) log_request_info /opt/stack/keystone/keystone/server/flask/request_processing/req_logging.py:29}}
Oct 26 04:51:14 user devstack@keystone.service[45601]: [pid: 45601|app: 0|req: 47/134] 10.0.0.210 () {54 vars in 921 bytes} [Thu Oct 26 04:51:14 2023] GET /identity => generated 269 bytes in 3 msecs (HTTP/1.1 300) 6 headers in 233 bytes (1 switches on core 0)
Oct 26 04:51:14 user devstack@keystone.service[45602]: DEBUG keystone.server.flask.request_processing.req_logging [None req-3f8ef4b7-3713-48b6-868d-78dc5e94dd77 None None] REQUEST_METHOD: `POST` {{(pid=45602) log_request_info /opt/stack/keystone/keystone/server/flask/request_processing/req_logging.py:27}}
Oct 26 04:51:14 user devstack@keystone.service[45602]: DEBUG keystone.server.flask.request_processing.req_logging [None req-3f8ef4b7-3713-48b6-868d-78dc5e94dd77 None None] SCRIPT_NAME: `/identity` {{(pid=45602) log_request_info /opt/stack/keystone/keystone/server/flask/request_processing/req_logging.py:28}}
Oct 26 04:51:14 user devstack@keystone.service[45602]: DEBUG keystone.server.flask.request_processing.req_logging [None req-3f8ef4b7-3713-48b6-868d-78dc5e94dd77 None None] PATH_INFO: `/v3/auth/tokens` {{(pid=45602) log_request_info /opt/stack/keystone/keystone/server/flask/request_processing/req_logging.py:29}}
Oct 26 04:51:14 user devstack@keystone.service[45602]: WARNING keystone.common.password_hashing [None req-3f8ef4b7-3713-48b6-868d-78dc5e94dd77 None None] Truncating password to algorithm specific maximum length 72 characters.
Oct 26 04:51:14 user devstack@keystone.service[45602]: DEBUG keystone.auth.core [None req-3f8ef4b7-3713-48b6-868d-78dc5e94dd77 None None] MFA Rules not processed for user `18d06f45ac7a461682e44009a13db88c`. Rule list: `[]` (Enabled: `True`). {{(pid=45602) check_auth_methods_against_rules /opt/stack/keystone/keystone/auth/core.py:438}}
Oct 26 04:51:14 user devstack@keystone.service[45602]: DEBUG keystone.common.fernet_utils [None req-3f8ef4b7-3713-48b6-868d-78dc5e94dd77 None None] Loaded 2 Fernet keys from /etc/keystone/fernet-keys/, but `[fernet_tokens] max_active_keys = 3`; perhaps there have not been enough key rotations to reach `max_active_keys` yet? {{(pid=45602) load_keys /opt/stack/keystone/keystone/common/fernet_utils.py:286}}
Oct 26 04:51:14 user devstack@keystone.service[45600]: DEBUG keystone.server.flask.request_processing.middleware.auth_context [None req-d1f239f0-81a9-4a18-8e53-3788a18f4ce0 None admin] Validating token access rules against request {{(pid=45600) validate_allowed_request /opt/stack/data/venv/lib/python3.10/site-packages/keystonemiddleware/auth_token/__init__.py:544}}
Oct 26 04:51:14 user devstack@keystone.service[45602]: [pid: 45602|app: 0|req: 43/135] 10.0.0.210 () {58 vars in 1018 bytes} [Thu Oct 26 04:51:14 2023] POST /identity/v3/auth/tokens => generated 861 bytes in 84 msecs (HTTP/1.1 201) 6 headers in 363 bytes (1 switches on core 0)
Oct 26 04:51:14 user devstack@keystone.service[45600]: DEBUG keystone.server.flask.request_processing.middleware.auth_context [None req-a478888d-2f9a-4b78-8d07-17151854c653 None admin] RBAC: auth_context: {'token': , 'domain_id': None, 'trust_id': None, 'trustor_id': None, 'trustee_id': None, 'domain_name': None, 'group_ids': [], 'user_id': '18d06f45ac7a461682e44009a13db88c', 'user_domain_id': 'default', 'system_scope': 'all', 'project_id': None, 'project_domain_id': None, 'roles': ['admin', 'manager', 'member', 'reader'], 'is_admin_project': True, 'service_user_id': None, 'service_user_domain_id': None, 'service_project_id': None, 'service_project_domain_id': None, 'service_roles': []} {{(pid=45600) fill_context /opt/stack/keystone/keystone/server/flask/request_processing/middleware/auth_context.py:480}}
Oct 26 04:51:14 user devstack@keystone.service[45600]: DEBUG keystone.server.flask.request_processing.req_logging [None req-a478888d-2f9a-4b78-8d07-17151854c653 None admin] REQUEST_METHOD: `GET` {{(pid=45600) log_request_info /opt/stack/keystone/keystone/server/flask/request_processing/req_logging.py:27}}
Oct 26 04:51:14 user devstack@keystone.service[45600]: DEBUG keystone.server.flask.request_processing.req_logging [None req-a478888d-2f9a-4b78-8d07-17151854c653 None admin] SCRIPT_NAME: `/identity` {{(pid=45600) log_request_info /opt/stack/keystone/keystone/server/flask/request_processing/req_logging.py:28}}
Oct 26 04:51:14 user devstack@keystone.service[45600]: DEBUG keystone.server.flask.request_processing.req_logging [None req-a478888d-2f9a-4b78-8d07-17151854c653 None admin] PATH_INFO: `/v3/domains/default` {{(pid=45600) log_request_info /opt/stack/keystone/keystone/server/flask/request_processing/req_logging.py:29}}
Oct 26 04:51:14 user devstack@keystone.service[45600]: DEBUG keystone.common.rbac_enforcer.enforcer [None req-a478888d-2f9a-4b78-8d07-17151854c653 None admin] RBAC: Authorizing `identity:get_domain(domain_id=default)` {{(pid=45600) enforce_call /opt/stack/keystone/keystone/common/rbac_enforcer/enforcer.py:449}}
Oct 26 04:51:14 user devstack@keystone.service[45600]: DEBUG keystone.common.rbac_enforcer.enforcer [None req-a478888d-2f9a-4b78-8d07-17151854c653 None admin] RBAC: Authorization granted {{(pid=45600) enforce_call /opt/stack/keystone/keystone/common/rbac_enforcer/enforcer.py:457}}
Oct 26 04:51:14 user devstack@keystone.service[45600]: [pid: 45600|app: 0|req: 46/136] 10.0.0.210 () {56 vars in 1103 bytes} [Thu Oct 26 04:51:14 2023] GET /identity/v3/domains/default => generated 198 bytes in 208 msecs (HTTP/1.1 200) 5 headers in 177 bytes (1 switches on core 0)
Oct 26 04:51:14 user devstack@keystone.service[45601]: DEBUG keystone.server.flask.request_processing.middleware.auth_context [None req-6eeccb3f-4e5f-4125-9887-be2a470d1fcd None None] Authenticating user token {{(pid=45601) process_request /opt/stack/data/venv/lib/python3.10/site-packages/keystonemiddleware/auth_token/__init__.py:406}}
Oct 26 04:51:14 user devstack@keystone.service[45601]: DEBUG keystone.server.flask.request_processing.middleware.auth_context [None req-6eeccb3f-4e5f-4125-9887-be2a470d1fcd None None] Validating token access rules against request {{(pid=45601) validate_allowed_request /opt/stack/data/venv/lib/python3.10/site-packages/keystonemiddleware/auth_token/__init__.py:544}}
Oct 26 04:51:14 user devstack@keystone.service[45602]: DEBUG keystone.server.flask.request_processing.middleware.auth_context [None req-3f8ef4b7-3713-48b6-868d-78dc5e94dd77 None None] Authenticating user token {{(pid=45602) process_request /opt/stack/data/venv/lib/python3.10/site-packages/keystonemiddleware/auth_token/__init__.py:406}}
Oct 26 04:51:14 user devstack@keystone.service[45601]: DEBUG keystone.server.flask.request_processing.middleware.auth_context [None req-ceceded3-bb18-4436-bb59-25eb8d2df1cc None admin] RBAC: auth_context: {'token': , 'domain_id': None, 'trust_id': None, 'trustor_id': None, 'trustee_id': None, 'domain_name': None, 'group_ids': [], 'user_id': '18d06f45ac7a461682e44009a13db88c', 'user_domain_id': 'default', 'system_scope': 'all', 'project_id': None, 'project_domain_id': None, 'roles': ['admin', 'manager', 'member', 'reader'], 'is_admin_project': True, 'service_user_id': None, 'service_user_domain_id': None, 'service_project_id': None, 'service_project_domain_id': None, 'service_roles': []} {{(pid=45601) fill_context /opt/stack/keystone/keystone/server/flask/request_processing/middleware/auth_context.py:480}}
Oct 26 04:51:14 user devstack@keystone.service[45601]: DEBUG keystone.server.flask.request_processing.req_logging [None req-ceceded3-bb18-4436-bb59-25eb8d2df1cc None admin] REQUEST_METHOD: `POST` {{(pid=45601) log_request_info /opt/stack/keystone/keystone/server/flask/request_processing/req_logging.py:27}}
Oct 26 04:51:14 user devstack@keystone.service[45601]: DEBUG keystone.server.flask.request_processing.req_logging [None req-ceceded3-bb18-4436-bb59-25eb8d2df1cc None admin] SCRIPT_NAME: `/identity` {{(pid=45601) log_request_info /opt/stack/keystone/keystone/server/flask/request_processing/req_logging.py:28}}
Oct 26 04:51:14 user devstack@keystone.service[45601]: DEBUG keystone.server.flask.request_processing.req_logging [None req-ceceded3-bb18-4436-bb59-25eb8d2df1cc None admin] PATH_INFO: `/v3/users` {{(pid=45601) log_request_info /opt/stack/keystone/keystone/server/flask/request_processing/req_logging.py:29}}
Oct 26 04:51:14 user devstack@keystone.service[45601]: DEBUG keystone.common.rbac_enforcer.enforcer [None req-ceceded3-bb18-4436-bb59-25eb8d2df1cc None admin] RBAC: Authorizing `identity:create_user()` {{(pid=45601) enforce_call /opt/stack/keystone/keystone/common/rbac_enforcer/enforcer.py:449}}
Oct 26 04:51:14 user devstack@keystone.service[45601]: DEBUG keystone.common.rbac_enforcer.enforcer [None req-ceceded3-bb18-4436-bb59-25eb8d2df1cc None admin] RBAC: Authorization granted {{(pid=45601) enforce_call /opt/stack/keystone/keystone/common/rbac_enforcer/enforcer.py:457}}
Oct 26 04:51:14 user devstack@keystone.service[45601]: WARNING keystone.common.password_hashing [None req-ceceded3-bb18-4436-bb59-25eb8d2df1cc None admin] Truncating password to algorithm specific maximum length 72 characters.
Oct 26 04:51:14 user devstack@keystone.service[45601]: [pid: 45601|app: 0|req: 48/137] 10.0.0.210 () {60 vars in 1127 bytes} [Thu Oct 26 04:51:14 2023] POST /identity/v3/users => generated 282 bytes in 161 msecs (HTTP/1.1 201) 5 headers in 182 bytes (1 switches on core 0)
Oct 26 04:51:14 user devstack@keystone.service[45602]: DEBUG keystone.server.flask.request_processing.middleware.auth_context [None req-3f8ef4b7-3713-48b6-868d-78dc5e94dd77 None None] Validating token access rules against request {{(pid=45602) validate_allowed_request /opt/stack/data/venv/lib/python3.10/site-packages/keystonemiddleware/auth_token/__init__.py:544}}
Oct 26 04:51:14 user devstack@keystone.service[45602]: DEBUG keystone.server.flask.request_processing.middleware.auth_context [None req-2b496f08-f6b1-47b5-aac5-4164aec0be72 None admin] RBAC: auth_context: {'token': , 'domain_id': None, 'trust_id': None, 'trustor_id': None, 'trustee_id': None, 'domain_name': None, 'group_ids': [], 'user_id': '18d06f45ac7a461682e44009a13db88c', 'user_domain_id': 'default', 'system_scope': 'all', 'project_id': None, 'project_domain_id': None, 'roles': ['admin', 'manager', 'member', 'reader'], 'is_admin_project': True, 'service_user_id': None, 'service_user_domain_id': None, 'service_project_id': None, 'service_project_domain_id': None, 'service_roles': []} {{(pid=45602) fill_context /opt/stack/keystone/keystone/server/flask/request_processing/middleware/auth_context.py:480}}
Oct 26 04:51:14 user devstack@keystone.service[45602]: DEBUG keystone.server.flask.request_processing.req_logging [None req-2b496f08-f6b1-47b5-aac5-4164aec0be72 None admin] REQUEST_METHOD: `GET` {{(pid=45602) log_request_info /opt/stack/keystone/keystone/server/flask/request_processing/req_logging.py:27}}
Oct 26 04:51:14 user devstack@keystone.service[45602]: DEBUG keystone.server.flask.request_processing.req_logging [None req-2b496f08-f6b1-47b5-aac5-4164aec0be72 None admin] SCRIPT_NAME: `/identity` {{(pid=45602) log_request_info /opt/stack/keystone/keystone/server/flask/request_processing/req_logging.py:28}}
Oct 26 04:51:14 user devstack@keystone.service[45602]: DEBUG keystone.server.flask.request_processing.req_logging [None req-2b496f08-f6b1-47b5-aac5-4164aec0be72 None admin] PATH_INFO: `/v3/roles/reader` {{(pid=45602) log_request_info /opt/stack/keystone/keystone/server/flask/request_processing/req_logging.py:29}}
Oct 26 04:51:14 user devstack@keystone.service[45602]: DEBUG keystone.common.rbac_enforcer.enforcer [None req-2b496f08-f6b1-47b5-aac5-4164aec0be72 None admin] Extracting inferred target data resulted in "NOT FOUND (404)". {{(pid=45602) enforce_call /opt/stack/keystone/keystone/common/rbac_enforcer/enforcer.py:409}}
Oct 26 04:51:14 user devstack@keystone.service[45602]: ERROR keystone.server.flask.application [None req-2b496f08-f6b1-47b5-aac5-4164aec0be72 None admin] Could not find role: reader.: keystone.exception.RoleNotFound: Could not find role: reader.
Oct 26 04:51:14 user devstack@keystone.service[45602]: ERROR keystone.server.flask.application
Traceback (most recent call last):
Oct 26 04:51:14 user devstack@keystone.service[45602]: ERROR keystone.server.flask.application
File "/opt/stack/data/venv/lib/python3.10/site-packages/flask/app.py", line 1823, in full_dispatch_request
Oct 26 04:51:14 user devstack@keystone.service[45602]: ERROR keystone.server.flask.application rv = self.dispatch_request()
Oct 26 04:51:14 user devstack@keystone.service[45602]: ERROR keystone.server.flask.application
File "/opt/stack/data/venv/lib/python3.10/site-packages/flask/app.py", line 1799, in dispatch_request
Oct 26 04:51:14 user devstack@keystone.service[45602]: ERROR keystone.server.flask.application return self.ensure_sync(self.view_functions[rule.endpoint])(**view_args)
Oct 26 04:51:14 user devstack@keystone.service[45602]: ERROR keystone.server.flask.application
File "/opt/stack/data/venv/lib/python3.10/site-packages/flask_restful/__init__.py", line 489, in wrapper
Oct 26 04:51:14 user devstack@keystone.service[45602]: ERROR keystone.server.flask.application resp = resource(*args, **kwargs)
Oct 26 04:51:14 user devstack@keystone.service[45602]: ERROR keystone.server.flask.application
File "/opt/stack/data/venv/lib/python3.10/site-packages/flask/views.py", line 107, in view
Oct 26 04:51:14 user devstack@keystone.service[45602]: ERROR keystone.server.flask.application return current_app.ensure_sync(self.dispatch_request)(**kwargs)
Oct 26 04:51:14 user devstack@keystone.service[45602]: ERROR keystone.server.flask.application
File "/opt/stack/data/venv/lib/python3.10/site-packages/flask_restful/__init__.py", line 604, in dispatch_request
Oct 26 04:51:14 user devstack@keystone.service[45602]: ERROR keystone.server.flask.application resp = meth(*args, **kwargs)
Oct 26 04:51:14 user devstack@keystone.service[45602]: ERROR keystone.server.flask.application
File "/opt/stack/keystone/keystone/api/roles.py", line 50, in get
Oct 26 04:51:14 user devstack@keystone.service[45602]: ERROR keystone.server.flask.application return self._get_role(role_id)
Oct 26 04:51:14 user devstack@keystone.service[45602]: ERROR keystone.server.flask.application
File "/opt/stack/keystone/keystone/api/roles.py", line 70, in _get_role
Oct 26 04:51:14 user devstack@keystone.service[45602]: ERROR keystone.server.flask.application ENFORCER.enforce_call(action='identity:get_role')
Oct 26 04:51:14 user devstack@keystone.service[45602]: ERROR keystone.server.flask.application
File "/opt/stack/keystone/keystone/common/rbac_enforcer/enforcer.py", line 402, in enforce_call
Oct 26 04:51:14 user devstack@keystone.service[45602]: ERROR keystone.server.flask.application policy_dict.update(cls._extract_member_target_data(
Oct 26 04:51:14 user devstack@keystone.service[45602]: ERROR keystone.server.flask.application
File "/opt/stack/keystone/keystone/common/rbac_enforcer/enforcer.py", line 234, in _extract_member_target_data
Oct 26 04:51:14 user devstack@keystone.service[45602]: ERROR keystone.server.flask.application member_name: func(flask.request.view_args[key])
Oct 26 04:51:14 user devstack@keystone.service[45602]: ERROR keystone.server.flask.application
File "/opt/stack/keystone/keystone/common/manager.py", line 115, in wrapped
Oct 26 04:51:14 user devstack@keystone.service[45602]: ERROR keystone.server.flask.application __ret_val = __f(*args, **kwargs)
Oct 26 04:51:14 user devstack@keystone.service[45602]: ERROR keystone.server.flask.application
File "/opt/stack/data/venv/lib/python3.10/site-packages/decorator.py", line 232, in fun
Oct 26 04:51:14 user devstack@keystone.service[45602]: ERROR keystone.server.flask.application return caller(func, *(extras + args), **kw)
Oct 26 04:51:14 user devstack@keystone.service[45602]: ERROR keystone.server.flask.application
File "/opt/stack/data/venv/lib/python3.10/site-packages/dogpile/cache/region.py", line 1594, in get_or_create_for_user_func
Oct 26 04:51:14 user devstack@keystone.service[45602]: ERROR keystone.server.flask.application return self.get_or_create(
Oct 26 04:51:14 user devstack@keystone.service[45602]: ERROR keystone.server.flask.application
File "/opt/stack/data/venv/lib/python3.10/site-packages/dogpile/cache/region.py", line 1054, in get_or_create
Oct 26 04:51:14 user devstack@keystone.service[45602]: ERROR keystone.server.flask.application with Lock(
Oct 26 04:51:14 user devstack@keystone.service[45602]: ERROR keystone.server.flask.application
File "/opt/stack/data/venv/lib/python3.10/site-packages/dogpile/lock.py", line 185, in __enter__
Oct 26 04:51:14 user devstack@keystone.service[45602]: ERROR keystone.server.flask.application return self._enter()
Oct 26 04:51:14 user devstack@keystone.service[45602]: ERROR keystone.server.flask.application
File "/opt/stack/data/venv/lib/python3.10/site-packages/dogpile/lock.py", line 94, in _enter
Oct 26 04:51:14 user devstack@keystone.service[45602]: ERROR keystone.server.flask.application generated = self._enter_create(value, createdtime)
Oct 26 04:51:14 user devstack@keystone.service[45602]: ERROR keystone.server.flask.application
File "/opt/stack/data/venv/lib/python3.10/site-packages/dogpile/lock.py", line 178, in _enter_create
Oct 26 04:51:14 user devstack@keystone.service[45602]: ERROR keystone.server.flask.application return self.creator()
Oct 26 04:51:14 user devstack@keystone.service[45602]: ERROR keystone.server.flask.application
File "/opt/stack/data/venv/lib/python3.10/site-packages/dogpile/cache/region.py", line 1007, in gen_value
Oct 26 04:51:14 user devstack@keystone.service[45602]: ERROR keystone.server.flask.application created_value = creator(
Oct 26 04:51:14 user devstack@keystone.service[45602]: ERROR keystone.server.flask.application
File "/opt/stack/keystone/keystone/assignment/core.py", line 1276, in get_role
Oct 26 04:51:14 user devstack@keystone.service[45602]: ERROR keystone.server.flask.application return self.driver.get_role(role_id)
Oct 26 04:51:14 user devstack@keystone.service[45602]: ERROR keystone.server.flask.application
File "/opt/stack/keystone/keystone/assignment/role_backends/sql.py", line 70, in get_role
Oct 26 04:51:14 user devstack@keystone.service[45602]: ERROR keystone.server.flask.application return self._get_role(session, role_id).to_dict()
Oct 26 04:51:14 user devstack@keystone.service[45602]: ERROR keystone.server.flask.application
File "/opt/stack/keystone/keystone/assignment/role_backends/sql.py", line 65, in _get_role
Oct 26 04:51:14 user devstack@keystone.service[45602]: ERROR keystone.server.flask.application raise exception.RoleNotFound(role_id=role_id)
Oct 26 04:51:14 user devstack@keystone.service[45602]: ERROR keystone.server.flask.application keystone.exception.RoleNotFound: Could not find role: reader.
Oct 26 04:51:14 user devstack@keystone.service[45602]: ERROR keystone.server.flask.application
Oct 26 04:51:14 user devstack@keystone.service[45602]: [pid: 45602|app: 0|req: 44/138] 10.0.0.210 () {56 vars in 1094 bytes} [Thu Oct 26 04:51:14 2023] GET /identity/v3/roles/reader => generated 84 bytes in 138 msecs (HTTP/1.1 404) 5 headers in 183 bytes (1 switches on core 0)
Oct 26 04:51:14 user devstack@keystone.service[45600]: DEBUG keystone.server.flask.request_processing.middleware.auth_context [None req-a478888d-2f9a-4b78-8d07-17151854c653 None admin] Authenticating user token {{(pid=45600) process_request /opt/stack/data/venv/lib/python3.10/site-packages/keystonemiddleware/auth_token/__init__.py:406}}
Oct 26 04:51:15 user devstack@keystone.service[45600]: DEBUG keystone.server.flask.request_processing.middleware.auth_context [None req-a478888d-2f9a-4b78-8d07-17151854c653 None admin] Validating token access rules against request {{(pid=45600) validate_allowed_request /opt/stack/data/venv/lib/python3.10/site-packages/keystonemiddleware/auth_token/__init__.py:544}}
Oct 26 04:51:15 user devstack@keystone.service[45600]: DEBUG keystone.server.flask.request_processing.middleware.auth_context [None req-f05cd596-59a7-4f48-9246-758434a8f87b None admin] RBAC: auth_context: {'token': , 'domain_id': None, 'trust_id': None, 'trustor_id': None, 'trustee_id': None, 'domain_name': None, 'group_ids': [], 'user_id': '18d06f45ac7a461682e44009a13db88c', 'user_domain_id': 'default', 'system_scope': 'all', 'project_id': None, 'project_domain_id': None, 'roles': ['admin', 'manager', 'member', 'reader'], 'is_admin_project': True, 'service_user_id': None, 'service_user_domain_id': None, 'service_project_id': None, 'service_project_domain_id': None, 'service_roles': []} {{(pid=45600) fill_context /opt/stack/keystone/keystone/server/flask/request_processing/middleware/auth_context.py:480}}
Oct 26 04:51:15 user devstack@keystone.service[45600]: DEBUG keystone.server.flask.request_processing.req_logging [None req-f05cd596-59a7-4f48-9246-758434a8f87b None admin] REQUEST_METHOD: `GET` {{(pid=45600) log_request_info /opt/stack/keystone/keystone/server/flask/request_processing/req_logging.py:27}}
Oct 26 04:51:15 user devstack@keystone.service[45600]: DEBUG keystone.server.flask.request_processing.req_logging [None req-f05cd596-59a7-4f48-9246-758434a8f87b None admin] SCRIPT_NAME: `/identity` {{(pid=45600) log_request_info /opt/stack/keystone/keystone/server/flask/request_processing/req_logging.py:28}}
Oct 26 04:51:15 user devstack@keystone.service[45600]: DEBUG keystone.server.flask.request_processing.req_logging [None req-f05cd596-59a7-4f48-9246-758434a8f87b None admin] PATH_INFO: `/v3/roles` {{(pid=45600) log_request_info /opt/stack/keystone/keystone/server/flask/request_processing/req_logging.py:29}}
Oct 26 04:51:15 user devstack@keystone.service[45600]: DEBUG keystone.common.rbac_enforcer.enforcer [None req-f05cd596-59a7-4f48-9246-758434a8f87b None admin] RBAC: Adding query filter params (name=reader) {{(pid=45600) _extract_filter_values /opt/stack/keystone/keystone/common/rbac_enforcer/enforcer.py:167}}
Oct 26 04:51:15 user devstack@keystone.service[45600]: DEBUG keystone.common.rbac_enforcer.enforcer [None req-f05cd596-59a7-4f48-9246-758434a8f87b None admin] RBAC: Authorizing `identity:list_roles()` {{(pid=45600) enforce_call /opt/stack/keystone/keystone/common/rbac_enforcer/enforcer.py:449}}
Oct 26 04:51:15 user devstack@keystone.service[45600]: DEBUG keystone.common.rbac_enforcer.enforcer [None req-f05cd596-59a7-4f48-9246-758434a8f87b None admin] RBAC: Authorization granted {{(pid=45600) enforce_call /opt/stack/keystone/keystone/common/rbac_enforcer/enforcer.py:457}}
Oct 26 04:51:15 user devstack@keystone.service[45600]: [pid: 45600|app: 0|req: 47/139] 10.0.0.210 () {56 vars in 1096 bytes} [Thu Oct 26 04:51:14 2023] GET /identity/v3/roles?name=reader => generated 339 bytes in 156 msecs (HTTP/1.1 200) 5 headers in 177 bytes (1 switches on core 0)
Oct 26 04:51:15 user devstack@keystone.service[45601]: DEBUG keystone.server.flask.request_processing.middleware.auth_context [None req-ceceded3-bb18-4436-bb59-25eb8d2df1cc None admin] Authenticating user token {{(pid=45601) process_request /opt/stack/data/venv/lib/python3.10/site-packages/keystonemiddleware/auth_token/__init__.py:406}}
Oct 26 04:51:15 user devstack@keystone.service[45601]: DEBUG keystone.server.flask.request_processing.middleware.auth_context [None req-ceceded3-bb18-4436-bb59-25eb8d2df1cc None admin] Validating token access rules against request {{(pid=45601) validate_allowed_request /opt/stack/data/venv/lib/python3.10/site-packages/keystonemiddleware/auth_token/__init__.py:544}}
