Apr 18 08:59:35 user devstack@keystone.service[42954]: [pid: 42954|app: 0|req: 112/316] 10.0.0.210 () {56 vars in 1181 bytes} [Tue Apr 18 08:59:35 2023] GET /identity/v3/projects/986ffaa0453c4210943b029f9b7c9fa1 => generated 297 bytes in 116 msecs (HTTP/1.1 200) 5 headers in 177 bytes (1 switches on core 0)
Apr 18 08:59:35 user devstack@keystone.service[42954]: DEBUG keystone.server.flask.request_processing.middleware.auth_context [None req-b310d05c-10e4-42de-8213-580f0aaa0646 None admin] Authenticating user token {{(pid=42954) process_request /usr/local/lib/python3.10/dist-packages/keystonemiddleware/auth_token/__init__.py:406}}
Apr 18 08:59:35 user devstack@keystone.service[42955]: DEBUG keystone.server.flask.request_processing.middleware.auth_context [None req-8079722f-1df7-4ca6-9aeb-5d07b706f2c6 None admin] Validating token access rules against request {{(pid=42955) validate_allowed_request /usr/local/lib/python3.10/dist-packages/keystonemiddleware/auth_token/__init__.py:544}}
Apr 18 08:59:35 user devstack@keystone.service[42955]: DEBUG dbcounter [-] [42955] Writing DB stats keystone:SELECT=100 {{(pid=42955) stat_writer /usr/local/lib/python3.10/dist-packages/dbcounter.py:117}}
Apr 18 08:59:35 user devstack@keystone.service[42956]: DEBUG keystone.server.flask.request_processing.middleware.auth_context [None req-d105cb63-52ab-459b-9bbb-e8f021f12d0f None admin] Validating token access rules against request {{(pid=42956) validate_allowed_request /usr/local/lib/python3.10/dist-packages/keystonemiddleware/auth_token/__init__.py:544}}
Apr 18 08:59:35 user devstack@keystone.service[42954]: DEBUG keystone.server.flask.request_processing.middleware.auth_context [None req-b310d05c-10e4-42de-8213-580f0aaa0646 None admin] Validating token access rules against request {{(pid=42954) validate_allowed_request /usr/local/lib/python3.10/dist-packages/keystonemiddleware/auth_token/__init__.py:544}}
Apr 18 08:59:35 user devstack@keystone.service[42955]: DEBUG keystone.server.flask.request_processing.middleware.auth_context [None req-a267e9e6-8cab-4dbd-8c88-662084013e39 None admin] RBAC: auth_context: {'token': , 'domain_id': None, 'trust_id': None, 'trustor_id': None, 'trustee_id': None, 'domain_name': None, 'group_ids': [], 'user_id': '8ce9a2fddd544107be4e3149515226ca', 'user_domain_id': 'default', 'system_scope': 'all', 'project_id': None, 'project_domain_id': None, 'roles': ['admin', 'member', 'reader'], 'is_admin_project': True, 'service_user_id': None, 'service_user_domain_id': None, 'service_project_id': None, 'service_project_domain_id': None, 'service_roles': []} {{(pid=42955) fill_context /opt/stack/keystone/keystone/server/flask/request_processing/middleware/auth_context.py:478}}
Apr 18 08:59:35 user devstack@keystone.service[42955]: DEBUG keystone.server.flask.request_processing.req_logging [None req-a267e9e6-8cab-4dbd-8c88-662084013e39 None admin] REQUEST_METHOD: `GET` {{(pid=42955) log_request_info /opt/stack/keystone/keystone/server/flask/request_processing/req_logging.py:27}}
Apr 18 08:59:35 user devstack@keystone.service[42955]: DEBUG keystone.server.flask.request_processing.req_logging [None req-a267e9e6-8cab-4dbd-8c88-662084013e39 None admin] SCRIPT_NAME: `/identity` {{(pid=42955) log_request_info /opt/stack/keystone/keystone/server/flask/request_processing/req_logging.py:28}}
Apr 18 08:59:35 user devstack@keystone.service[42955]: DEBUG keystone.server.flask.request_processing.req_logging [None req-a267e9e6-8cab-4dbd-8c88-662084013e39 None admin] PATH_INFO: `/v3/roles/anotherrole` {{(pid=42955) log_request_info /opt/stack/keystone/keystone/server/flask/request_processing/req_logging.py:29}}
Apr 18 08:59:35 user devstack@keystone.service[42955]: DEBUG keystone.common.rbac_enforcer.enforcer [None req-a267e9e6-8cab-4dbd-8c88-662084013e39 None admin] Extracting inferred target data resulted in "NOT FOUND (404)". {{(pid=42955) enforce_call /opt/stack/keystone/keystone/common/rbac_enforcer/enforcer.py:409}}
Apr 18 08:59:35 user devstack@keystone.service[42955]: ERROR keystone.server.flask.application [None req-a267e9e6-8cab-4dbd-8c88-662084013e39 None admin] Could not find role: anotherrole.: keystone.exception.RoleNotFound: Could not find role: anotherrole.
Apr 18 08:59:35 user devstack@keystone.service[42955]: ERROR keystone.server.flask.application
Traceback (most recent call last):
Apr 18 08:59:35 user devstack@keystone.service[42955]: ERROR keystone.server.flask.application
File "/usr/local/lib/python3.10/dist-packages/flask/app.py", line 1823, in full_dispatch_request
Apr 18 08:59:35 user devstack@keystone.service[42955]: ERROR keystone.server.flask.application rv = self.dispatch_request()
Apr 18 08:59:35 user devstack@keystone.service[42955]: ERROR keystone.server.flask.application
File "/usr/local/lib/python3.10/dist-packages/flask/app.py", line 1799, in dispatch_request
Apr 18 08:59:35 user devstack@keystone.service[42955]: ERROR keystone.server.flask.application return self.ensure_sync(self.view_functions[rule.endpoint])(**view_args)
Apr 18 08:59:35 user devstack@keystone.service[42955]: ERROR keystone.server.flask.application
File "/usr/local/lib/python3.10/dist-packages/flask_restful/__init__.py", line 467, in wrapper
Apr 18 08:59:35 user devstack@keystone.service[42955]: ERROR keystone.server.flask.application resp = resource(*args, **kwargs)
Apr 18 08:59:35 user devstack@keystone.service[42955]: ERROR keystone.server.flask.application
File "/usr/local/lib/python3.10/dist-packages/flask/views.py", line 107, in view
Apr 18 08:59:35 user devstack@keystone.service[42955]: ERROR keystone.server.flask.application return current_app.ensure_sync(self.dispatch_request)(**kwargs)
Apr 18 08:59:35 user devstack@keystone.service[42955]: ERROR keystone.server.flask.application
File "/usr/local/lib/python3.10/dist-packages/flask_restful/__init__.py", line 582, in dispatch_request
Apr 18 08:59:35 user devstack@keystone.service[42955]: ERROR keystone.server.flask.application resp = meth(*args, **kwargs)
Apr 18 08:59:35 user devstack@keystone.service[42955]: ERROR keystone.server.flask.application
File "/opt/stack/keystone/keystone/api/roles.py", line 50, in get
Apr 18 08:59:35 user devstack@keystone.service[42955]: ERROR keystone.server.flask.application return self._get_role(role_id)
Apr 18 08:59:35 user devstack@keystone.service[42955]: ERROR keystone.server.flask.application
File "/opt/stack/keystone/keystone/api/roles.py", line 70, in _get_role
Apr 18 08:59:35 user devstack@keystone.service[42955]: ERROR keystone.server.flask.application ENFORCER.enforce_call(action='identity:get_role')
Apr 18 08:59:35 user devstack@keystone.service[42955]: ERROR keystone.server.flask.application
File "/opt/stack/keystone/keystone/common/rbac_enforcer/enforcer.py", line 402, in enforce_call
Apr 18 08:59:35 user devstack@keystone.service[42955]: ERROR keystone.server.flask.application policy_dict.update(cls._extract_member_target_data(
Apr 18 08:59:35 user devstack@keystone.service[42955]: ERROR keystone.server.flask.application
File "/opt/stack/keystone/keystone/common/rbac_enforcer/enforcer.py", line 234, in _extract_member_target_data
Apr 18 08:59:35 user devstack@keystone.service[42955]: ERROR keystone.server.flask.application member_name: func(flask.request.view_args[key])
Apr 18 08:59:35 user devstack@keystone.service[42955]: ERROR keystone.server.flask.application
File "/opt/stack/keystone/keystone/common/manager.py", line 115, in wrapped
Apr 18 08:59:35 user devstack@keystone.service[42955]: ERROR keystone.server.flask.application __ret_val = __f(*args, **kwargs)
Apr 18 08:59:35 user devstack@keystone.service[42955]: ERROR keystone.server.flask.application
File "/usr/local/lib/python3.10/dist-packages/decorator.py", line 232, in fun
Apr 18 08:59:35 user devstack@keystone.service[42955]: ERROR keystone.server.flask.application return caller(func, *(extras + args), **kw)
Apr 18 08:59:35 user devstack@keystone.service[42955]: ERROR keystone.server.flask.application
File "/usr/local/lib/python3.10/dist-packages/dogpile/cache/region.py", line 1577, in get_or_create_for_user_func
Apr 18 08:59:35 user devstack@keystone.service[42955]: ERROR keystone.server.flask.application return self.get_or_create(
Apr 18 08:59:35 user devstack@keystone.service[42955]: ERROR keystone.server.flask.application
File "/usr/local/lib/python3.10/dist-packages/dogpile/cache/region.py", line 1042, in get_or_create
Apr 18 08:59:35 user devstack@keystone.service[42955]: ERROR keystone.server.flask.application with Lock(
Apr 18 08:59:35 user devstack@keystone.service[42955]: ERROR keystone.server.flask.application
File "/usr/local/lib/python3.10/dist-packages/dogpile/lock.py", line 185, in __enter__
Apr 18 08:59:35 user devstack@keystone.service[42955]: ERROR keystone.server.flask.application return self._enter()
Apr 18 08:59:35 user devstack@keystone.service[42955]: ERROR keystone.server.flask.application
File "/usr/local/lib/python3.10/dist-packages/dogpile/lock.py", line 94, in _enter
Apr 18 08:59:35 user devstack@keystone.service[42955]: ERROR keystone.server.flask.application generated = self._enter_create(value, createdtime)
Apr 18 08:59:35 user devstack@keystone.service[42955]: ERROR keystone.server.flask.application
File "/usr/local/lib/python3.10/dist-packages/dogpile/lock.py", line 178, in _enter_create
Apr 18 08:59:35 user devstack@keystone.service[42955]: ERROR keystone.server.flask.application return self.creator()
Apr 18 08:59:35 user devstack@keystone.service[42955]: ERROR keystone.server.flask.application
File "/usr/local/lib/python3.10/dist-packages/dogpile/cache/region.py", line 995, in gen_value
Apr 18 08:59:35 user devstack@keystone.service[42955]: ERROR keystone.server.flask.application created_value = creator(
Apr 18 08:59:35 user devstack@keystone.service[42955]: ERROR keystone.server.flask.application
File "/opt/stack/keystone/keystone/assignment/core.py", line 1276, in get_role
Apr 18 08:59:35 user devstack@keystone.service[42955]: ERROR keystone.server.flask.application return self.driver.get_role(role_id)
Apr 18 08:59:35 user devstack@keystone.service[42955]: ERROR keystone.server.flask.application
File "/opt/stack/keystone/keystone/assignment/role_backends/sql.py", line 70, in get_role
Apr 18 08:59:35 user devstack@keystone.service[42955]: ERROR keystone.server.flask.application return self._get_role(session, role_id).to_dict()
Apr 18 08:59:35 user devstack@keystone.service[42955]: ERROR keystone.server.flask.application
File "/opt/stack/keystone/keystone/assignment/role_backends/sql.py", line 65, in _get_role
Apr 18 08:59:35 user devstack@keystone.service[42955]: ERROR keystone.server.flask.application raise exception.RoleNotFound(role_id=role_id)
Apr 18 08:59:35 user devstack@keystone.service[42955]: ERROR keystone.server.flask.application keystone.exception.RoleNotFound: Could not find role: anotherrole.
Apr 18 08:59:35 user devstack@keystone.service[42955]: ERROR keystone.server.flask.application
Apr 18 08:59:35 user devstack@keystone.service[42955]: [pid: 42955|app: 0|req: 107/317] 10.0.0.210 () {56 vars in 1109 bytes} [Tue Apr 18 08:59:35 2023] GET /identity/v3/roles/anotherrole => generated 89 bytes in 129 msecs (HTTP/1.1 404) 5 headers in 183 bytes (1 switches on core 0)
Apr 18 08:59:35 user devstack@keystone.service[42955]: DEBUG keystone.server.flask.request_processing.middleware.auth_context [None req-a267e9e6-8cab-4dbd-8c88-662084013e39 None admin] Authenticating user token {{(pid=42955) process_request /usr/local/lib/python3.10/dist-packages/keystonemiddleware/auth_token/__init__.py:406}}
Apr 18 08:59:35 user devstack@keystone.service[42954]: DEBUG keystone.server.flask.request_processing.middleware.auth_context [None req-77dc941b-8351-4f3c-8942-78e4b6af54d4 None admin] RBAC: auth_context: {'token': , 'domain_id': None, 'trust_id': None, 'trustor_id': None, 'trustee_id': None, 'domain_name': None, 'group_ids': [], 'user_id': '8ce9a2fddd544107be4e3149515226ca', 'user_domain_id': 'default', 'system_scope': 'all', 'project_id': None, 'project_domain_id': None, 'roles': ['admin', 'member', 'reader'], 'is_admin_project': True, 'service_user_id': None, 'service_user_domain_id': None, 'service_project_id': None, 'service_project_domain_id': None, 'service_roles': []} {{(pid=42954) fill_context /opt/stack/keystone/keystone/server/flask/request_processing/middleware/auth_context.py:478}}
Apr 18 08:59:35 user devstack@keystone.service[42956]: DEBUG dbcounter [-] [42956] Writing DB stats keystone:SELECT=100 {{(pid=42956) stat_writer /usr/local/lib/python3.10/dist-packages/dbcounter.py:117}}
Apr 18 08:59:35 user devstack@keystone.service[42954]: DEBUG keystone.server.flask.request_processing.req_logging [None req-77dc941b-8351-4f3c-8942-78e4b6af54d4 None admin] REQUEST_METHOD: `GET` {{(pid=42954) log_request_info /opt/stack/keystone/keystone/server/flask/request_processing/req_logging.py:27}}
Apr 18 08:59:35 user devstack@keystone.service[42954]: DEBUG keystone.server.flask.request_processing.req_logging [None req-77dc941b-8351-4f3c-8942-78e4b6af54d4 None admin] SCRIPT_NAME: `/identity` {{(pid=42954) log_request_info /opt/stack/keystone/keystone/server/flask/request_processing/req_logging.py:28}}
Apr 18 08:59:35 user devstack@keystone.service[42954]: DEBUG keystone.server.flask.request_processing.req_logging [None req-77dc941b-8351-4f3c-8942-78e4b6af54d4 None admin] PATH_INFO: `/v3/projects/986ffaa0453c4210943b029f9b7c9fa1` {{(pid=42954) log_request_info /opt/stack/keystone/keystone/server/flask/request_processing/req_logging.py:29}}
Apr 18 08:59:35 user devstack@keystone.service[42954]: DEBUG keystone.common.rbac_enforcer.enforcer [None req-77dc941b-8351-4f3c-8942-78e4b6af54d4 None admin] RBAC: Authorizing `identity:get_project(project_id=986ffaa0453c4210943b029f9b7c9fa1)` {{(pid=42954) enforce_call /opt/stack/keystone/keystone/common/rbac_enforcer/enforcer.py:449}}
Apr 18 08:59:35 user devstack@keystone.service[42954]: DEBUG keystone.common.rbac_enforcer.enforcer [None req-77dc941b-8351-4f3c-8942-78e4b6af54d4 None admin] RBAC: Authorization granted {{(pid=42954) enforce_call /opt/stack/keystone/keystone/common/rbac_enforcer/enforcer.py:457}}
Apr 18 08:59:35 user devstack@keystone.service[42954]: [pid: 42954|app: 0|req: 113/318] 10.0.0.210 () {56 vars in 1181 bytes} [Tue Apr 18 08:59:35 2023] GET /identity/v3/projects/986ffaa0453c4210943b029f9b7c9fa1 => generated 297 bytes in 117 msecs (HTTP/1.1 200) 5 headers in 177 bytes (1 switches on core 0)
Apr 18 08:59:35 user devstack@keystone.service[42954]: DEBUG keystone.server.flask.request_processing.middleware.auth_context [None req-77dc941b-8351-4f3c-8942-78e4b6af54d4 None admin] Authenticating user token {{(pid=42954) process_request /usr/local/lib/python3.10/dist-packages/keystonemiddleware/auth_token/__init__.py:406}}
Apr 18 08:59:35 user devstack@keystone.service[42956]: DEBUG keystone.server.flask.request_processing.middleware.auth_context [None req-32b3dcfe-27dd-4e98-b23d-a0f2b4e6c38d None admin] RBAC: auth_context: {'token': , 'domain_id': None, 'trust_id': None, 'trustor_id': None, 'trustee_id': None, 'domain_name': None, 'group_ids': [], 'user_id': '8ce9a2fddd544107be4e3149515226ca', 'user_domain_id': 'default', 'system_scope': 'all', 'project_id': None, 'project_domain_id': None, 'roles': ['admin', 'member', 'reader'], 'is_admin_project': True, 'service_user_id': None, 'service_user_domain_id': None, 'service_project_id': None, 'service_project_domain_id': None, 'service_roles': []} {{(pid=42956) fill_context /opt/stack/keystone/keystone/server/flask/request_processing/middleware/auth_context.py:478}}
Apr 18 08:59:35 user devstack@keystone.service[42956]: DEBUG keystone.server.flask.request_processing.req_logging [None req-32b3dcfe-27dd-4e98-b23d-a0f2b4e6c38d None admin] REQUEST_METHOD: `GET` {{(pid=42956) log_request_info /opt/stack/keystone/keystone/server/flask/request_processing/req_logging.py:27}}
Apr 18 08:59:35 user devstack@keystone.service[42956]: DEBUG keystone.server.flask.request_processing.req_logging [None req-32b3dcfe-27dd-4e98-b23d-a0f2b4e6c38d None admin] SCRIPT_NAME: `/identity` {{(pid=42956) log_request_info /opt/stack/keystone/keystone/server/flask/request_processing/req_logging.py:28}}
Apr 18 08:59:35 user devstack@keystone.service[42956]: DEBUG keystone.server.flask.request_processing.req_logging [None req-32b3dcfe-27dd-4e98-b23d-a0f2b4e6c38d None admin] PATH_INFO: `/v3/auth/tokens` {{(pid=42956) log_request_info /opt/stack/keystone/keystone/server/flask/request_processing/req_logging.py:29}}
Apr 18 08:59:35 user devstack@keystone.service[42954]: DEBUG dbcounter [-] [42954] Writing DB stats keystone:SELECT=100 {{(pid=42954) stat_writer /usr/local/lib/python3.10/dist-packages/dbcounter.py:117}}
Apr 18 08:59:35 user devstack@keystone.service[42955]: DEBUG keystone.server.flask.request_processing.middleware.auth_context [None req-a267e9e6-8cab-4dbd-8c88-662084013e39 None admin] Validating token access rules against request {{(pid=42955) validate_allowed_request /usr/local/lib/python3.10/dist-packages/keystonemiddleware/auth_token/__init__.py:544}}
Apr 18 08:59:35 user devstack@keystone.service[42954]: DEBUG keystone.server.flask.request_processing.middleware.auth_context [None req-77dc941b-8351-4f3c-8942-78e4b6af54d4 None admin] Validating token access rules against request {{(pid=42954) validate_allowed_request /usr/local/lib/python3.10/dist-packages/keystonemiddleware/auth_token/__init__.py:544}}
Apr 18 08:59:35 user devstack@keystone.service[42956]: DEBUG keystone.common.rbac_enforcer.enforcer [None req-32b3dcfe-27dd-4e98-b23d-a0f2b4e6c38d None admin] RBAC: Authorizing `identity:validate_token()` {{(pid=42956) enforce_call /opt/stack/keystone/keystone/common/rbac_enforcer/enforcer.py:449}}
Apr 18 08:59:35 user devstack@keystone.service[42956]: DEBUG keystone.common.rbac_enforcer.enforcer [None req-32b3dcfe-27dd-4e98-b23d-a0f2b4e6c38d None admin] RBAC: Authorization granted {{(pid=42956) enforce_call /opt/stack/keystone/keystone/common/rbac_enforcer/enforcer.py:457}}
Apr 18 08:59:35 user devstack@keystone.service[42955]: DEBUG keystone.server.flask.request_processing.middleware.auth_context [None req-5341bda5-7a0e-47f9-9cf7-6af04c482add None admin] RBAC: auth_context: {'token': , 'domain_id': None, 'trust_id': None, 'trustor_id': None, 'trustee_id': None, 'domain_name': None, 'group_ids': [], 'user_id': '8ce9a2fddd544107be4e3149515226ca', 'user_domain_id': 'default', 'system_scope': 'all', 'project_id': None, 'project_domain_id': None, 'roles': ['admin', 'member', 'reader'], 'is_admin_project': True, 'service_user_id': None, 'service_user_domain_id': None, 'service_project_id': None, 'service_project_domain_id': None, 'service_roles': []} {{(pid=42955) fill_context /opt/stack/keystone/keystone/server/flask/request_processing/middleware/auth_context.py:478}}
Apr 18 08:59:35 user devstack@keystone.service[42955]: DEBUG keystone.server.flask.request_processing.req_logging [None req-5341bda5-7a0e-47f9-9cf7-6af04c482add None admin] REQUEST_METHOD: `GET` {{(pid=42955) log_request_info /opt/stack/keystone/keystone/server/flask/request_processing/req_logging.py:27}}
Apr 18 08:59:35 user devstack@keystone.service[42955]: DEBUG keystone.server.flask.request_processing.req_logging [None req-5341bda5-7a0e-47f9-9cf7-6af04c482add None admin] SCRIPT_NAME: `/identity` {{(pid=42955) log_request_info /opt/stack/keystone/keystone/server/flask/request_processing/req_logging.py:28}}
Apr 18 08:59:35 user devstack@keystone.service[42955]: DEBUG keystone.server.flask.request_processing.req_logging [None req-5341bda5-7a0e-47f9-9cf7-6af04c482add None admin] PATH_INFO: `/v3/roles` {{(pid=42955) log_request_info /opt/stack/keystone/keystone/server/flask/request_processing/req_logging.py:29}}
Apr 18 08:59:35 user devstack@keystone.service[42955]: DEBUG keystone.common.rbac_enforcer.enforcer [None req-5341bda5-7a0e-47f9-9cf7-6af04c482add None admin] RBAC: Adding query filter params (name=admin) {{(pid=42955) _extract_filter_values /opt/stack/keystone/keystone/common/rbac_enforcer/enforcer.py:167}}
Apr 18 08:59:35 user devstack@keystone.service[42955]: DEBUG keystone.common.rbac_enforcer.enforcer [None req-5341bda5-7a0e-47f9-9cf7-6af04c482add None admin] RBAC: Authorizing `identity:list_roles()` {{(pid=42955) enforce_call /opt/stack/keystone/keystone/common/rbac_enforcer/enforcer.py:449}}
Apr 18 08:59:35 user devstack@keystone.service[42955]: DEBUG keystone.common.rbac_enforcer.enforcer [None req-5341bda5-7a0e-47f9-9cf7-6af04c482add None admin] RBAC: Authorization granted {{(pid=42955) enforce_call /opt/stack/keystone/keystone/common/rbac_enforcer/enforcer.py:457}}
Apr 18 08:59:35 user devstack@keystone.service[42955]: [pid: 42955|app: 0|req: 108/319] 10.0.0.210 () {56 vars in 1094 bytes} [Tue Apr 18 08:59:35 2023] GET /identity/v3/roles?name=admin => generated 337 bytes in 123 msecs (HTTP/1.1 200) 5 headers in 177 bytes (1 switches on core 0)
Apr 18 08:59:35 user devstack@keystone.service[42955]: DEBUG keystone.server.flask.request_processing.middleware.auth_context [None req-5341bda5-7a0e-47f9-9cf7-6af04c482add None admin] Authenticating user token {{(pid=42955) process_request /usr/local/lib/python3.10/dist-packages/keystonemiddleware/auth_token/__init__.py:406}}
Apr 18 08:59:35 user devstack@keystone.service[42954]: DEBUG keystone.server.flask.request_processing.middleware.auth_context [None req-92ab1b3a-09ac-45f1-a850-75a83637d6de None admin] RBAC: auth_context: {'token': , 'domain_id': None, 'trust_id': None, 'trustor_id': None, 'trustee_id': None, 'domain_name': None, 'group_ids': [], 'user_id': '8ce9a2fddd544107be4e3149515226ca', 'user_domain_id': 'default', 'system_scope': 'all', 'project_id': None, 'project_domain_id': None, 'roles': ['admin', 'member', 'reader'], 'is_admin_project': True, 'service_user_id': None, 'service_user_domain_id': None, 'service_project_id': None, 'service_project_domain_id': None, 'service_roles': []} {{(pid=42954) fill_context /opt/stack/keystone/keystone/server/flask/request_processing/middleware/auth_context.py:478}}
Apr 18 08:59:35 user devstack@keystone.service[42954]: DEBUG keystone.server.flask.request_processing.req_logging [None req-92ab1b3a-09ac-45f1-a850-75a83637d6de None admin] REQUEST_METHOD: `GET` {{(pid=42954) log_request_info /opt/stack/keystone/keystone/server/flask/request_processing/req_logging.py:27}}
Apr 18 08:59:35 user devstack@keystone.service[42954]: DEBUG keystone.server.flask.request_processing.req_logging [None req-92ab1b3a-09ac-45f1-a850-75a83637d6de None admin] SCRIPT_NAME: `/identity` {{(pid=42954) log_request_info /opt/stack/keystone/keystone/server/flask/request_processing/req_logging.py:28}}
Apr 18 08:59:35 user devstack@keystone.service[42954]: DEBUG keystone.server.flask.request_processing.req_logging [None req-92ab1b3a-09ac-45f1-a850-75a83637d6de None admin] PATH_INFO: `/v3/groups/548135072c3948ce814a54e566656450` {{(pid=42954) log_request_info /opt/stack/keystone/keystone/server/flask/request_processing/req_logging.py:29}}
Apr 18 08:59:35 user devstack@keystone.service[42954]: DEBUG keystone.common.rbac_enforcer.enforcer [None req-92ab1b3a-09ac-45f1-a850-75a83637d6de None admin] RBAC: Authorizing `identity:get_group(group_id=548135072c3948ce814a54e566656450)` {{(pid=42954) enforce_call /opt/stack/keystone/keystone/common/rbac_enforcer/enforcer.py:449}}
Apr 18 08:59:35 user devstack@keystone.service[42954]: DEBUG keystone.common.rbac_enforcer.enforcer [None req-92ab1b3a-09ac-45f1-a850-75a83637d6de None admin] RBAC: Authorization granted {{(pid=42954) enforce_call /opt/stack/keystone/keystone/common/rbac_enforcer/enforcer.py:457}}
Apr 18 08:59:35 user devstack@keystone.service[42954]: [pid: 42954|app: 0|req: 114/320] 10.0.0.210 () {56 vars in 1175 bytes} [Tue Apr 18 08:59:35 2023] GET /identity/v3/groups/548135072c3948ce814a54e566656450 => generated 225 bytes in 120 msecs (HTTP/1.1 200) 5 headers in 177 bytes (1 switches on core 0)
Apr 18 08:59:35 user devstack@keystone.service[42954]: DEBUG keystone.server.flask.request_processing.middleware.auth_context [None req-92ab1b3a-09ac-45f1-a850-75a83637d6de None admin] Authenticating user token {{(pid=42954) process_request /usr/local/lib/python3.10/dist-packages/keystonemiddleware/auth_token/__init__.py:406}}
Apr 18 08:59:35 user devstack@keystone.service[42955]: DEBUG dbcounter [-] [42955] Writing DB stats keystone:SELECT=100 {{(pid=42955) stat_writer /usr/local/lib/python3.10/dist-packages/dbcounter.py:117}}
Apr 18 08:59:36 user devstack@keystone.service[42955]: DEBUG keystone.server.flask.request_processing.middleware.auth_context [None req-5341bda5-7a0e-47f9-9cf7-6af04c482add None admin] Validating token access rules against request {{(pid=42955) validate_allowed_request /usr/local/lib/python3.10/dist-packages/keystonemiddleware/auth_token/__init__.py:544}}
Apr 18 08:59:36 user devstack@keystone.service[42956]: [pid: 42956|app: 0|req: 99/321] 10.0.0.210 () {58 vars in 1277 bytes} [Tue Apr 18 08:59:35 2023] GET /identity/v3/auth/tokens => generated 798 bytes in 360 msecs (HTTP/1.1 200) 6 headers in 358 bytes (1 switches on core 0)
Apr 18 08:59:36 user devstack@keystone.service[42956]: DEBUG keystone.server.flask.request_processing.middleware.auth_context [None req-32b3dcfe-27dd-4e98-b23d-a0f2b4e6c38d None admin] Authenticating user token {{(pid=42956) process_request /usr/local/lib/python3.10/dist-packages/keystonemiddleware/auth_token/__init__.py:406}}
Apr 18 08:59:36 user devstack@keystone.service[42954]: DEBUG keystone.server.flask.request_processing.middleware.auth_context [None req-92ab1b3a-09ac-45f1-a850-75a83637d6de None admin] Validating token access rules against request {{(pid=42954) validate_allowed_request /usr/local/lib/python3.10/dist-packages/keystonemiddleware/auth_token/__init__.py:544}}
Apr 18 08:59:36 user devstack@keystone.service[42954]: DEBUG dbcounter [-] [42954] Writing DB stats keystone:SELECT=100 {{(pid=42954) stat_writer /usr/local/lib/python3.10/dist-packages/dbcounter.py:117}}
Apr 18 08:59:36 user devstack@keystone.service[42956]: DEBUG dbcounter [-] [42956] Writing DB stats keystone:SELECT=100 {{(pid=42956) stat_writer /usr/local/lib/python3.10/dist-packages/dbcounter.py:117}}
Apr 18 08:59:36 user devstack@keystone.service[42955]: DEBUG keystone.server.flask.request_processing.middleware.auth_context [None req-249de52c-37c4-4c15-86fa-fff394157930 None admin] RBAC: auth_context: {'token': , 'domain_id': None, 'trust_id': None, 'trustor_id': None, 'trustee_id': None, 'domain_name': None, 'group_ids': [], 'user_id': '8ce9a2fddd544107be4e3149515226ca', 'user_domain_id': 'default', 'system_scope': 'all', 'project_id': None, 'project_domain_id': None, 'roles': ['admin', 'member', 'reader'], 'is_admin_project': True, 'service_user_id': None, 'service_user_domain_id': None, 'service_project_id': None, 'service_project_domain_id': None, 'service_roles': []} {{(pid=42955) fill_context /opt/stack/keystone/keystone/server/flask/request_processing/middleware/auth_context.py:478}}
Apr 18 08:59:36 user devstack@keystone.service[42955]: DEBUG keystone.server.flask.request_processing.req_logging [None req-249de52c-37c4-4c15-86fa-fff394157930 None admin] REQUEST_METHOD: `GET` {{(pid=42955) log_request_info /opt/stack/keystone/keystone/server/flask/request_processing/req_logging.py:27}}
Apr 18 08:59:36 user devstack@keystone.service[42955]: DEBUG keystone.server.flask.request_processing.req_logging [None req-249de52c-37c4-4c15-86fa-fff394157930 None admin] SCRIPT_NAME: `/identity` {{(pid=42955) log_request_info /opt/stack/keystone/keystone/server/flask/request_processing/req_logging.py:28}}
Apr 18 08:59:36 user devstack@keystone.service[42955]: DEBUG keystone.server.flask.request_processing.req_logging [None req-249de52c-37c4-4c15-86fa-fff394157930 None admin] PATH_INFO: `/v3/roles` {{(pid=42955) log_request_info /opt/stack/keystone/keystone/server/flask/request_processing/req_logging.py:29}}
Apr 18 08:59:36 user devstack@keystone.service[42955]: DEBUG keystone.common.rbac_enforcer.enforcer [None req-249de52c-37c4-4c15-86fa-fff394157930 None admin] RBAC: Adding query filter params (name=anotherrole) {{(pid=42955) _extract_filter_values /opt/stack/keystone/keystone/common/rbac_enforcer/enforcer.py:167}}
Apr 18 08:59:36 user devstack@keystone.service[42955]: DEBUG keystone.common.rbac_enforcer.enforcer [None req-249de52c-37c4-4c15-86fa-fff394157930 None admin] RBAC: Authorizing `identity:list_roles()` {{(pid=42955) enforce_call /opt/stack/keystone/keystone/common/rbac_enforcer/enforcer.py:449}}
Apr 18 08:59:36 user devstack@keystone.service[42955]: DEBUG keystone.common.rbac_enforcer.enforcer [None req-249de52c-37c4-4c15-86fa-fff394157930 None admin] RBAC: Authorization granted {{(pid=42955) enforce_call /opt/stack/keystone/keystone/common/rbac_enforcer/enforcer.py:457}}
Apr 18 08:59:36 user devstack@keystone.service[42955]: [pid: 42955|app: 0|req: 109/322] 10.0.0.210 () {56 vars in 1106 bytes} [Tue Apr 18 08:59:35 2023] GET /identity/v3/roles?name=anotherrole => generated 332 bytes in 128 msecs (HTTP/1.1 200) 5 headers in 177 bytes (1 switches on core 0)
Apr 18 08:59:36 user devstack@keystone.service[42954]: DEBUG keystone.server.flask.request_processing.middleware.auth_context [None req-87a790fb-f53e-42e4-8e47-5499682de368 None admin] RBAC: auth_context: {'token': , 'domain_id': None, 'trust_id': None, 'trustor_id': None, 'trustee_id': None, 'domain_name': None, 'group_ids': [], 'user_id': '8ce9a2fddd544107be4e3149515226ca', 'user_domain_id': 'default', 'system_scope': 'all', 'project_id': None, 'project_domain_id': None, 'roles': ['admin', 'member', 'reader'], 'is_admin_project': True, 'service_user_id': None, 'service_user_domain_id': None, 'service_project_id': None, 'service_project_domain_id': None, 'service_roles': []} {{(pid=42954) fill_context /opt/stack/keystone/keystone/server/flask/request_processing/middleware/auth_context.py:478}}
Apr 18 08:59:36 user devstack@keystone.service[42954]: DEBUG keystone.server.flask.request_processing.req_logging [None req-87a790fb-f53e-42e4-8e47-5499682de368 None admin] REQUEST_METHOD: `GET` {{(pid=42954) log_request_info /opt/stack/keystone/keystone/server/flask/request_processing/req_logging.py:27}}
Apr 18 08:59:36 user devstack@keystone.service[42955]: DEBUG keystone.server.flask.request_processing.middleware.auth_context [None req-249de52c-37c4-4c15-86fa-fff394157930 None admin] Authenticating user token {{(pid=42955) process_request /usr/local/lib/python3.10/dist-packages/keystonemiddleware/auth_token/__init__.py:406}}
Apr 18 08:59:36 user devstack@keystone.service[42954]: DEBUG keystone.server.flask.request_processing.req_logging [None req-87a790fb-f53e-42e4-8e47-5499682de368 None admin] SCRIPT_NAME: `/identity` {{(pid=42954) log_request_info /opt/stack/keystone/keystone/server/flask/request_processing/req_logging.py:28}}
Apr 18 08:59:36 user devstack@keystone.service[42954]: DEBUG keystone.server.flask.request_processing.req_logging [None req-87a790fb-f53e-42e4-8e47-5499682de368 None admin] PATH_INFO: `/v3/groups/548135072c3948ce814a54e566656450` {{(pid=42954) log_request_info /opt/stack/keystone/keystone/server/flask/request_processing/req_logging.py:29}}
Apr 18 08:59:36 user devstack@keystone.service[42954]: DEBUG keystone.common.rbac_enforcer.enforcer [None req-87a790fb-f53e-42e4-8e47-5499682de368 None admin] RBAC: Authorizing `identity:get_group(group_id=548135072c3948ce814a54e566656450)` {{(pid=42954) enforce_call /opt/stack/keystone/keystone/common/rbac_enforcer/enforcer.py:449}}
Apr 18 08:59:36 user devstack@keystone.service[42954]: DEBUG keystone.common.rbac_enforcer.enforcer [None req-87a790fb-f53e-42e4-8e47-5499682de368 None admin] RBAC: Authorization granted {{(pid=42954) enforce_call /opt/stack/keystone/keystone/common/rbac_enforcer/enforcer.py:457}}
Apr 18 08:59:36 user devstack@keystone.service[42954]: [pid: 42954|app: 0|req: 115/323] 10.0.0.210 () {56 vars in 1175 bytes} [Tue Apr 18 08:59:35 2023] GET /identity/v3/groups/548135072c3948ce814a54e566656450 => generated 225 bytes in 119 msecs (HTTP/1.1 200) 5 headers in 177 bytes (1 switches on core 0)
Apr 18 08:59:36 user devstack@keystone.service[42954]: DEBUG keystone.server.flask.request_processing.middleware.auth_context [None req-87a790fb-f53e-42e4-8e47-5499682de368 None admin] Authenticating user token {{(pid=42954) process_request /usr/local/lib/python3.10/dist-packages/keystonemiddleware/auth_token/__init__.py:406}}
Apr 18 08:59:36 user devstack@keystone.service[42956]: DEBUG keystone.server.flask.request_processing.middleware.auth_context [None req-32b3dcfe-27dd-4e98-b23d-a0f2b4e6c38d None admin] Validating token access rules against request {{(pid=42956) validate_allowed_request /usr/local/lib/python3.10/dist-packages/keystonemiddleware/auth_token/__init__.py:544}}
Apr 18 08:59:36 user devstack@keystone.service[42954]: DEBUG keystone.server.flask.request_processing.middleware.auth_context [None req-87a790fb-f53e-42e4-8e47-5499682de368 None admin] Validating token access rules against request {{(pid=42954) validate_allowed_request /usr/local/lib/python3.10/dist-packages/keystonemiddleware/auth_token/__init__.py:544}}
Apr 18 08:59:36 user devstack@keystone.service[42956]: DEBUG keystone.server.flask.request_processing.middleware.auth_context [None req-3562afbf-a2be-4bc4-ab66-0b6b143d2d9f None admin] RBAC: auth_context: {'token': , 'domain_id': None, 'trust_id': None, 'trustor_id': None, 'trustee_id': None, 'domain_name': None, 'group_ids': [], 'user_id': '8ce9a2fddd544107be4e3149515226ca', 'user_domain_id': 'default', 'system_scope': 'all', 'project_id': None, 'project_domain_id': None, 'roles': ['admin', 'member', 'reader'], 'is_admin_project': True, 'service_user_id': None, 'service_user_domain_id': None, 'service_project_id': None, 'service_project_domain_id': None, 'service_roles': []} {{(pid=42956) fill_context /opt/stack/keystone/keystone/server/flask/request_processing/middleware/auth_context.py:478}}
Apr 18 08:59:36 user devstack@keystone.service[42956]: DEBUG keystone.server.flask.request_processing.req_logging [None req-3562afbf-a2be-4bc4-ab66-0b6b143d2d9f None admin] REQUEST_METHOD: `GET` {{(pid=42956) log_request_info /opt/stack/keystone/keystone/server/flask/request_processing/req_logging.py:27}}
Apr 18 08:59:36 user devstack@keystone.service[42956]: DEBUG keystone.server.flask.request_processing.req_logging [None req-3562afbf-a2be-4bc4-ab66-0b6b143d2d9f None admin] SCRIPT_NAME: `/identity` {{(pid=42956) log_request_info /opt/stack/keystone/keystone/server/flask/request_processing/req_logging.py:28}}
Apr 18 08:59:36 user devstack@keystone.service[42956]: DEBUG keystone.server.flask.request_processing.req_logging [None req-3562afbf-a2be-4bc4-ab66-0b6b143d2d9f None admin] PATH_INFO: `/v3/auth/tokens` {{(pid=42956) log_request_info /opt/stack/keystone/keystone/server/flask/request_processing/req_logging.py:29}}
Apr 18 08:59:36 user devstack@keystone.service[42955]: DEBUG dbcounter [-] [42955] Writing DB stats keystone:SELECT=100 {{(pid=42955) stat_writer /usr/local/lib/python3.10/dist-packages/dbcounter.py:117}}
Apr 18 08:59:36 user devstack@keystone.service[42955]: DEBUG keystone.server.flask.request_processing.middleware.auth_context [None req-249de52c-37c4-4c15-86fa-fff394157930 None admin] Validating token access rules against request {{(pid=42955) validate_allowed_request /usr/local/lib/python3.10/dist-packages/keystonemiddleware/auth_token/__init__.py:544}}
Apr 18 08:59:36 user devstack@keystone.service[42954]: DEBUG keystone.server.flask.request_processing.middleware.auth_context [None req-dbfd1cb3-e7fd-41b3-9fcc-d6373c791441 None admin] RBAC: auth_context: {'token': , 'domain_id': None, 'trust_id': None, 'trustor_id': None, 'trustee_id': None, 'domain_name': None, 'group_ids': [], 'user_id': '8ce9a2fddd544107be4e3149515226ca', 'user_domain_id': 'default', 'system_scope': 'all', 'project_id': None, 'project_domain_id': None, 'roles': ['admin', 'member', 'reader'], 'is_admin_project': True, 'service_user_id': None, 'service_user_domain_id': None, 'service_project_id': None, 'service_project_domain_id': None, 'service_roles': []} {{(pid=42954) fill_context /opt/stack/keystone/keystone/server/flask/request_processing/middleware/auth_context.py:478}}
Apr 18 08:59:36 user devstack@keystone.service[42954]: DEBUG keystone.server.flask.request_processing.req_logging [None req-dbfd1cb3-e7fd-41b3-9fcc-d6373c791441 None admin] REQUEST_METHOD: `GET` {{(pid=42954) log_request_info /opt/stack/keystone/keystone/server/flask/request_processing/req_logging.py:27}}
Apr 18 08:59:36 user devstack@keystone.service[42954]: DEBUG keystone.server.flask.request_processing.req_logging [None req-dbfd1cb3-e7fd-41b3-9fcc-d6373c791441 None admin] SCRIPT_NAME: `/identity` {{(pid=42954) log_request_info /opt/stack/keystone/keystone/server/flask/request_processing/req_logging.py:28}}
Apr 18 08:59:36 user devstack@keystone.service[42954]: DEBUG keystone.server.flask.request_processing.req_logging [None req-dbfd1cb3-e7fd-41b3-9fcc-d6373c791441 None admin] PATH_INFO: `/v3/projects/6bc0757d1e01439bb97489b75b6422bd` {{(pid=42954) log_request_info /opt/stack/keystone/keystone/server/flask/request_processing/req_logging.py:29}}
Apr 18 08:59:36 user devstack@keystone.service[42954]: DEBUG keystone.common.rbac_enforcer.enforcer [None req-dbfd1cb3-e7fd-41b3-9fcc-d6373c791441 None admin] RBAC: Authorizing `identity:get_project(project_id=6bc0757d1e01439bb97489b75b6422bd)` {{(pid=42954) enforce_call /opt/stack/keystone/keystone/common/rbac_enforcer/enforcer.py:449}}
Apr 18 08:59:36 user devstack@keystone.service[42954]: DEBUG keystone.common.rbac_enforcer.enforcer [None req-dbfd1cb3-e7fd-41b3-9fcc-d6373c791441 None admin] RBAC: Authorization granted {{(pid=42954) enforce_call /opt/stack/keystone/keystone/common/rbac_enforcer/enforcer.py:457}}
Apr 18 08:59:36 user devstack@keystone.service[42954]: [pid: 42954|app: 0|req: 116/324] 10.0.0.210 () {56 vars in 1181 bytes} [Tue Apr 18 08:59:36 2023] GET /identity/v3/projects/6bc0757d1e01439bb97489b75b6422bd => generated 301 bytes in 118 msecs (HTTP/1.1 200) 5 headers in 177 bytes (1 switches on core 0)
Apr 18 08:59:36 user devstack@keystone.service[42954]: DEBUG keystone.server.flask.request_processing.middleware.auth_context [None req-dbfd1cb3-e7fd-41b3-9fcc-d6373c791441 None admin] Authenticating user token {{(pid=42954) process_request /usr/local/lib/python3.10/dist-packages/keystonemiddleware/auth_token/__init__.py:406}}
Apr 18 08:59:36 user devstack@keystone.service[42955]: DEBUG keystone.server.flask.request_processing.middleware.auth_context [None req-2cbab802-f770-43c9-a544-41f872c9ea1b None admin] RBAC: auth_context: {'token': , 'domain_id': None, 'trust_id': None, 'trustor_id': None, 'trustee_id': None, 'domain_name': None, 'group_ids': [], 'user_id': '8ce9a2fddd544107be4e3149515226ca', 'user_domain_id': 'default', 'system_scope': 'all', 'project_id': None, 'project_domain_id': None, 'roles': ['admin', 'member', 'reader'], 'is_admin_project': True, 'service_user_id': None, 'service_user_domain_id': None, 'service_project_id': None, 'service_project_domain_id': None, 'service_roles': []} {{(pid=42955) fill_context /opt/stack/keystone/keystone/server/flask/request_processing/middleware/auth_context.py:478}}
Apr 18 08:59:36 user devstack@keystone.service[42955]: DEBUG keystone.server.flask.request_processing.req_logging [None req-2cbab802-f770-43c9-a544-41f872c9ea1b None admin] REQUEST_METHOD: `GET` {{(pid=42955) log_request_info /opt/stack/keystone/keystone/server/flask/request_processing/req_logging.py:27}}
Apr 18 08:59:36 user devstack@keystone.service[42955]: DEBUG keystone.server.flask.request_processing.req_logging [None req-2cbab802-f770-43c9-a544-41f872c9ea1b None admin] SCRIPT_NAME: `/identity` {{(pid=42955) log_request_info /opt/stack/keystone/keystone/server/flask/request_processing/req_logging.py:28}}
Apr 18 08:59:36 user devstack@keystone.service[42955]: DEBUG keystone.server.flask.request_processing.req_logging [None req-2cbab802-f770-43c9-a544-41f872c9ea1b None admin] PATH_INFO: `/v3/role_assignments` {{(pid=42955) log_request_info /opt/stack/keystone/keystone/server/flask/request_processing/req_logging.py:29}}
Apr 18 08:59:36 user devstack@keystone.service[42955]: DEBUG keystone.common.rbac_enforcer.enforcer [None req-2cbab802-f770-43c9-a544-41f872c9ea1b None admin] RBAC: Adding query filter params (group.id=548135072c3948ce814a54e566656450, role.id=ec624324787f4a5b88590a651f981fe6, scope.project.id=986ffaa0453c4210943b029f9b7c9fa1) {{(pid=42955) _extract_filter_values /opt/stack/keystone/keystone/common/rbac_enforcer/enforcer.py:167}}
Apr 18 08:59:36 user devstack@keystone.service[42955]: DEBUG keystone.common.rbac_enforcer.enforcer [None req-2cbab802-f770-43c9-a544-41f872c9ea1b None admin] RBAC: Authorizing `identity:list_role_assignments()` {{(pid=42955) enforce_call /opt/stack/keystone/keystone/common/rbac_enforcer/enforcer.py:449}}
Apr 18 08:59:36 user devstack@keystone.service[42955]: DEBUG keystone.common.rbac_enforcer.enforcer [None req-2cbab802-f770-43c9-a544-41f872c9ea1b None admin] RBAC: Authorization granted {{(pid=42955) enforce_call /opt/stack/keystone/keystone/common/rbac_enforcer/enforcer.py:457}}
Apr 18 08:59:36 user devstack@keystone.service[42955]: [pid: 42955|app: 0|req: 110/325] 10.0.0.210 () {56 vars in 1371 bytes} [Tue Apr 18 08:59:36 2023] GET /identity/v3/role_assignments?group.id=548135072c3948ce814a54e566656450&scope.project.id=986ffaa0453c4210943b029f9b7c9fa1&role.id=ec624324787f4a5b88590a651f981fe6 => generated 609 bytes in 151 msecs (HTTP/1.1 200) 5 headers in 177 bytes (1 switches on core 0)
Apr 18 08:59:36 user devstack@keystone.service[42955]: DEBUG keystone.server.flask.request_processing.middleware.auth_context [None req-2cbab802-f770-43c9-a544-41f872c9ea1b None admin] Authenticating user token {{(pid=42955) process_request /usr/local/lib/python3.10/dist-packages/keystonemiddleware/auth_token/__init__.py:406}}
Apr 18 08:59:36 user devstack@keystone.service[42954]: DEBUG dbcounter [-] [42954] Writing DB stats keystone:SELECT=100 {{(pid=42954) stat_writer /usr/local/lib/python3.10/dist-packages/dbcounter.py:117}}
Apr 18 08:59:36 user devstack@keystone.service[42956]: DEBUG keystone.common.rbac_enforcer.enforcer [None req-3562afbf-a2be-4bc4-ab66-0b6b143d2d9f None admin] RBAC: Authorizing `identity:validate_token()` {{(pid=42956) enforce_call /opt/stack/keystone/keystone/common/rbac_enforcer/enforcer.py:449}}
Apr 18 08:59:36 user devstack@keystone.service[42956]: DEBUG keystone.common.rbac_enforcer.enforcer [None req-3562afbf-a2be-4bc4-ab66-0b6b143d2d9f None admin] RBAC: Authorization granted {{(pid=42956) enforce_call /opt/stack/keystone/keystone/common/rbac_enforcer/enforcer.py:457}}
Apr 18 08:59:36 user devstack@keystone.service[42956]: DEBUG dbcounter [-] [42956] Writing DB stats keystone:SELECT=100 {{(pid=42956) stat_writer /usr/local/lib/python3.10/dist-packages/dbcounter.py:117}}
Apr 18 08:59:36 user devstack@keystone.service[42954]: DEBUG keystone.server.flask.request_processing.middleware.auth_context [None req-dbfd1cb3-e7fd-41b3-9fcc-d6373c791441 None admin] Validating token access rules against request {{(pid=42954) validate_allowed_request /usr/local/lib/python3.10/dist-packages/keystonemiddleware/auth_token/__init__.py:544}}
Apr 18 08:59:36 user devstack@keystone.service[42954]: DEBUG keystone.server.flask.request_processing.middleware.auth_context [None req-d7a9efff-2ed6-4d37-8e6a-c6177b6e6279 None admin] RBAC: auth_context: {'token': , 'domain_id': None, 'trust_id': None, 'trustor_id': None, 'trustee_id': None, 'domain_name': None, 'group_ids': [], 'user_id': '8ce9a2fddd544107be4e3149515226ca', 'user_domain_id': 'default', 'system_scope': 'all', 'project_id': None, 'project_domain_id': None, 'roles': ['admin', 'member', 'reader'], 'is_admin_project': True, 'service_user_id': None, 'service_user_domain_id': None, 'service_project_id': None, 'service_project_domain_id': None, 'service_roles': []} {{(pid=42954) fill_context /opt/stack/keystone/keystone/server/flask/request_processing/middleware/auth_context.py:478}}
Apr 18 08:59:36 user devstack@keystone.service[42954]: DEBUG keystone.server.flask.request_processing.req_logging [None req-d7a9efff-2ed6-4d37-8e6a-c6177b6e6279 None admin] REQUEST_METHOD: `GET` {{(pid=42954) log_request_info /opt/stack/keystone/keystone/server/flask/request_processing/req_logging.py:27}}
Apr 18 08:59:36 user devstack@keystone.service[42954]: DEBUG keystone.server.flask.request_processing.req_logging [None req-d7a9efff-2ed6-4d37-8e6a-c6177b6e6279 None admin] SCRIPT_NAME: `/identity` {{(pid=42954) log_request_info /opt/stack/keystone/keystone/server/flask/request_processing/req_logging.py:28}}
Apr 18 08:59:36 user devstack@keystone.service[42954]: DEBUG keystone.server.flask.request_processing.req_logging [None req-d7a9efff-2ed6-4d37-8e6a-c6177b6e6279 None admin] PATH_INFO: `/v3/auth/tokens` {{(pid=42954) log_request_info /opt/stack/keystone/keystone/server/flask/request_processing/req_logging.py:29}}
Apr 18 08:59:36 user devstack@keystone.service[42955]: DEBUG keystone.server.flask.request_processing.middleware.auth_context [None req-2cbab802-f770-43c9-a544-41f872c9ea1b None admin] Validating token access rules against request {{(pid=42955) validate_allowed_request /usr/local/lib/python3.10/dist-packages/keystonemiddleware/auth_token/__init__.py:544}}
Apr 18 08:59:36 user devstack@keystone.service[42956]: [pid: 42956|app: 0|req: 100/326] 10.0.0.210 () {58 vars in 1277 bytes} [Tue Apr 18 08:59:36 2023] GET /identity/v3/auth/tokens => generated 798 bytes in 311 msecs (HTTP/1.1 200) 6 headers in 358 bytes (1 switches on core 0)
Apr 18 08:59:36 user devstack@keystone.service[42956]: DEBUG keystone.server.flask.request_processing.middleware.auth_context [None req-3562afbf-a2be-4bc4-ab66-0b6b143d2d9f None admin] Authenticating user token {{(pid=42956) process_request /usr/local/lib/python3.10/dist-packages/keystonemiddleware/auth_token/__init__.py:406}}
Apr 18 08:59:36 user devstack@keystone.service[42955]: DEBUG keystone.server.flask.request_processing.middleware.auth_context [None req-7510f61e-07cc-41f6-94d7-e17b5f2efe8b None admin] RBAC: auth_context: {'token': , 'domain_id': None, 'trust_id': None, 'trustor_id': None, 'trustee_id': None, 'domain_name': None, 'group_ids': [], 'user_id': '8ce9a2fddd544107be4e3149515226ca', 'user_domain_id': 'default', 'system_scope': 'all', 'project_id': None, 'project_domain_id': None, 'roles': ['admin', 'member', 'reader'], 'is_admin_project': True, 'service_user_id': None, 'service_user_domain_id': None, 'service_project_id': None, 'service_project_domain_id': None, 'service_roles': []} {{(pid=42955) fill_context /opt/stack/keystone/keystone/server/flask/request_processing/middleware/auth_context.py:478}}
Apr 18 08:59:36 user devstack@keystone.service[42955]: DEBUG keystone.server.flask.request_processing.req_logging [None req-7510f61e-07cc-41f6-94d7-e17b5f2efe8b None admin] REQUEST_METHOD: `GET` {{(pid=42955) log_request_info /opt/stack/keystone/keystone/server/flask/request_processing/req_logging.py:27}}
Apr 18 08:59:36 user devstack@keystone.service[42955]: DEBUG keystone.server.flask.request_processing.req_logging [None req-7510f61e-07cc-41f6-94d7-e17b5f2efe8b None admin] SCRIPT_NAME: `/identity` {{(pid=42955) log_request_info /opt/stack/keystone/keystone/server/flask/request_processing/req_logging.py:28}}
Apr 18 08:59:36 user devstack@keystone.service[42955]: DEBUG keystone.server.flask.request_processing.req_logging [None req-7510f61e-07cc-41f6-94d7-e17b5f2efe8b None admin] PATH_INFO: `/v3/role_assignments` {{(pid=42955) log_request_info /opt/stack/keystone/keystone/server/flask/request_processing/req_logging.py:29}}
Apr 18 08:59:36 user devstack@keystone.service[42955]: DEBUG keystone.common.rbac_enforcer.enforcer [None req-7510f61e-07cc-41f6-94d7-e17b5f2efe8b None admin] RBAC: Adding query filter params (group.id=548135072c3948ce814a54e566656450, role.id=c7c1e9b7fb3b460c8beb8a69f0a8bf47, scope.project.id=986ffaa0453c4210943b029f9b7c9fa1) {{(pid=42955) _extract_filter_values /opt/stack/keystone/keystone/common/rbac_enforcer/enforcer.py:167}}
Apr 18 08:59:36 user devstack@keystone.service[42955]: DEBUG keystone.common.rbac_enforcer.enforcer [None req-7510f61e-07cc-41f6-94d7-e17b5f2efe8b None admin] RBAC: Authorizing `identity:list_role_assignments()` {{(pid=42955) enforce_call /opt/stack/keystone/keystone/common/rbac_enforcer/enforcer.py:449}}
Apr 18 08:59:36 user devstack@keystone.service[42955]: DEBUG keystone.common.rbac_enforcer.enforcer [None req-7510f61e-07cc-41f6-94d7-e17b5f2efe8b None admin] RBAC: Authorization granted {{(pid=42955) enforce_call /opt/stack/keystone/keystone/common/rbac_enforcer/enforcer.py:457}}
Apr 18 08:59:36 user devstack@keystone.service[42955]: [pid: 42955|app: 0|req: 111/327] 10.0.0.210 () {56 vars in 1371 bytes} [Tue Apr 18 08:59:36 2023] GET /identity/v3/role_assignments?group.id=548135072c3948ce814a54e566656450&scope.project.id=986ffaa0453c4210943b029f9b7c9fa1&role.id=c7c1e9b7fb3b460c8beb8a69f0a8bf47 => generated 609 bytes in 140 msecs (HTTP/1.1 200) 5 headers in 177 bytes (1 switches on core 0)
Apr 18 08:59:36 user devstack@keystone.service[42954]: DEBUG keystone.common.rbac_enforcer.enforcer [None req-d7a9efff-2ed6-4d37-8e6a-c6177b6e6279 None admin] RBAC: Authorizing `identity:validate_token()` {{(pid=42954) enforce_call /opt/stack/keystone/keystone/common/rbac_enforcer/enforcer.py:449}}
Apr 18 08:59:36 user devstack@keystone.service[42955]: DEBUG keystone.server.flask.request_processing.middleware.auth_context [None req-7510f61e-07cc-41f6-94d7-e17b5f2efe8b None admin] Authenticating user token {{(pid=42955) process_request /usr/local/lib/python3.10/dist-packages/keystonemiddleware/auth_token/__init__.py:406}}
