Apr 18 08:59:32 user devstack@keystone.service[42954]: DEBUG keystone.server.flask.request_processing.req_logging [None req-a15a1369-b164-401f-ab0d-4fbe81f9825b None None] SCRIPT_NAME: `/identity` {{(pid=42954) log_request_info /opt/stack/keystone/keystone/server/flask/request_processing/req_logging.py:28}}
Apr 18 08:59:32 user devstack@keystone.service[42954]: DEBUG keystone.server.flask.request_processing.req_logging [None req-a15a1369-b164-401f-ab0d-4fbe81f9825b None None] PATH_INFO: `/` {{(pid=42954) log_request_info /opt/stack/keystone/keystone/server/flask/request_processing/req_logging.py:29}}
Apr 18 08:59:32 user devstack@keystone.service[42954]: [pid: 42954|app: 0|req: 87/256] 10.0.0.210 () {54 vars in 920 bytes} [Tue Apr 18 08:59:32 2023] GET /identity => generated 269 bytes in 3 msecs (HTTP/1.1 300) 6 headers in 233 bytes (1 switches on core 0)
Apr 18 08:59:32 user devstack@keystone.service[42955]: DEBUG keystone.server.flask.request_processing.req_logging [None req-27bda53d-081e-4cbe-b2fe-1f45df5e0710 None None] REQUEST_METHOD: `POST` {{(pid=42955) log_request_info /opt/stack/keystone/keystone/server/flask/request_processing/req_logging.py:27}}
Apr 18 08:59:32 user devstack@keystone.service[42955]: DEBUG keystone.server.flask.request_processing.req_logging [None req-27bda53d-081e-4cbe-b2fe-1f45df5e0710 None None] SCRIPT_NAME: `/identity` {{(pid=42955) log_request_info /opt/stack/keystone/keystone/server/flask/request_processing/req_logging.py:28}}
Apr 18 08:59:32 user devstack@keystone.service[42955]: DEBUG keystone.server.flask.request_processing.req_logging [None req-27bda53d-081e-4cbe-b2fe-1f45df5e0710 None None] PATH_INFO: `/v3/auth/tokens` {{(pid=42955) log_request_info /opt/stack/keystone/keystone/server/flask/request_processing/req_logging.py:29}}
Apr 18 08:59:32 user devstack@keystone.service[42955]: WARNING keystone.common.password_hashing [None req-27bda53d-081e-4cbe-b2fe-1f45df5e0710 None None] Truncating password to algorithm specific maximum length 54 characters.
Apr 18 08:59:32 user devstack@keystone.service[42955]: DEBUG keystone.auth.core [None req-27bda53d-081e-4cbe-b2fe-1f45df5e0710 None None] MFA Rules not processed for user `8ce9a2fddd544107be4e3149515226ca`. Rule list: `[]` (Enabled: `True`). {{(pid=42955) check_auth_methods_against_rules /opt/stack/keystone/keystone/auth/core.py:438}}
Apr 18 08:59:32 user devstack@keystone.service[42955]: DEBUG keystone.common.fernet_utils [None req-27bda53d-081e-4cbe-b2fe-1f45df5e0710 None None] Loaded 2 Fernet keys from /etc/keystone/fernet-keys/, but `[fernet_tokens] max_active_keys = 3`; perhaps there have not been enough key rotations to reach `max_active_keys` yet? {{(pid=42955) load_keys /opt/stack/keystone/keystone/common/fernet_utils.py:286}}
Apr 18 08:59:32 user devstack@keystone.service[42955]: [pid: 42955|app: 0|req: 89/257] 10.0.0.210 () {58 vars in 1017 bytes} [Tue Apr 18 08:59:32 2023] POST /identity/v3/auth/tokens => generated 913 bytes in 80 msecs (HTTP/1.1 201) 6 headers in 384 bytes (1 switches on core 0)
Apr 18 08:59:32 user devstack@keystone.service[42956]: DEBUG keystone.server.flask.request_processing.req_logging [None req-07258d43-e453-414a-aec1-826922405826 None None] REQUEST_METHOD: `GET` {{(pid=42956) log_request_info /opt/stack/keystone/keystone/server/flask/request_processing/req_logging.py:27}}
Apr 18 08:59:32 user devstack@keystone.service[42956]: DEBUG keystone.server.flask.request_processing.req_logging [None req-07258d43-e453-414a-aec1-826922405826 None None] SCRIPT_NAME: `/identity` {{(pid=42956) log_request_info /opt/stack/keystone/keystone/server/flask/request_processing/req_logging.py:28}}
Apr 18 08:59:32 user devstack@keystone.service[42956]: DEBUG keystone.server.flask.request_processing.req_logging [None req-07258d43-e453-414a-aec1-826922405826 None None] PATH_INFO: `/` {{(pid=42956) log_request_info /opt/stack/keystone/keystone/server/flask/request_processing/req_logging.py:29}}
Apr 18 08:59:32 user devstack@keystone.service[42956]: [pid: 42956|app: 0|req: 82/258] 10.0.0.210 () {54 vars in 920 bytes} [Tue Apr 18 08:59:32 2023] GET /identity => generated 269 bytes in 3 msecs (HTTP/1.1 300) 6 headers in 233 bytes (1 switches on core 0)
Apr 18 08:59:32 user devstack@keystone.service[42954]: DEBUG keystone.server.flask.request_processing.req_logging [None req-a9d164bd-137d-48e2-b60d-9a62424a0467 None None] REQUEST_METHOD: `POST` {{(pid=42954) log_request_info /opt/stack/keystone/keystone/server/flask/request_processing/req_logging.py:27}}
Apr 18 08:59:32 user devstack@keystone.service[42954]: DEBUG keystone.server.flask.request_processing.req_logging [None req-a9d164bd-137d-48e2-b60d-9a62424a0467 None None] SCRIPT_NAME: `/identity` {{(pid=42954) log_request_info /opt/stack/keystone/keystone/server/flask/request_processing/req_logging.py:28}}
Apr 18 08:59:32 user devstack@keystone.service[42954]: DEBUG keystone.server.flask.request_processing.req_logging [None req-a9d164bd-137d-48e2-b60d-9a62424a0467 None None] PATH_INFO: `/v3/auth/tokens` {{(pid=42954) log_request_info /opt/stack/keystone/keystone/server/flask/request_processing/req_logging.py:29}}
Apr 18 08:59:32 user devstack@keystone.service[42954]: WARNING keystone.common.password_hashing [None req-a9d164bd-137d-48e2-b60d-9a62424a0467 None None] Truncating password to algorithm specific maximum length 54 characters.
Apr 18 08:59:32 user devstack@keystone.service[42954]: DEBUG keystone.auth.core [None req-a9d164bd-137d-48e2-b60d-9a62424a0467 None None] MFA Rules not processed for user `8ce9a2fddd544107be4e3149515226ca`. Rule list: `[]` (Enabled: `True`). {{(pid=42954) check_auth_methods_against_rules /opt/stack/keystone/keystone/auth/core.py:438}}
Apr 18 08:59:32 user devstack@keystone.service[42954]: DEBUG keystone.common.fernet_utils [None req-a9d164bd-137d-48e2-b60d-9a62424a0467 None None] Loaded 2 Fernet keys from /etc/keystone/fernet-keys/, but `[fernet_tokens] max_active_keys = 3`; perhaps there have not been enough key rotations to reach `max_active_keys` yet? {{(pid=42954) load_keys /opt/stack/keystone/keystone/common/fernet_utils.py:286}}
Apr 18 08:59:32 user devstack@keystone.service[42955]: DEBUG keystone.server.flask.request_processing.req_logging [None req-4ebe8cc0-6a7c-4248-9ec1-45e34e483af0 None None] REQUEST_METHOD: `GET` {{(pid=42955) log_request_info /opt/stack/keystone/keystone/server/flask/request_processing/req_logging.py:27}}
Apr 18 08:59:32 user devstack@keystone.service[42955]: DEBUG keystone.server.flask.request_processing.req_logging [None req-4ebe8cc0-6a7c-4248-9ec1-45e34e483af0 None None] SCRIPT_NAME: `/identity` {{(pid=42955) log_request_info /opt/stack/keystone/keystone/server/flask/request_processing/req_logging.py:28}}
Apr 18 08:59:32 user devstack@keystone.service[42955]: DEBUG keystone.server.flask.request_processing.req_logging [None req-4ebe8cc0-6a7c-4248-9ec1-45e34e483af0 None None] PATH_INFO: `/` {{(pid=42955) log_request_info /opt/stack/keystone/keystone/server/flask/request_processing/req_logging.py:29}}
Apr 18 08:59:32 user devstack@keystone.service[42955]: [pid: 42955|app: 0|req: 90/259] 10.0.0.210 () {54 vars in 920 bytes} [Tue Apr 18 08:59:32 2023] GET /identity => generated 269 bytes in 3 msecs (HTTP/1.1 300) 6 headers in 233 bytes (1 switches on core 0)
Apr 18 08:59:32 user devstack@keystone.service[42954]: [pid: 42954|app: 0|req: 88/260] 10.0.0.210 () {58 vars in 1017 bytes} [Tue Apr 18 08:59:32 2023] POST /identity/v3/auth/tokens => generated 913 bytes in 27 msecs (HTTP/1.1 201) 6 headers in 384 bytes (1 switches on core 0)
Apr 18 08:59:32 user devstack@keystone.service[42956]: DEBUG keystone.server.flask.request_processing.req_logging [None req-4e6ab491-9596-4408-916e-f286424eb117 None None] REQUEST_METHOD: `POST` {{(pid=42956) log_request_info /opt/stack/keystone/keystone/server/flask/request_processing/req_logging.py:27}}
Apr 18 08:59:32 user devstack@keystone.service[42956]: DEBUG keystone.server.flask.request_processing.req_logging [None req-4e6ab491-9596-4408-916e-f286424eb117 None None] SCRIPT_NAME: `/identity` {{(pid=42956) log_request_info /opt/stack/keystone/keystone/server/flask/request_processing/req_logging.py:28}}
Apr 18 08:59:32 user devstack@keystone.service[42956]: DEBUG keystone.server.flask.request_processing.req_logging [None req-4e6ab491-9596-4408-916e-f286424eb117 None None] PATH_INFO: `/v3/auth/tokens` {{(pid=42956) log_request_info /opt/stack/keystone/keystone/server/flask/request_processing/req_logging.py:29}}
Apr 18 08:59:32 user devstack@keystone.service[42956]: WARNING keystone.common.password_hashing [None req-4e6ab491-9596-4408-916e-f286424eb117 None None] Truncating password to algorithm specific maximum length 54 characters.
Apr 18 08:59:32 user devstack@keystone.service[42956]: DEBUG keystone.auth.core [None req-4e6ab491-9596-4408-916e-f286424eb117 None None] MFA Rules not processed for user `8ce9a2fddd544107be4e3149515226ca`. Rule list: `[]` (Enabled: `True`). {{(pid=42956) check_auth_methods_against_rules /opt/stack/keystone/keystone/auth/core.py:438}}
Apr 18 08:59:32 user devstack@keystone.service[42956]: DEBUG keystone.common.fernet_utils [None req-4e6ab491-9596-4408-916e-f286424eb117 None None] Loaded 2 Fernet keys from /etc/keystone/fernet-keys/, but `[fernet_tokens] max_active_keys = 3`; perhaps there have not been enough key rotations to reach `max_active_keys` yet? {{(pid=42956) load_keys /opt/stack/keystone/keystone/common/fernet_utils.py:286}}
Apr 18 08:59:32 user devstack@keystone.service[42956]: [pid: 42956|app: 0|req: 83/261] 10.0.0.210 () {58 vars in 1017 bytes} [Tue Apr 18 08:59:32 2023] POST /identity/v3/auth/tokens => generated 798 bytes in 90 msecs (HTTP/1.1 201) 6 headers in 363 bytes (1 switches on core 0)
Apr 18 08:59:32 user devstack@keystone.service[42955]: DEBUG keystone.server.flask.request_processing.middleware.auth_context [None req-4ebe8cc0-6a7c-4248-9ec1-45e34e483af0 None None] Authenticating user token {{(pid=42955) process_request /usr/local/lib/python3.10/dist-packages/keystonemiddleware/auth_token/__init__.py:406}}
Apr 18 08:59:32 user devstack@keystone.service[42955]: DEBUG keystone.server.flask.request_processing.middleware.auth_context [None req-4ebe8cc0-6a7c-4248-9ec1-45e34e483af0 None None] Validating token access rules against request {{(pid=42955) validate_allowed_request /usr/local/lib/python3.10/dist-packages/keystonemiddleware/auth_token/__init__.py:544}}
Apr 18 08:59:32 user devstack@keystone.service[42955]: DEBUG keystone.server.flask.request_processing.middleware.auth_context [None req-992185a4-5619-443e-9e46-5368eed4a8b3 admin admin] RBAC: auth_context: {'token': , 'domain_id': None, 'trust_id': None, 'trustor_id': None, 'trustee_id': None, 'domain_name': None, 'group_ids': [], 'user_id': '8ce9a2fddd544107be4e3149515226ca', 'user_domain_id': 'default', 'system_scope': None, 'project_id': '4d2149b9c4ff4bca896b4df789441a13', 'project_domain_id': 'default', 'roles': ['member', 'admin', 'reader'], 'is_admin_project': True, 'service_user_id': None, 'service_user_domain_id': None, 'service_project_id': None, 'service_project_domain_id': None, 'service_roles': []} {{(pid=42955) fill_context /opt/stack/keystone/keystone/server/flask/request_processing/middleware/auth_context.py:478}}
Apr 18 08:59:32 user devstack@keystone.service[42955]: DEBUG keystone.server.flask.request_processing.req_logging [None req-992185a4-5619-443e-9e46-5368eed4a8b3 admin admin] REQUEST_METHOD: `GET` {{(pid=42955) log_request_info /opt/stack/keystone/keystone/server/flask/request_processing/req_logging.py:27}}
Apr 18 08:59:32 user devstack@keystone.service[42955]: DEBUG keystone.server.flask.request_processing.req_logging [None req-992185a4-5619-443e-9e46-5368eed4a8b3 admin admin] SCRIPT_NAME: `/identity` {{(pid=42955) log_request_info /opt/stack/keystone/keystone/server/flask/request_processing/req_logging.py:28}}
Apr 18 08:59:32 user devstack@keystone.service[42955]: DEBUG keystone.server.flask.request_processing.req_logging [None req-992185a4-5619-443e-9e46-5368eed4a8b3 admin admin] PATH_INFO: `/v3/roles/member` {{(pid=42955) log_request_info /opt/stack/keystone/keystone/server/flask/request_processing/req_logging.py:29}}
Apr 18 08:59:32 user devstack@keystone.service[42955]: DEBUG keystone.common.rbac_enforcer.enforcer [None req-992185a4-5619-443e-9e46-5368eed4a8b3 admin admin] Extracting inferred target data resulted in "NOT FOUND (404)". {{(pid=42955) enforce_call /opt/stack/keystone/keystone/common/rbac_enforcer/enforcer.py:409}}
Apr 18 08:59:32 user devstack@keystone.service[42954]: DEBUG keystone.server.flask.request_processing.req_logging [None req-c71e6d7a-a7ff-4856-ac93-34ba8ddb0d9d None None] REQUEST_METHOD: `GET` {{(pid=42954) log_request_info /opt/stack/keystone/keystone/server/flask/request_processing/req_logging.py:27}}
Apr 18 08:59:32 user devstack@keystone.service[42954]: DEBUG keystone.server.flask.request_processing.req_logging [None req-c71e6d7a-a7ff-4856-ac93-34ba8ddb0d9d None None] SCRIPT_NAME: `/identity` {{(pid=42954) log_request_info /opt/stack/keystone/keystone/server/flask/request_processing/req_logging.py:28}}
Apr 18 08:59:32 user devstack@keystone.service[42954]: DEBUG keystone.server.flask.request_processing.req_logging [None req-c71e6d7a-a7ff-4856-ac93-34ba8ddb0d9d None None] PATH_INFO: `/` {{(pid=42954) log_request_info /opt/stack/keystone/keystone/server/flask/request_processing/req_logging.py:29}}
Apr 18 08:59:32 user devstack@keystone.service[42954]: [pid: 42954|app: 0|req: 89/262] 10.0.0.210 () {54 vars in 920 bytes} [Tue Apr 18 08:59:32 2023] GET /identity => generated 269 bytes in 3 msecs (HTTP/1.1 300) 6 headers in 233 bytes (1 switches on core 0)
Apr 18 08:59:32 user devstack@keystone.service[42955]: ERROR keystone.server.flask.application [None req-992185a4-5619-443e-9e46-5368eed4a8b3 admin admin] Could not find role: member.: keystone.exception.RoleNotFound: Could not find role: member.
Apr 18 08:59:32 user devstack@keystone.service[42955]: ERROR keystone.server.flask.application
Traceback (most recent call last):
Apr 18 08:59:32 user devstack@keystone.service[42955]: ERROR keystone.server.flask.application
File "/usr/local/lib/python3.10/dist-packages/flask/app.py", line 1823, in full_dispatch_request
Apr 18 08:59:32 user devstack@keystone.service[42955]: ERROR keystone.server.flask.application rv = self.dispatch_request()
Apr 18 08:59:32 user devstack@keystone.service[42955]: ERROR keystone.server.flask.application
File "/usr/local/lib/python3.10/dist-packages/flask/app.py", line 1799, in dispatch_request
Apr 18 08:59:32 user devstack@keystone.service[42955]: ERROR keystone.server.flask.application return self.ensure_sync(self.view_functions[rule.endpoint])(**view_args)
Apr 18 08:59:32 user devstack@keystone.service[42955]: ERROR keystone.server.flask.application
File "/usr/local/lib/python3.10/dist-packages/flask_restful/__init__.py", line 467, in wrapper
Apr 18 08:59:32 user devstack@keystone.service[42955]: ERROR keystone.server.flask.application resp = resource(*args, **kwargs)
Apr 18 08:59:32 user devstack@keystone.service[42955]: ERROR keystone.server.flask.application
File "/usr/local/lib/python3.10/dist-packages/flask/views.py", line 107, in view
Apr 18 08:59:32 user devstack@keystone.service[42955]: ERROR keystone.server.flask.application return current_app.ensure_sync(self.dispatch_request)(**kwargs)
Apr 18 08:59:32 user devstack@keystone.service[42955]: ERROR keystone.server.flask.application
File "/usr/local/lib/python3.10/dist-packages/flask_restful/__init__.py", line 582, in dispatch_request
Apr 18 08:59:32 user devstack@keystone.service[42955]: ERROR keystone.server.flask.application resp = meth(*args, **kwargs)
Apr 18 08:59:32 user devstack@keystone.service[42955]: ERROR keystone.server.flask.application
File "/opt/stack/keystone/keystone/api/roles.py", line 50, in get
Apr 18 08:59:32 user devstack@keystone.service[42955]: ERROR keystone.server.flask.application return self._get_role(role_id)
Apr 18 08:59:32 user devstack@keystone.service[42955]: ERROR keystone.server.flask.application
File "/opt/stack/keystone/keystone/api/roles.py", line 70, in _get_role
Apr 18 08:59:32 user devstack@keystone.service[42955]: ERROR keystone.server.flask.application ENFORCER.enforce_call(action='identity:get_role')
Apr 18 08:59:32 user devstack@keystone.service[42955]: ERROR keystone.server.flask.application
File "/opt/stack/keystone/keystone/common/rbac_enforcer/enforcer.py", line 402, in enforce_call
Apr 18 08:59:32 user devstack@keystone.service[42955]: ERROR keystone.server.flask.application policy_dict.update(cls._extract_member_target_data(
Apr 18 08:59:32 user devstack@keystone.service[42955]: ERROR keystone.server.flask.application
File "/opt/stack/keystone/keystone/common/rbac_enforcer/enforcer.py", line 234, in _extract_member_target_data
Apr 18 08:59:32 user devstack@keystone.service[42955]: ERROR keystone.server.flask.application member_name: func(flask.request.view_args[key])
Apr 18 08:59:32 user devstack@keystone.service[42955]: ERROR keystone.server.flask.application
File "/opt/stack/keystone/keystone/common/manager.py", line 115, in wrapped
Apr 18 08:59:32 user devstack@keystone.service[42955]: ERROR keystone.server.flask.application __ret_val = __f(*args, **kwargs)
Apr 18 08:59:32 user devstack@keystone.service[42955]: ERROR keystone.server.flask.application
File "/usr/local/lib/python3.10/dist-packages/decorator.py", line 232, in fun
Apr 18 08:59:32 user devstack@keystone.service[42955]: ERROR keystone.server.flask.application return caller(func, *(extras + args), **kw)
Apr 18 08:59:32 user devstack@keystone.service[42955]: ERROR keystone.server.flask.application
File "/usr/local/lib/python3.10/dist-packages/dogpile/cache/region.py", line 1577, in get_or_create_for_user_func
Apr 18 08:59:32 user devstack@keystone.service[42955]: ERROR keystone.server.flask.application return self.get_or_create(
Apr 18 08:59:32 user devstack@keystone.service[42955]: ERROR keystone.server.flask.application
File "/usr/local/lib/python3.10/dist-packages/dogpile/cache/region.py", line 1042, in get_or_create
Apr 18 08:59:32 user devstack@keystone.service[42955]: ERROR keystone.server.flask.application with Lock(
Apr 18 08:59:32 user devstack@keystone.service[42955]: ERROR keystone.server.flask.application
File "/usr/local/lib/python3.10/dist-packages/dogpile/lock.py", line 185, in __enter__
Apr 18 08:59:32 user devstack@keystone.service[42955]: ERROR keystone.server.flask.application return self._enter()
Apr 18 08:59:32 user devstack@keystone.service[42955]: ERROR keystone.server.flask.application
File "/usr/local/lib/python3.10/dist-packages/dogpile/lock.py", line 94, in _enter
Apr 18 08:59:32 user devstack@keystone.service[42955]: ERROR keystone.server.flask.application generated = self._enter_create(value, createdtime)
Apr 18 08:59:32 user devstack@keystone.service[42955]: ERROR keystone.server.flask.application
File "/usr/local/lib/python3.10/dist-packages/dogpile/lock.py", line 178, in _enter_create
Apr 18 08:59:32 user devstack@keystone.service[42955]: ERROR keystone.server.flask.application return self.creator()
Apr 18 08:59:32 user devstack@keystone.service[42955]: ERROR keystone.server.flask.application
File "/usr/local/lib/python3.10/dist-packages/dogpile/cache/region.py", line 995, in gen_value
Apr 18 08:59:32 user devstack@keystone.service[42955]: ERROR keystone.server.flask.application created_value = creator(
Apr 18 08:59:32 user devstack@keystone.service[42955]: ERROR keystone.server.flask.application
File "/opt/stack/keystone/keystone/assignment/core.py", line 1276, in get_role
Apr 18 08:59:32 user devstack@keystone.service[42955]: ERROR keystone.server.flask.application return self.driver.get_role(role_id)
Apr 18 08:59:32 user devstack@keystone.service[42955]: ERROR keystone.server.flask.application
File "/opt/stack/keystone/keystone/assignment/role_backends/sql.py", line 70, in get_role
Apr 18 08:59:32 user devstack@keystone.service[42955]: ERROR keystone.server.flask.application return self._get_role(session, role_id).to_dict()
Apr 18 08:59:32 user devstack@keystone.service[42955]: ERROR keystone.server.flask.application
File "/opt/stack/keystone/keystone/assignment/role_backends/sql.py", line 65, in _get_role
Apr 18 08:59:32 user devstack@keystone.service[42955]: ERROR keystone.server.flask.application raise exception.RoleNotFound(role_id=role_id)
Apr 18 08:59:32 user devstack@keystone.service[42955]: ERROR keystone.server.flask.application keystone.exception.RoleNotFound: Could not find role: member.
Apr 18 08:59:32 user devstack@keystone.service[42955]: ERROR keystone.server.flask.application
Apr 18 08:59:32 user devstack@keystone.service[42955]: [pid: 42955|app: 0|req: 91/263] 10.0.0.210 () {56 vars in 1115 bytes} [Tue Apr 18 08:59:32 2023] GET /identity/v3/roles/member => generated 84 bytes in 33 msecs (HTTP/1.1 404) 5 headers in 183 bytes (1 switches on core 0)
Apr 18 08:59:32 user devstack@keystone.service[42956]: DEBUG keystone.server.flask.request_processing.req_logging [None req-3e5fb1b9-33fc-42a7-942a-961d69abf54c None None] REQUEST_METHOD: `POST` {{(pid=42956) log_request_info /opt/stack/keystone/keystone/server/flask/request_processing/req_logging.py:27}}
Apr 18 08:59:32 user devstack@keystone.service[42956]: DEBUG keystone.server.flask.request_processing.req_logging [None req-3e5fb1b9-33fc-42a7-942a-961d69abf54c None None] SCRIPT_NAME: `/identity` {{(pid=42956) log_request_info /opt/stack/keystone/keystone/server/flask/request_processing/req_logging.py:28}}
Apr 18 08:59:32 user devstack@keystone.service[42956]: DEBUG keystone.server.flask.request_processing.req_logging [None req-3e5fb1b9-33fc-42a7-942a-961d69abf54c None None] PATH_INFO: `/v3/auth/tokens` {{(pid=42956) log_request_info /opt/stack/keystone/keystone/server/flask/request_processing/req_logging.py:29}}
Apr 18 08:59:32 user devstack@keystone.service[42954]: DEBUG keystone.server.flask.request_processing.middleware.auth_context [None req-c71e6d7a-a7ff-4856-ac93-34ba8ddb0d9d None None] Authenticating user token {{(pid=42954) process_request /usr/local/lib/python3.10/dist-packages/keystonemiddleware/auth_token/__init__.py:406}}
Apr 18 08:59:32 user devstack@keystone.service[42954]: DEBUG keystone.server.flask.request_processing.middleware.auth_context [None req-c71e6d7a-a7ff-4856-ac93-34ba8ddb0d9d None None] Validating token access rules against request {{(pid=42954) validate_allowed_request /usr/local/lib/python3.10/dist-packages/keystonemiddleware/auth_token/__init__.py:544}}
Apr 18 08:59:32 user devstack@keystone.service[42956]: WARNING keystone.common.password_hashing [None req-3e5fb1b9-33fc-42a7-942a-961d69abf54c None None] Truncating password to algorithm specific maximum length 54 characters.
Apr 18 08:59:32 user devstack@keystone.service[42954]: DEBUG keystone.server.flask.request_processing.middleware.auth_context [None req-3778161e-fe0d-44d1-92e4-5b42f43e080d admin admin] RBAC: auth_context: {'token': , 'domain_id': None, 'trust_id': None, 'trustor_id': None, 'trustee_id': None, 'domain_name': None, 'group_ids': [], 'user_id': '8ce9a2fddd544107be4e3149515226ca', 'user_domain_id': 'default', 'system_scope': None, 'project_id': '4d2149b9c4ff4bca896b4df789441a13', 'project_domain_id': 'default', 'roles': ['member', 'admin', 'reader'], 'is_admin_project': True, 'service_user_id': None, 'service_user_domain_id': None, 'service_project_id': None, 'service_project_domain_id': None, 'service_roles': []} {{(pid=42954) fill_context /opt/stack/keystone/keystone/server/flask/request_processing/middleware/auth_context.py:478}}
Apr 18 08:59:32 user devstack@keystone.service[42954]: DEBUG keystone.server.flask.request_processing.req_logging [None req-3778161e-fe0d-44d1-92e4-5b42f43e080d admin admin] REQUEST_METHOD: `GET` {{(pid=42954) log_request_info /opt/stack/keystone/keystone/server/flask/request_processing/req_logging.py:27}}
Apr 18 08:59:32 user devstack@keystone.service[42954]: DEBUG keystone.server.flask.request_processing.req_logging [None req-3778161e-fe0d-44d1-92e4-5b42f43e080d admin admin] SCRIPT_NAME: `/identity` {{(pid=42954) log_request_info /opt/stack/keystone/keystone/server/flask/request_processing/req_logging.py:28}}
Apr 18 08:59:32 user devstack@keystone.service[42954]: DEBUG keystone.server.flask.request_processing.req_logging [None req-3778161e-fe0d-44d1-92e4-5b42f43e080d admin admin] PATH_INFO: `/v3/roles` {{(pid=42954) log_request_info /opt/stack/keystone/keystone/server/flask/request_processing/req_logging.py:29}}
Apr 18 08:59:32 user devstack@keystone.service[42956]: DEBUG keystone.auth.core [None req-3e5fb1b9-33fc-42a7-942a-961d69abf54c None None] MFA Rules not processed for user `8ce9a2fddd544107be4e3149515226ca`. Rule list: `[]` (Enabled: `True`). {{(pid=42956) check_auth_methods_against_rules /opt/stack/keystone/keystone/auth/core.py:438}}
Apr 18 08:59:32 user devstack@keystone.service[42954]: DEBUG keystone.common.rbac_enforcer.enforcer [None req-3778161e-fe0d-44d1-92e4-5b42f43e080d admin admin] RBAC: Adding query filter params (name=member) {{(pid=42954) _extract_filter_values /opt/stack/keystone/keystone/common/rbac_enforcer/enforcer.py:167}}
Apr 18 08:59:32 user devstack@keystone.service[42954]: DEBUG keystone.common.rbac_enforcer.enforcer [None req-3778161e-fe0d-44d1-92e4-5b42f43e080d admin admin] RBAC: Authorizing `identity:list_roles()` {{(pid=42954) enforce_call /opt/stack/keystone/keystone/common/rbac_enforcer/enforcer.py:449}}
Apr 18 08:59:32 user devstack@keystone.service[42956]: DEBUG keystone.common.fernet_utils [None req-3e5fb1b9-33fc-42a7-942a-961d69abf54c None None] Loaded 2 Fernet keys from /etc/keystone/fernet-keys/, but `[fernet_tokens] max_active_keys = 3`; perhaps there have not been enough key rotations to reach `max_active_keys` yet? {{(pid=42956) load_keys /opt/stack/keystone/keystone/common/fernet_utils.py:286}}
Apr 18 08:59:32 user devstack@keystone.service[42954]: WARNING py.warnings [None req-3778161e-fe0d-44d1-92e4-5b42f43e080d admin admin] /usr/local/lib/python3.10/dist-packages/oslo_policy/policy.py:1129: UserWarning: Policy "identity:list_roles": "role:reader and system_scope:all" failed scope check. The token used to make the request was project scoped but the policy requires ['system'] scope. This behavior may change in the future where using the intended scope is required
Apr 18 08:59:32 user devstack@keystone.service[42954]: warnings.warn(msg)
Apr 18 08:59:32 user devstack@keystone.service[42954]:
Apr 18 08:59:32 user devstack@keystone.service[42954]: DEBUG keystone.common.rbac_enforcer.enforcer [None req-3778161e-fe0d-44d1-92e4-5b42f43e080d admin admin] RBAC: Authorization granted {{(pid=42954) enforce_call /opt/stack/keystone/keystone/common/rbac_enforcer/enforcer.py:457}}
Apr 18 08:59:32 user devstack@keystone.service[42955]: DEBUG keystone.server.flask.request_processing.middleware.auth_context [None req-992185a4-5619-443e-9e46-5368eed4a8b3 admin admin] Authenticating user token {{(pid=42955) process_request /usr/local/lib/python3.10/dist-packages/keystonemiddleware/auth_token/__init__.py:406}}
Apr 18 08:59:32 user devstack@keystone.service[42956]: [pid: 42956|app: 0|req: 84/264] 10.0.0.210 () {58 vars in 1017 bytes} [Tue Apr 18 08:59:32 2023] POST /identity/v3/auth/tokens => generated 913 bytes in 29 msecs (HTTP/1.1 201) 6 headers in 384 bytes (1 switches on core 0)
Apr 18 08:59:32 user devstack@keystone.service[42954]: [pid: 42954|app: 0|req: 90/265] 10.0.0.210 () {56 vars in 1117 bytes} [Tue Apr 18 08:59:32 2023] GET /identity/v3/roles?name=member => generated 339 bytes in 27 msecs (HTTP/1.1 200) 5 headers in 177 bytes (1 switches on core 0)
Apr 18 08:59:32 user devstack@keystone.service[42955]: DEBUG keystone.server.flask.request_processing.middleware.auth_context [None req-992185a4-5619-443e-9e46-5368eed4a8b3 admin admin] Validating token access rules against request {{(pid=42955) validate_allowed_request /usr/local/lib/python3.10/dist-packages/keystonemiddleware/auth_token/__init__.py:544}}
Apr 18 08:59:32 user devstack@keystone.service[42956]: DEBUG keystone.server.flask.request_processing.middleware.auth_context [None req-3e5fb1b9-33fc-42a7-942a-961d69abf54c None None] Authenticating user token {{(pid=42956) process_request /usr/local/lib/python3.10/dist-packages/keystonemiddleware/auth_token/__init__.py:406}}
Apr 18 08:59:32 user devstack@keystone.service[42955]: DEBUG keystone.server.flask.request_processing.middleware.auth_context [None req-5aaf1708-1d4e-48c2-8be8-932c4fdc2548 admin admin] RBAC: auth_context: {'token': , 'domain_id': None, 'trust_id': None, 'trustor_id': None, 'trustee_id': None, 'domain_name': None, 'group_ids': [], 'user_id': '8ce9a2fddd544107be4e3149515226ca', 'user_domain_id': 'default', 'system_scope': None, 'project_id': '4d2149b9c4ff4bca896b4df789441a13', 'project_domain_id': 'default', 'roles': ['member', 'admin', 'reader'], 'is_admin_project': True, 'service_user_id': None, 'service_user_domain_id': None, 'service_project_id': None, 'service_project_domain_id': None, 'service_roles': []} {{(pid=42955) fill_context /opt/stack/keystone/keystone/server/flask/request_processing/middleware/auth_context.py:478}}
Apr 18 08:59:32 user devstack@keystone.service[42955]: DEBUG keystone.server.flask.request_processing.req_logging [None req-5aaf1708-1d4e-48c2-8be8-932c4fdc2548 admin admin] REQUEST_METHOD: `GET` {{(pid=42955) log_request_info /opt/stack/keystone/keystone/server/flask/request_processing/req_logging.py:27}}
Apr 18 08:59:32 user devstack@keystone.service[42955]: DEBUG keystone.server.flask.request_processing.req_logging [None req-5aaf1708-1d4e-48c2-8be8-932c4fdc2548 admin admin] SCRIPT_NAME: `/identity` {{(pid=42955) log_request_info /opt/stack/keystone/keystone/server/flask/request_processing/req_logging.py:28}}
Apr 18 08:59:32 user devstack@keystone.service[42955]: DEBUG keystone.server.flask.request_processing.req_logging [None req-5aaf1708-1d4e-48c2-8be8-932c4fdc2548 admin admin] PATH_INFO: `/v3/roles/anotherrole` {{(pid=42955) log_request_info /opt/stack/keystone/keystone/server/flask/request_processing/req_logging.py:29}}
Apr 18 08:59:32 user devstack@keystone.service[42956]: DEBUG keystone.server.flask.request_processing.middleware.auth_context [None req-3e5fb1b9-33fc-42a7-942a-961d69abf54c None None] Validating token access rules against request {{(pid=42956) validate_allowed_request /usr/local/lib/python3.10/dist-packages/keystonemiddleware/auth_token/__init__.py:544}}
Apr 18 08:59:32 user devstack@keystone.service[42955]: DEBUG keystone.common.rbac_enforcer.enforcer [None req-5aaf1708-1d4e-48c2-8be8-932c4fdc2548 admin admin] Extracting inferred target data resulted in "NOT FOUND (404)". {{(pid=42955) enforce_call /opt/stack/keystone/keystone/common/rbac_enforcer/enforcer.py:409}}
Apr 18 08:59:32 user devstack@keystone.service[42956]: DEBUG keystone.server.flask.request_processing.middleware.auth_context [None req-e897854e-1177-4114-b64e-cd2bbbdf0fdf admin admin] RBAC: auth_context: {'token': , 'domain_id': None, 'trust_id': None, 'trustor_id': None, 'trustee_id': None, 'domain_name': None, 'group_ids': [], 'user_id': '8ce9a2fddd544107be4e3149515226ca', 'user_domain_id': 'default', 'system_scope': None, 'project_id': '4d2149b9c4ff4bca896b4df789441a13', 'project_domain_id': 'default', 'roles': ['member', 'admin', 'reader'], 'is_admin_project': True, 'service_user_id': None, 'service_user_domain_id': None, 'service_project_id': None, 'service_project_domain_id': None, 'service_roles': []} {{(pid=42956) fill_context /opt/stack/keystone/keystone/server/flask/request_processing/middleware/auth_context.py:478}}
Apr 18 08:59:32 user devstack@keystone.service[42956]: DEBUG keystone.server.flask.request_processing.req_logging [None req-e897854e-1177-4114-b64e-cd2bbbdf0fdf admin admin] REQUEST_METHOD: `GET` {{(pid=42956) log_request_info /opt/stack/keystone/keystone/server/flask/request_processing/req_logging.py:27}}
Apr 18 08:59:32 user devstack@keystone.service[42956]: DEBUG keystone.server.flask.request_processing.req_logging [None req-e897854e-1177-4114-b64e-cd2bbbdf0fdf admin admin] SCRIPT_NAME: `/identity` {{(pid=42956) log_request_info /opt/stack/keystone/keystone/server/flask/request_processing/req_logging.py:28}}
Apr 18 08:59:32 user devstack@keystone.service[42956]: DEBUG keystone.server.flask.request_processing.req_logging [None req-e897854e-1177-4114-b64e-cd2bbbdf0fdf admin admin] PATH_INFO: `/v3/groups/548135072c3948ce814a54e566656450` {{(pid=42956) log_request_info /opt/stack/keystone/keystone/server/flask/request_processing/req_logging.py:29}}
Apr 18 08:59:32 user devstack@keystone.service[42955]: ERROR keystone.server.flask.application [None req-5aaf1708-1d4e-48c2-8be8-932c4fdc2548 admin admin] Could not find role: anotherrole.: keystone.exception.RoleNotFound: Could not find role: anotherrole.
Apr 18 08:59:32 user devstack@keystone.service[42955]: ERROR keystone.server.flask.application
Traceback (most recent call last):
Apr 18 08:59:32 user devstack@keystone.service[42955]: ERROR keystone.server.flask.application
File "/usr/local/lib/python3.10/dist-packages/flask/app.py", line 1823, in full_dispatch_request
Apr 18 08:59:32 user devstack@keystone.service[42955]: ERROR keystone.server.flask.application rv = self.dispatch_request()
Apr 18 08:59:32 user devstack@keystone.service[42955]: ERROR keystone.server.flask.application
File "/usr/local/lib/python3.10/dist-packages/flask/app.py", line 1799, in dispatch_request
Apr 18 08:59:32 user devstack@keystone.service[42955]: ERROR keystone.server.flask.application return self.ensure_sync(self.view_functions[rule.endpoint])(**view_args)
Apr 18 08:59:32 user devstack@keystone.service[42955]: ERROR keystone.server.flask.application
File "/usr/local/lib/python3.10/dist-packages/flask_restful/__init__.py", line 467, in wrapper
Apr 18 08:59:32 user devstack@keystone.service[42955]: ERROR keystone.server.flask.application resp = resource(*args, **kwargs)
Apr 18 08:59:32 user devstack@keystone.service[42955]: ERROR keystone.server.flask.application
File "/usr/local/lib/python3.10/dist-packages/flask/views.py", line 107, in view
Apr 18 08:59:32 user devstack@keystone.service[42955]: ERROR keystone.server.flask.application return current_app.ensure_sync(self.dispatch_request)(**kwargs)
Apr 18 08:59:32 user devstack@keystone.service[42955]: ERROR keystone.server.flask.application
File "/usr/local/lib/python3.10/dist-packages/flask_restful/__init__.py", line 582, in dispatch_request
Apr 18 08:59:32 user devstack@keystone.service[42955]: ERROR keystone.server.flask.application resp = meth(*args, **kwargs)
Apr 18 08:59:32 user devstack@keystone.service[42955]: ERROR keystone.server.flask.application
File "/opt/stack/keystone/keystone/api/roles.py", line 50, in get
Apr 18 08:59:32 user devstack@keystone.service[42955]: ERROR keystone.server.flask.application return self._get_role(role_id)
Apr 18 08:59:32 user devstack@keystone.service[42955]: ERROR keystone.server.flask.application
File "/opt/stack/keystone/keystone/api/roles.py", line 70, in _get_role
Apr 18 08:59:32 user devstack@keystone.service[42955]: ERROR keystone.server.flask.application ENFORCER.enforce_call(action='identity:get_role')
Apr 18 08:59:32 user devstack@keystone.service[42955]: ERROR keystone.server.flask.application
File "/opt/stack/keystone/keystone/common/rbac_enforcer/enforcer.py", line 402, in enforce_call
Apr 18 08:59:32 user devstack@keystone.service[42955]: ERROR keystone.server.flask.application policy_dict.update(cls._extract_member_target_data(
Apr 18 08:59:32 user devstack@keystone.service[42955]: ERROR keystone.server.flask.application
File "/opt/stack/keystone/keystone/common/rbac_enforcer/enforcer.py", line 234, in _extract_member_target_data
Apr 18 08:59:32 user devstack@keystone.service[42955]: ERROR keystone.server.flask.application member_name: func(flask.request.view_args[key])
Apr 18 08:59:32 user devstack@keystone.service[42955]: ERROR keystone.server.flask.application
File "/opt/stack/keystone/keystone/common/manager.py", line 115, in wrapped
Apr 18 08:59:32 user devstack@keystone.service[42955]: ERROR keystone.server.flask.application __ret_val = __f(*args, **kwargs)
Apr 18 08:59:32 user devstack@keystone.service[42955]: ERROR keystone.server.flask.application
File "/usr/local/lib/python3.10/dist-packages/decorator.py", line 232, in fun
Apr 18 08:59:32 user devstack@keystone.service[42955]: ERROR keystone.server.flask.application return caller(func, *(extras + args), **kw)
Apr 18 08:59:32 user devstack@keystone.service[42955]: ERROR keystone.server.flask.application
File "/usr/local/lib/python3.10/dist-packages/dogpile/cache/region.py", line 1577, in get_or_create_for_user_func
Apr 18 08:59:32 user devstack@keystone.service[42955]: ERROR keystone.server.flask.application return self.get_or_create(
Apr 18 08:59:32 user devstack@keystone.service[42955]: ERROR keystone.server.flask.application
File "/usr/local/lib/python3.10/dist-packages/dogpile/cache/region.py", line 1042, in get_or_create
Apr 18 08:59:32 user devstack@keystone.service[42955]: ERROR keystone.server.flask.application with Lock(
Apr 18 08:59:32 user devstack@keystone.service[42955]: ERROR keystone.server.flask.application
File "/usr/local/lib/python3.10/dist-packages/dogpile/lock.py", line 185, in __enter__
Apr 18 08:59:32 user devstack@keystone.service[42955]: ERROR keystone.server.flask.application return self._enter()
Apr 18 08:59:32 user devstack@keystone.service[42955]: ERROR keystone.server.flask.application
File "/usr/local/lib/python3.10/dist-packages/dogpile/lock.py", line 94, in _enter
Apr 18 08:59:32 user devstack@keystone.service[42955]: ERROR keystone.server.flask.application generated = self._enter_create(value, createdtime)
Apr 18 08:59:32 user devstack@keystone.service[42955]: ERROR keystone.server.flask.application
File "/usr/local/lib/python3.10/dist-packages/dogpile/lock.py", line 178, in _enter_create
Apr 18 08:59:32 user devstack@keystone.service[42955]: ERROR keystone.server.flask.application return self.creator()
Apr 18 08:59:32 user devstack@keystone.service[42955]: ERROR keystone.server.flask.application
File "/usr/local/lib/python3.10/dist-packages/dogpile/cache/region.py", line 995, in gen_value
Apr 18 08:59:32 user devstack@keystone.service[42955]: ERROR keystone.server.flask.application created_value = creator(
Apr 18 08:59:32 user devstack@keystone.service[42955]: ERROR keystone.server.flask.application
File "/opt/stack/keystone/keystone/assignment/core.py", line 1276, in get_role
Apr 18 08:59:32 user devstack@keystone.service[42955]: ERROR keystone.server.flask.application return self.driver.get_role(role_id)
Apr 18 08:59:32 user devstack@keystone.service[42955]: ERROR keystone.server.flask.application
File "/opt/stack/keystone/keystone/assignment/role_backends/sql.py", line 70, in get_role
Apr 18 08:59:32 user devstack@keystone.service[42955]: ERROR keystone.server.flask.application return self._get_role(session, role_id).to_dict()
Apr 18 08:59:32 user devstack@keystone.service[42955]: ERROR keystone.server.flask.application
File "/opt/stack/keystone/keystone/assignment/role_backends/sql.py", line 65, in _get_role
Apr 18 08:59:32 user devstack@keystone.service[42955]: ERROR keystone.server.flask.application raise exception.RoleNotFound(role_id=role_id)
Apr 18 08:59:32 user devstack@keystone.service[42955]: ERROR keystone.server.flask.application keystone.exception.RoleNotFound: Could not find role: anotherrole.
Apr 18 08:59:32 user devstack@keystone.service[42955]: ERROR keystone.server.flask.application
Apr 18 08:59:32 user devstack@keystone.service[42955]: [pid: 42955|app: 0|req: 92/266] 10.0.0.210 () {56 vars in 1130 bytes} [Tue Apr 18 08:59:32 2023] GET /identity/v3/roles/anotherrole => generated 89 bytes in 29 msecs (HTTP/1.1 404) 5 headers in 183 bytes (1 switches on core 0)
Apr 18 08:59:32 user devstack@keystone.service[42956]: DEBUG keystone.common.rbac_enforcer.enforcer [None req-e897854e-1177-4114-b64e-cd2bbbdf0fdf admin admin] RBAC: Authorizing `identity:get_group(group_id=548135072c3948ce814a54e566656450)` {{(pid=42956) enforce_call /opt/stack/keystone/keystone/common/rbac_enforcer/enforcer.py:449}}
Apr 18 08:59:32 user devstack@keystone.service[42954]: DEBUG keystone.server.flask.request_processing.middleware.auth_context [None req-3778161e-fe0d-44d1-92e4-5b42f43e080d admin admin] Authenticating user token {{(pid=42954) process_request /usr/local/lib/python3.10/dist-packages/keystonemiddleware/auth_token/__init__.py:406}}
Apr 18 08:59:32 user devstack@keystone.service[42956]: WARNING py.warnings [None req-e897854e-1177-4114-b64e-cd2bbbdf0fdf admin admin] /usr/local/lib/python3.10/dist-packages/oslo_policy/policy.py:1129: UserWarning: Policy "identity:get_group": "(role:reader and system_scope:all) or (role:reader and domain_id:%(target.group.domain_id)s)" failed scope check. The token used to make the request was project scoped but the policy requires ['system', 'domain'] scope. This behavior may change in the future where using the intended scope is required
Apr 18 08:59:32 user devstack@keystone.service[42956]: warnings.warn(msg)
Apr 18 08:59:32 user devstack@keystone.service[42956]:
Apr 18 08:59:32 user devstack@keystone.service[42956]: DEBUG keystone.common.rbac_enforcer.enforcer [None req-e897854e-1177-4114-b64e-cd2bbbdf0fdf admin admin] RBAC: Authorization granted {{(pid=42956) enforce_call /opt/stack/keystone/keystone/common/rbac_enforcer/enforcer.py:457}}
Apr 18 08:59:32 user devstack@keystone.service[42956]: [pid: 42956|app: 0|req: 85/267] 10.0.0.210 () {56 vars in 1196 bytes} [Tue Apr 18 08:59:32 2023] GET /identity/v3/groups/548135072c3948ce814a54e566656450 => generated 225 bytes in 26 msecs (HTTP/1.1 200) 5 headers in 177 bytes (1 switches on core 0)
Apr 18 08:59:32 user devstack@keystone.service[42955]: DEBUG keystone.server.flask.request_processing.middleware.auth_context [None req-5aaf1708-1d4e-48c2-8be8-932c4fdc2548 admin admin] Authenticating user token {{(pid=42955) process_request /usr/local/lib/python3.10/dist-packages/keystonemiddleware/auth_token/__init__.py:406}}
Apr 18 08:59:32 user devstack@keystone.service[42954]: DEBUG keystone.server.flask.request_processing.middleware.auth_context [None req-3778161e-fe0d-44d1-92e4-5b42f43e080d admin admin] Validating token access rules against request {{(pid=42954) validate_allowed_request /usr/local/lib/python3.10/dist-packages/keystonemiddleware/auth_token/__init__.py:544}}
Apr 18 08:59:32 user devstack@keystone.service[42954]: DEBUG keystone.server.flask.request_processing.middleware.auth_context [None req-15d92e8c-4e75-4025-9ef7-86a2e4c0cef0 admin admin] RBAC: auth_context: {'token': , 'domain_id': None, 'trust_id': None, 'trustor_id': None, 'trustee_id': None, 'domain_name': None, 'group_ids': [], 'user_id': '8ce9a2fddd544107be4e3149515226ca', 'user_domain_id': 'default', 'system_scope': None, 'project_id': '4d2149b9c4ff4bca896b4df789441a13', 'project_domain_id': 'default', 'roles': ['member', 'admin', 'reader'], 'is_admin_project': True, 'service_user_id': None, 'service_user_domain_id': None, 'service_project_id': None, 'service_project_domain_id': None, 'service_roles': []} {{(pid=42954) fill_context /opt/stack/keystone/keystone/server/flask/request_processing/middleware/auth_context.py:478}}
Apr 18 08:59:32 user devstack@keystone.service[42954]: DEBUG keystone.server.flask.request_processing.req_logging [None req-15d92e8c-4e75-4025-9ef7-86a2e4c0cef0 admin admin] REQUEST_METHOD: `GET` {{(pid=42954) log_request_info /opt/stack/keystone/keystone/server/flask/request_processing/req_logging.py:27}}
Apr 18 08:59:32 user devstack@keystone.service[42954]: DEBUG keystone.server.flask.request_processing.req_logging [None req-15d92e8c-4e75-4025-9ef7-86a2e4c0cef0 admin admin] SCRIPT_NAME: `/identity` {{(pid=42954) log_request_info /opt/stack/keystone/keystone/server/flask/request_processing/req_logging.py:28}}
Apr 18 08:59:32 user devstack@keystone.service[42954]: DEBUG keystone.server.flask.request_processing.req_logging [None req-15d92e8c-4e75-4025-9ef7-86a2e4c0cef0 admin admin] PATH_INFO: `/v3/roles` {{(pid=42954) log_request_info /opt/stack/keystone/keystone/server/flask/request_processing/req_logging.py:29}}
Apr 18 08:59:32 user devstack@keystone.service[42954]: DEBUG keystone.common.rbac_enforcer.enforcer [None req-15d92e8c-4e75-4025-9ef7-86a2e4c0cef0 admin admin] RBAC: Adding query filter params (name=anotherrole) {{(pid=42954) _extract_filter_values /opt/stack/keystone/keystone/common/rbac_enforcer/enforcer.py:167}}
Apr 18 08:59:32 user devstack@keystone.service[42954]: DEBUG keystone.common.rbac_enforcer.enforcer [None req-15d92e8c-4e75-4025-9ef7-86a2e4c0cef0 admin admin] RBAC: Authorizing `identity:list_roles()` {{(pid=42954) enforce_call /opt/stack/keystone/keystone/common/rbac_enforcer/enforcer.py:449}}
Apr 18 08:59:32 user devstack@keystone.service[42954]: DEBUG keystone.common.rbac_enforcer.enforcer [None req-15d92e8c-4e75-4025-9ef7-86a2e4c0cef0 admin admin] RBAC: Authorization granted {{(pid=42954) enforce_call /opt/stack/keystone/keystone/common/rbac_enforcer/enforcer.py:457}}
Apr 18 08:59:32 user devstack@keystone.service[42955]: DEBUG keystone.server.flask.request_processing.middleware.auth_context [None req-5aaf1708-1d4e-48c2-8be8-932c4fdc2548 admin admin] Validating token access rules against request {{(pid=42955) validate_allowed_request /usr/local/lib/python3.10/dist-packages/keystonemiddleware/auth_token/__init__.py:544}}
Apr 18 08:59:32 user devstack@keystone.service[42955]: DEBUG keystone.server.flask.request_processing.middleware.auth_context [None req-0a4e1093-f59f-46e5-9854-d932a4ed8c38 admin admin] RBAC: auth_context: {'token': , 'domain_id': None, 'trust_id': None, 'trustor_id': None, 'trustee_id': None, 'domain_name': None, 'group_ids': [], 'user_id': '8ce9a2fddd544107be4e3149515226ca', 'user_domain_id': 'default', 'system_scope': None, 'project_id': '4d2149b9c4ff4bca896b4df789441a13', 'project_domain_id': 'default', 'roles': ['member', 'admin', 'reader'], 'is_admin_project': True, 'service_user_id': None, 'service_user_domain_id': None, 'service_project_id': None, 'service_project_domain_id': None, 'service_roles': []} {{(pid=42955) fill_context /opt/stack/keystone/keystone/server/flask/request_processing/middleware/auth_context.py:478}}
Apr 18 08:59:32 user devstack@keystone.service[42955]: DEBUG keystone.server.flask.request_processing.req_logging [None req-0a4e1093-f59f-46e5-9854-d932a4ed8c38 admin admin] REQUEST_METHOD: `GET` {{(pid=42955) log_request_info /opt/stack/keystone/keystone/server/flask/request_processing/req_logging.py:27}}
Apr 18 08:59:32 user devstack@keystone.service[42955]: DEBUG keystone.server.flask.request_processing.req_logging [None req-0a4e1093-f59f-46e5-9854-d932a4ed8c38 admin admin] SCRIPT_NAME: `/identity` {{(pid=42955) log_request_info /opt/stack/keystone/keystone/server/flask/request_processing/req_logging.py:28}}
Apr 18 08:59:32 user devstack@keystone.service[42955]: DEBUG keystone.server.flask.request_processing.req_logging [None req-0a4e1093-f59f-46e5-9854-d932a4ed8c38 admin admin] PATH_INFO: `/v3/projects/986ffaa0453c4210943b029f9b7c9fa1` {{(pid=42955) log_request_info /opt/stack/keystone/keystone/server/flask/request_processing/req_logging.py:29}}
Apr 18 08:59:32 user devstack@keystone.service[42955]: DEBUG keystone.common.rbac_enforcer.enforcer [None req-0a4e1093-f59f-46e5-9854-d932a4ed8c38 admin admin] RBAC: Authorizing `identity:get_project(project_id=986ffaa0453c4210943b029f9b7c9fa1)` {{(pid=42955) enforce_call /opt/stack/keystone/keystone/common/rbac_enforcer/enforcer.py:449}}
Apr 18 08:59:32 user devstack@keystone.service[42954]: [pid: 42954|app: 0|req: 91/268] 10.0.0.210 () {56 vars in 1127 bytes} [Tue Apr 18 08:59:32 2023] GET /identity/v3/roles?name=anotherrole => generated 332 bytes in 26 msecs (HTTP/1.1 200) 5 headers in 177 bytes (1 switches on core 0)
Apr 18 08:59:32 user devstack@keystone.service[42955]: DEBUG keystone.common.rbac_enforcer.enforcer [None req-0a4e1093-f59f-46e5-9854-d932a4ed8c38 admin admin] RBAC: Authorization granted {{(pid=42955) enforce_call /opt/stack/keystone/keystone/common/rbac_enforcer/enforcer.py:457}}
Apr 18 08:59:32 user devstack@keystone.service[42955]: [pid: 42955|app: 0|req: 93/269] 10.0.0.210 () {56 vars in 1202 bytes} [Tue Apr 18 08:59:32 2023] GET /identity/v3/projects/986ffaa0453c4210943b029f9b7c9fa1 => generated 297 bytes in 19 msecs (HTTP/1.1 200) 5 headers in 177 bytes (1 switches on core 0)
Apr 18 08:59:32 user devstack@keystone.service[42956]: DEBUG keystone.server.flask.request_processing.middleware.auth_context [None req-e897854e-1177-4114-b64e-cd2bbbdf0fdf admin admin] Authenticating user token {{(pid=42956) process_request /usr/local/lib/python3.10/dist-packages/keystonemiddleware/auth_token/__init__.py:406}}
Apr 18 08:59:32 user devstack@keystone.service[42954]: DEBUG keystone.server.flask.request_processing.middleware.auth_context [None req-15d92e8c-4e75-4025-9ef7-86a2e4c0cef0 admin admin] Authenticating user token {{(pid=42954) process_request /usr/local/lib/python3.10/dist-packages/keystonemiddleware/auth_token/__init__.py:406}}
Apr 18 08:59:32 user devstack@keystone.service[42956]: DEBUG keystone.server.flask.request_processing.middleware.auth_context [None req-e897854e-1177-4114-b64e-cd2bbbdf0fdf admin admin] Validating token access rules against request {{(pid=42956) validate_allowed_request /usr/local/lib/python3.10/dist-packages/keystonemiddleware/auth_token/__init__.py:544}}
