Nov 29 14:34:13 user devstack@keystone.service[46590]: DEBUG keystone.server.flask.request_processing.middleware.auth_context [None req-28630508-faf1-4779-bb2d-f342dfa63cb1 None admin] RBAC: auth_context: {'token': , 'domain_id': None, 'trust_id': None, 'trustor_id': None, 'trustee_id': None, 'domain_name': None, 'group_ids': [], 'user_id': 'fbddf522feb94ea2ace79e6cbae20678', 'user_domain_id': 'default', 'system_scope': 'all', 'project_id': None, 'project_domain_id': None, 'roles': ['admin', 'manager', 'member', 'reader'], 'is_admin_project': True, 'service_user_id': None, 'service_user_domain_id': None, 'service_project_id': None, 'service_project_domain_id': None, 'service_roles': []} {{(pid=46590) fill_context /opt/stack/keystone/keystone/server/flask/request_processing/middleware/auth_context.py:480}}
Nov 29 14:34:13 user devstack@keystone.service[46590]: DEBUG keystone.server.flask.request_processing.req_logging [None req-28630508-faf1-4779-bb2d-f342dfa63cb1 None admin] REQUEST_METHOD: `GET` {{(pid=46590) log_request_info /opt/stack/keystone/keystone/server/flask/request_processing/req_logging.py:27}}
Nov 29 14:34:13 user devstack@keystone.service[46590]: DEBUG keystone.server.flask.request_processing.req_logging [None req-28630508-faf1-4779-bb2d-f342dfa63cb1 None admin] SCRIPT_NAME: `/identity` {{(pid=46590) log_request_info /opt/stack/keystone/keystone/server/flask/request_processing/req_logging.py:28}}
Nov 29 14:34:13 user devstack@keystone.service[46590]: DEBUG keystone.server.flask.request_processing.req_logging [None req-28630508-faf1-4779-bb2d-f342dfa63cb1 None admin] PATH_INFO: `/v3/domains/default` {{(pid=46590) log_request_info /opt/stack/keystone/keystone/server/flask/request_processing/req_logging.py:29}}
Nov 29 14:34:13 user devstack@keystone.service[46590]: DEBUG keystone.common.rbac_enforcer.enforcer [None req-28630508-faf1-4779-bb2d-f342dfa63cb1 None admin] RBAC: Authorizing `identity:get_domain(domain_id=default)` {{(pid=46590) enforce_call /opt/stack/keystone/keystone/common/rbac_enforcer/enforcer.py:449}}
Nov 29 14:34:13 user devstack@keystone.service[46590]: DEBUG keystone.common.rbac_enforcer.enforcer [None req-28630508-faf1-4779-bb2d-f342dfa63cb1 None admin] RBAC: Authorization granted {{(pid=46590) enforce_call /opt/stack/keystone/keystone/common/rbac_enforcer/enforcer.py:457}}
Nov 29 14:34:13 user devstack@keystone.service[46590]: [pid: 46590|app: 0|req: 66/196] 10.0.0.210 () {56 vars in 1103 bytes} [Wed Nov 29 14:34:13 2023] GET /identity/v3/domains/default => generated 198 bytes in 145 msecs (HTTP/1.1 200) 5 headers in 177 bytes (1 switches on core 0)
Nov 29 14:34:13 user devstack@keystone.service[46590]: DEBUG keystone.server.flask.request_processing.middleware.auth_context [None req-28630508-faf1-4779-bb2d-f342dfa63cb1 None admin] Authenticating user token {{(pid=46590) process_request /opt/stack/data/venv/lib/python3.10/site-packages/keystonemiddleware/auth_token/__init__.py:406}}
Nov 29 14:34:13 user devstack@keystone.service[46591]: DEBUG keystone.server.flask.request_processing.middleware.auth_context [None req-13b7df42-4b6b-4a4b-9984-d304c28c2862 None None] Validating token access rules against request {{(pid=46591) validate_allowed_request /opt/stack/data/venv/lib/python3.10/site-packages/keystonemiddleware/auth_token/__init__.py:544}}
Nov 29 14:34:13 user devstack@keystone.service[46592]: DEBUG keystone.server.flask.request_processing.middleware.auth_context [None req-49e8b904-b05c-45db-8b65-f4d16066e96c None admin] Validating token access rules against request {{(pid=46592) validate_allowed_request /opt/stack/data/venv/lib/python3.10/site-packages/keystonemiddleware/auth_token/__init__.py:544}}
Nov 29 14:34:13 user devstack@keystone.service[46591]: DEBUG keystone.server.flask.request_processing.middleware.auth_context [None req-a9db9778-3ea3-44f1-9380-b96020c0c5eb None admin] RBAC: auth_context: {'token': , 'domain_id': None, 'trust_id': None, 'trustor_id': None, 'trustee_id': None, 'domain_name': None, 'group_ids': [], 'user_id': 'fbddf522feb94ea2ace79e6cbae20678', 'user_domain_id': 'default', 'system_scope': 'all', 'project_id': None, 'project_domain_id': None, 'roles': ['admin', 'manager', 'member', 'reader'], 'is_admin_project': True, 'service_user_id': None, 'service_user_domain_id': None, 'service_project_id': None, 'service_project_domain_id': None, 'service_roles': []} {{(pid=46591) fill_context /opt/stack/keystone/keystone/server/flask/request_processing/middleware/auth_context.py:480}}
Nov 29 14:34:13 user devstack@keystone.service[46591]: DEBUG keystone.server.flask.request_processing.req_logging [None req-a9db9778-3ea3-44f1-9380-b96020c0c5eb None admin] REQUEST_METHOD: `GET` {{(pid=46591) log_request_info /opt/stack/keystone/keystone/server/flask/request_processing/req_logging.py:27}}
Nov 29 14:34:13 user devstack@keystone.service[46591]: DEBUG keystone.server.flask.request_processing.req_logging [None req-a9db9778-3ea3-44f1-9380-b96020c0c5eb None admin] SCRIPT_NAME: `/identity` {{(pid=46591) log_request_info /opt/stack/keystone/keystone/server/flask/request_processing/req_logging.py:28}}
Nov 29 14:34:13 user devstack@keystone.service[46591]: DEBUG keystone.server.flask.request_processing.req_logging [None req-a9db9778-3ea3-44f1-9380-b96020c0c5eb None admin] PATH_INFO: `/v3/roles` {{(pid=46591) log_request_info /opt/stack/keystone/keystone/server/flask/request_processing/req_logging.py:29}}
Nov 29 14:34:13 user devstack@keystone.service[46591]: DEBUG keystone.common.rbac_enforcer.enforcer [None req-a9db9778-3ea3-44f1-9380-b96020c0c5eb None admin] RBAC: Adding query filter params (name=reader) {{(pid=46591) _extract_filter_values /opt/stack/keystone/keystone/common/rbac_enforcer/enforcer.py:167}}
Nov 29 14:34:13 user devstack@keystone.service[46591]: DEBUG keystone.common.rbac_enforcer.enforcer [None req-a9db9778-3ea3-44f1-9380-b96020c0c5eb None admin] RBAC: Authorizing `identity:list_roles()` {{(pid=46591) enforce_call /opt/stack/keystone/keystone/common/rbac_enforcer/enforcer.py:449}}
Nov 29 14:34:13 user devstack@keystone.service[46591]: DEBUG keystone.common.rbac_enforcer.enforcer [None req-a9db9778-3ea3-44f1-9380-b96020c0c5eb None admin] RBAC: Authorization granted {{(pid=46591) enforce_call /opt/stack/keystone/keystone/common/rbac_enforcer/enforcer.py:457}}
Nov 29 14:34:13 user devstack@keystone.service[46592]: DEBUG keystone.server.flask.request_processing.middleware.auth_context [None req-20a16d89-162c-4545-931f-e36c45f4b834 None admin] RBAC: auth_context: {'token': , 'domain_id': None, 'trust_id': None, 'trustor_id': None, 'trustee_id': None, 'domain_name': None, 'group_ids': [], 'user_id': 'fbddf522feb94ea2ace79e6cbae20678', 'user_domain_id': 'default', 'system_scope': 'all', 'project_id': None, 'project_domain_id': None, 'roles': ['admin', 'manager', 'member', 'reader'], 'is_admin_project': True, 'service_user_id': None, 'service_user_domain_id': None, 'service_project_id': None, 'service_project_domain_id': None, 'service_roles': []} {{(pid=46592) fill_context /opt/stack/keystone/keystone/server/flask/request_processing/middleware/auth_context.py:480}}
Nov 29 14:34:13 user devstack@keystone.service[46591]: [pid: 46591|app: 0|req: 63/197] 10.0.0.210 () {56 vars in 1096 bytes} [Wed Nov 29 14:34:13 2023] GET /identity/v3/roles?name=reader => generated 339 bytes in 140 msecs (HTTP/1.1 200) 5 headers in 177 bytes (1 switches on core 0)
Nov 29 14:34:13 user devstack@keystone.service[46592]: DEBUG keystone.server.flask.request_processing.req_logging [None req-20a16d89-162c-4545-931f-e36c45f4b834 None admin] REQUEST_METHOD: `GET` {{(pid=46592) log_request_info /opt/stack/keystone/keystone/server/flask/request_processing/req_logging.py:27}}
Nov 29 14:34:13 user devstack@keystone.service[46592]: DEBUG keystone.server.flask.request_processing.req_logging [None req-20a16d89-162c-4545-931f-e36c45f4b834 None admin] SCRIPT_NAME: `/identity` {{(pid=46592) log_request_info /opt/stack/keystone/keystone/server/flask/request_processing/req_logging.py:28}}
Nov 29 14:34:13 user devstack@keystone.service[46592]: DEBUG keystone.server.flask.request_processing.req_logging [None req-20a16d89-162c-4545-931f-e36c45f4b834 None admin] PATH_INFO: `/v3/roles/member` {{(pid=46592) log_request_info /opt/stack/keystone/keystone/server/flask/request_processing/req_logging.py:29}}
Nov 29 14:34:13 user devstack@keystone.service[46591]: DEBUG keystone.server.flask.request_processing.middleware.auth_context [None req-a9db9778-3ea3-44f1-9380-b96020c0c5eb None admin] Authenticating user token {{(pid=46591) process_request /opt/stack/data/venv/lib/python3.10/site-packages/keystonemiddleware/auth_token/__init__.py:406}}
Nov 29 14:34:13 user devstack@keystone.service[46592]: DEBUG keystone.common.rbac_enforcer.enforcer [None req-20a16d89-162c-4545-931f-e36c45f4b834 None admin] Extracting inferred target data resulted in "NOT FOUND (404)". {{(pid=46592) enforce_call /opt/stack/keystone/keystone/common/rbac_enforcer/enforcer.py:409}}
Nov 29 14:34:13 user devstack@keystone.service[46590]: DEBUG keystone.server.flask.request_processing.middleware.auth_context [None req-28630508-faf1-4779-bb2d-f342dfa63cb1 None admin] Validating token access rules against request {{(pid=46590) validate_allowed_request /opt/stack/data/venv/lib/python3.10/site-packages/keystonemiddleware/auth_token/__init__.py:544}}
Nov 29 14:34:13 user devstack@keystone.service[46592]: ERROR keystone.server.flask.application [None req-20a16d89-162c-4545-931f-e36c45f4b834 None admin] Could not find role: member.: keystone.exception.RoleNotFound: Could not find role: member.
Nov 29 14:34:13 user devstack@keystone.service[46592]: ERROR keystone.server.flask.application
Traceback (most recent call last):
Nov 29 14:34:13 user devstack@keystone.service[46592]: ERROR keystone.server.flask.application
File "/opt/stack/data/venv/lib/python3.10/site-packages/flask/app.py", line 1823, in full_dispatch_request
Nov 29 14:34:13 user devstack@keystone.service[46592]: ERROR keystone.server.flask.application rv = self.dispatch_request()
Nov 29 14:34:13 user devstack@keystone.service[46592]: ERROR keystone.server.flask.application
File "/opt/stack/data/venv/lib/python3.10/site-packages/flask/app.py", line 1799, in dispatch_request
Nov 29 14:34:13 user devstack@keystone.service[46592]: ERROR keystone.server.flask.application return self.ensure_sync(self.view_functions[rule.endpoint])(**view_args)
Nov 29 14:34:13 user devstack@keystone.service[46592]: ERROR keystone.server.flask.application
File "/opt/stack/data/venv/lib/python3.10/site-packages/flask_restful/__init__.py", line 489, in wrapper
Nov 29 14:34:13 user devstack@keystone.service[46592]: ERROR keystone.server.flask.application resp = resource(*args, **kwargs)
Nov 29 14:34:13 user devstack@keystone.service[46592]: ERROR keystone.server.flask.application
File "/opt/stack/data/venv/lib/python3.10/site-packages/flask/views.py", line 107, in view
Nov 29 14:34:13 user devstack@keystone.service[46592]: ERROR keystone.server.flask.application return current_app.ensure_sync(self.dispatch_request)(**kwargs)
Nov 29 14:34:13 user devstack@keystone.service[46592]: ERROR keystone.server.flask.application
File "/opt/stack/data/venv/lib/python3.10/site-packages/flask_restful/__init__.py", line 604, in dispatch_request
Nov 29 14:34:13 user devstack@keystone.service[46592]: ERROR keystone.server.flask.application resp = meth(*args, **kwargs)
Nov 29 14:34:13 user devstack@keystone.service[46592]: ERROR keystone.server.flask.application
File "/opt/stack/keystone/keystone/api/roles.py", line 50, in get
Nov 29 14:34:13 user devstack@keystone.service[46592]: ERROR keystone.server.flask.application return self._get_role(role_id)
Nov 29 14:34:13 user devstack@keystone.service[46592]: ERROR keystone.server.flask.application
File "/opt/stack/keystone/keystone/api/roles.py", line 70, in _get_role
Nov 29 14:34:13 user devstack@keystone.service[46592]: ERROR keystone.server.flask.application ENFORCER.enforce_call(action='identity:get_role')
Nov 29 14:34:13 user devstack@keystone.service[46592]: ERROR keystone.server.flask.application
File "/opt/stack/keystone/keystone/common/rbac_enforcer/enforcer.py", line 402, in enforce_call
Nov 29 14:34:13 user devstack@keystone.service[46592]: ERROR keystone.server.flask.application policy_dict.update(cls._extract_member_target_data(
Nov 29 14:34:13 user devstack@keystone.service[46592]: ERROR keystone.server.flask.application
File "/opt/stack/keystone/keystone/common/rbac_enforcer/enforcer.py", line 234, in _extract_member_target_data
Nov 29 14:34:13 user devstack@keystone.service[46592]: ERROR keystone.server.flask.application member_name: func(flask.request.view_args[key])
Nov 29 14:34:13 user devstack@keystone.service[46592]: ERROR keystone.server.flask.application
File "/opt/stack/keystone/keystone/common/manager.py", line 115, in wrapped
Nov 29 14:34:13 user devstack@keystone.service[46592]: ERROR keystone.server.flask.application __ret_val = __f(*args, **kwargs)
Nov 29 14:34:13 user devstack@keystone.service[46592]: ERROR keystone.server.flask.application
File "/opt/stack/data/venv/lib/python3.10/site-packages/decorator.py", line 232, in fun
Nov 29 14:34:13 user devstack@keystone.service[46592]: ERROR keystone.server.flask.application return caller(func, *(extras + args), **kw)
Nov 29 14:34:13 user devstack@keystone.service[46592]: ERROR keystone.server.flask.application
File "/opt/stack/data/venv/lib/python3.10/site-packages/dogpile/cache/region.py", line 1594, in get_or_create_for_user_func
Nov 29 14:34:13 user devstack@keystone.service[46592]: ERROR keystone.server.flask.application return self.get_or_create(
Nov 29 14:34:13 user devstack@keystone.service[46592]: ERROR keystone.server.flask.application
File "/opt/stack/data/venv/lib/python3.10/site-packages/dogpile/cache/region.py", line 1054, in get_or_create
Nov 29 14:34:13 user devstack@keystone.service[46592]: ERROR keystone.server.flask.application with Lock(
Nov 29 14:34:13 user devstack@keystone.service[46592]: ERROR keystone.server.flask.application
File "/opt/stack/data/venv/lib/python3.10/site-packages/dogpile/lock.py", line 185, in __enter__
Nov 29 14:34:13 user devstack@keystone.service[46592]: ERROR keystone.server.flask.application return self._enter()
Nov 29 14:34:13 user devstack@keystone.service[46592]: ERROR keystone.server.flask.application
File "/opt/stack/data/venv/lib/python3.10/site-packages/dogpile/lock.py", line 94, in _enter
Nov 29 14:34:13 user devstack@keystone.service[46592]: ERROR keystone.server.flask.application generated = self._enter_create(value, createdtime)
Nov 29 14:34:13 user devstack@keystone.service[46592]: ERROR keystone.server.flask.application
File "/opt/stack/data/venv/lib/python3.10/site-packages/dogpile/lock.py", line 178, in _enter_create
Nov 29 14:34:13 user devstack@keystone.service[46592]: ERROR keystone.server.flask.application return self.creator()
Nov 29 14:34:13 user devstack@keystone.service[46592]: ERROR keystone.server.flask.application
File "/opt/stack/data/venv/lib/python3.10/site-packages/dogpile/cache/region.py", line 1007, in gen_value
Nov 29 14:34:13 user devstack@keystone.service[46592]: ERROR keystone.server.flask.application created_value = creator(
Nov 29 14:34:13 user devstack@keystone.service[46592]: ERROR keystone.server.flask.application
File "/opt/stack/keystone/keystone/assignment/core.py", line 1276, in get_role
Nov 29 14:34:13 user devstack@keystone.service[46592]: ERROR keystone.server.flask.application return self.driver.get_role(role_id)
Nov 29 14:34:13 user devstack@keystone.service[46592]: ERROR keystone.server.flask.application
File "/opt/stack/keystone/keystone/assignment/role_backends/sql.py", line 70, in get_role
Nov 29 14:34:13 user devstack@keystone.service[46592]: ERROR keystone.server.flask.application return self._get_role(session, role_id).to_dict()
Nov 29 14:34:13 user devstack@keystone.service[46592]: ERROR keystone.server.flask.application
File "/opt/stack/keystone/keystone/assignment/role_backends/sql.py", line 65, in _get_role
Nov 29 14:34:13 user devstack@keystone.service[46592]: ERROR keystone.server.flask.application raise exception.RoleNotFound(role_id=role_id)
Nov 29 14:34:13 user devstack@keystone.service[46592]: ERROR keystone.server.flask.application keystone.exception.RoleNotFound: Could not find role: member.
Nov 29 14:34:13 user devstack@keystone.service[46592]: ERROR keystone.server.flask.application
Nov 29 14:34:13 user devstack@keystone.service[46592]: [pid: 46592|app: 0|req: 69/198] 10.0.0.210 () {56 vars in 1094 bytes} [Wed Nov 29 14:34:13 2023] GET /identity/v3/roles/member => generated 84 bytes in 149 msecs (HTTP/1.1 404) 5 headers in 183 bytes (1 switches on core 0)
Nov 29 14:34:13 user devstack@keystone.service[46592]: DEBUG keystone.server.flask.request_processing.middleware.auth_context [None req-20a16d89-162c-4545-931f-e36c45f4b834 None admin] Authenticating user token {{(pid=46592) process_request /opt/stack/data/venv/lib/python3.10/site-packages/keystonemiddleware/auth_token/__init__.py:406}}
Nov 29 14:34:13 user devstack@keystone.service[46590]: DEBUG keystone.server.flask.request_processing.middleware.auth_context [None req-a4102bc9-f720-42e6-afa3-b7d650104c08 None admin] RBAC: auth_context: {'token': , 'domain_id': None, 'trust_id': None, 'trustor_id': None, 'trustee_id': None, 'domain_name': None, 'group_ids': [], 'user_id': 'fbddf522feb94ea2ace79e6cbae20678', 'user_domain_id': 'default', 'system_scope': 'all', 'project_id': None, 'project_domain_id': None, 'roles': ['admin', 'manager', 'member', 'reader'], 'is_admin_project': True, 'service_user_id': None, 'service_user_domain_id': None, 'service_project_id': None, 'service_project_domain_id': None, 'service_roles': []} {{(pid=46590) fill_context /opt/stack/keystone/keystone/server/flask/request_processing/middleware/auth_context.py:480}}
Nov 29 14:34:13 user devstack@keystone.service[46590]: DEBUG keystone.server.flask.request_processing.req_logging [None req-a4102bc9-f720-42e6-afa3-b7d650104c08 None admin] REQUEST_METHOD: `POST` {{(pid=46590) log_request_info /opt/stack/keystone/keystone/server/flask/request_processing/req_logging.py:27}}
Nov 29 14:34:13 user devstack@keystone.service[46590]: DEBUG keystone.server.flask.request_processing.req_logging [None req-a4102bc9-f720-42e6-afa3-b7d650104c08 None admin] SCRIPT_NAME: `/identity` {{(pid=46590) log_request_info /opt/stack/keystone/keystone/server/flask/request_processing/req_logging.py:28}}
Nov 29 14:34:13 user devstack@keystone.service[46590]: DEBUG keystone.server.flask.request_processing.req_logging [None req-a4102bc9-f720-42e6-afa3-b7d650104c08 None admin] PATH_INFO: `/v3/users` {{(pid=46590) log_request_info /opt/stack/keystone/keystone/server/flask/request_processing/req_logging.py:29}}
Nov 29 14:34:13 user devstack@keystone.service[46590]: DEBUG keystone.common.rbac_enforcer.enforcer [None req-a4102bc9-f720-42e6-afa3-b7d650104c08 None admin] RBAC: Authorizing `identity:create_user()` {{(pid=46590) enforce_call /opt/stack/keystone/keystone/common/rbac_enforcer/enforcer.py:449}}
Nov 29 14:34:13 user devstack@keystone.service[46590]: DEBUG keystone.common.rbac_enforcer.enforcer [None req-a4102bc9-f720-42e6-afa3-b7d650104c08 None admin] RBAC: Authorization granted {{(pid=46590) enforce_call /opt/stack/keystone/keystone/common/rbac_enforcer/enforcer.py:457}}
Nov 29 14:34:13 user devstack@keystone.service[46590]: WARNING keystone.common.password_hashing [None req-a4102bc9-f720-42e6-afa3-b7d650104c08 None admin] Truncating password to algorithm specific maximum length 72 characters.
Nov 29 14:34:13 user devstack@keystone.service[46590]: [pid: 46590|app: 0|req: 67/199] 10.0.0.210 () {60 vars in 1127 bytes} [Wed Nov 29 14:34:13 2023] POST /identity/v3/users => generated 292 bytes in 143 msecs (HTTP/1.1 201) 5 headers in 182 bytes (2 switches on core 0)
Nov 29 14:34:13 user devstack@keystone.service[46591]: DEBUG keystone.server.flask.request_processing.middleware.auth_context [None req-a9db9778-3ea3-44f1-9380-b96020c0c5eb None admin] Validating token access rules against request {{(pid=46591) validate_allowed_request /opt/stack/data/venv/lib/python3.10/site-packages/keystonemiddleware/auth_token/__init__.py:544}}
Nov 29 14:34:13 user devstack@keystone.service[46592]: DEBUG keystone.server.flask.request_processing.middleware.auth_context [None req-20a16d89-162c-4545-931f-e36c45f4b834 None admin] Validating token access rules against request {{(pid=46592) validate_allowed_request /opt/stack/data/venv/lib/python3.10/site-packages/keystonemiddleware/auth_token/__init__.py:544}}
Nov 29 14:34:13 user devstack@keystone.service[46592]: DEBUG keystone.server.flask.request_processing.middleware.auth_context [None req-4710cd55-b5a4-4b0a-9c8f-6a247e126280 None admin] RBAC: auth_context: {'token': , 'domain_id': None, 'trust_id': None, 'trustor_id': None, 'trustee_id': None, 'domain_name': None, 'group_ids': [], 'user_id': 'fbddf522feb94ea2ace79e6cbae20678', 'user_domain_id': 'default', 'system_scope': 'all', 'project_id': None, 'project_domain_id': None, 'roles': ['admin', 'manager', 'member', 'reader'], 'is_admin_project': True, 'service_user_id': None, 'service_user_domain_id': None, 'service_project_id': None, 'service_project_domain_id': None, 'service_roles': []} {{(pid=46592) fill_context /opt/stack/keystone/keystone/server/flask/request_processing/middleware/auth_context.py:480}}
Nov 29 14:34:13 user devstack@keystone.service[46592]: DEBUG keystone.server.flask.request_processing.req_logging [None req-4710cd55-b5a4-4b0a-9c8f-6a247e126280 None admin] REQUEST_METHOD: `GET` {{(pid=46592) log_request_info /opt/stack/keystone/keystone/server/flask/request_processing/req_logging.py:27}}
Nov 29 14:34:13 user devstack@keystone.service[46592]: DEBUG keystone.server.flask.request_processing.req_logging [None req-4710cd55-b5a4-4b0a-9c8f-6a247e126280 None admin] SCRIPT_NAME: `/identity` {{(pid=46592) log_request_info /opt/stack/keystone/keystone/server/flask/request_processing/req_logging.py:28}}
Nov 29 14:34:13 user devstack@keystone.service[46591]: DEBUG keystone.server.flask.request_processing.middleware.auth_context [None req-1df5c9f7-582f-4a9b-a7de-45d72a272384 None admin] RBAC: auth_context: {'token': , 'domain_id': None, 'trust_id': None, 'trustor_id': None, 'trustee_id': None, 'domain_name': None, 'group_ids': [], 'user_id': 'fbddf522feb94ea2ace79e6cbae20678', 'user_domain_id': 'default', 'system_scope': 'all', 'project_id': None, 'project_domain_id': None, 'roles': ['admin', 'manager', 'member', 'reader'], 'is_admin_project': True, 'service_user_id': None, 'service_user_domain_id': None, 'service_project_id': None, 'service_project_domain_id': None, 'service_roles': []} {{(pid=46591) fill_context /opt/stack/keystone/keystone/server/flask/request_processing/middleware/auth_context.py:480}}
Nov 29 14:34:13 user devstack@keystone.service[46592]: DEBUG keystone.server.flask.request_processing.req_logging [None req-4710cd55-b5a4-4b0a-9c8f-6a247e126280 None admin] PATH_INFO: `/v3/roles` {{(pid=46592) log_request_info /opt/stack/keystone/keystone/server/flask/request_processing/req_logging.py:29}}
Nov 29 14:34:13 user devstack@keystone.service[46591]: DEBUG keystone.server.flask.request_processing.req_logging [None req-1df5c9f7-582f-4a9b-a7de-45d72a272384 None admin] REQUEST_METHOD: `GET` {{(pid=46591) log_request_info /opt/stack/keystone/keystone/server/flask/request_processing/req_logging.py:27}}
Nov 29 14:34:13 user devstack@keystone.service[46592]: DEBUG keystone.common.rbac_enforcer.enforcer [None req-4710cd55-b5a4-4b0a-9c8f-6a247e126280 None admin] RBAC: Adding query filter params (name=member) {{(pid=46592) _extract_filter_values /opt/stack/keystone/keystone/common/rbac_enforcer/enforcer.py:167}}
Nov 29 14:34:13 user devstack@keystone.service[46591]: DEBUG keystone.server.flask.request_processing.req_logging [None req-1df5c9f7-582f-4a9b-a7de-45d72a272384 None admin] SCRIPT_NAME: `/identity` {{(pid=46591) log_request_info /opt/stack/keystone/keystone/server/flask/request_processing/req_logging.py:28}}
Nov 29 14:34:13 user devstack@keystone.service[46592]: DEBUG keystone.common.rbac_enforcer.enforcer [None req-4710cd55-b5a4-4b0a-9c8f-6a247e126280 None admin] RBAC: Authorizing `identity:list_roles()` {{(pid=46592) enforce_call /opt/stack/keystone/keystone/common/rbac_enforcer/enforcer.py:449}}
Nov 29 14:34:13 user devstack@keystone.service[46591]: DEBUG keystone.server.flask.request_processing.req_logging [None req-1df5c9f7-582f-4a9b-a7de-45d72a272384 None admin] PATH_INFO: `/v3/users/2673d14932264055be68ad1ce675097c` {{(pid=46591) log_request_info /opt/stack/keystone/keystone/server/flask/request_processing/req_logging.py:29}}
Nov 29 14:34:13 user devstack@keystone.service[46592]: DEBUG keystone.common.rbac_enforcer.enforcer [None req-4710cd55-b5a4-4b0a-9c8f-6a247e126280 None admin] RBAC: Authorization granted {{(pid=46592) enforce_call /opt/stack/keystone/keystone/common/rbac_enforcer/enforcer.py:457}}
Nov 29 14:34:13 user devstack@keystone.service[46592]: [pid: 46592|app: 0|req: 70/200] 10.0.0.210 () {56 vars in 1096 bytes} [Wed Nov 29 14:34:13 2023] GET /identity/v3/roles?name=member => generated 339 bytes in 131 msecs (HTTP/1.1 200) 5 headers in 177 bytes (2 switches on core 0)
Nov 29 14:34:13 user devstack@keystone.service[46591]: DEBUG keystone.common.rbac_enforcer.enforcer [None req-1df5c9f7-582f-4a9b-a7de-45d72a272384 None admin] RBAC: Authorizing `identity:get_user(user_id=2673d14932264055be68ad1ce675097c)` {{(pid=46591) enforce_call /opt/stack/keystone/keystone/common/rbac_enforcer/enforcer.py:449}}
Nov 29 14:34:13 user devstack@keystone.service[46590]: DEBUG keystone.server.flask.request_processing.middleware.auth_context [None req-a4102bc9-f720-42e6-afa3-b7d650104c08 None admin] Authenticating user token {{(pid=46590) process_request /opt/stack/data/venv/lib/python3.10/site-packages/keystonemiddleware/auth_token/__init__.py:406}}
Nov 29 14:34:13 user devstack@keystone.service[46591]: DEBUG keystone.common.rbac_enforcer.enforcer [None req-1df5c9f7-582f-4a9b-a7de-45d72a272384 None admin] RBAC: Authorization granted {{(pid=46591) enforce_call /opt/stack/keystone/keystone/common/rbac_enforcer/enforcer.py:457}}
Nov 29 14:34:13 user devstack@keystone.service[46591]: [pid: 46591|app: 0|req: 64/201] 10.0.0.210 () {56 vars in 1172 bytes} [Wed Nov 29 14:34:13 2023] GET /identity/v3/users/2673d14932264055be68ad1ce675097c => generated 296 bytes in 154 msecs (HTTP/1.1 200) 5 headers in 177 bytes (1 switches on core 0)
Nov 29 14:34:13 user devstack@keystone.service[46592]: DEBUG keystone.server.flask.request_processing.middleware.auth_context [None req-4710cd55-b5a4-4b0a-9c8f-6a247e126280 None admin] Authenticating user token {{(pid=46592) process_request /opt/stack/data/venv/lib/python3.10/site-packages/keystonemiddleware/auth_token/__init__.py:406}}
Nov 29 14:34:13 user devstack@keystone.service[46590]: DEBUG keystone.server.flask.request_processing.middleware.auth_context [None req-a4102bc9-f720-42e6-afa3-b7d650104c08 None admin] Validating token access rules against request {{(pid=46590) validate_allowed_request /opt/stack/data/venv/lib/python3.10/site-packages/keystonemiddleware/auth_token/__init__.py:544}}
Nov 29 14:34:13 user devstack@keystone.service[46592]: DEBUG keystone.server.flask.request_processing.middleware.auth_context [None req-4710cd55-b5a4-4b0a-9c8f-6a247e126280 None admin] Validating token access rules against request {{(pid=46592) validate_allowed_request /opt/stack/data/venv/lib/python3.10/site-packages/keystonemiddleware/auth_token/__init__.py:544}}
Nov 29 14:34:13 user devstack@keystone.service[46590]: DEBUG keystone.server.flask.request_processing.middleware.auth_context [None req-6c3e68b5-dcb6-4edb-a59c-08144598a867 None admin] RBAC: auth_context: {'token': , 'domain_id': None, 'trust_id': None, 'trustor_id': None, 'trustee_id': None, 'domain_name': None, 'group_ids': [], 'user_id': 'fbddf522feb94ea2ace79e6cbae20678', 'user_domain_id': 'default', 'system_scope': 'all', 'project_id': None, 'project_domain_id': None, 'roles': ['admin', 'manager', 'member', 'reader'], 'is_admin_project': True, 'service_user_id': None, 'service_user_domain_id': None, 'service_project_id': None, 'service_project_domain_id': None, 'service_roles': []} {{(pid=46590) fill_context /opt/stack/keystone/keystone/server/flask/request_processing/middleware/auth_context.py:480}}
Nov 29 14:34:13 user devstack@keystone.service[46590]: DEBUG keystone.server.flask.request_processing.req_logging [None req-6c3e68b5-dcb6-4edb-a59c-08144598a867 None admin] REQUEST_METHOD: `GET` {{(pid=46590) log_request_info /opt/stack/keystone/keystone/server/flask/request_processing/req_logging.py:27}}
Nov 29 14:34:13 user devstack@keystone.service[46590]: DEBUG keystone.server.flask.request_processing.req_logging [None req-6c3e68b5-dcb6-4edb-a59c-08144598a867 None admin] SCRIPT_NAME: `/identity` {{(pid=46590) log_request_info /opt/stack/keystone/keystone/server/flask/request_processing/req_logging.py:28}}
Nov 29 14:34:13 user devstack@keystone.service[46590]: DEBUG keystone.server.flask.request_processing.req_logging [None req-6c3e68b5-dcb6-4edb-a59c-08144598a867 None admin] PATH_INFO: `/v3/users/8a771b4688d3442dbce73eacefda91d4` {{(pid=46590) log_request_info /opt/stack/keystone/keystone/server/flask/request_processing/req_logging.py:29}}
Nov 29 14:34:13 user devstack@keystone.service[46590]: DEBUG keystone.common.rbac_enforcer.enforcer [None req-6c3e68b5-dcb6-4edb-a59c-08144598a867 None admin] RBAC: Authorizing `identity:get_user(user_id=8a771b4688d3442dbce73eacefda91d4)` {{(pid=46590) enforce_call /opt/stack/keystone/keystone/common/rbac_enforcer/enforcer.py:449}}
Nov 29 14:34:13 user devstack@keystone.service[46590]: DEBUG keystone.common.rbac_enforcer.enforcer [None req-6c3e68b5-dcb6-4edb-a59c-08144598a867 None admin] RBAC: Authorization granted {{(pid=46590) enforce_call /opt/stack/keystone/keystone/common/rbac_enforcer/enforcer.py:457}}
Nov 29 14:34:13 user devstack@keystone.service[46590]: [pid: 46590|app: 0|req: 68/202] 10.0.0.210 () {56 vars in 1172 bytes} [Wed Nov 29 14:34:13 2023] GET /identity/v3/users/8a771b4688d3442dbce73eacefda91d4 => generated 296 bytes in 149 msecs (HTTP/1.1 200) 5 headers in 177 bytes (1 switches on core 0)
Nov 29 14:34:13 user devstack@keystone.service[46592]: DEBUG keystone.server.flask.request_processing.middleware.auth_context [None req-4828d532-f45c-4b44-8989-4169d86bcc89 None admin] RBAC: auth_context: {'token': , 'domain_id': None, 'trust_id': None, 'trustor_id': None, 'trustee_id': None, 'domain_name': None, 'group_ids': [], 'user_id': 'fbddf522feb94ea2ace79e6cbae20678', 'user_domain_id': 'default', 'system_scope': 'all', 'project_id': None, 'project_domain_id': None, 'roles': ['admin', 'manager', 'member', 'reader'], 'is_admin_project': True, 'service_user_id': None, 'service_user_domain_id': None, 'service_project_id': None, 'service_project_domain_id': None, 'service_roles': []} {{(pid=46592) fill_context /opt/stack/keystone/keystone/server/flask/request_processing/middleware/auth_context.py:480}}
Nov 29 14:34:13 user devstack@keystone.service[46592]: DEBUG keystone.server.flask.request_processing.req_logging [None req-4828d532-f45c-4b44-8989-4169d86bcc89 None admin] REQUEST_METHOD: `GET` {{(pid=46592) log_request_info /opt/stack/keystone/keystone/server/flask/request_processing/req_logging.py:27}}
Nov 29 14:34:13 user devstack@keystone.service[46592]: DEBUG keystone.server.flask.request_processing.req_logging [None req-4828d532-f45c-4b44-8989-4169d86bcc89 None admin] SCRIPT_NAME: `/identity` {{(pid=46592) log_request_info /opt/stack/keystone/keystone/server/flask/request_processing/req_logging.py:28}}
Nov 29 14:34:13 user devstack@keystone.service[46592]: DEBUG keystone.server.flask.request_processing.req_logging [None req-4828d532-f45c-4b44-8989-4169d86bcc89 None admin] PATH_INFO: `/v3/projects/2cf4bd6c9719498eb4074eda0b418a24` {{(pid=46592) log_request_info /opt/stack/keystone/keystone/server/flask/request_processing/req_logging.py:29}}
Nov 29 14:34:13 user devstack@keystone.service[46591]: DEBUG keystone.server.flask.request_processing.middleware.auth_context [None req-1df5c9f7-582f-4a9b-a7de-45d72a272384 None admin] Authenticating user token {{(pid=46591) process_request /opt/stack/data/venv/lib/python3.10/site-packages/keystonemiddleware/auth_token/__init__.py:406}}
Nov 29 14:34:13 user devstack@keystone.service[46592]: DEBUG keystone.common.rbac_enforcer.enforcer [None req-4828d532-f45c-4b44-8989-4169d86bcc89 None admin] RBAC: Authorizing `identity:get_project(project_id=2cf4bd6c9719498eb4074eda0b418a24)` {{(pid=46592) enforce_call /opt/stack/keystone/keystone/common/rbac_enforcer/enforcer.py:449}}
Nov 29 14:34:13 user devstack@keystone.service[46592]: DEBUG keystone.common.rbac_enforcer.enforcer [None req-4828d532-f45c-4b44-8989-4169d86bcc89 None admin] RBAC: Authorization granted {{(pid=46592) enforce_call /opt/stack/keystone/keystone/common/rbac_enforcer/enforcer.py:457}}
Nov 29 14:34:13 user devstack@keystone.service[46592]: [pid: 46592|app: 0|req: 71/203] 10.0.0.210 () {56 vars in 1181 bytes} [Wed Nov 29 14:34:13 2023] GET /identity/v3/projects/2cf4bd6c9719498eb4074eda0b418a24 => generated 301 bytes in 149 msecs (HTTP/1.1 200) 5 headers in 177 bytes (1 switches on core 0)
Nov 29 14:34:13 user devstack@keystone.service[46590]: DEBUG keystone.server.flask.request_processing.middleware.auth_context [None req-6c3e68b5-dcb6-4edb-a59c-08144598a867 None admin] Authenticating user token {{(pid=46590) process_request /opt/stack/data/venv/lib/python3.10/site-packages/keystonemiddleware/auth_token/__init__.py:406}}
Nov 29 14:34:13 user devstack@keystone.service[46590]: DEBUG keystone.server.flask.request_processing.middleware.auth_context [None req-6c3e68b5-dcb6-4edb-a59c-08144598a867 None admin] Validating token access rules against request {{(pid=46590) validate_allowed_request /opt/stack/data/venv/lib/python3.10/site-packages/keystonemiddleware/auth_token/__init__.py:544}}
Nov 29 14:34:13 user devstack@keystone.service[46591]: DEBUG keystone.server.flask.request_processing.middleware.auth_context [None req-1df5c9f7-582f-4a9b-a7de-45d72a272384 None admin] Validating token access rules against request {{(pid=46591) validate_allowed_request /opt/stack/data/venv/lib/python3.10/site-packages/keystonemiddleware/auth_token/__init__.py:544}}
Nov 29 14:34:13 user devstack@keystone.service[46590]: DEBUG keystone.server.flask.request_processing.middleware.auth_context [None req-cd0d18e2-6296-4cc2-a1cf-65efe85f030d None admin] RBAC: auth_context: {'token': , 'domain_id': None, 'trust_id': None, 'trustor_id': None, 'trustee_id': None, 'domain_name': None, 'group_ids': [], 'user_id': 'fbddf522feb94ea2ace79e6cbae20678', 'user_domain_id': 'default', 'system_scope': 'all', 'project_id': None, 'project_domain_id': None, 'roles': ['admin', 'manager', 'member', 'reader'], 'is_admin_project': True, 'service_user_id': None, 'service_user_domain_id': None, 'service_project_id': None, 'service_project_domain_id': None, 'service_roles': []} {{(pid=46590) fill_context /opt/stack/keystone/keystone/server/flask/request_processing/middleware/auth_context.py:480}}
Nov 29 14:34:13 user devstack@keystone.service[46590]: DEBUG keystone.server.flask.request_processing.req_logging [None req-cd0d18e2-6296-4cc2-a1cf-65efe85f030d None admin] REQUEST_METHOD: `PUT` {{(pid=46590) log_request_info /opt/stack/keystone/keystone/server/flask/request_processing/req_logging.py:27}}
Nov 29 14:34:13 user devstack@keystone.service[46590]: DEBUG keystone.server.flask.request_processing.req_logging [None req-cd0d18e2-6296-4cc2-a1cf-65efe85f030d None admin] SCRIPT_NAME: `/identity` {{(pid=46590) log_request_info /opt/stack/keystone/keystone/server/flask/request_processing/req_logging.py:28}}
Nov 29 14:34:13 user devstack@keystone.service[46590]: DEBUG keystone.server.flask.request_processing.req_logging [None req-cd0d18e2-6296-4cc2-a1cf-65efe85f030d None admin] PATH_INFO: `/v3/projects/2cf4bd6c9719498eb4074eda0b418a24/users/2673d14932264055be68ad1ce675097c/roles/976aa6c3c08941c885334e2cb3206944` {{(pid=46590) log_request_info /opt/stack/keystone/keystone/server/flask/request_processing/req_logging.py:29}}
Nov 29 14:34:13 user devstack@keystone.service[46590]: DEBUG keystone.common.rbac_enforcer.enforcer [None req-cd0d18e2-6296-4cc2-a1cf-65efe85f030d None admin] RBAC: Authorizing `identity:create_grant(project_id=2cf4bd6c9719498eb4074eda0b418a24, user_id=2673d14932264055be68ad1ce675097c, role_id=976aa6c3c08941c885334e2cb3206944)` {{(pid=46590) enforce_call /opt/stack/keystone/keystone/common/rbac_enforcer/enforcer.py:449}}
Nov 29 14:34:13 user devstack@keystone.service[46590]: DEBUG keystone.common.rbac_enforcer.enforcer [None req-cd0d18e2-6296-4cc2-a1cf-65efe85f030d None admin] RBAC: Authorization granted {{(pid=46590) enforce_call /opt/stack/keystone/keystone/common/rbac_enforcer/enforcer.py:457}}
Nov 29 14:34:13 user devstack@keystone.service[46591]: DEBUG keystone.server.flask.request_processing.middleware.auth_context [None req-ef91128d-a136-426a-a89a-c495360c8169 None admin] RBAC: auth_context: {'token': , 'domain_id': None, 'trust_id': None, 'trustor_id': None, 'trustee_id': None, 'domain_name': None, 'group_ids': [], 'user_id': 'fbddf522feb94ea2ace79e6cbae20678', 'user_domain_id': 'default', 'system_scope': 'all', 'project_id': None, 'project_domain_id': None, 'roles': ['admin', 'manager', 'member', 'reader'], 'is_admin_project': True, 'service_user_id': None, 'service_user_domain_id': None, 'service_project_id': None, 'service_project_domain_id': None, 'service_roles': []} {{(pid=46591) fill_context /opt/stack/keystone/keystone/server/flask/request_processing/middleware/auth_context.py:480}}
Nov 29 14:34:13 user devstack@keystone.service[46591]: DEBUG keystone.server.flask.request_processing.req_logging [None req-ef91128d-a136-426a-a89a-c495360c8169 None admin] REQUEST_METHOD: `GET` {{(pid=46591) log_request_info /opt/stack/keystone/keystone/server/flask/request_processing/req_logging.py:27}}
Nov 29 14:34:13 user devstack@keystone.service[46591]: DEBUG keystone.server.flask.request_processing.req_logging [None req-ef91128d-a136-426a-a89a-c495360c8169 None admin] SCRIPT_NAME: `/identity` {{(pid=46591) log_request_info /opt/stack/keystone/keystone/server/flask/request_processing/req_logging.py:28}}
Nov 29 14:34:13 user devstack@keystone.service[46591]: DEBUG keystone.server.flask.request_processing.req_logging [None req-ef91128d-a136-426a-a89a-c495360c8169 None admin] PATH_INFO: `/v3/auth/tokens` {{(pid=46591) log_request_info /opt/stack/keystone/keystone/server/flask/request_processing/req_logging.py:29}}
Nov 29 14:34:13 user devstack@keystone.service[46590]: [pid: 46590|app: 0|req: 69/204] 10.0.0.210 () {58 vars in 1434 bytes} [Wed Nov 29 14:34:13 2023] PUT /identity/v3/projects/2cf4bd6c9719498eb4074eda0b418a24/users/2673d14932264055be68ad1ce675097c/roles/976aa6c3c08941c885334e2cb3206944 => generated 0 bytes in 178 msecs (HTTP/1.1 204) 3 headers in 132 bytes (0 switches on core 0)
Nov 29 14:34:14 user devstack@keystone.service[46591]: DEBUG keystone.common.rbac_enforcer.enforcer [None req-ef91128d-a136-426a-a89a-c495360c8169 None admin] RBAC: Authorizing `identity:validate_token()` {{(pid=46591) enforce_call /opt/stack/keystone/keystone/common/rbac_enforcer/enforcer.py:449}}
Nov 29 14:34:14 user devstack@keystone.service[46591]: DEBUG keystone.common.rbac_enforcer.enforcer [None req-ef91128d-a136-426a-a89a-c495360c8169 None admin] RBAC: Authorization granted {{(pid=46591) enforce_call /opt/stack/keystone/keystone/common/rbac_enforcer/enforcer.py:457}}
Nov 29 14:34:14 user devstack@keystone.service[46591]: [pid: 46591|app: 0|req: 65/205] 10.0.0.210 () {58 vars in 1277 bytes} [Wed Nov 29 14:34:13 2023] GET /identity/v3/auth/tokens => generated 861 bytes in 354 msecs (HTTP/1.1 200) 6 headers in 358 bytes (1 switches on core 0)
Nov 29 14:34:14 user devstack@keystone.service[46592]: DEBUG keystone.server.flask.request_processing.middleware.auth_context [None req-4828d532-f45c-4b44-8989-4169d86bcc89 None admin] Authenticating user token {{(pid=46592) process_request /opt/stack/data/venv/lib/python3.10/site-packages/keystonemiddleware/auth_token/__init__.py:406}}
Nov 29 14:34:14 user devstack@keystone.service[46592]: DEBUG keystone.server.flask.request_processing.middleware.auth_context [None req-4828d532-f45c-4b44-8989-4169d86bcc89 None admin] Validating token access rules against request {{(pid=46592) validate_allowed_request /opt/stack/data/venv/lib/python3.10/site-packages/keystonemiddleware/auth_token/__init__.py:544}}
Nov 29 14:34:14 user devstack@keystone.service[46592]: DEBUG keystone.server.flask.request_processing.middleware.auth_context [None req-287885fa-6bf6-4040-8077-9905a63359a0 None admin] RBAC: auth_context: {'token': , 'domain_id': None, 'trust_id': None, 'trustor_id': None, 'trustee_id': None, 'domain_name': None, 'group_ids': [], 'user_id': 'fbddf522feb94ea2ace79e6cbae20678', 'user_domain_id': 'default', 'system_scope': 'all', 'project_id': None, 'project_domain_id': None, 'roles': ['admin', 'manager', 'member', 'reader'], 'is_admin_project': True, 'service_user_id': None, 'service_user_domain_id': None, 'service_project_id': None, 'service_project_domain_id': None, 'service_roles': []} {{(pid=46592) fill_context /opt/stack/keystone/keystone/server/flask/request_processing/middleware/auth_context.py:480}}
Nov 29 14:34:14 user devstack@keystone.service[46592]: DEBUG keystone.server.flask.request_processing.req_logging [None req-287885fa-6bf6-4040-8077-9905a63359a0 None admin] REQUEST_METHOD: `GET` {{(pid=46592) log_request_info /opt/stack/keystone/keystone/server/flask/request_processing/req_logging.py:27}}
Nov 29 14:34:14 user devstack@keystone.service[46592]: DEBUG keystone.server.flask.request_processing.req_logging [None req-287885fa-6bf6-4040-8077-9905a63359a0 None admin] SCRIPT_NAME: `/identity` {{(pid=46592) log_request_info /opt/stack/keystone/keystone/server/flask/request_processing/req_logging.py:28}}
Nov 29 14:34:14 user devstack@keystone.service[46592]: DEBUG keystone.server.flask.request_processing.req_logging [None req-287885fa-6bf6-4040-8077-9905a63359a0 None admin] PATH_INFO: `/v3/projects/2cf4bd6c9719498eb4074eda0b418a24` {{(pid=46592) log_request_info /opt/stack/keystone/keystone/server/flask/request_processing/req_logging.py:29}}
Nov 29 14:34:14 user devstack@keystone.service[46592]: DEBUG keystone.common.rbac_enforcer.enforcer [None req-287885fa-6bf6-4040-8077-9905a63359a0 None admin] RBAC: Authorizing `identity:get_project(project_id=2cf4bd6c9719498eb4074eda0b418a24)` {{(pid=46592) enforce_call /opt/stack/keystone/keystone/common/rbac_enforcer/enforcer.py:449}}
Nov 29 14:34:14 user devstack@keystone.service[46592]: DEBUG keystone.common.rbac_enforcer.enforcer [None req-287885fa-6bf6-4040-8077-9905a63359a0 None admin] RBAC: Authorization granted {{(pid=46592) enforce_call /opt/stack/keystone/keystone/common/rbac_enforcer/enforcer.py:457}}
Nov 29 14:34:14 user devstack@keystone.service[46592]: [pid: 46592|app: 0|req: 72/206] 10.0.0.210 () {56 vars in 1181 bytes} [Wed Nov 29 14:34:14 2023] GET /identity/v3/projects/2cf4bd6c9719498eb4074eda0b418a24 => generated 301 bytes in 180 msecs (HTTP/1.1 200) 5 headers in 177 bytes (1 switches on core 0)
Nov 29 14:34:14 user devstack@keystone.service[46590]: DEBUG keystone.server.flask.request_processing.middleware.auth_context [None req-cd0d18e2-6296-4cc2-a1cf-65efe85f030d None admin] Authenticating user token {{(pid=46590) process_request /opt/stack/data/venv/lib/python3.10/site-packages/keystonemiddleware/auth_token/__init__.py:406}}
Nov 29 14:34:14 user devstack@keystone.service[46590]: DEBUG keystone.server.flask.request_processing.middleware.auth_context [None req-cd0d18e2-6296-4cc2-a1cf-65efe85f030d None admin] Validating token access rules against request {{(pid=46590) validate_allowed_request /opt/stack/data/venv/lib/python3.10/site-packages/keystonemiddleware/auth_token/__init__.py:544}}
Nov 29 14:34:14 user devstack@keystone.service[46590]: DEBUG keystone.server.flask.request_processing.middleware.auth_context [None req-eda3d078-1781-4467-90b1-cfce19e91903 None admin] RBAC: auth_context: {'token': , 'domain_id': None, 'trust_id': None, 'trustor_id': None, 'trustee_id': None, 'domain_name': None, 'group_ids': [], 'user_id': 'fbddf522feb94ea2ace79e6cbae20678', 'user_domain_id': 'default', 'system_scope': 'all', 'project_id': None, 'project_domain_id': None, 'roles': ['admin', 'manager', 'member', 'reader'], 'is_admin_project': True, 'service_user_id': None, 'service_user_domain_id': None, 'service_project_id': None, 'service_project_domain_id': None, 'service_roles': []} {{(pid=46590) fill_context /opt/stack/keystone/keystone/server/flask/request_processing/middleware/auth_context.py:480}}
Nov 29 14:34:14 user devstack@keystone.service[46590]: DEBUG keystone.server.flask.request_processing.req_logging [None req-eda3d078-1781-4467-90b1-cfce19e91903 None admin] REQUEST_METHOD: `GET` {{(pid=46590) log_request_info /opt/stack/keystone/keystone/server/flask/request_processing/req_logging.py:27}}
Nov 29 14:34:14 user devstack@keystone.service[46590]: DEBUG keystone.server.flask.request_processing.req_logging [None req-eda3d078-1781-4467-90b1-cfce19e91903 None admin] SCRIPT_NAME: `/identity` {{(pid=46590) log_request_info /opt/stack/keystone/keystone/server/flask/request_processing/req_logging.py:28}}
Nov 29 14:34:14 user devstack@keystone.service[46590]: DEBUG keystone.server.flask.request_processing.req_logging [None req-eda3d078-1781-4467-90b1-cfce19e91903 None admin] PATH_INFO: `/v3/role_assignments` {{(pid=46590) log_request_info /opt/stack/keystone/keystone/server/flask/request_processing/req_logging.py:29}}
Nov 29 14:34:14 user devstack@keystone.service[46590]: DEBUG keystone.common.rbac_enforcer.enforcer [None req-eda3d078-1781-4467-90b1-cfce19e91903 None admin] RBAC: Adding query filter params (role.id=e2af89b90e3144be877e0ca309160641, scope.project.id=2cf4bd6c9719498eb4074eda0b418a24, user.id=8a771b4688d3442dbce73eacefda91d4) {{(pid=46590) _extract_filter_values /opt/stack/keystone/keystone/common/rbac_enforcer/enforcer.py:167}}
Nov 29 14:34:14 user devstack@keystone.service[46590]: DEBUG keystone.common.rbac_enforcer.enforcer [None req-eda3d078-1781-4467-90b1-cfce19e91903 None admin] RBAC: Authorizing `identity:list_role_assignments()` {{(pid=46590) enforce_call /opt/stack/keystone/keystone/common/rbac_enforcer/enforcer.py:449}}
Nov 29 14:34:14 user devstack@keystone.service[46590]: DEBUG keystone.common.rbac_enforcer.enforcer [None req-eda3d078-1781-4467-90b1-cfce19e91903 None admin] RBAC: Authorization granted {{(pid=46590) enforce_call /opt/stack/keystone/keystone/common/rbac_enforcer/enforcer.py:457}}
Nov 29 14:34:14 user devstack@keystone.service[46590]: [pid: 46590|app: 0|req: 70/207] 10.0.0.210 () {56 vars in 1369 bytes} [Wed Nov 29 14:34:14 2023] GET /identity/v3/role_assignments?user.id=8a771b4688d3442dbce73eacefda91d4&scope.project.id=2cf4bd6c9719498eb4074eda0b418a24&role.id=e2af89b90e3144be877e0ca309160641 => generated 606 bytes in 138 msecs (HTTP/1.1 200) 5 headers in 177 bytes (1 switches on core 0)
Nov 29 14:34:15 user devstack@keystone.service[46591]: DEBUG keystone.server.flask.request_processing.req_logging [None req-0bdc353a-4e7d-45a6-be4d-dda88c1fad02 None None] REQUEST_METHOD: `GET` {{(pid=46591) log_request_info /opt/stack/keystone/keystone/server/flask/request_processing/req_logging.py:27}}
Nov 29 14:34:15 user devstack@keystone.service[46591]: DEBUG keystone.server.flask.request_processing.req_logging [None req-0bdc353a-4e7d-45a6-be4d-dda88c1fad02 None None] SCRIPT_NAME: `/identity` {{(pid=46591) log_request_info /opt/stack/keystone/keystone/server/flask/request_processing/req_logging.py:28}}
Nov 29 14:34:15 user devstack@keystone.service[46591]: DEBUG keystone.server.flask.request_processing.req_logging [None req-0bdc353a-4e7d-45a6-be4d-dda88c1fad02 None None] PATH_INFO: `/` {{(pid=46591) log_request_info /opt/stack/keystone/keystone/server/flask/request_processing/req_logging.py:29}}
Nov 29 14:34:15 user devstack@keystone.service[46591]: [pid: 46591|app: 0|req: 66/208] 10.0.0.210 () {54 vars in 921 bytes} [Wed Nov 29 14:34:15 2023] GET /identity => generated 269 bytes in 4 msecs (HTTP/1.1 300) 6 headers in 233 bytes (1 switches on core 0)
Nov 29 14:34:15 user devstack@keystone.service[46592]: DEBUG keystone.server.flask.request_processing.req_logging [None req-00b768e1-416f-492c-8445-5694cdb6e5eb None None] REQUEST_METHOD: `GET` {{(pid=46592) log_request_info /opt/stack/keystone/keystone/server/flask/request_processing/req_logging.py:27}}
Nov 29 14:34:15 user devstack@keystone.service[46592]: DEBUG keystone.server.flask.request_processing.req_logging [None req-00b768e1-416f-492c-8445-5694cdb6e5eb None None] SCRIPT_NAME: `/identity` {{(pid=46592) log_request_info /opt/stack/keystone/keystone/server/flask/request_processing/req_logging.py:28}}
Nov 29 14:34:15 user devstack@keystone.service[46592]: DEBUG keystone.server.flask.request_processing.req_logging [None req-00b768e1-416f-492c-8445-5694cdb6e5eb None None] PATH_INFO: `/` {{(pid=46592) log_request_info /opt/stack/keystone/keystone/server/flask/request_processing/req_logging.py:29}}
Nov 29 14:34:15 user devstack@keystone.service[46590]: DEBUG keystone.server.flask.request_processing.req_logging [None req-de3f8ae2-9e85-41b4-b46e-e015d0a9ca78 None None] REQUEST_METHOD: `POST` {{(pid=46590) log_request_info /opt/stack/keystone/keystone/server/flask/request_processing/req_logging.py:27}}
