Apr 20 14:19:42 user devstack@c-api.service[82733]: INFO cinder.api.openstack.wsgi [None req-c1af8dac-a5a2-4909-a7f7-bb778b4a849b tempest-QosSpecsTestJSON-1628992297 tempest-QosSpecsTestJSON-1628992297-project-admin] GET http://10.0.0.210/volume/v3/334cb3c48111488ca78bdbe50e8ba70a/types/939b8a58-985b-4da5-9e37-339326af70f8
Apr 20 14:19:42 user devstack@c-api.service[82733]: DEBUG cinder.api.openstack.wsgi [None req-c1af8dac-a5a2-4909-a7f7-bb778b4a849b tempest-QosSpecsTestJSON-1628992297 tempest-QosSpecsTestJSON-1628992297-project-admin] Empty body provided in request {{(pid=82733) get_body /opt/stack/cinder/cinder/api/openstack/wsgi.py:715}}
Apr 20 14:19:42 user devstack@c-api.service[82733]: DEBUG cinder.api.openstack.wsgi [None req-c1af8dac-a5a2-4909-a7f7-bb778b4a849b tempest-QosSpecsTestJSON-1628992297 tempest-QosSpecsTestJSON-1628992297-project-admin] Calling method 'show' {{(pid=82733) _process_stack /opt/stack/cinder/cinder/api/openstack/wsgi.py:868}}
Apr 20 14:19:42 user devstack@c-api.service[82734]: DEBUG cinder.quota [None req-32dcff13-23e8-48b4-bc32-a9614439eb09 tempest-VolumeTypesAccessTest-517305480 tempest-VolumeTypesAccessTest-517305480-project-member] Created reservations ['f648a01b-0ed5-4e88-bf43-9f21a983b4aa', 'fe8e912c-5f55-45c4-8ebf-a15401a04ccb', '02409285-7b85-4d35-bdc4-a21ead484266', '844d412c-3c5e-4813-a2c5-aed74a76ea33'] {{(pid=82734) reserve /opt/stack/cinder/cinder/quota.py:755}}
Apr 20 14:19:42 user devstack@c-api.service[82734]: DEBUG cinder.volume.api [None req-32dcff13-23e8-48b4-bc32-a9614439eb09 tempest-VolumeTypesAccessTest-517305480 tempest-VolumeTypesAccessTest-517305480-project-member] Task 'cinder.volume.flows.api.create_volume.QuotaReserveTask;volume:create' (cc79f236-54ef-4d0f-9800-6156b8790635) transitioned into state 'SUCCESS' from state 'RUNNING' with result '{'reservations': ['f648a01b-0ed5-4e88-bf43-9f21a983b4aa', 'fe8e912c-5f55-45c4-8ebf-a15401a04ccb', '02409285-7b85-4d35-bdc4-a21ead484266', '844d412c-3c5e-4813-a2c5-aed74a76ea33']}' {{(pid=82734) _task_receiver /usr/local/lib/python3.10/dist-packages/taskflow/listeners/logging.py:178}}
Apr 20 14:19:42 user devstack@c-api.service[82734]: DEBUG cinder.volume.api [None req-32dcff13-23e8-48b4-bc32-a9614439eb09 tempest-VolumeTypesAccessTest-517305480 tempest-VolumeTypesAccessTest-517305480-project-member] Task 'cinder.volume.flows.api.create_volume.EntryCreateTask;volume:create' (c25777b1-9f98-49a2-b05d-2fe2c95df0de) transitioned into state 'RUNNING' from state 'PENDING' {{(pid=82734) _task_receiver /usr/local/lib/python3.10/dist-packages/taskflow/listeners/logging.py:190}}
Apr 20 14:19:42 user devstack@c-api.service[82733]: INFO cinder.api.openstack.wsgi [None req-c1af8dac-a5a2-4909-a7f7-bb778b4a849b tempest-QosSpecsTestJSON-1628992297 tempest-QosSpecsTestJSON-1628992297-project-admin] http://10.0.0.210/volume/v3/334cb3c48111488ca78bdbe50e8ba70a/types/939b8a58-985b-4da5-9e37-339326af70f8 returned with HTTP 404
Apr 20 14:19:42 user devstack@c-api.service[82733]: [pid: 82733|app: 0|req: 21/67] 10.0.0.210 () {62 vars in 1396 bytes} [Thu Apr 20 14:19:42 2023] GET /volume/v3/334cb3c48111488ca78bdbe50e8ba70a/types/939b8a58-985b-4da5-9e37-339326af70f8 => generated 114 bytes in 22 msecs (HTTP/1.1 404) 7 headers in 292 bytes (1 switches on core 0)
Apr 20 14:19:42 user devstack@c-api.service[82735]: DEBUG cinder.api.middleware.request_id [None req-ea57b46e-8010-44f8-bf88-475897f95c7b None None] RequestId filter calling following filter/app {{(pid=82735) _context_setter /opt/stack/cinder/cinder/api/middleware/request_id.py:62}}
Apr 20 14:19:42 user devstack@c-api.service[82735]: INFO cinder.api.openstack.wsgi [None req-ea57b46e-8010-44f8-bf88-475897f95c7b tempest-QosSpecsTestJSON-1628992297 tempest-QosSpecsTestJSON-1628992297-project-admin] POST http://10.0.0.210/volume/v3/334cb3c48111488ca78bdbe50e8ba70a/qos-specs
Apr 20 14:19:42 user devstack@c-api.service[82735]: DEBUG cinder.api.openstack.wsgi [None req-ea57b46e-8010-44f8-bf88-475897f95c7b tempest-QosSpecsTestJSON-1628992297 tempest-QosSpecsTestJSON-1628992297-project-admin] Action: 'create', calling method: create, body: {"qos_specs": {"name": "tempest-QosSpecsTestJSON-qos-1115901258", "consumer": "back-end"}} {{(pid=82735) _process_stack /opt/stack/cinder/cinder/api/openstack/wsgi.py:866}}
Apr 20 14:19:42 user devstack@c-api.service[82735]: DEBUG cinder.volume.qos_specs [None req-ea57b46e-8010-44f8-bf88-475897f95c7b tempest-QosSpecsTestJSON-1628992297 tempest-QosSpecsTestJSON-1628992297-project-admin] Dict for qos_specs: {'name': 'tempest-QosSpecsTestJSON-qos-1115901258', 'consumer': 'back-end', 'specs': {}} {{(pid=82735) create /opt/stack/cinder/cinder/volume/qos_specs.py:64}}
Apr 20 14:19:42 user devstack@c-api.service[82734]: DEBUG cinder.volume.api [None req-32dcff13-23e8-48b4-bc32-a9614439eb09 tempest-VolumeTypesAccessTest-517305480 tempest-VolumeTypesAccessTest-517305480-project-member] Task 'cinder.volume.flows.api.create_volume.EntryCreateTask;volume:create' (c25777b1-9f98-49a2-b05d-2fe2c95df0de) transitioned into state 'SUCCESS' from state 'RUNNING' with result '{'volume_id': 'e898b4c9-4fa6-4004-9857-f522415633a8', 'volume_properties': VolumeProperties(attach_status='detached',availability_zone='nova',cgsnapshot_id=None,consistencygroup_id=None,display_description=None,display_name='tempest-VolumeTypesAccessTest-Volume-817876026',encryption_key_id=None,group_id=None,group_type_id=,metadata={},multiattach=False,project_id='a5a251b0ee85490e8e9762ad6011dde6',qos_specs=None,replication_status=,reservations=['f648a01b-0ed5-4e88-bf43-9f21a983b4aa','fe8e912c-5f55-45c4-8ebf-a15401a04ccb','02409285-7b85-4d35-bdc4-a21ead484266','844d412c-3c5e-4813-a2c5-aed74a76ea33'],size=1,snapshot_id=None,source_replicaid=,source_volid=None,status='creating',user_id='6391c9000d0b45d9b147c465b80a500c',volume_type_id=6cb9aa82-0450-4eff-8bba-12dd467abfa4), 'volume': Volume(_name_id=None,admin_metadata=,attach_status='detached',availability_zone='nova',bootable=False,cluster=,cluster_name=None,consistencygroup=,consistencygroup_id=None,created_at=2023-04-20T14:19:42Z,deleted=False,deleted_at=None,display_description=None,display_name='tempest-VolumeTypesAccessTest-Volume-817876026',ec2_id=None,encryption_key_id=None,glance_metadata=,group=,group_id=None,host=None,id=e898b4c9-4fa6-4004-9857-f522415633a8,launched_at=None,metadata={},migration_status=None,multiattach=False,previous_status=None,project_id='a5a251b0ee85490e8e9762ad6011dde6',provider_auth=None,provider_geometry=None,provider_id=None,provider_location=None,replication_driver_data=None,replication_extended_status=None,replication_status=None,scheduled_at=None,service_uuid=None,shared_targets=True,size=1,snapshot_id=None,snapshots=,source_volid=None,status='creating',terminated_at=None,updated_at=None,use_quota=True,user_id='6391c9000d0b45d9b147c465b80a500c',volume_attachment=VolumeAttachmentList,volume_type=VolumeType(6cb9aa82-0450-4eff-8bba-12dd467abfa4),volume_type_id=6cb9aa82-0450-4eff-8bba-12dd467abfa4)}' {{(pid=82734) _task_receiver /usr/local/lib/python3.10/dist-packages/taskflow/listeners/logging.py:178}}
Apr 20 14:19:42 user devstack@c-api.service[82734]: DEBUG cinder.volume.api [None req-32dcff13-23e8-48b4-bc32-a9614439eb09 tempest-VolumeTypesAccessTest-517305480 tempest-VolumeTypesAccessTest-517305480-project-member] Task 'cinder.volume.flows.api.create_volume.QuotaCommitTask;volume:create' (f9eed105-a792-4d13-9473-008fca6c6bca) transitioned into state 'RUNNING' from state 'PENDING' {{(pid=82734) _task_receiver /usr/local/lib/python3.10/dist-packages/taskflow/listeners/logging.py:190}}
Apr 20 14:19:42 user devstack@c-api.service[82735]: DEBUG cinder.db.sqlalchemy.api [None req-ea57b46e-8010-44f8-bf88-475897f95c7b tempest-QosSpecsTestJSON-1628992297 tempest-QosSpecsTestJSON-1628992297-project-admin] DB qos_specs_create(): root {'id': '3d2d1da6-c089-4607-a23b-4d0ea4399111', 'key': 'QoS_Specs_Name', 'value': 'tempest-QosSpecsTestJSON-qos-1115901258'} {{(pid=82735) qos_specs_create /opt/stack/cinder/cinder/db/sqlalchemy/api.py:5586}}
Apr 20 14:19:42 user devstack@c-api.service[82735]: INFO cinder.api.openstack.wsgi [None req-ea57b46e-8010-44f8-bf88-475897f95c7b tempest-QosSpecsTestJSON-1628992297 tempest-QosSpecsTestJSON-1628992297-project-admin] http://10.0.0.210/volume/v3/334cb3c48111488ca78bdbe50e8ba70a/qos-specs returned with HTTP 200
Apr 20 14:19:42 user devstack@c-api.service[82735]: [pid: 82735|app: 0|req: 36/68] 10.0.0.210 () {64 vars in 1318 bytes} [Thu Apr 20 14:19:42 2023] POST /volume/v3/334cb3c48111488ca78bdbe50e8ba70a/qos-specs => generated 433 bytes in 29 msecs (HTTP/1.1 200) 7 headers in 285 bytes (1 switches on core 0)
Apr 20 14:19:42 user devstack@c-api.service[82733]: DEBUG cinder.api.middleware.request_id [None req-0e064f33-f17f-42d0-aa67-d0005621f766 None None] RequestId filter calling following filter/app {{(pid=82733) _context_setter /opt/stack/cinder/cinder/api/middleware/request_id.py:62}}
Apr 20 14:19:42 user devstack@c-api.service[82733]: INFO cinder.api.openstack.wsgi [None req-0e064f33-f17f-42d0-aa67-d0005621f766 tempest-QosSpecsTestJSON-1628992297 tempest-QosSpecsTestJSON-1628992297-project-admin] DELETE http://10.0.0.210/volume/v3/334cb3c48111488ca78bdbe50e8ba70a/qos-specs/3d2d1da6-c089-4607-a23b-4d0ea4399111?force=False
Apr 20 14:19:42 user devstack@c-api.service[82733]: DEBUG cinder.api.openstack.wsgi [None req-0e064f33-f17f-42d0-aa67-d0005621f766 tempest-QosSpecsTestJSON-1628992297 tempest-QosSpecsTestJSON-1628992297-project-admin] Empty body provided in request {{(pid=82733) get_body /opt/stack/cinder/cinder/api/openstack/wsgi.py:715}}
Apr 20 14:19:42 user devstack@c-api.service[82733]: DEBUG cinder.api.openstack.wsgi [None req-0e064f33-f17f-42d0-aa67-d0005621f766 tempest-QosSpecsTestJSON-1628992297 tempest-QosSpecsTestJSON-1628992297-project-admin] Calling method 'delete' {{(pid=82733) _process_stack /opt/stack/cinder/cinder/api/openstack/wsgi.py:868}}
Apr 20 14:19:42 user devstack@c-api.service[82734]: DEBUG cinder.volume.api [None req-32dcff13-23e8-48b4-bc32-a9614439eb09 tempest-VolumeTypesAccessTest-517305480 tempest-VolumeTypesAccessTest-517305480-project-member] Task 'cinder.volume.flows.api.create_volume.QuotaCommitTask;volume:create' (f9eed105-a792-4d13-9473-008fca6c6bca) transitioned into state 'SUCCESS' from state 'RUNNING' with result '{'volume_properties': VolumeProperties(attach_status='detached',availability_zone='nova',cgsnapshot_id=None,consistencygroup_id=None,display_description=None,display_name='tempest-VolumeTypesAccessTest-Volume-817876026',encryption_key_id=None,group_id=None,group_type_id=,metadata={},multiattach=False,project_id='a5a251b0ee85490e8e9762ad6011dde6',qos_specs=None,replication_status=,reservations=['f648a01b-0ed5-4e88-bf43-9f21a983b4aa','fe8e912c-5f55-45c4-8ebf-a15401a04ccb','02409285-7b85-4d35-bdc4-a21ead484266','844d412c-3c5e-4813-a2c5-aed74a76ea33'],size=1,snapshot_id=None,source_replicaid=,source_volid=None,status='creating',user_id='6391c9000d0b45d9b147c465b80a500c',volume_type_id=6cb9aa82-0450-4eff-8bba-12dd467abfa4)}' {{(pid=82734) _task_receiver /usr/local/lib/python3.10/dist-packages/taskflow/listeners/logging.py:178}}
Apr 20 14:19:42 user devstack@c-api.service[82733]: DEBUG cinder.api.contrib.qos_specs_manage [None req-0e064f33-f17f-42d0-aa67-d0005621f766 tempest-QosSpecsTestJSON-1628992297 tempest-QosSpecsTestJSON-1628992297-project-admin] Delete qos_spec: 3d2d1da6-c089-4607-a23b-4d0ea4399111, force: False {{(pid=82733) delete /opt/stack/cinder/cinder/api/contrib/qos_specs_manage.py:168}}
Apr 20 14:19:42 user devstack@c-api.service[82734]: DEBUG cinder.volume.api [None req-32dcff13-23e8-48b4-bc32-a9614439eb09 tempest-VolumeTypesAccessTest-517305480 tempest-VolumeTypesAccessTest-517305480-project-member] Task 'cinder.volume.flows.api.create_volume.VolumeCastTask;volume:create' (96d27033-88c7-4e01-b67c-89fbde091e6e) transitioned into state 'RUNNING' from state 'PENDING' {{(pid=82734) _task_receiver /usr/local/lib/python3.10/dist-packages/taskflow/listeners/logging.py:190}}
Apr 20 14:19:42 user devstack@c-api.service[82734]: DEBUG cinder.volume.api [None req-32dcff13-23e8-48b4-bc32-a9614439eb09 tempest-VolumeTypesAccessTest-517305480 tempest-VolumeTypesAccessTest-517305480-project-member] Task 'cinder.volume.flows.api.create_volume.VolumeCastTask;volume:create' (96d27033-88c7-4e01-b67c-89fbde091e6e) transitioned into state 'SUCCESS' from state 'RUNNING' with result 'None' {{(pid=82734) _task_receiver /usr/local/lib/python3.10/dist-packages/taskflow/listeners/logging.py:178}}
Apr 20 14:19:42 user devstack@c-api.service[82734]: DEBUG cinder.volume.api [None req-32dcff13-23e8-48b4-bc32-a9614439eb09 tempest-VolumeTypesAccessTest-517305480 tempest-VolumeTypesAccessTest-517305480-project-member] Flow 'volume_create_api' (5ca117c6-464c-469b-a37a-67fee7b08a00) transitioned into state 'SUCCESS' from state 'RUNNING' {{(pid=82734) _flow_receiver /usr/local/lib/python3.10/dist-packages/taskflow/listeners/logging.py:141}}
Apr 20 14:19:42 user devstack@c-api.service[82734]: INFO cinder.volume.api [None req-32dcff13-23e8-48b4-bc32-a9614439eb09 tempest-VolumeTypesAccessTest-517305480 tempest-VolumeTypesAccessTest-517305480-project-member] Create volume request issued successfully.
Apr 20 14:19:42 user devstack@c-api.service[82734]: INFO cinder.api.openstack.wsgi [None req-32dcff13-23e8-48b4-bc32-a9614439eb09 tempest-VolumeTypesAccessTest-517305480 tempest-VolumeTypesAccessTest-517305480-project-member] http://10.0.0.210/volume/v3/a5a251b0ee85490e8e9762ad6011dde6/volumes returned with HTTP 202
Apr 20 14:19:42 user devstack@c-api.service[82734]: [pid: 82734|app: 0|req: 12/69] 10.0.0.210 () {64 vars in 1313 bytes} [Thu Apr 20 14:19:42 2023] POST /volume/v3/a5a251b0ee85490e8e9762ad6011dde6/volumes => generated 859 bytes in 497 msecs (HTTP/1.1 202) 7 headers in 291 bytes (2 switches on core 0)
Apr 20 14:19:42 user devstack@c-api.service[82735]: DEBUG cinder.api.middleware.request_id [None req-af68ef41-6f9f-4ad4-90bb-8a9249a15ab6 None None] RequestId filter calling following filter/app {{(pid=82735) _context_setter /opt/stack/cinder/cinder/api/middleware/request_id.py:62}}
Apr 20 14:19:42 user devstack@c-api.service[82733]: INFO cinder.api.openstack.wsgi [None req-0e064f33-f17f-42d0-aa67-d0005621f766 tempest-QosSpecsTestJSON-1628992297 tempest-QosSpecsTestJSON-1628992297-project-admin] http://10.0.0.210/volume/v3/334cb3c48111488ca78bdbe50e8ba70a/qos-specs/3d2d1da6-c089-4607-a23b-4d0ea4399111?force=False returned with HTTP 202
Apr 20 14:19:42 user devstack@c-api.service[82733]: [pid: 82733|app: 0|req: 22/70] 10.0.0.210 () {62 vars in 1434 bytes} [Thu Apr 20 14:19:42 2023] DELETE /volume/v3/334cb3c48111488ca78bdbe50e8ba70a/qos-specs/3d2d1da6-c089-4607-a23b-4d0ea4399111?force=False => generated 0 bytes in 63 msecs (HTTP/1.1 202) 6 headers in 233 bytes (1 switches on core 0)
Apr 20 14:19:42 user devstack@c-api.service[82735]: INFO cinder.api.openstack.wsgi [None req-af68ef41-6f9f-4ad4-90bb-8a9249a15ab6 tempest-VolumeTypesAccessTest-517305480 tempest-VolumeTypesAccessTest-517305480-project-member] GET http://10.0.0.210/volume/v3/a5a251b0ee85490e8e9762ad6011dde6/volumes/e898b4c9-4fa6-4004-9857-f522415633a8
Apr 20 14:19:42 user devstack@c-api.service[82735]: DEBUG cinder.api.openstack.wsgi [None req-af68ef41-6f9f-4ad4-90bb-8a9249a15ab6 tempest-VolumeTypesAccessTest-517305480 tempest-VolumeTypesAccessTest-517305480-project-member] Empty body provided in request {{(pid=82735) get_body /opt/stack/cinder/cinder/api/openstack/wsgi.py:715}}
Apr 20 14:19:42 user devstack@c-api.service[82735]: DEBUG cinder.api.openstack.wsgi [None req-af68ef41-6f9f-4ad4-90bb-8a9249a15ab6 tempest-VolumeTypesAccessTest-517305480 tempest-VolumeTypesAccessTest-517305480-project-member] Calling method 'show' {{(pid=82735) _process_stack /opt/stack/cinder/cinder/api/openstack/wsgi.py:868}}
Apr 20 14:19:42 user devstack@c-api.service[82734]: DEBUG cinder.api.middleware.request_id [None req-f5a9121f-37e2-49de-ba85-b5647074c757 None None] RequestId filter calling following filter/app {{(pid=82734) _context_setter /opt/stack/cinder/cinder/api/middleware/request_id.py:62}}
Apr 20 14:19:42 user devstack@c-api.service[82734]: INFO cinder.api.openstack.wsgi [None req-f5a9121f-37e2-49de-ba85-b5647074c757 tempest-QosSpecsTestJSON-1628992297 tempest-QosSpecsTestJSON-1628992297-project-admin] GET http://10.0.0.210/volume/v3/334cb3c48111488ca78bdbe50e8ba70a/qos-specs/3d2d1da6-c089-4607-a23b-4d0ea4399111
Apr 20 14:19:42 user devstack@c-api.service[82734]: DEBUG cinder.api.openstack.wsgi [None req-f5a9121f-37e2-49de-ba85-b5647074c757 tempest-QosSpecsTestJSON-1628992297 tempest-QosSpecsTestJSON-1628992297-project-admin] Empty body provided in request {{(pid=82734) get_body /opt/stack/cinder/cinder/api/openstack/wsgi.py:715}}
Apr 20 14:19:42 user devstack@c-api.service[82734]: DEBUG cinder.api.openstack.wsgi [None req-f5a9121f-37e2-49de-ba85-b5647074c757 tempest-QosSpecsTestJSON-1628992297 tempest-QosSpecsTestJSON-1628992297-project-admin] Calling method 'show' {{(pid=82734) _process_stack /opt/stack/cinder/cinder/api/openstack/wsgi.py:868}}
Apr 20 14:19:42 user devstack@c-api.service[82734]: /usr/local/lib/python3.10/dist-packages/oslo_context/context.py:100: DeprecationWarning: Policy enforcement is depending on the value of is_admin. This key is deprecated. Please update your policy file to use the standard policy values.
Apr 20 14:19:42 user devstack@c-api.service[82734]: warnings.warn('Policy enforcement is depending on the value of '
Apr 20 14:19:42 user devstack@c-api.service[82735]: /usr/local/lib/python3.10/dist-packages/oslo_context/context.py:100: DeprecationWarning: Policy enforcement is depending on the value of is_admin. This key is deprecated. Please update your policy file to use the standard policy values.
Apr 20 14:19:42 user devstack@c-api.service[82735]: warnings.warn('Policy enforcement is depending on the value of '
Apr 20 14:19:42 user devstack@c-api.service[82734]: INFO cinder.api.openstack.wsgi [None req-f5a9121f-37e2-49de-ba85-b5647074c757 tempest-QosSpecsTestJSON-1628992297 tempest-QosSpecsTestJSON-1628992297-project-admin] http://10.0.0.210/volume/v3/334cb3c48111488ca78bdbe50e8ba70a/qos-specs/3d2d1da6-c089-4607-a23b-4d0ea4399111 returned with HTTP 404
Apr 20 14:19:42 user devstack@c-api.service[82734]: [pid: 82734|app: 0|req: 13/71] 10.0.0.210 () {62 vars in 1408 bytes} [Thu Apr 20 14:19:42 2023] GET /volume/v3/334cb3c48111488ca78bdbe50e8ba70a/qos-specs/3d2d1da6-c089-4607-a23b-4d0ea4399111 => generated 100 bytes in 18 msecs (HTTP/1.1 404) 7 headers in 292 bytes (1 switches on core 0)
Apr 20 14:19:42 user devstack@c-api.service[82735]: INFO cinder.volume.api [None req-af68ef41-6f9f-4ad4-90bb-8a9249a15ab6 tempest-VolumeTypesAccessTest-517305480 tempest-VolumeTypesAccessTest-517305480-project-member] Volume info retrieved successfully.
Apr 20 14:19:42 user devstack@c-api.service[82733]: DEBUG cinder.api.middleware.request_id [None req-e0e38d25-48f2-436d-92b3-8a04b5e5c9e6 None None] RequestId filter calling following filter/app {{(pid=82733) _context_setter /opt/stack/cinder/cinder/api/middleware/request_id.py:62}}
Apr 20 14:19:42 user devstack@c-api.service[82733]: INFO cinder.api.openstack.wsgi [None req-e0e38d25-48f2-436d-92b3-8a04b5e5c9e6 tempest-QosSpecsTestJSON-1628992297 tempest-QosSpecsTestJSON-1628992297-project-admin] GET http://10.0.0.210/volume/v3/334cb3c48111488ca78bdbe50e8ba70a/qos-specs
Apr 20 14:19:42 user devstack@c-api.service[82733]: DEBUG cinder.api.openstack.wsgi [None req-e0e38d25-48f2-436d-92b3-8a04b5e5c9e6 tempest-QosSpecsTestJSON-1628992297 tempest-QosSpecsTestJSON-1628992297-project-admin] Empty body provided in request {{(pid=82733) get_body /opt/stack/cinder/cinder/api/openstack/wsgi.py:715}}
Apr 20 14:19:42 user devstack@c-api.service[82733]: DEBUG cinder.api.openstack.wsgi [None req-e0e38d25-48f2-436d-92b3-8a04b5e5c9e6 tempest-QosSpecsTestJSON-1628992297 tempest-QosSpecsTestJSON-1628992297-project-admin] Calling method 'index' {{(pid=82733) _process_stack /opt/stack/cinder/cinder/api/openstack/wsgi.py:868}}
Apr 20 14:19:42 user devstack@c-api.service[82733]: /usr/local/lib/python3.10/dist-packages/oslo_context/context.py:100: DeprecationWarning: Policy enforcement is depending on the value of is_admin. This key is deprecated. Please update your policy file to use the standard policy values.
Apr 20 14:19:42 user devstack@c-api.service[82733]: warnings.warn('Policy enforcement is depending on the value of '
Apr 20 14:19:42 user devstack@c-api.service[82735]: INFO cinder.api.openstack.wsgi [None req-af68ef41-6f9f-4ad4-90bb-8a9249a15ab6 tempest-VolumeTypesAccessTest-517305480 tempest-VolumeTypesAccessTest-517305480-project-member] http://10.0.0.210/volume/v3/a5a251b0ee85490e8e9762ad6011dde6/volumes/e898b4c9-4fa6-4004-9857-f522415633a8 returned with HTTP 200
Apr 20 14:19:42 user devstack@c-api.service[82735]: [pid: 82735|app: 0|req: 37/72] 10.0.0.210 () {62 vars in 1402 bytes} [Thu Apr 20 14:19:42 2023] GET /volume/v3/a5a251b0ee85490e8e9762ad6011dde6/volumes/e898b4c9-4fa6-4004-9857-f522415633a8 => generated 927 bytes in 44 msecs (HTTP/1.1 200) 7 headers in 285 bytes (1 switches on core 0)
Apr 20 14:19:42 user devstack@c-api.service[82733]: INFO cinder.api.openstack.wsgi [None req-e0e38d25-48f2-436d-92b3-8a04b5e5c9e6 tempest-QosSpecsTestJSON-1628992297 tempest-QosSpecsTestJSON-1628992297-project-admin] http://10.0.0.210/volume/v3/334cb3c48111488ca78bdbe50e8ba70a/qos-specs returned with HTTP 200
Apr 20 14:19:42 user devstack@c-api.service[82733]: [pid: 82733|app: 0|req: 23/73] 10.0.0.210 () {62 vars in 1297 bytes} [Thu Apr 20 14:19:42 2023] GET /volume/v3/334cb3c48111488ca78bdbe50e8ba70a/qos-specs => generated 174 bytes in 31 msecs (HTTP/1.1 200) 7 headers in 285 bytes (1 switches on core 0)
Apr 20 14:19:42 user devstack@c-api.service[82734]: DEBUG cinder.api.middleware.request_id [None req-34717b08-9ecb-49b4-a604-672bb57ea867 None None] RequestId filter calling following filter/app {{(pid=82734) _context_setter /opt/stack/cinder/cinder/api/middleware/request_id.py:62}}
Apr 20 14:19:42 user devstack@c-api.service[82734]: INFO cinder.api.openstack.wsgi [None req-34717b08-9ecb-49b4-a604-672bb57ea867 tempest-QosSpecsTestJSON-1628992297 tempest-QosSpecsTestJSON-1628992297-project-admin] DELETE http://10.0.0.210/volume/v3/334cb3c48111488ca78bdbe50e8ba70a/qos-specs/3d2d1da6-c089-4607-a23b-4d0ea4399111?force=False
Apr 20 14:19:42 user devstack@c-api.service[82734]: DEBUG cinder.api.openstack.wsgi [None req-34717b08-9ecb-49b4-a604-672bb57ea867 tempest-QosSpecsTestJSON-1628992297 tempest-QosSpecsTestJSON-1628992297-project-admin] Empty body provided in request {{(pid=82734) get_body /opt/stack/cinder/cinder/api/openstack/wsgi.py:715}}
Apr 20 14:19:42 user devstack@c-api.service[82734]: DEBUG cinder.api.openstack.wsgi [None req-34717b08-9ecb-49b4-a604-672bb57ea867 tempest-QosSpecsTestJSON-1628992297 tempest-QosSpecsTestJSON-1628992297-project-admin] Calling method 'delete' {{(pid=82734) _process_stack /opt/stack/cinder/cinder/api/openstack/wsgi.py:868}}
Apr 20 14:19:42 user devstack@c-api.service[82734]: DEBUG cinder.api.contrib.qos_specs_manage [None req-34717b08-9ecb-49b4-a604-672bb57ea867 tempest-QosSpecsTestJSON-1628992297 tempest-QosSpecsTestJSON-1628992297-project-admin] Delete qos_spec: 3d2d1da6-c089-4607-a23b-4d0ea4399111, force: False {{(pid=82734) delete /opt/stack/cinder/cinder/api/contrib/qos_specs_manage.py:168}}
Apr 20 14:19:42 user devstack@c-api.service[82734]: INFO cinder.api.openstack.wsgi [None req-34717b08-9ecb-49b4-a604-672bb57ea867 tempest-QosSpecsTestJSON-1628992297 tempest-QosSpecsTestJSON-1628992297-project-admin] http://10.0.0.210/volume/v3/334cb3c48111488ca78bdbe50e8ba70a/qos-specs/3d2d1da6-c089-4607-a23b-4d0ea4399111?force=False returned with HTTP 404
Apr 20 14:19:42 user devstack@c-api.service[82734]: [pid: 82734|app: 0|req: 14/74] 10.0.0.210 () {62 vars in 1434 bytes} [Thu Apr 20 14:19:42 2023] DELETE /volume/v3/334cb3c48111488ca78bdbe50e8ba70a/qos-specs/3d2d1da6-c089-4607-a23b-4d0ea4399111?force=False => generated 100 bytes in 17 msecs (HTTP/1.1 404) 7 headers in 292 bytes (1 switches on core 0)
Apr 20 14:19:42 user devstack@c-api.service[82735]: DEBUG cinder.api.middleware.request_id [None req-7b84562b-1fee-4ea2-b348-3ea1939edab4 None None] RequestId filter calling following filter/app {{(pid=82735) _context_setter /opt/stack/cinder/cinder/api/middleware/request_id.py:62}}
Apr 20 14:19:43 user devstack@c-api.service[82735]: INFO cinder.api.openstack.wsgi [None req-7b84562b-1fee-4ea2-b348-3ea1939edab4 tempest-QosSpecsTestJSON-1628992297 tempest-QosSpecsTestJSON-1628992297-project-admin] GET http://10.0.0.210/volume/v3/334cb3c48111488ca78bdbe50e8ba70a/qos-specs/3d2d1da6-c089-4607-a23b-4d0ea4399111
Apr 20 14:19:43 user devstack@c-api.service[82735]: DEBUG cinder.api.openstack.wsgi [None req-7b84562b-1fee-4ea2-b348-3ea1939edab4 tempest-QosSpecsTestJSON-1628992297 tempest-QosSpecsTestJSON-1628992297-project-admin] Empty body provided in request {{(pid=82735) get_body /opt/stack/cinder/cinder/api/openstack/wsgi.py:715}}
Apr 20 14:19:43 user devstack@c-api.service[82735]: DEBUG cinder.api.openstack.wsgi [None req-7b84562b-1fee-4ea2-b348-3ea1939edab4 tempest-QosSpecsTestJSON-1628992297 tempest-QosSpecsTestJSON-1628992297-project-admin] Calling method 'show' {{(pid=82735) _process_stack /opt/stack/cinder/cinder/api/openstack/wsgi.py:868}}
Apr 20 14:19:43 user devstack@c-api.service[82735]: INFO cinder.api.openstack.wsgi [None req-7b84562b-1fee-4ea2-b348-3ea1939edab4 tempest-QosSpecsTestJSON-1628992297 tempest-QosSpecsTestJSON-1628992297-project-admin] http://10.0.0.210/volume/v3/334cb3c48111488ca78bdbe50e8ba70a/qos-specs/3d2d1da6-c089-4607-a23b-4d0ea4399111 returned with HTTP 404
Apr 20 14:19:43 user devstack@c-api.service[82735]: [pid: 82735|app: 0|req: 38/75] 10.0.0.210 () {62 vars in 1408 bytes} [Thu Apr 20 14:19:42 2023] GET /volume/v3/334cb3c48111488ca78bdbe50e8ba70a/qos-specs/3d2d1da6-c089-4607-a23b-4d0ea4399111 => generated 100 bytes in 14 msecs (HTTP/1.1 404) 7 headers in 292 bytes (1 switches on core 0)
Apr 20 14:19:43 user devstack@c-api.service[82733]: DEBUG cinder.api.middleware.request_id [None req-321227d0-50e6-4957-940a-31e1c5bff905 None None] RequestId filter calling following filter/app {{(pid=82733) _context_setter /opt/stack/cinder/cinder/api/middleware/request_id.py:62}}
Apr 20 14:19:43 user devstack@c-api.service[82733]: INFO cinder.api.openstack.wsgi [None req-321227d0-50e6-4957-940a-31e1c5bff905 tempest-QosSpecsTestJSON-1628992297 tempest-QosSpecsTestJSON-1628992297-project-admin] POST http://10.0.0.210/volume/v3/334cb3c48111488ca78bdbe50e8ba70a/qos-specs
Apr 20 14:19:43 user devstack@c-api.service[82733]: DEBUG cinder.api.openstack.wsgi [None req-321227d0-50e6-4957-940a-31e1c5bff905 tempest-QosSpecsTestJSON-1628992297 tempest-QosSpecsTestJSON-1628992297-project-admin] Action: 'create', calling method: create, body: {"qos_specs": {"name": "tempest-QosSpecsTestJSON-qos-480408627", "consumer": "both"}} {{(pid=82733) _process_stack /opt/stack/cinder/cinder/api/openstack/wsgi.py:866}}
Apr 20 14:19:43 user devstack@c-api.service[82733]: /usr/local/lib/python3.10/dist-packages/oslo_context/context.py:100: DeprecationWarning: Policy enforcement is depending on the value of is_admin. This key is deprecated. Please update your policy file to use the standard policy values.
Apr 20 14:19:43 user devstack@c-api.service[82733]: warnings.warn('Policy enforcement is depending on the value of '
Apr 20 14:19:43 user devstack@c-api.service[82733]: DEBUG cinder.volume.qos_specs [None req-321227d0-50e6-4957-940a-31e1c5bff905 tempest-QosSpecsTestJSON-1628992297 tempest-QosSpecsTestJSON-1628992297-project-admin] Dict for qos_specs: {'name': 'tempest-QosSpecsTestJSON-qos-480408627', 'consumer': 'both', 'specs': {}} {{(pid=82733) create /opt/stack/cinder/cinder/volume/qos_specs.py:64}}
Apr 20 14:19:43 user devstack@c-api.service[82733]: DEBUG cinder.db.sqlalchemy.api [None req-321227d0-50e6-4957-940a-31e1c5bff905 tempest-QosSpecsTestJSON-1628992297 tempest-QosSpecsTestJSON-1628992297-project-admin] DB qos_specs_create(): root {'id': 'efef030f-0698-4bba-b57f-96dd6a0d6a70', 'key': 'QoS_Specs_Name', 'value': 'tempest-QosSpecsTestJSON-qos-480408627'} {{(pid=82733) qos_specs_create /opt/stack/cinder/cinder/db/sqlalchemy/api.py:5586}}
Apr 20 14:19:43 user devstack@c-api.service[82733]: INFO cinder.api.openstack.wsgi [None req-321227d0-50e6-4957-940a-31e1c5bff905 tempest-QosSpecsTestJSON-1628992297 tempest-QosSpecsTestJSON-1628992297-project-admin] http://10.0.0.210/volume/v3/334cb3c48111488ca78bdbe50e8ba70a/qos-specs returned with HTTP 200
Apr 20 14:19:43 user devstack@c-api.service[82733]: [pid: 82733|app: 0|req: 24/76] 10.0.0.210 () {64 vars in 1318 bytes} [Thu Apr 20 14:19:43 2023] POST /volume/v3/334cb3c48111488ca78bdbe50e8ba70a/qos-specs => generated 428 bytes in 27 msecs (HTTP/1.1 200) 7 headers in 285 bytes (1 switches on core 0)
Apr 20 14:19:43 user devstack@c-api.service[82734]: DEBUG cinder.api.middleware.request_id [None req-7f2cd09d-8e22-4f1d-a30a-16c243cf029d None None] RequestId filter calling following filter/app {{(pid=82734) _context_setter /opt/stack/cinder/cinder/api/middleware/request_id.py:62}}
Apr 20 14:19:43 user devstack@c-api.service[82734]: INFO cinder.api.openstack.wsgi [None req-7f2cd09d-8e22-4f1d-a30a-16c243cf029d tempest-QosSpecsTestJSON-1628992297 tempest-QosSpecsTestJSON-1628992297-project-admin] DELETE http://10.0.0.210/volume/v3/334cb3c48111488ca78bdbe50e8ba70a/qos-specs/efef030f-0698-4bba-b57f-96dd6a0d6a70?force=False
Apr 20 14:19:43 user devstack@c-api.service[82734]: DEBUG cinder.api.openstack.wsgi [None req-7f2cd09d-8e22-4f1d-a30a-16c243cf029d tempest-QosSpecsTestJSON-1628992297 tempest-QosSpecsTestJSON-1628992297-project-admin] Empty body provided in request {{(pid=82734) get_body /opt/stack/cinder/cinder/api/openstack/wsgi.py:715}}
Apr 20 14:19:43 user devstack@c-api.service[82734]: DEBUG cinder.api.openstack.wsgi [None req-7f2cd09d-8e22-4f1d-a30a-16c243cf029d tempest-QosSpecsTestJSON-1628992297 tempest-QosSpecsTestJSON-1628992297-project-admin] Calling method 'delete' {{(pid=82734) _process_stack /opt/stack/cinder/cinder/api/openstack/wsgi.py:868}}
Apr 20 14:19:43 user devstack@c-api.service[82734]: DEBUG cinder.api.contrib.qos_specs_manage [None req-7f2cd09d-8e22-4f1d-a30a-16c243cf029d tempest-QosSpecsTestJSON-1628992297 tempest-QosSpecsTestJSON-1628992297-project-admin] Delete qos_spec: efef030f-0698-4bba-b57f-96dd6a0d6a70, force: False {{(pid=82734) delete /opt/stack/cinder/cinder/api/contrib/qos_specs_manage.py:168}}
Apr 20 14:19:43 user devstack@c-api.service[82734]: INFO cinder.api.openstack.wsgi [None req-7f2cd09d-8e22-4f1d-a30a-16c243cf029d tempest-QosSpecsTestJSON-1628992297 tempest-QosSpecsTestJSON-1628992297-project-admin] http://10.0.0.210/volume/v3/334cb3c48111488ca78bdbe50e8ba70a/qos-specs/efef030f-0698-4bba-b57f-96dd6a0d6a70?force=False returned with HTTP 202
Apr 20 14:19:43 user devstack@c-api.service[82734]: [pid: 82734|app: 0|req: 15/77] 10.0.0.210 () {62 vars in 1434 bytes} [Thu Apr 20 14:19:43 2023] DELETE /volume/v3/334cb3c48111488ca78bdbe50e8ba70a/qos-specs/efef030f-0698-4bba-b57f-96dd6a0d6a70?force=False => generated 0 bytes in 43 msecs (HTTP/1.1 202) 6 headers in 233 bytes (1 switches on core 0)
Apr 20 14:19:43 user devstack@c-api.service[82735]: DEBUG cinder.api.middleware.request_id [None req-95393e88-b253-482f-b050-ac34e7f63c88 None None] RequestId filter calling following filter/app {{(pid=82735) _context_setter /opt/stack/cinder/cinder/api/middleware/request_id.py:62}}
Apr 20 14:19:43 user devstack@c-api.service[82735]: INFO cinder.api.openstack.wsgi [None req-95393e88-b253-482f-b050-ac34e7f63c88 tempest-QosSpecsTestJSON-1628992297 tempest-QosSpecsTestJSON-1628992297-project-admin] GET http://10.0.0.210/volume/v3/334cb3c48111488ca78bdbe50e8ba70a/qos-specs/efef030f-0698-4bba-b57f-96dd6a0d6a70
Apr 20 14:19:43 user devstack@c-api.service[82735]: DEBUG cinder.api.openstack.wsgi [None req-95393e88-b253-482f-b050-ac34e7f63c88 tempest-QosSpecsTestJSON-1628992297 tempest-QosSpecsTestJSON-1628992297-project-admin] Empty body provided in request {{(pid=82735) get_body /opt/stack/cinder/cinder/api/openstack/wsgi.py:715}}
Apr 20 14:19:43 user devstack@c-api.service[82735]: DEBUG cinder.api.openstack.wsgi [None req-95393e88-b253-482f-b050-ac34e7f63c88 tempest-QosSpecsTestJSON-1628992297 tempest-QosSpecsTestJSON-1628992297-project-admin] Calling method 'show' {{(pid=82735) _process_stack /opt/stack/cinder/cinder/api/openstack/wsgi.py:868}}
Apr 20 14:19:43 user devstack@c-api.service[82735]: INFO cinder.api.openstack.wsgi [None req-95393e88-b253-482f-b050-ac34e7f63c88 tempest-QosSpecsTestJSON-1628992297 tempest-QosSpecsTestJSON-1628992297-project-admin] http://10.0.0.210/volume/v3/334cb3c48111488ca78bdbe50e8ba70a/qos-specs/efef030f-0698-4bba-b57f-96dd6a0d6a70 returned with HTTP 404
Apr 20 14:19:43 user devstack@c-api.service[82735]: [pid: 82735|app: 0|req: 39/78] 10.0.0.210 () {62 vars in 1408 bytes} [Thu Apr 20 14:19:43 2023] GET /volume/v3/334cb3c48111488ca78bdbe50e8ba70a/qos-specs/efef030f-0698-4bba-b57f-96dd6a0d6a70 => generated 100 bytes in 13 msecs (HTTP/1.1 404) 7 headers in 292 bytes (1 switches on core 0)
Apr 20 14:19:43 user devstack@c-api.service[82733]: DEBUG cinder.api.middleware.request_id [None req-5452a662-4951-4097-bd76-691393d523d1 None None] RequestId filter calling following filter/app {{(pid=82733) _context_setter /opt/stack/cinder/cinder/api/middleware/request_id.py:62}}
Apr 20 14:19:43 user devstack@c-api.service[82733]: INFO cinder.api.openstack.wsgi [None req-5452a662-4951-4097-bd76-691393d523d1 tempest-QosSpecsTestJSON-1628992297 tempest-QosSpecsTestJSON-1628992297-project-admin] GET http://10.0.0.210/volume/v3/334cb3c48111488ca78bdbe50e8ba70a/qos-specs
Apr 20 14:19:43 user devstack@c-api.service[82733]: DEBUG cinder.api.openstack.wsgi [None req-5452a662-4951-4097-bd76-691393d523d1 tempest-QosSpecsTestJSON-1628992297 tempest-QosSpecsTestJSON-1628992297-project-admin] Empty body provided in request {{(pid=82733) get_body /opt/stack/cinder/cinder/api/openstack/wsgi.py:715}}
Apr 20 14:19:43 user devstack@c-api.service[82733]: DEBUG cinder.api.openstack.wsgi [None req-5452a662-4951-4097-bd76-691393d523d1 tempest-QosSpecsTestJSON-1628992297 tempest-QosSpecsTestJSON-1628992297-project-admin] Calling method 'index' {{(pid=82733) _process_stack /opt/stack/cinder/cinder/api/openstack/wsgi.py:868}}
Apr 20 14:19:43 user devstack@c-api.service[82733]: /usr/local/lib/python3.10/dist-packages/oslo_context/context.py:100: DeprecationWarning: Policy enforcement is depending on the value of is_admin. This key is deprecated. Please update your policy file to use the standard policy values.
Apr 20 14:19:43 user devstack@c-api.service[82733]: warnings.warn('Policy enforcement is depending on the value of '
Apr 20 14:19:43 user devstack@c-api.service[82733]: INFO cinder.api.openstack.wsgi [None req-5452a662-4951-4097-bd76-691393d523d1 tempest-QosSpecsTestJSON-1628992297 tempest-QosSpecsTestJSON-1628992297-project-admin] http://10.0.0.210/volume/v3/334cb3c48111488ca78bdbe50e8ba70a/qos-specs returned with HTTP 200
Apr 20 14:19:43 user devstack@c-api.service[82733]: [pid: 82733|app: 0|req: 25/79] 10.0.0.210 () {62 vars in 1297 bytes} [Thu Apr 20 14:19:43 2023] GET /volume/v3/334cb3c48111488ca78bdbe50e8ba70a/qos-specs => generated 174 bytes in 15 msecs (HTTP/1.1 200) 7 headers in 285 bytes (1 switches on core 0)
Apr 20 14:19:43 user devstack@c-api.service[82734]: DEBUG cinder.api.middleware.request_id [None req-feeb3021-b87f-45ac-8833-f502dd222986 None None] RequestId filter calling following filter/app {{(pid=82734) _context_setter /opt/stack/cinder/cinder/api/middleware/request_id.py:62}}
Apr 20 14:19:43 user devstack@c-api.service[82734]: INFO cinder.api.openstack.wsgi [None req-feeb3021-b87f-45ac-8833-f502dd222986 tempest-QosSpecsTestJSON-1628992297 tempest-QosSpecsTestJSON-1628992297-project-admin] DELETE http://10.0.0.210/volume/v3/334cb3c48111488ca78bdbe50e8ba70a/qos-specs/efef030f-0698-4bba-b57f-96dd6a0d6a70?force=False
Apr 20 14:19:43 user devstack@c-api.service[82734]: DEBUG cinder.api.openstack.wsgi [None req-feeb3021-b87f-45ac-8833-f502dd222986 tempest-QosSpecsTestJSON-1628992297 tempest-QosSpecsTestJSON-1628992297-project-admin] Empty body provided in request {{(pid=82734) get_body /opt/stack/cinder/cinder/api/openstack/wsgi.py:715}}
Apr 20 14:19:43 user devstack@c-api.service[82734]: DEBUG cinder.api.openstack.wsgi [None req-feeb3021-b87f-45ac-8833-f502dd222986 tempest-QosSpecsTestJSON-1628992297 tempest-QosSpecsTestJSON-1628992297-project-admin] Calling method 'delete' {{(pid=82734) _process_stack /opt/stack/cinder/cinder/api/openstack/wsgi.py:868}}
Apr 20 14:19:43 user devstack@c-api.service[82734]: /usr/local/lib/python3.10/dist-packages/oslo_context/context.py:100: DeprecationWarning: Policy enforcement is depending on the value of is_admin. This key is deprecated. Please update your policy file to use the standard policy values.
Apr 20 14:19:43 user devstack@c-api.service[82734]: warnings.warn('Policy enforcement is depending on the value of '
Apr 20 14:19:43 user devstack@c-api.service[82734]: DEBUG cinder.api.contrib.qos_specs_manage [None req-feeb3021-b87f-45ac-8833-f502dd222986 tempest-QosSpecsTestJSON-1628992297 tempest-QosSpecsTestJSON-1628992297-project-admin] Delete qos_spec: efef030f-0698-4bba-b57f-96dd6a0d6a70, force: False {{(pid=82734) delete /opt/stack/cinder/cinder/api/contrib/qos_specs_manage.py:168}}
Apr 20 14:19:43 user devstack@c-api.service[82734]: INFO cinder.api.openstack.wsgi [None req-feeb3021-b87f-45ac-8833-f502dd222986 tempest-QosSpecsTestJSON-1628992297 tempest-QosSpecsTestJSON-1628992297-project-admin] http://10.0.0.210/volume/v3/334cb3c48111488ca78bdbe50e8ba70a/qos-specs/efef030f-0698-4bba-b57f-96dd6a0d6a70?force=False returned with HTTP 404
Apr 20 14:19:43 user devstack@c-api.service[82734]: [pid: 82734|app: 0|req: 16/80] 10.0.0.210 () {62 vars in 1434 bytes} [Thu Apr 20 14:19:43 2023] DELETE /volume/v3/334cb3c48111488ca78bdbe50e8ba70a/qos-specs/efef030f-0698-4bba-b57f-96dd6a0d6a70?force=False => generated 100 bytes in 14 msecs (HTTP/1.1 404) 7 headers in 292 bytes (1 switches on core 0)
Apr 20 14:19:43 user devstack@c-api.service[82735]: DEBUG cinder.api.middleware.request_id [None req-fda88475-4edb-4fed-abaa-2e2ec6b4edc9 None None] RequestId filter calling following filter/app {{(pid=82735) _context_setter /opt/stack/cinder/cinder/api/middleware/request_id.py:62}}
Apr 20 14:19:43 user devstack@c-api.service[82735]: INFO cinder.api.openstack.wsgi [None req-fda88475-4edb-4fed-abaa-2e2ec6b4edc9 tempest-QosSpecsTestJSON-1628992297 tempest-QosSpecsTestJSON-1628992297-project-admin] GET http://10.0.0.210/volume/v3/334cb3c48111488ca78bdbe50e8ba70a/qos-specs/efef030f-0698-4bba-b57f-96dd6a0d6a70
Apr 20 14:19:43 user devstack@c-api.service[82735]: DEBUG cinder.api.openstack.wsgi [None req-fda88475-4edb-4fed-abaa-2e2ec6b4edc9 tempest-QosSpecsTestJSON-1628992297 tempest-QosSpecsTestJSON-1628992297-project-admin] Empty body provided in request {{(pid=82735) get_body /opt/stack/cinder/cinder/api/openstack/wsgi.py:715}}
Apr 20 14:19:43 user devstack@c-api.service[82735]: DEBUG cinder.api.openstack.wsgi [None req-fda88475-4edb-4fed-abaa-2e2ec6b4edc9 tempest-QosSpecsTestJSON-1628992297 tempest-QosSpecsTestJSON-1628992297-project-admin] Calling method 'show' {{(pid=82735) _process_stack /opt/stack/cinder/cinder/api/openstack/wsgi.py:868}}
Apr 20 14:19:43 user devstack@c-api.service[82735]: INFO cinder.api.openstack.wsgi [None req-fda88475-4edb-4fed-abaa-2e2ec6b4edc9 tempest-QosSpecsTestJSON-1628992297 tempest-QosSpecsTestJSON-1628992297-project-admin] http://10.0.0.210/volume/v3/334cb3c48111488ca78bdbe50e8ba70a/qos-specs/efef030f-0698-4bba-b57f-96dd6a0d6a70 returned with HTTP 404
Apr 20 14:19:43 user devstack@c-api.service[82735]: [pid: 82735|app: 0|req: 40/81] 10.0.0.210 () {62 vars in 1408 bytes} [Thu Apr 20 14:19:43 2023] GET /volume/v3/334cb3c48111488ca78bdbe50e8ba70a/qos-specs/efef030f-0698-4bba-b57f-96dd6a0d6a70 => generated 100 bytes in 13 msecs (HTTP/1.1 404) 7 headers in 292 bytes (1 switches on core 0)
Apr 20 14:19:43 user devstack@c-api.service[82733]: DEBUG cinder.api.middleware.request_id [None req-6df6e389-254c-4767-84db-7c47b0139f88 None None] RequestId filter calling following filter/app {{(pid=82733) _context_setter /opt/stack/cinder/cinder/api/middleware/request_id.py:62}}
Apr 20 14:19:43 user devstack@c-api.service[82733]: INFO cinder.api.openstack.wsgi [None req-6df6e389-254c-4767-84db-7c47b0139f88 tempest-QosSpecsTestJSON-1628992297 tempest-QosSpecsTestJSON-1628992297-project-admin] POST http://10.0.0.210/volume/v3/334cb3c48111488ca78bdbe50e8ba70a/qos-specs
Apr 20 14:19:43 user devstack@c-api.service[82733]: DEBUG cinder.api.openstack.wsgi [None req-6df6e389-254c-4767-84db-7c47b0139f88 tempest-QosSpecsTestJSON-1628992297 tempest-QosSpecsTestJSON-1628992297-project-admin] Action: 'create', calling method: create, body: {"qos_specs": {"name": "tempest-QosSpecsTestJSON-qos-1180563396", "consumer": "front-end"}} {{(pid=82733) _process_stack /opt/stack/cinder/cinder/api/openstack/wsgi.py:866}}
Apr 20 14:19:43 user devstack@c-api.service[82733]: /usr/local/lib/python3.10/dist-packages/oslo_context/context.py:100: DeprecationWarning: Policy enforcement is depending on the value of is_admin. This key is deprecated. Please update your policy file to use the standard policy values.
Apr 20 14:19:43 user devstack@c-api.service[82733]: warnings.warn('Policy enforcement is depending on the value of '
Apr 20 14:19:43 user devstack@c-api.service[82733]: DEBUG cinder.volume.qos_specs [None req-6df6e389-254c-4767-84db-7c47b0139f88 tempest-QosSpecsTestJSON-1628992297 tempest-QosSpecsTestJSON-1628992297-project-admin] Dict for qos_specs: {'name': 'tempest-QosSpecsTestJSON-qos-1180563396', 'consumer': 'front-end', 'specs': {}} {{(pid=82733) create /opt/stack/cinder/cinder/volume/qos_specs.py:64}}
Apr 20 14:19:43 user devstack@c-api.service[82733]: DEBUG cinder.db.sqlalchemy.api [None req-6df6e389-254c-4767-84db-7c47b0139f88 tempest-QosSpecsTestJSON-1628992297 tempest-QosSpecsTestJSON-1628992297-project-admin] DB qos_specs_create(): root {'id': '4ec22b1b-f3a0-4f50-80af-78b6beb420af', 'key': 'QoS_Specs_Name', 'value': 'tempest-QosSpecsTestJSON-qos-1180563396'} {{(pid=82733) qos_specs_create /opt/stack/cinder/cinder/db/sqlalchemy/api.py:5586}}
Apr 20 14:19:43 user devstack@c-api.service[82733]: INFO cinder.api.openstack.wsgi [None req-6df6e389-254c-4767-84db-7c47b0139f88 tempest-QosSpecsTestJSON-1628992297 tempest-QosSpecsTestJSON-1628992297-project-admin] http://10.0.0.210/volume/v3/334cb3c48111488ca78bdbe50e8ba70a/qos-specs returned with HTTP 200
Apr 20 14:19:43 user devstack@c-api.service[82733]: [pid: 82733|app: 0|req: 26/82] 10.0.0.210 () {64 vars in 1318 bytes} [Thu Apr 20 14:19:43 2023] POST /volume/v3/334cb3c48111488ca78bdbe50e8ba70a/qos-specs => generated 434 bytes in 27 msecs (HTTP/1.1 200) 7 headers in 285 bytes (1 switches on core 0)
Apr 20 14:19:43 user devstack@c-api.service[82734]: DEBUG cinder.api.middleware.request_id [None req-0864fce2-04ae-4b34-98c5-e1b9aa5cd522 None None] RequestId filter calling following filter/app {{(pid=82734) _context_setter /opt/stack/cinder/cinder/api/middleware/request_id.py:62}}
Apr 20 14:19:43 user devstack@c-api.service[82734]: INFO cinder.api.openstack.wsgi [None req-0864fce2-04ae-4b34-98c5-e1b9aa5cd522 tempest-QosSpecsTestJSON-1628992297 tempest-QosSpecsTestJSON-1628992297-project-admin] DELETE http://10.0.0.210/volume/v3/334cb3c48111488ca78bdbe50e8ba70a/qos-specs/4ec22b1b-f3a0-4f50-80af-78b6beb420af?force=False
Apr 20 14:19:43 user devstack@c-api.service[82734]: DEBUG cinder.api.openstack.wsgi [None req-0864fce2-04ae-4b34-98c5-e1b9aa5cd522 tempest-QosSpecsTestJSON-1628992297 tempest-QosSpecsTestJSON-1628992297-project-admin] Empty body provided in request {{(pid=82734) get_body /opt/stack/cinder/cinder/api/openstack/wsgi.py:715}}
Apr 20 14:19:43 user devstack@c-api.service[82734]: DEBUG cinder.api.openstack.wsgi [None req-0864fce2-04ae-4b34-98c5-e1b9aa5cd522 tempest-QosSpecsTestJSON-1628992297 tempest-QosSpecsTestJSON-1628992297-project-admin] Calling method 'delete' {{(pid=82734) _process_stack /opt/stack/cinder/cinder/api/openstack/wsgi.py:868}}
Apr 20 14:19:43 user devstack@c-api.service[82734]: DEBUG cinder.api.contrib.qos_specs_manage [None req-0864fce2-04ae-4b34-98c5-e1b9aa5cd522 tempest-QosSpecsTestJSON-1628992297 tempest-QosSpecsTestJSON-1628992297-project-admin] Delete qos_spec: 4ec22b1b-f3a0-4f50-80af-78b6beb420af, force: False {{(pid=82734) delete /opt/stack/cinder/cinder/api/contrib/qos_specs_manage.py:168}}
Apr 20 14:19:43 user devstack@c-api.service[82734]: INFO cinder.api.openstack.wsgi [None req-0864fce2-04ae-4b34-98c5-e1b9aa5cd522 tempest-QosSpecsTestJSON-1628992297 tempest-QosSpecsTestJSON-1628992297-project-admin] http://10.0.0.210/volume/v3/334cb3c48111488ca78bdbe50e8ba70a/qos-specs/4ec22b1b-f3a0-4f50-80af-78b6beb420af?force=False returned with HTTP 202
Apr 20 14:19:43 user devstack@c-api.service[82734]: [pid: 82734|app: 0|req: 17/83] 10.0.0.210 () {62 vars in 1434 bytes} [Thu Apr 20 14:19:43 2023] DELETE /volume/v3/334cb3c48111488ca78bdbe50e8ba70a/qos-specs/4ec22b1b-f3a0-4f50-80af-78b6beb420af?force=False => generated 0 bytes in 35 msecs (HTTP/1.1 202) 6 headers in 233 bytes (1 switches on core 0)
Apr 20 14:19:43 user devstack@c-api.service[82735]: DEBUG cinder.api.middleware.request_id [None req-aa759c40-e35d-4ca9-a053-80ac8fc14ccc None None] RequestId filter calling following filter/app {{(pid=82735) _context_setter /opt/stack/cinder/cinder/api/middleware/request_id.py:62}}
Apr 20 14:19:43 user devstack@c-api.service[82735]: INFO cinder.api.openstack.wsgi [None req-aa759c40-e35d-4ca9-a053-80ac8fc14ccc tempest-QosSpecsTestJSON-1628992297 tempest-QosSpecsTestJSON-1628992297-project-admin] GET http://10.0.0.210/volume/v3/334cb3c48111488ca78bdbe50e8ba70a/qos-specs/4ec22b1b-f3a0-4f50-80af-78b6beb420af
Apr 20 14:19:43 user devstack@c-api.service[82735]: DEBUG cinder.api.openstack.wsgi [None req-aa759c40-e35d-4ca9-a053-80ac8fc14ccc tempest-QosSpecsTestJSON-1628992297 tempest-QosSpecsTestJSON-1628992297-project-admin] Empty body provided in request {{(pid=82735) get_body /opt/stack/cinder/cinder/api/openstack/wsgi.py:715}}
Apr 20 14:19:43 user devstack@c-api.service[82735]: DEBUG cinder.api.openstack.wsgi [None req-aa759c40-e35d-4ca9-a053-80ac8fc14ccc tempest-QosSpecsTestJSON-1628992297 tempest-QosSpecsTestJSON-1628992297-project-admin] Calling method 'show' {{(pid=82735) _process_stack /opt/stack/cinder/cinder/api/openstack/wsgi.py:868}}
Apr 20 14:19:43 user devstack@c-api.service[82735]: INFO cinder.api.openstack.wsgi [None req-aa759c40-e35d-4ca9-a053-80ac8fc14ccc tempest-QosSpecsTestJSON-1628992297 tempest-QosSpecsTestJSON-1628992297-project-admin] http://10.0.0.210/volume/v3/334cb3c48111488ca78bdbe50e8ba70a/qos-specs/4ec22b1b-f3a0-4f50-80af-78b6beb420af returned with HTTP 404
Apr 20 14:19:43 user devstack@c-api.service[82735]: [pid: 82735|app: 0|req: 41/84] 10.0.0.210 () {62 vars in 1408 bytes} [Thu Apr 20 14:19:43 2023] GET /volume/v3/334cb3c48111488ca78bdbe50e8ba70a/qos-specs/4ec22b1b-f3a0-4f50-80af-78b6beb420af => generated 100 bytes in 22 msecs (HTTP/1.1 404) 7 headers in 292 bytes (1 switches on core 0)
Apr 20 14:19:43 user devstack@c-api.service[82733]: DEBUG cinder.api.middleware.request_id [None req-9f0054ec-4327-497f-96f5-cf240a72a08f None None] RequestId filter calling following filter/app {{(pid=82733) _context_setter /opt/stack/cinder/cinder/api/middleware/request_id.py:62}}
Apr 20 14:19:43 user devstack@c-api.service[82733]: INFO cinder.api.openstack.wsgi [None req-9f0054ec-4327-497f-96f5-cf240a72a08f tempest-QosSpecsTestJSON-1628992297 tempest-QosSpecsTestJSON-1628992297-project-admin] GET http://10.0.0.210/volume/v3/334cb3c48111488ca78bdbe50e8ba70a/qos-specs
Apr 20 14:19:43 user devstack@c-api.service[82733]: DEBUG cinder.api.openstack.wsgi [None req-9f0054ec-4327-497f-96f5-cf240a72a08f tempest-QosSpecsTestJSON-1628992297 tempest-QosSpecsTestJSON-1628992297-project-admin] Empty body provided in request {{(pid=82733) get_body /opt/stack/cinder/cinder/api/openstack/wsgi.py:715}}
Apr 20 14:19:43 user devstack@c-api.service[82733]: DEBUG cinder.api.openstack.wsgi [None req-9f0054ec-4327-497f-96f5-cf240a72a08f tempest-QosSpecsTestJSON-1628992297 tempest-QosSpecsTestJSON-1628992297-project-admin] Calling method 'index' {{(pid=82733) _process_stack /opt/stack/cinder/cinder/api/openstack/wsgi.py:868}}
Apr 20 14:19:43 user devstack@c-api.service[82733]: /usr/local/lib/python3.10/dist-packages/oslo_context/context.py:100: DeprecationWarning: Policy enforcement is depending on the value of is_admin. This key is deprecated. Please update your policy file to use the standard policy values.
Apr 20 14:19:43 user devstack@c-api.service[82733]: warnings.warn('Policy enforcement is depending on the value of '
Apr 20 14:19:43 user devstack@c-api.service[82733]: INFO cinder.api.openstack.wsgi [None req-9f0054ec-4327-497f-96f5-cf240a72a08f tempest-QosSpecsTestJSON-1628992297 tempest-QosSpecsTestJSON-1628992297-project-admin] http://10.0.0.210/volume/v3/334cb3c48111488ca78bdbe50e8ba70a/qos-specs returned with HTTP 200
Apr 20 14:19:43 user devstack@c-api.service[82733]: [pid: 82733|app: 0|req: 27/85] 10.0.0.210 () {62 vars in 1297 bytes} [Thu Apr 20 14:19:43 2023] GET /volume/v3/334cb3c48111488ca78bdbe50e8ba70a/qos-specs => generated 174 bytes in 15 msecs (HTTP/1.1 200) 7 headers in 285 bytes (1 switches on core 0)
