Apr 20 14:10:09 user devstack@keystone.service[53543]: DEBUG keystone.server.flask.request_processing.req_logging [None req-62b10a41-e6e9-4404-aa48-1deca96efdbd None admin] PATH_INFO: `/v3/projects/00e240012903450d80c9fb5eedf92a25/users/42ef1d16fb41466681a322fe4ce3b604/roles/3f8ae730ba2647d2beec408229c71a63` {{(pid=53543) log_request_info /opt/stack/keystone/keystone/server/flask/request_processing/req_logging.py:29}}
Apr 20 14:10:09 user devstack@keystone.service[53541]: DEBUG dbcounter [-] [53541] Writing DB stats keystone:SELECT=100 {{(pid=53541) stat_writer /usr/local/lib/python3.10/dist-packages/dbcounter.py:117}}
Apr 20 14:10:09 user devstack@keystone.service[53543]: DEBUG keystone.common.rbac_enforcer.enforcer [None req-62b10a41-e6e9-4404-aa48-1deca96efdbd None admin] RBAC: Authorizing `identity:create_grant(project_id=00e240012903450d80c9fb5eedf92a25, user_id=42ef1d16fb41466681a322fe4ce3b604, role_id=3f8ae730ba2647d2beec408229c71a63)` {{(pid=53543) enforce_call /opt/stack/keystone/keystone/common/rbac_enforcer/enforcer.py:449}}
Apr 20 14:10:09 user devstack@keystone.service[53543]: DEBUG keystone.common.rbac_enforcer.enforcer [None req-62b10a41-e6e9-4404-aa48-1deca96efdbd None admin] RBAC: Authorization granted {{(pid=53543) enforce_call /opt/stack/keystone/keystone/common/rbac_enforcer/enforcer.py:457}}
Apr 20 14:10:09 user devstack@keystone.service[53543]: DEBUG dbcounter [-] [53543] Writing DB stats keystone:SELECT=99,keystone:INSERT=1 {{(pid=53543) stat_writer /usr/local/lib/python3.10/dist-packages/dbcounter.py:117}}
Apr 20 14:10:09 user devstack@keystone.service[53542]: DEBUG dbcounter [-] [53542] Writing DB stats keystone:SELECT=97,keystone:INSERT=3 {{(pid=53542) stat_writer /usr/local/lib/python3.10/dist-packages/dbcounter.py:117}}
Apr 20 14:10:09 user devstack@keystone.service[53543]: [pid: 53543|app: 0|req: 31/83] 10.0.0.210 () {58 vars in 1434 bytes} [Thu Apr 20 14:10:09 2023] PUT /identity/v3/projects/00e240012903450d80c9fb5eedf92a25/users/42ef1d16fb41466681a322fe4ce3b604/roles/3f8ae730ba2647d2beec408229c71a63 => generated 0 bytes in 145 msecs (HTTP/1.1 204) 3 headers in 132 bytes (0 switches on core 0)
Apr 20 14:10:09 user devstack@keystone.service[53541]: DEBUG keystone.server.flask.request_processing.middleware.auth_context [None req-7377e213-7fcf-4f9f-afee-5513497ec71f None admin] RBAC: auth_context: {'token': , 'domain_id': None, 'trust_id': None, 'trustor_id': None, 'trustee_id': None, 'domain_name': None, 'group_ids': [], 'user_id': '42ef1d16fb41466681a322fe4ce3b604', 'user_domain_id': 'default', 'system_scope': 'all', 'project_id': None, 'project_domain_id': None, 'roles': ['admin', 'member', 'reader'], 'is_admin_project': True, 'service_user_id': None, 'service_user_domain_id': None, 'service_project_id': None, 'service_project_domain_id': None, 'service_roles': []} {{(pid=53541) fill_context /opt/stack/keystone/keystone/server/flask/request_processing/middleware/auth_context.py:478}}
Apr 20 14:10:09 user devstack@keystone.service[53541]: DEBUG keystone.server.flask.request_processing.req_logging [None req-7377e213-7fcf-4f9f-afee-5513497ec71f None admin] REQUEST_METHOD: `PUT` {{(pid=53541) log_request_info /opt/stack/keystone/keystone/server/flask/request_processing/req_logging.py:27}}
Apr 20 14:10:09 user devstack@keystone.service[53541]: DEBUG keystone.server.flask.request_processing.req_logging [None req-7377e213-7fcf-4f9f-afee-5513497ec71f None admin] SCRIPT_NAME: `/identity` {{(pid=53541) log_request_info /opt/stack/keystone/keystone/server/flask/request_processing/req_logging.py:28}}
Apr 20 14:10:09 user devstack@keystone.service[53541]: DEBUG keystone.server.flask.request_processing.req_logging [None req-7377e213-7fcf-4f9f-afee-5513497ec71f None admin] PATH_INFO: `/v3/projects/00e240012903450d80c9fb5eedf92a25/users/c42752d326e3409a85165306048e9d7e/roles/8c44244d5b8f427f990d2c131897cd87` {{(pid=53541) log_request_info /opt/stack/keystone/keystone/server/flask/request_processing/req_logging.py:29}}
Apr 20 14:10:09 user devstack@keystone.service[53541]: DEBUG keystone.common.rbac_enforcer.enforcer [None req-7377e213-7fcf-4f9f-afee-5513497ec71f None admin] RBAC: Authorizing `identity:create_grant(project_id=00e240012903450d80c9fb5eedf92a25, user_id=c42752d326e3409a85165306048e9d7e, role_id=8c44244d5b8f427f990d2c131897cd87)` {{(pid=53541) enforce_call /opt/stack/keystone/keystone/common/rbac_enforcer/enforcer.py:449}}
Apr 20 14:10:09 user devstack@keystone.service[53541]: DEBUG keystone.common.rbac_enforcer.enforcer [None req-7377e213-7fcf-4f9f-afee-5513497ec71f None admin] RBAC: Authorization granted {{(pid=53541) enforce_call /opt/stack/keystone/keystone/common/rbac_enforcer/enforcer.py:457}}
Apr 20 14:10:09 user devstack@keystone.service[53541]: [pid: 53541|app: 0|req: 27/84] 10.0.0.210 () {58 vars in 1434 bytes} [Thu Apr 20 14:10:09 2023] PUT /identity/v3/projects/00e240012903450d80c9fb5eedf92a25/users/c42752d326e3409a85165306048e9d7e/roles/8c44244d5b8f427f990d2c131897cd87 => generated 0 bytes in 155 msecs (HTTP/1.1 204) 3 headers in 132 bytes (0 switches on core 0)
Apr 20 14:10:09 user devstack@keystone.service[53542]: DEBUG keystone.server.flask.request_processing.middleware.auth_context [None req-31dafd0d-cca4-4d0c-afea-cdc9743c0361 None admin] Validating token access rules against request {{(pid=53542) validate_allowed_request /usr/local/lib/python3.10/dist-packages/keystonemiddleware/auth_token/__init__.py:544}}
Apr 20 14:10:09 user devstack@keystone.service[53542]: DEBUG keystone.server.flask.request_processing.middleware.auth_context [None req-ee63cb36-2caf-4242-9452-42e9bd9ddcee None admin] RBAC: auth_context: {'token': , 'domain_id': None, 'trust_id': None, 'trustor_id': None, 'trustee_id': None, 'domain_name': None, 'group_ids': [], 'user_id': '42ef1d16fb41466681a322fe4ce3b604', 'user_domain_id': 'default', 'system_scope': 'all', 'project_id': None, 'project_domain_id': None, 'roles': ['admin', 'member', 'reader'], 'is_admin_project': True, 'service_user_id': None, 'service_user_domain_id': None, 'service_project_id': None, 'service_project_domain_id': None, 'service_roles': []} {{(pid=53542) fill_context /opt/stack/keystone/keystone/server/flask/request_processing/middleware/auth_context.py:478}}
Apr 20 14:10:09 user devstack@keystone.service[53542]: DEBUG keystone.server.flask.request_processing.req_logging [None req-ee63cb36-2caf-4242-9452-42e9bd9ddcee None admin] REQUEST_METHOD: `GET` {{(pid=53542) log_request_info /opt/stack/keystone/keystone/server/flask/request_processing/req_logging.py:27}}
Apr 20 14:10:09 user devstack@keystone.service[53542]: DEBUG keystone.server.flask.request_processing.req_logging [None req-ee63cb36-2caf-4242-9452-42e9bd9ddcee None admin] SCRIPT_NAME: `/identity` {{(pid=53542) log_request_info /opt/stack/keystone/keystone/server/flask/request_processing/req_logging.py:28}}
Apr 20 14:10:09 user devstack@keystone.service[53542]: DEBUG keystone.server.flask.request_processing.req_logging [None req-ee63cb36-2caf-4242-9452-42e9bd9ddcee None admin] PATH_INFO: `/v3/projects/2fa7b451afdb4d3d97675d63f00ea752` {{(pid=53542) log_request_info /opt/stack/keystone/keystone/server/flask/request_processing/req_logging.py:29}}
Apr 20 14:10:09 user devstack@keystone.service[53542]: DEBUG keystone.common.rbac_enforcer.enforcer [None req-ee63cb36-2caf-4242-9452-42e9bd9ddcee None admin] RBAC: Authorizing `identity:get_project(project_id=2fa7b451afdb4d3d97675d63f00ea752)` {{(pid=53542) enforce_call /opt/stack/keystone/keystone/common/rbac_enforcer/enforcer.py:449}}
Apr 20 14:10:09 user devstack@keystone.service[53542]: DEBUG keystone.common.rbac_enforcer.enforcer [None req-ee63cb36-2caf-4242-9452-42e9bd9ddcee None admin] RBAC: Authorization granted {{(pid=53542) enforce_call /opt/stack/keystone/keystone/common/rbac_enforcer/enforcer.py:457}}
Apr 20 14:10:09 user devstack@keystone.service[53542]: [pid: 53542|app: 0|req: 27/85] 10.0.0.210 () {56 vars in 1181 bytes} [Thu Apr 20 14:10:09 2023] GET /identity/v3/projects/2fa7b451afdb4d3d97675d63f00ea752 => generated 311 bytes in 133 msecs (HTTP/1.1 200) 5 headers in 177 bytes (1 switches on core 0)
Apr 20 14:10:09 user devstack@keystone.service[53543]: DEBUG keystone.server.flask.request_processing.middleware.auth_context [None req-62b10a41-e6e9-4404-aa48-1deca96efdbd None admin] Authenticating user token {{(pid=53543) process_request /usr/local/lib/python3.10/dist-packages/keystonemiddleware/auth_token/__init__.py:406}}
Apr 20 14:10:09 user devstack@keystone.service[53543]: DEBUG keystone.server.flask.request_processing.middleware.auth_context [None req-62b10a41-e6e9-4404-aa48-1deca96efdbd None admin] Validating token access rules against request {{(pid=53543) validate_allowed_request /usr/local/lib/python3.10/dist-packages/keystonemiddleware/auth_token/__init__.py:544}}
Apr 20 14:10:09 user devstack@keystone.service[53543]: DEBUG keystone.server.flask.request_processing.middleware.auth_context [None req-0319febf-20e2-42fb-b8b5-e204054c2d94 None admin] RBAC: auth_context: {'token': , 'domain_id': None, 'trust_id': None, 'trustor_id': None, 'trustee_id': None, 'domain_name': None, 'group_ids': [], 'user_id': '42ef1d16fb41466681a322fe4ce3b604', 'user_domain_id': 'default', 'system_scope': 'all', 'project_id': None, 'project_domain_id': None, 'roles': ['admin', 'member', 'reader'], 'is_admin_project': True, 'service_user_id': None, 'service_user_domain_id': None, 'service_project_id': None, 'service_project_domain_id': None, 'service_roles': []} {{(pid=53543) fill_context /opt/stack/keystone/keystone/server/flask/request_processing/middleware/auth_context.py:478}}
Apr 20 14:10:09 user devstack@keystone.service[53543]: DEBUG keystone.server.flask.request_processing.req_logging [None req-0319febf-20e2-42fb-b8b5-e204054c2d94 None admin] REQUEST_METHOD: `PUT` {{(pid=53543) log_request_info /opt/stack/keystone/keystone/server/flask/request_processing/req_logging.py:27}}
Apr 20 14:10:09 user devstack@keystone.service[53543]: DEBUG keystone.server.flask.request_processing.req_logging [None req-0319febf-20e2-42fb-b8b5-e204054c2d94 None admin] SCRIPT_NAME: `/identity` {{(pid=53543) log_request_info /opt/stack/keystone/keystone/server/flask/request_processing/req_logging.py:28}}
Apr 20 14:10:09 user devstack@keystone.service[53543]: DEBUG keystone.server.flask.request_processing.req_logging [None req-0319febf-20e2-42fb-b8b5-e204054c2d94 None admin] PATH_INFO: `/v3/projects/2fa7b451afdb4d3d97675d63f00ea752/users/c42752d326e3409a85165306048e9d7e/roles/84b93d9cef07462d9db02aa6689978ca` {{(pid=53543) log_request_info /opt/stack/keystone/keystone/server/flask/request_processing/req_logging.py:29}}
Apr 20 14:10:09 user devstack@keystone.service[53543]: DEBUG keystone.common.rbac_enforcer.enforcer [None req-0319febf-20e2-42fb-b8b5-e204054c2d94 None admin] RBAC: Authorizing `identity:create_grant(project_id=2fa7b451afdb4d3d97675d63f00ea752, user_id=c42752d326e3409a85165306048e9d7e, role_id=84b93d9cef07462d9db02aa6689978ca)` {{(pid=53543) enforce_call /opt/stack/keystone/keystone/common/rbac_enforcer/enforcer.py:449}}
Apr 20 14:10:09 user devstack@keystone.service[53543]: DEBUG keystone.common.rbac_enforcer.enforcer [None req-0319febf-20e2-42fb-b8b5-e204054c2d94 None admin] RBAC: Authorization granted {{(pid=53543) enforce_call /opt/stack/keystone/keystone/common/rbac_enforcer/enforcer.py:457}}
Apr 20 14:10:09 user devstack@keystone.service[53543]: [pid: 53543|app: 0|req: 32/86] 10.0.0.210 () {58 vars in 1434 bytes} [Thu Apr 20 14:10:09 2023] PUT /identity/v3/projects/2fa7b451afdb4d3d97675d63f00ea752/users/c42752d326e3409a85165306048e9d7e/roles/84b93d9cef07462d9db02aa6689978ca => generated 0 bytes in 145 msecs (HTTP/1.1 204) 3 headers in 132 bytes (0 switches on core 0)
Apr 20 14:10:10 user devstack@keystone.service[53541]: DEBUG keystone.server.flask.request_processing.req_logging [None req-8f5de995-ec90-4d6a-a10f-f7eff9a5f6ad None None] REQUEST_METHOD: `GET` {{(pid=53541) log_request_info /opt/stack/keystone/keystone/server/flask/request_processing/req_logging.py:27}}
Apr 20 14:10:10 user devstack@keystone.service[53541]: DEBUG keystone.server.flask.request_processing.req_logging [None req-8f5de995-ec90-4d6a-a10f-f7eff9a5f6ad None None] SCRIPT_NAME: `/identity` {{(pid=53541) log_request_info /opt/stack/keystone/keystone/server/flask/request_processing/req_logging.py:28}}
Apr 20 14:10:10 user devstack@keystone.service[53541]: DEBUG keystone.server.flask.request_processing.req_logging [None req-8f5de995-ec90-4d6a-a10f-f7eff9a5f6ad None None] PATH_INFO: `/` {{(pid=53541) log_request_info /opt/stack/keystone/keystone/server/flask/request_processing/req_logging.py:29}}
Apr 20 14:10:10 user devstack@keystone.service[53541]: [pid: 53541|app: 0|req: 28/87] 10.0.0.210 () {54 vars in 920 bytes} [Thu Apr 20 14:10:10 2023] GET /identity => generated 269 bytes in 3 msecs (HTTP/1.1 300) 6 headers in 233 bytes (1 switches on core 0)
Apr 20 14:10:10 user devstack@keystone.service[53542]: DEBUG keystone.server.flask.request_processing.req_logging [None req-97da3107-b3a1-4ce6-bc71-d37a6dd7c863 None None] REQUEST_METHOD: `POST` {{(pid=53542) log_request_info /opt/stack/keystone/keystone/server/flask/request_processing/req_logging.py:27}}
Apr 20 14:10:10 user devstack@keystone.service[53542]: DEBUG keystone.server.flask.request_processing.req_logging [None req-97da3107-b3a1-4ce6-bc71-d37a6dd7c863 None None] SCRIPT_NAME: `/identity` {{(pid=53542) log_request_info /opt/stack/keystone/keystone/server/flask/request_processing/req_logging.py:28}}
Apr 20 14:10:10 user devstack@keystone.service[53542]: DEBUG keystone.server.flask.request_processing.req_logging [None req-97da3107-b3a1-4ce6-bc71-d37a6dd7c863 None None] PATH_INFO: `/v3/auth/tokens` {{(pid=53542) log_request_info /opt/stack/keystone/keystone/server/flask/request_processing/req_logging.py:29}}
Apr 20 14:10:10 user devstack@keystone.service[53542]: WARNING keystone.common.password_hashing [None req-97da3107-b3a1-4ce6-bc71-d37a6dd7c863 None None] Truncating password to algorithm specific maximum length 54 characters.
Apr 20 14:10:10 user devstack@keystone.service[53542]: DEBUG keystone.auth.core [None req-97da3107-b3a1-4ce6-bc71-d37a6dd7c863 None None] MFA Rules not processed for user `42ef1d16fb41466681a322fe4ce3b604`. Rule list: `[]` (Enabled: `True`). {{(pid=53542) check_auth_methods_against_rules /opt/stack/keystone/keystone/auth/core.py:438}}
Apr 20 14:10:10 user devstack@keystone.service[53542]: DEBUG keystone.common.fernet_utils [None req-97da3107-b3a1-4ce6-bc71-d37a6dd7c863 None None] Loaded 2 Fernet keys from /etc/keystone/fernet-keys/, but `[fernet_tokens] max_active_keys = 3`; perhaps there have not been enough key rotations to reach `max_active_keys` yet? {{(pid=53542) load_keys /opt/stack/keystone/keystone/common/fernet_utils.py:286}}
Apr 20 14:10:10 user devstack@keystone.service[53542]: [pid: 53542|app: 0|req: 28/88] 10.0.0.210 () {58 vars in 1017 bytes} [Thu Apr 20 14:10:10 2023] POST /identity/v3/auth/tokens => generated 798 bytes in 83 msecs (HTTP/1.1 201) 6 headers in 363 bytes (1 switches on core 0)
Apr 20 14:10:10 user devstack@keystone.service[53543]: DEBUG keystone.server.flask.request_processing.middleware.auth_context [None req-0319febf-20e2-42fb-b8b5-e204054c2d94 None admin] Authenticating user token {{(pid=53543) process_request /usr/local/lib/python3.10/dist-packages/keystonemiddleware/auth_token/__init__.py:406}}
Apr 20 14:10:10 user devstack@keystone.service[53543]: DEBUG dbcounter [-] [53543] Writing DB stats keystone:SELECT=99,keystone:INSERT=1 {{(pid=53543) stat_writer /usr/local/lib/python3.10/dist-packages/dbcounter.py:117}}
Apr 20 14:10:10 user devstack@keystone.service[53543]: DEBUG keystone.server.flask.request_processing.middleware.auth_context [None req-0319febf-20e2-42fb-b8b5-e204054c2d94 None admin] Validating token access rules against request {{(pid=53543) validate_allowed_request /usr/local/lib/python3.10/dist-packages/keystonemiddleware/auth_token/__init__.py:544}}
Apr 20 14:10:10 user devstack@keystone.service[53543]: DEBUG keystone.server.flask.request_processing.middleware.auth_context [None req-99e937bc-2c4d-480f-942e-d60aab569a66 None admin] RBAC: auth_context: {'token': , 'domain_id': None, 'trust_id': None, 'trustor_id': None, 'trustee_id': None, 'domain_name': None, 'group_ids': [], 'user_id': '42ef1d16fb41466681a322fe4ce3b604', 'user_domain_id': 'default', 'system_scope': 'all', 'project_id': None, 'project_domain_id': None, 'roles': ['admin', 'member', 'reader'], 'is_admin_project': True, 'service_user_id': None, 'service_user_domain_id': None, 'service_project_id': None, 'service_project_domain_id': None, 'service_roles': []} {{(pid=53543) fill_context /opt/stack/keystone/keystone/server/flask/request_processing/middleware/auth_context.py:478}}
Apr 20 14:10:10 user devstack@keystone.service[53543]: DEBUG keystone.server.flask.request_processing.req_logging [None req-99e937bc-2c4d-480f-942e-d60aab569a66 None admin] REQUEST_METHOD: `GET` {{(pid=53543) log_request_info /opt/stack/keystone/keystone/server/flask/request_processing/req_logging.py:27}}
Apr 20 14:10:10 user devstack@keystone.service[53543]: DEBUG keystone.server.flask.request_processing.req_logging [None req-99e937bc-2c4d-480f-942e-d60aab569a66 None admin] SCRIPT_NAME: `/identity` {{(pid=53543) log_request_info /opt/stack/keystone/keystone/server/flask/request_processing/req_logging.py:28}}
Apr 20 14:10:10 user devstack@keystone.service[53543]: DEBUG keystone.server.flask.request_processing.req_logging [None req-99e937bc-2c4d-480f-942e-d60aab569a66 None admin] PATH_INFO: `/v3/roles/member` {{(pid=53543) log_request_info /opt/stack/keystone/keystone/server/flask/request_processing/req_logging.py:29}}
Apr 20 14:10:10 user devstack@keystone.service[53543]: DEBUG keystone.common.rbac_enforcer.enforcer [None req-99e937bc-2c4d-480f-942e-d60aab569a66 None admin] Extracting inferred target data resulted in "NOT FOUND (404)". {{(pid=53543) enforce_call /opt/stack/keystone/keystone/common/rbac_enforcer/enforcer.py:409}}
Apr 20 14:10:10 user devstack@keystone.service[53543]: ERROR keystone.server.flask.application [None req-99e937bc-2c4d-480f-942e-d60aab569a66 None admin] Could not find role: member.: keystone.exception.RoleNotFound: Could not find role: member.
Apr 20 14:10:10 user devstack@keystone.service[53543]: ERROR keystone.server.flask.application
Traceback (most recent call last):
Apr 20 14:10:10 user devstack@keystone.service[53543]: ERROR keystone.server.flask.application
File "/usr/local/lib/python3.10/dist-packages/flask/app.py", line 1823, in full_dispatch_request
Apr 20 14:10:10 user devstack@keystone.service[53543]: ERROR keystone.server.flask.application rv = self.dispatch_request()
Apr 20 14:10:10 user devstack@keystone.service[53543]: ERROR keystone.server.flask.application
File "/usr/local/lib/python3.10/dist-packages/flask/app.py", line 1799, in dispatch_request
Apr 20 14:10:10 user devstack@keystone.service[53543]: ERROR keystone.server.flask.application return self.ensure_sync(self.view_functions[rule.endpoint])(**view_args)
Apr 20 14:10:10 user devstack@keystone.service[53543]: ERROR keystone.server.flask.application
File "/usr/local/lib/python3.10/dist-packages/flask_restful/__init__.py", line 467, in wrapper
Apr 20 14:10:10 user devstack@keystone.service[53543]: ERROR keystone.server.flask.application resp = resource(*args, **kwargs)
Apr 20 14:10:10 user devstack@keystone.service[53543]: ERROR keystone.server.flask.application
File "/usr/local/lib/python3.10/dist-packages/flask/views.py", line 107, in view
Apr 20 14:10:10 user devstack@keystone.service[53543]: ERROR keystone.server.flask.application return current_app.ensure_sync(self.dispatch_request)(**kwargs)
Apr 20 14:10:10 user devstack@keystone.service[53543]: ERROR keystone.server.flask.application
File "/usr/local/lib/python3.10/dist-packages/flask_restful/__init__.py", line 582, in dispatch_request
Apr 20 14:10:10 user devstack@keystone.service[53543]: ERROR keystone.server.flask.application resp = meth(*args, **kwargs)
Apr 20 14:10:10 user devstack@keystone.service[53543]: ERROR keystone.server.flask.application
File "/opt/stack/keystone/keystone/api/roles.py", line 50, in get
Apr 20 14:10:10 user devstack@keystone.service[53543]: ERROR keystone.server.flask.application return self._get_role(role_id)
Apr 20 14:10:10 user devstack@keystone.service[53543]: ERROR keystone.server.flask.application
File "/opt/stack/keystone/keystone/api/roles.py", line 70, in _get_role
Apr 20 14:10:10 user devstack@keystone.service[53543]: ERROR keystone.server.flask.application ENFORCER.enforce_call(action='identity:get_role')
Apr 20 14:10:10 user devstack@keystone.service[53543]: ERROR keystone.server.flask.application
File "/opt/stack/keystone/keystone/common/rbac_enforcer/enforcer.py", line 402, in enforce_call
Apr 20 14:10:10 user devstack@keystone.service[53543]: ERROR keystone.server.flask.application policy_dict.update(cls._extract_member_target_data(
Apr 20 14:10:10 user devstack@keystone.service[53543]: ERROR keystone.server.flask.application
File "/opt/stack/keystone/keystone/common/rbac_enforcer/enforcer.py", line 234, in _extract_member_target_data
Apr 20 14:10:10 user devstack@keystone.service[53543]: ERROR keystone.server.flask.application member_name: func(flask.request.view_args[key])
Apr 20 14:10:10 user devstack@keystone.service[53543]: ERROR keystone.server.flask.application
File "/opt/stack/keystone/keystone/common/manager.py", line 115, in wrapped
Apr 20 14:10:10 user devstack@keystone.service[53543]: ERROR keystone.server.flask.application __ret_val = __f(*args, **kwargs)
Apr 20 14:10:10 user devstack@keystone.service[53543]: ERROR keystone.server.flask.application
File "/usr/local/lib/python3.10/dist-packages/decorator.py", line 232, in fun
Apr 20 14:10:10 user devstack@keystone.service[53543]: ERROR keystone.server.flask.application return caller(func, *(extras + args), **kw)
Apr 20 14:10:10 user devstack@keystone.service[53543]: ERROR keystone.server.flask.application
File "/usr/local/lib/python3.10/dist-packages/dogpile/cache/region.py", line 1577, in get_or_create_for_user_func
Apr 20 14:10:10 user devstack@keystone.service[53543]: ERROR keystone.server.flask.application return self.get_or_create(
Apr 20 14:10:10 user devstack@keystone.service[53543]: ERROR keystone.server.flask.application
File "/usr/local/lib/python3.10/dist-packages/dogpile/cache/region.py", line 1042, in get_or_create
Apr 20 14:10:10 user devstack@keystone.service[53543]: ERROR keystone.server.flask.application with Lock(
Apr 20 14:10:10 user devstack@keystone.service[53543]: ERROR keystone.server.flask.application
File "/usr/local/lib/python3.10/dist-packages/dogpile/lock.py", line 185, in __enter__
Apr 20 14:10:10 user devstack@keystone.service[53543]: ERROR keystone.server.flask.application return self._enter()
Apr 20 14:10:10 user devstack@keystone.service[53543]: ERROR keystone.server.flask.application
File "/usr/local/lib/python3.10/dist-packages/dogpile/lock.py", line 94, in _enter
Apr 20 14:10:10 user devstack@keystone.service[53543]: ERROR keystone.server.flask.application generated = self._enter_create(value, createdtime)
Apr 20 14:10:10 user devstack@keystone.service[53543]: ERROR keystone.server.flask.application
File "/usr/local/lib/python3.10/dist-packages/dogpile/lock.py", line 178, in _enter_create
Apr 20 14:10:10 user devstack@keystone.service[53543]: ERROR keystone.server.flask.application return self.creator()
Apr 20 14:10:10 user devstack@keystone.service[53543]: ERROR keystone.server.flask.application
File "/usr/local/lib/python3.10/dist-packages/dogpile/cache/region.py", line 995, in gen_value
Apr 20 14:10:10 user devstack@keystone.service[53543]: ERROR keystone.server.flask.application created_value = creator(
Apr 20 14:10:10 user devstack@keystone.service[53543]: ERROR keystone.server.flask.application
File "/opt/stack/keystone/keystone/assignment/core.py", line 1276, in get_role
Apr 20 14:10:10 user devstack@keystone.service[53543]: ERROR keystone.server.flask.application return self.driver.get_role(role_id)
Apr 20 14:10:10 user devstack@keystone.service[53543]: ERROR keystone.server.flask.application
File "/opt/stack/keystone/keystone/assignment/role_backends/sql.py", line 70, in get_role
Apr 20 14:10:10 user devstack@keystone.service[53543]: ERROR keystone.server.flask.application return self._get_role(session, role_id).to_dict()
Apr 20 14:10:10 user devstack@keystone.service[53543]: ERROR keystone.server.flask.application
File "/opt/stack/keystone/keystone/assignment/role_backends/sql.py", line 65, in _get_role
Apr 20 14:10:10 user devstack@keystone.service[53543]: ERROR keystone.server.flask.application raise exception.RoleNotFound(role_id=role_id)
Apr 20 14:10:10 user devstack@keystone.service[53543]: ERROR keystone.server.flask.application keystone.exception.RoleNotFound: Could not find role: member.
Apr 20 14:10:10 user devstack@keystone.service[53543]: ERROR keystone.server.flask.application
Apr 20 14:10:10 user devstack@keystone.service[53543]: [pid: 53543|app: 0|req: 33/89] 10.0.0.210 () {56 vars in 1094 bytes} [Thu Apr 20 14:10:10 2023] GET /identity/v3/roles/member => generated 84 bytes in 135 msecs (HTTP/1.1 404) 5 headers in 183 bytes (1 switches on core 0)
Apr 20 14:10:10 user devstack@keystone.service[53541]: DEBUG keystone.server.flask.request_processing.middleware.auth_context [None req-8f5de995-ec90-4d6a-a10f-f7eff9a5f6ad None None] Authenticating user token {{(pid=53541) process_request /usr/local/lib/python3.10/dist-packages/keystonemiddleware/auth_token/__init__.py:406}}
Apr 20 14:10:10 user devstack@keystone.service[53541]: DEBUG keystone.server.flask.request_processing.middleware.auth_context [None req-8f5de995-ec90-4d6a-a10f-f7eff9a5f6ad None None] Validating token access rules against request {{(pid=53541) validate_allowed_request /usr/local/lib/python3.10/dist-packages/keystonemiddleware/auth_token/__init__.py:544}}
Apr 20 14:10:10 user devstack@keystone.service[53541]: DEBUG keystone.server.flask.request_processing.middleware.auth_context [None req-001c0577-f1a9-46db-b6ad-a943bed72bd7 None admin] RBAC: auth_context: {'token': , 'domain_id': None, 'trust_id': None, 'trustor_id': None, 'trustee_id': None, 'domain_name': None, 'group_ids': [], 'user_id': '42ef1d16fb41466681a322fe4ce3b604', 'user_domain_id': 'default', 'system_scope': 'all', 'project_id': None, 'project_domain_id': None, 'roles': ['admin', 'member', 'reader'], 'is_admin_project': True, 'service_user_id': None, 'service_user_domain_id': None, 'service_project_id': None, 'service_project_domain_id': None, 'service_roles': []} {{(pid=53541) fill_context /opt/stack/keystone/keystone/server/flask/request_processing/middleware/auth_context.py:478}}
Apr 20 14:10:10 user devstack@keystone.service[53541]: DEBUG keystone.server.flask.request_processing.req_logging [None req-001c0577-f1a9-46db-b6ad-a943bed72bd7 None admin] REQUEST_METHOD: `GET` {{(pid=53541) log_request_info /opt/stack/keystone/keystone/server/flask/request_processing/req_logging.py:27}}
Apr 20 14:10:10 user devstack@keystone.service[53541]: DEBUG keystone.server.flask.request_processing.req_logging [None req-001c0577-f1a9-46db-b6ad-a943bed72bd7 None admin] SCRIPT_NAME: `/identity` {{(pid=53541) log_request_info /opt/stack/keystone/keystone/server/flask/request_processing/req_logging.py:28}}
Apr 20 14:10:10 user devstack@keystone.service[53541]: DEBUG keystone.server.flask.request_processing.req_logging [None req-001c0577-f1a9-46db-b6ad-a943bed72bd7 None admin] PATH_INFO: `/v3/roles` {{(pid=53541) log_request_info /opt/stack/keystone/keystone/server/flask/request_processing/req_logging.py:29}}
Apr 20 14:10:10 user devstack@keystone.service[53541]: DEBUG keystone.common.rbac_enforcer.enforcer [None req-001c0577-f1a9-46db-b6ad-a943bed72bd7 None admin] RBAC: Adding query filter params (name=member) {{(pid=53541) _extract_filter_values /opt/stack/keystone/keystone/common/rbac_enforcer/enforcer.py:167}}
Apr 20 14:10:10 user devstack@keystone.service[53541]: DEBUG keystone.common.rbac_enforcer.enforcer [None req-001c0577-f1a9-46db-b6ad-a943bed72bd7 None admin] RBAC: Authorizing `identity:list_roles()` {{(pid=53541) enforce_call /opt/stack/keystone/keystone/common/rbac_enforcer/enforcer.py:449}}
Apr 20 14:10:10 user devstack@keystone.service[53541]: DEBUG keystone.common.rbac_enforcer.enforcer [None req-001c0577-f1a9-46db-b6ad-a943bed72bd7 None admin] RBAC: Authorization granted {{(pid=53541) enforce_call /opt/stack/keystone/keystone/common/rbac_enforcer/enforcer.py:457}}
Apr 20 14:10:10 user devstack@keystone.service[53541]: [pid: 53541|app: 0|req: 29/90] 10.0.0.210 () {56 vars in 1096 bytes} [Thu Apr 20 14:10:10 2023] GET /identity/v3/roles?name=member => generated 339 bytes in 131 msecs (HTTP/1.1 200) 5 headers in 177 bytes (1 switches on core 0)
Apr 20 14:10:10 user devstack@keystone.service[53542]: DEBUG keystone.server.flask.request_processing.middleware.auth_context [None req-97da3107-b3a1-4ce6-bc71-d37a6dd7c863 None None] Authenticating user token {{(pid=53542) process_request /usr/local/lib/python3.10/dist-packages/keystonemiddleware/auth_token/__init__.py:406}}
Apr 20 14:10:10 user devstack@keystone.service[53542]: DEBUG dbcounter [-] [53542] Writing DB stats keystone:SELECT=100 {{(pid=53542) stat_writer /usr/local/lib/python3.10/dist-packages/dbcounter.py:117}}
Apr 20 14:10:10 user devstack@keystone.service[53543]: DEBUG keystone.server.flask.request_processing.req_logging [None req-dbade87f-bf4e-4641-9cc1-2e1ca4fa89a9 None None] REQUEST_METHOD: `GET` {{(pid=53543) log_request_info /opt/stack/keystone/keystone/server/flask/request_processing/req_logging.py:27}}
Apr 20 14:10:10 user devstack@keystone.service[53543]: DEBUG keystone.server.flask.request_processing.req_logging [None req-dbade87f-bf4e-4641-9cc1-2e1ca4fa89a9 None None] SCRIPT_NAME: `/identity` {{(pid=53543) log_request_info /opt/stack/keystone/keystone/server/flask/request_processing/req_logging.py:28}}
Apr 20 14:10:10 user devstack@keystone.service[53543]: DEBUG keystone.server.flask.request_processing.req_logging [None req-dbade87f-bf4e-4641-9cc1-2e1ca4fa89a9 None None] PATH_INFO: `/` {{(pid=53543) log_request_info /opt/stack/keystone/keystone/server/flask/request_processing/req_logging.py:29}}
Apr 20 14:10:10 user devstack@keystone.service[53543]: [pid: 53543|app: 0|req: 34/91] 10.0.0.210 () {54 vars in 920 bytes} [Thu Apr 20 14:10:10 2023] GET /identity => generated 269 bytes in 3 msecs (HTTP/1.1 300) 6 headers in 233 bytes (1 switches on core 0)
Apr 20 14:10:10 user devstack@keystone.service[53541]: DEBUG keystone.server.flask.request_processing.req_logging [None req-b92f8d4f-7ec6-4ed9-bfaf-dd5e1f0055a4 None None] REQUEST_METHOD: `POST` {{(pid=53541) log_request_info /opt/stack/keystone/keystone/server/flask/request_processing/req_logging.py:27}}
Apr 20 14:10:10 user devstack@keystone.service[53541]: DEBUG keystone.server.flask.request_processing.req_logging [None req-b92f8d4f-7ec6-4ed9-bfaf-dd5e1f0055a4 None None] SCRIPT_NAME: `/identity` {{(pid=53541) log_request_info /opt/stack/keystone/keystone/server/flask/request_processing/req_logging.py:28}}
Apr 20 14:10:10 user devstack@keystone.service[53541]: DEBUG keystone.server.flask.request_processing.req_logging [None req-b92f8d4f-7ec6-4ed9-bfaf-dd5e1f0055a4 None None] PATH_INFO: `/v3/auth/tokens` {{(pid=53541) log_request_info /opt/stack/keystone/keystone/server/flask/request_processing/req_logging.py:29}}
Apr 20 14:10:10 user devstack@keystone.service[53541]: WARNING keystone.common.password_hashing [None req-b92f8d4f-7ec6-4ed9-bfaf-dd5e1f0055a4 None None] Truncating password to algorithm specific maximum length 54 characters.
Apr 20 14:10:10 user devstack@keystone.service[53541]: DEBUG keystone.auth.core [None req-b92f8d4f-7ec6-4ed9-bfaf-dd5e1f0055a4 None None] MFA Rules not processed for user `42ef1d16fb41466681a322fe4ce3b604`. Rule list: `[]` (Enabled: `True`). {{(pid=53541) check_auth_methods_against_rules /opt/stack/keystone/keystone/auth/core.py:438}}
Apr 20 14:10:10 user devstack@keystone.service[53541]: DEBUG keystone.common.fernet_utils [None req-b92f8d4f-7ec6-4ed9-bfaf-dd5e1f0055a4 None None] Loaded 2 Fernet keys from /etc/keystone/fernet-keys/, but `[fernet_tokens] max_active_keys = 3`; perhaps there have not been enough key rotations to reach `max_active_keys` yet? {{(pid=53541) load_keys /opt/stack/keystone/keystone/common/fernet_utils.py:286}}
Apr 20 14:10:11 user devstack@keystone.service[53541]: DEBUG dbcounter [-] [53541] Writing DB stats keystone:SELECT=99,keystone:INSERT=1 {{(pid=53541) stat_writer /usr/local/lib/python3.10/dist-packages/dbcounter.py:117}}
Apr 20 14:10:11 user devstack@keystone.service[53542]: DEBUG keystone.server.flask.request_processing.middleware.auth_context [None req-97da3107-b3a1-4ce6-bc71-d37a6dd7c863 None None] Validating token access rules against request {{(pid=53542) validate_allowed_request /usr/local/lib/python3.10/dist-packages/keystonemiddleware/auth_token/__init__.py:544}}
Apr 20 14:10:11 user devstack@keystone.service[53543]: DEBUG keystone.server.flask.request_processing.req_logging [None req-2fb55244-87dd-48f5-b129-0eafb6357ccd None None] REQUEST_METHOD: `GET` {{(pid=53543) log_request_info /opt/stack/keystone/keystone/server/flask/request_processing/req_logging.py:27}}
Apr 20 14:10:11 user devstack@keystone.service[53543]: DEBUG keystone.server.flask.request_processing.req_logging [None req-2fb55244-87dd-48f5-b129-0eafb6357ccd None None] SCRIPT_NAME: `/identity` {{(pid=53543) log_request_info /opt/stack/keystone/keystone/server/flask/request_processing/req_logging.py:28}}
Apr 20 14:10:11 user devstack@keystone.service[53543]: DEBUG keystone.server.flask.request_processing.req_logging [None req-2fb55244-87dd-48f5-b129-0eafb6357ccd None None] PATH_INFO: `/` {{(pid=53543) log_request_info /opt/stack/keystone/keystone/server/flask/request_processing/req_logging.py:29}}
Apr 20 14:10:11 user devstack@keystone.service[53543]: [pid: 53543|app: 0|req: 35/92] 10.0.0.210 () {54 vars in 920 bytes} [Thu Apr 20 14:10:11 2023] GET /identity => generated 269 bytes in 4 msecs (HTTP/1.1 300) 6 headers in 233 bytes (1 switches on core 0)
Apr 20 14:10:11 user devstack@keystone.service[53543]: DEBUG keystone.server.flask.request_processing.req_logging [None req-a39e2c88-68e3-48ff-9156-d2b6c92ec7ef None None] REQUEST_METHOD: `GET` {{(pid=53543) log_request_info /opt/stack/keystone/keystone/server/flask/request_processing/req_logging.py:27}}
Apr 20 14:10:11 user devstack@keystone.service[53543]: DEBUG keystone.server.flask.request_processing.req_logging [None req-a39e2c88-68e3-48ff-9156-d2b6c92ec7ef None None] SCRIPT_NAME: `/identity` {{(pid=53543) log_request_info /opt/stack/keystone/keystone/server/flask/request_processing/req_logging.py:28}}
Apr 20 14:10:11 user devstack@keystone.service[53543]: DEBUG keystone.server.flask.request_processing.req_logging [None req-a39e2c88-68e3-48ff-9156-d2b6c92ec7ef None None] PATH_INFO: `/` {{(pid=53543) log_request_info /opt/stack/keystone/keystone/server/flask/request_processing/req_logging.py:29}}
Apr 20 14:10:11 user devstack@keystone.service[53543]: [pid: 53543|app: 0|req: 36/93] 10.0.0.210 () {54 vars in 920 bytes} [Thu Apr 20 14:10:11 2023] GET /identity => generated 269 bytes in 4 msecs (HTTP/1.1 300) 6 headers in 233 bytes (1 switches on core 0)
Apr 20 14:10:11 user devstack@keystone.service[53543]: DEBUG keystone.server.flask.request_processing.req_logging [None req-ebc5415a-8aa5-46fd-8453-5b16f6608224 None None] REQUEST_METHOD: `POST` {{(pid=53543) log_request_info /opt/stack/keystone/keystone/server/flask/request_processing/req_logging.py:27}}
Apr 20 14:10:11 user devstack@keystone.service[53543]: DEBUG keystone.server.flask.request_processing.req_logging [None req-ebc5415a-8aa5-46fd-8453-5b16f6608224 None None] SCRIPT_NAME: `/identity` {{(pid=53543) log_request_info /opt/stack/keystone/keystone/server/flask/request_processing/req_logging.py:28}}
Apr 20 14:10:11 user devstack@keystone.service[53543]: DEBUG keystone.server.flask.request_processing.req_logging [None req-ebc5415a-8aa5-46fd-8453-5b16f6608224 None None] PATH_INFO: `/v3/auth/tokens` {{(pid=53543) log_request_info /opt/stack/keystone/keystone/server/flask/request_processing/req_logging.py:29}}
Apr 20 14:10:11 user devstack@keystone.service[53542]: DEBUG keystone.server.flask.request_processing.middleware.auth_context [None req-e80850b7-85ec-49ef-80bb-9018fd34e50f None admin] RBAC: auth_context: {'token': , 'domain_id': None, 'trust_id': None, 'trustor_id': None, 'trustee_id': None, 'domain_name': None, 'group_ids': [], 'user_id': '42ef1d16fb41466681a322fe4ce3b604', 'user_domain_id': 'default', 'system_scope': 'all', 'project_id': None, 'project_domain_id': None, 'roles': ['admin', 'member', 'reader'], 'is_admin_project': True, 'service_user_id': None, 'service_user_domain_id': None, 'service_project_id': None, 'service_project_domain_id': None, 'service_roles': []} {{(pid=53542) fill_context /opt/stack/keystone/keystone/server/flask/request_processing/middleware/auth_context.py:478}}
Apr 20 14:10:11 user devstack@keystone.service[53542]: DEBUG keystone.server.flask.request_processing.req_logging [None req-e80850b7-85ec-49ef-80bb-9018fd34e50f None admin] REQUEST_METHOD: `GET` {{(pid=53542) log_request_info /opt/stack/keystone/keystone/server/flask/request_processing/req_logging.py:27}}
Apr 20 14:10:11 user devstack@keystone.service[53542]: DEBUG keystone.server.flask.request_processing.req_logging [None req-e80850b7-85ec-49ef-80bb-9018fd34e50f None admin] SCRIPT_NAME: `/identity` {{(pid=53542) log_request_info /opt/stack/keystone/keystone/server/flask/request_processing/req_logging.py:28}}
Apr 20 14:10:11 user devstack@keystone.service[53542]: DEBUG keystone.server.flask.request_processing.req_logging [None req-e80850b7-85ec-49ef-80bb-9018fd34e50f None admin] PATH_INFO: `/v3/users/c42752d326e3409a85165306048e9d7e` {{(pid=53542) log_request_info /opt/stack/keystone/keystone/server/flask/request_processing/req_logging.py:29}}
Apr 20 14:10:11 user devstack@keystone.service[53542]: DEBUG keystone.common.rbac_enforcer.enforcer [None req-e80850b7-85ec-49ef-80bb-9018fd34e50f None admin] RBAC: Authorizing `identity:get_user(user_id=c42752d326e3409a85165306048e9d7e)` {{(pid=53542) enforce_call /opt/stack/keystone/keystone/common/rbac_enforcer/enforcer.py:449}}
Apr 20 14:10:11 user devstack@keystone.service[53542]: DEBUG keystone.common.rbac_enforcer.enforcer [None req-e80850b7-85ec-49ef-80bb-9018fd34e50f None admin] RBAC: Authorization granted {{(pid=53542) enforce_call /opt/stack/keystone/keystone/common/rbac_enforcer/enforcer.py:457}}
Apr 20 14:10:11 user devstack@keystone.service[53542]: [pid: 53542|app: 0|req: 29/94] 10.0.0.210 () {56 vars in 1172 bytes} [Thu Apr 20 14:10:10 2023] GET /identity/v3/users/c42752d326e3409a85165306048e9d7e => generated 274 bytes in 125 msecs (HTTP/1.1 200) 5 headers in 177 bytes (1 switches on core 0)
Apr 20 14:10:11 user devstack@keystone.service[53542]: DEBUG keystone.server.flask.request_processing.req_logging [None req-7d9406ff-6e88-4579-b0a7-86f2c588b460 None None] REQUEST_METHOD: `POST` {{(pid=53542) log_request_info /opt/stack/keystone/keystone/server/flask/request_processing/req_logging.py:27}}
Apr 20 14:10:11 user devstack@keystone.service[53542]: DEBUG keystone.server.flask.request_processing.req_logging [None req-7d9406ff-6e88-4579-b0a7-86f2c588b460 None None] SCRIPT_NAME: `/identity` {{(pid=53542) log_request_info /opt/stack/keystone/keystone/server/flask/request_processing/req_logging.py:28}}
Apr 20 14:10:11 user devstack@keystone.service[53542]: DEBUG keystone.server.flask.request_processing.req_logging [None req-7d9406ff-6e88-4579-b0a7-86f2c588b460 None None] PATH_INFO: `/v3/auth/tokens` {{(pid=53542) log_request_info /opt/stack/keystone/keystone/server/flask/request_processing/req_logging.py:29}}
Apr 20 14:10:11 user devstack@keystone.service[53541]: [pid: 53541|app: 0|req: 30/95] 10.0.0.210 () {58 vars in 1017 bytes} [Thu Apr 20 14:10:10 2023] POST /identity/v3/auth/tokens => generated 798 bytes in 99 msecs (HTTP/1.1 201) 6 headers in 363 bytes (1 switches on core 0)
Apr 20 14:10:11 user devstack@keystone.service[53541]: DEBUG keystone.server.flask.request_processing.middleware.auth_context [None req-b92f8d4f-7ec6-4ed9-bfaf-dd5e1f0055a4 None None] Authenticating user token {{(pid=53541) process_request /usr/local/lib/python3.10/dist-packages/keystonemiddleware/auth_token/__init__.py:406}}
Apr 20 14:10:11 user devstack@keystone.service[53543]: WARNING keystone.common.password_hashing [None req-ebc5415a-8aa5-46fd-8453-5b16f6608224 None None] Truncating password to algorithm specific maximum length 54 characters.
Apr 20 14:10:11 user devstack@keystone.service[53543]: DEBUG keystone.auth.core [None req-ebc5415a-8aa5-46fd-8453-5b16f6608224 None None] MFA Rules not processed for user `42ef1d16fb41466681a322fe4ce3b604`. Rule list: `[]` (Enabled: `True`). {{(pid=53543) check_auth_methods_against_rules /opt/stack/keystone/keystone/auth/core.py:438}}
Apr 20 14:10:11 user devstack@keystone.service[53542]: WARNING keystone.common.password_hashing [None req-7d9406ff-6e88-4579-b0a7-86f2c588b460 None None] Truncating password to algorithm specific maximum length 54 characters.
Apr 20 14:10:11 user devstack@keystone.service[53543]: DEBUG keystone.common.fernet_utils [None req-ebc5415a-8aa5-46fd-8453-5b16f6608224 None None] Loaded 2 Fernet keys from /etc/keystone/fernet-keys/, but `[fernet_tokens] max_active_keys = 3`; perhaps there have not been enough key rotations to reach `max_active_keys` yet? {{(pid=53543) load_keys /opt/stack/keystone/keystone/common/fernet_utils.py:286}}
Apr 20 14:10:11 user devstack@keystone.service[53542]: DEBUG keystone.auth.core [None req-7d9406ff-6e88-4579-b0a7-86f2c588b460 None None] MFA Rules not processed for user `42ef1d16fb41466681a322fe4ce3b604`. Rule list: `[]` (Enabled: `True`). {{(pid=53542) check_auth_methods_against_rules /opt/stack/keystone/keystone/auth/core.py:438}}
Apr 20 14:10:11 user devstack@keystone.service[53542]: DEBUG keystone.common.fernet_utils [None req-7d9406ff-6e88-4579-b0a7-86f2c588b460 None None] Loaded 2 Fernet keys from /etc/keystone/fernet-keys/, but `[fernet_tokens] max_active_keys = 3`; perhaps there have not been enough key rotations to reach `max_active_keys` yet? {{(pid=53542) load_keys /opt/stack/keystone/keystone/common/fernet_utils.py:286}}
Apr 20 14:10:11 user devstack@keystone.service[53542]: [pid: 53542|app: 0|req: 30/96] 10.0.0.210 () {58 vars in 1017 bytes} [Thu Apr 20 14:10:11 2023] POST /identity/v3/auth/tokens => generated 798 bytes in 82 msecs (HTTP/1.1 201) 6 headers in 363 bytes (1 switches on core 0)
Apr 20 14:10:11 user devstack@keystone.service[53542]: DEBUG keystone.server.flask.request_processing.req_logging [None req-77c8749c-4d5d-43c8-acca-cafa7224c63f None None] REQUEST_METHOD: `GET` {{(pid=53542) log_request_info /opt/stack/keystone/keystone/server/flask/request_processing/req_logging.py:27}}
Apr 20 14:10:11 user devstack@keystone.service[53542]: DEBUG keystone.server.flask.request_processing.req_logging [None req-77c8749c-4d5d-43c8-acca-cafa7224c63f None None] SCRIPT_NAME: `/identity` {{(pid=53542) log_request_info /opt/stack/keystone/keystone/server/flask/request_processing/req_logging.py:28}}
Apr 20 14:10:11 user devstack@keystone.service[53542]: DEBUG keystone.server.flask.request_processing.req_logging [None req-77c8749c-4d5d-43c8-acca-cafa7224c63f None None] PATH_INFO: `/` {{(pid=53542) log_request_info /opt/stack/keystone/keystone/server/flask/request_processing/req_logging.py:29}}
Apr 20 14:10:11 user devstack@keystone.service[53542]: [pid: 53542|app: 0|req: 31/97] 10.0.0.210 () {54 vars in 920 bytes} [Thu Apr 20 14:10:11 2023] GET /identity => generated 269 bytes in 2 msecs (HTTP/1.1 300) 6 headers in 233 bytes (1 switches on core 0)
Apr 20 14:10:11 user devstack@keystone.service[53542]: DEBUG keystone.server.flask.request_processing.req_logging [None req-0ce81194-c53c-4b7b-9e40-8c40fb98cb94 None None] REQUEST_METHOD: `POST` {{(pid=53542) log_request_info /opt/stack/keystone/keystone/server/flask/request_processing/req_logging.py:27}}
Apr 20 14:10:11 user devstack@keystone.service[53542]: DEBUG keystone.server.flask.request_processing.req_logging [None req-0ce81194-c53c-4b7b-9e40-8c40fb98cb94 None None] SCRIPT_NAME: `/identity` {{(pid=53542) log_request_info /opt/stack/keystone/keystone/server/flask/request_processing/req_logging.py:28}}
Apr 20 14:10:11 user devstack@keystone.service[53542]: DEBUG keystone.server.flask.request_processing.req_logging [None req-0ce81194-c53c-4b7b-9e40-8c40fb98cb94 None None] PATH_INFO: `/v3/auth/tokens` {{(pid=53542) log_request_info /opt/stack/keystone/keystone/server/flask/request_processing/req_logging.py:29}}
Apr 20 14:10:11 user devstack@keystone.service[53541]: DEBUG keystone.server.flask.request_processing.middleware.auth_context [None req-b92f8d4f-7ec6-4ed9-bfaf-dd5e1f0055a4 None None] Validating token access rules against request {{(pid=53541) validate_allowed_request /usr/local/lib/python3.10/dist-packages/keystonemiddleware/auth_token/__init__.py:544}}
Apr 20 14:10:11 user devstack@keystone.service[53543]: [pid: 53543|app: 0|req: 37/98] 10.0.0.210 () {58 vars in 1017 bytes} [Thu Apr 20 14:10:11 2023] POST /identity/v3/auth/tokens => generated 798 bytes in 118 msecs (HTTP/1.1 201) 6 headers in 363 bytes (1 switches on core 0)
Apr 20 14:10:11 user devstack@keystone.service[53542]: WARNING keystone.common.password_hashing [None req-0ce81194-c53c-4b7b-9e40-8c40fb98cb94 None None] Truncating password to algorithm specific maximum length 54 characters.
Apr 20 14:10:11 user devstack@keystone.service[53542]: DEBUG keystone.auth.core [None req-0ce81194-c53c-4b7b-9e40-8c40fb98cb94 None None] MFA Rules not processed for user `42ef1d16fb41466681a322fe4ce3b604`. Rule list: `[]` (Enabled: `True`). {{(pid=53542) check_auth_methods_against_rules /opt/stack/keystone/keystone/auth/core.py:438}}
Apr 20 14:10:11 user devstack@keystone.service[53542]: DEBUG keystone.common.fernet_utils [None req-0ce81194-c53c-4b7b-9e40-8c40fb98cb94 None None] Loaded 2 Fernet keys from /etc/keystone/fernet-keys/, but `[fernet_tokens] max_active_keys = 3`; perhaps there have not been enough key rotations to reach `max_active_keys` yet? {{(pid=53542) load_keys /opt/stack/keystone/keystone/common/fernet_utils.py:286}}
Apr 20 14:10:11 user devstack@keystone.service[53542]: DEBUG dbcounter [-] [53542] Writing DB stats keystone:SELECT=100 {{(pid=53542) stat_writer /usr/local/lib/python3.10/dist-packages/dbcounter.py:117}}
Apr 20 14:10:11 user devstack@keystone.service[53541]: DEBUG keystone.server.flask.request_processing.middleware.auth_context [None req-0da55547-8508-49b6-84d6-2e2cf3366339 None admin] RBAC: auth_context: {'token': , 'domain_id': None, 'trust_id': None, 'trustor_id': None, 'trustee_id': None, 'domain_name': None, 'group_ids': [], 'user_id': '42ef1d16fb41466681a322fe4ce3b604', 'user_domain_id': 'default', 'system_scope': 'all', 'project_id': None, 'project_domain_id': None, 'roles': ['admin', 'member', 'reader'], 'is_admin_project': True, 'service_user_id': None, 'service_user_domain_id': None, 'service_project_id': None, 'service_project_domain_id': None, 'service_roles': []} {{(pid=53541) fill_context /opt/stack/keystone/keystone/server/flask/request_processing/middleware/auth_context.py:478}}
Apr 20 14:10:11 user devstack@keystone.service[53541]: DEBUG keystone.server.flask.request_processing.req_logging [None req-0da55547-8508-49b6-84d6-2e2cf3366339 None admin] REQUEST_METHOD: `GET` {{(pid=53541) log_request_info /opt/stack/keystone/keystone/server/flask/request_processing/req_logging.py:27}}
Apr 20 14:10:11 user devstack@keystone.service[53541]: DEBUG keystone.server.flask.request_processing.req_logging [None req-0da55547-8508-49b6-84d6-2e2cf3366339 None admin] SCRIPT_NAME: `/identity` {{(pid=53541) log_request_info /opt/stack/keystone/keystone/server/flask/request_processing/req_logging.py:28}}
Apr 20 14:10:11 user devstack@keystone.service[53541]: DEBUG keystone.server.flask.request_processing.req_logging [None req-0da55547-8508-49b6-84d6-2e2cf3366339 None admin] PATH_INFO: `/v3/auth/tokens` {{(pid=53541) log_request_info /opt/stack/keystone/keystone/server/flask/request_processing/req_logging.py:29}}
Apr 20 14:10:11 user devstack@keystone.service[53541]: DEBUG dbcounter [-] [53541] Writing DB stats keystone:SELECT=100 {{(pid=53541) stat_writer /usr/local/lib/python3.10/dist-packages/dbcounter.py:117}}
Apr 20 14:10:11 user devstack@keystone.service[53542]: [pid: 53542|app: 0|req: 32/99] 10.0.0.210 () {58 vars in 1017 bytes} [Thu Apr 20 14:10:11 2023] POST /identity/v3/auth/tokens => generated 798 bytes in 79 msecs (HTTP/1.1 201) 6 headers in 363 bytes (2 switches on core 0)
Apr 20 14:10:11 user devstack@keystone.service[53541]: DEBUG keystone.common.rbac_enforcer.enforcer [None req-0da55547-8508-49b6-84d6-2e2cf3366339 None admin] RBAC: Authorizing `identity:validate_token()` {{(pid=53541) enforce_call /opt/stack/keystone/keystone/common/rbac_enforcer/enforcer.py:449}}
Apr 20 14:10:11 user devstack@keystone.service[53543]: DEBUG keystone.server.flask.request_processing.middleware.auth_context [None req-ebc5415a-8aa5-46fd-8453-5b16f6608224 None None] Authenticating user token {{(pid=53543) process_request /usr/local/lib/python3.10/dist-packages/keystonemiddleware/auth_token/__init__.py:406}}
Apr 20 14:10:11 user devstack@keystone.service[53541]: DEBUG keystone.common.rbac_enforcer.enforcer [None req-0da55547-8508-49b6-84d6-2e2cf3366339 None admin] RBAC: Authorization granted {{(pid=53541) enforce_call /opt/stack/keystone/keystone/common/rbac_enforcer/enforcer.py:457}}
