Apr 20 14:10:31 user devstack@keystone.service[53541]: DEBUG keystone.common.rbac_enforcer.enforcer [None req-54d76eff-1cac-43e8-a1bf-2dceee999611 admin admin] RBAC: Authorization granted {{(pid=53541) enforce_call /opt/stack/keystone/keystone/common/rbac_enforcer/enforcer.py:457}}
Apr 20 14:10:31 user devstack@keystone.service[53543]: [pid: 53543|app: 0|req: 99/290] 10.0.0.210 () {56 vars in 1202 bytes} [Thu Apr 20 14:10:31 2023] GET /identity/v3/projects/52a70e5c25744c818059b53905f9dd80 => generated 301 bytes in 22 msecs (HTTP/1.1 200) 5 headers in 177 bytes (2 switches on core 0)
Apr 20 14:10:31 user devstack@keystone.service[53541]: [pid: 53541|app: 0|req: 94/291] 10.0.0.210 () {56 vars in 1115 bytes} [Thu Apr 20 14:10:31 2023] GET /identity/v3/roles?name=admin => generated 337 bytes in 30 msecs (HTTP/1.1 200) 5 headers in 177 bytes (1 switches on core 0)
Apr 20 14:10:31 user devstack@keystone.service[53543]: DEBUG keystone.server.flask.request_processing.middleware.auth_context [None req-ea782f50-2ccb-4132-b3b7-16134f4b6396 admin admin] Authenticating user token {{(pid=53543) process_request /usr/local/lib/python3.10/dist-packages/keystonemiddleware/auth_token/__init__.py:406}}
Apr 20 14:10:31 user devstack@keystone.service[53541]: DEBUG keystone.server.flask.request_processing.middleware.auth_context [None req-54d76eff-1cac-43e8-a1bf-2dceee999611 admin admin] Authenticating user token {{(pid=53541) process_request /usr/local/lib/python3.10/dist-packages/keystonemiddleware/auth_token/__init__.py:406}}
Apr 20 14:10:31 user devstack@keystone.service[53543]: DEBUG keystone.server.flask.request_processing.middleware.auth_context [None req-ea782f50-2ccb-4132-b3b7-16134f4b6396 admin admin] Validating token access rules against request {{(pid=53543) validate_allowed_request /usr/local/lib/python3.10/dist-packages/keystonemiddleware/auth_token/__init__.py:544}}
Apr 20 14:10:31 user devstack@keystone.service[53541]: DEBUG keystone.server.flask.request_processing.middleware.auth_context [None req-54d76eff-1cac-43e8-a1bf-2dceee999611 admin admin] Validating token access rules against request {{(pid=53541) validate_allowed_request /usr/local/lib/python3.10/dist-packages/keystonemiddleware/auth_token/__init__.py:544}}
Apr 20 14:10:31 user devstack@keystone.service[53543]: DEBUG keystone.server.flask.request_processing.middleware.auth_context [None req-3bdfed52-dd3f-457a-baa6-90e7040977b9 admin admin] RBAC: auth_context: {'token': , 'domain_id': None, 'trust_id': None, 'trustor_id': None, 'trustee_id': None, 'domain_name': None, 'group_ids': [], 'user_id': '42ef1d16fb41466681a322fe4ce3b604', 'user_domain_id': 'default', 'system_scope': None, 'project_id': 'ac423661a2a6492b8351aaa438c87245', 'project_domain_id': 'default', 'roles': ['member', 'admin', 'reader'], 'is_admin_project': True, 'service_user_id': None, 'service_user_domain_id': None, 'service_project_id': None, 'service_project_domain_id': None, 'service_roles': []} {{(pid=53543) fill_context /opt/stack/keystone/keystone/server/flask/request_processing/middleware/auth_context.py:478}}
Apr 20 14:10:31 user devstack@keystone.service[53543]: DEBUG keystone.server.flask.request_processing.req_logging [None req-3bdfed52-dd3f-457a-baa6-90e7040977b9 admin admin] REQUEST_METHOD: `PUT` {{(pid=53543) log_request_info /opt/stack/keystone/keystone/server/flask/request_processing/req_logging.py:27}}
Apr 20 14:10:31 user devstack@keystone.service[53543]: DEBUG keystone.server.flask.request_processing.req_logging [None req-3bdfed52-dd3f-457a-baa6-90e7040977b9 admin admin] SCRIPT_NAME: `/identity` {{(pid=53543) log_request_info /opt/stack/keystone/keystone/server/flask/request_processing/req_logging.py:28}}
Apr 20 14:10:31 user devstack@keystone.service[53543]: DEBUG keystone.server.flask.request_processing.req_logging [None req-3bdfed52-dd3f-457a-baa6-90e7040977b9 admin admin] PATH_INFO: `/v3/projects/52a70e5c25744c818059b53905f9dd80/groups/3366a5d4efd84b0bbfd90ca96b6201bf/roles/8c44244d5b8f427f990d2c131897cd87` {{(pid=53543) log_request_info /opt/stack/keystone/keystone/server/flask/request_processing/req_logging.py:29}}
Apr 20 14:10:31 user devstack@keystone.service[53543]: DEBUG keystone.common.rbac_enforcer.enforcer [None req-3bdfed52-dd3f-457a-baa6-90e7040977b9 admin admin] RBAC: Authorizing `identity:create_grant(project_id=52a70e5c25744c818059b53905f9dd80, group_id=3366a5d4efd84b0bbfd90ca96b6201bf, role_id=8c44244d5b8f427f990d2c131897cd87)` {{(pid=53543) enforce_call /opt/stack/keystone/keystone/common/rbac_enforcer/enforcer.py:449}}
Apr 20 14:10:31 user devstack@keystone.service[53541]: DEBUG keystone.server.flask.request_processing.middleware.auth_context [None req-e60b7c2d-24f9-4480-aee9-0d4e62d2e064 admin admin] RBAC: auth_context: {'token': , 'domain_id': None, 'trust_id': None, 'trustor_id': None, 'trustee_id': None, 'domain_name': None, 'group_ids': [], 'user_id': '42ef1d16fb41466681a322fe4ce3b604', 'user_domain_id': 'default', 'system_scope': None, 'project_id': 'ac423661a2a6492b8351aaa438c87245', 'project_domain_id': 'default', 'roles': ['member', 'admin', 'reader'], 'is_admin_project': True, 'service_user_id': None, 'service_user_domain_id': None, 'service_project_id': None, 'service_project_domain_id': None, 'service_roles': []} {{(pid=53541) fill_context /opt/stack/keystone/keystone/server/flask/request_processing/middleware/auth_context.py:478}}
Apr 20 14:10:31 user devstack@keystone.service[53541]: DEBUG keystone.server.flask.request_processing.req_logging [None req-e60b7c2d-24f9-4480-aee9-0d4e62d2e064 admin admin] REQUEST_METHOD: `GET` {{(pid=53541) log_request_info /opt/stack/keystone/keystone/server/flask/request_processing/req_logging.py:27}}
Apr 20 14:10:31 user devstack@keystone.service[53541]: DEBUG keystone.server.flask.request_processing.req_logging [None req-e60b7c2d-24f9-4480-aee9-0d4e62d2e064 admin admin] SCRIPT_NAME: `/identity` {{(pid=53541) log_request_info /opt/stack/keystone/keystone/server/flask/request_processing/req_logging.py:28}}
Apr 20 14:10:31 user devstack@keystone.service[53541]: DEBUG keystone.server.flask.request_processing.req_logging [None req-e60b7c2d-24f9-4480-aee9-0d4e62d2e064 admin admin] PATH_INFO: `/v3/groups/6717d1cdd79141bc9aa106932508ccea` {{(pid=53541) log_request_info /opt/stack/keystone/keystone/server/flask/request_processing/req_logging.py:29}}
Apr 20 14:10:31 user devstack@keystone.service[53543]: DEBUG keystone.common.rbac_enforcer.enforcer [None req-3bdfed52-dd3f-457a-baa6-90e7040977b9 admin admin] RBAC: Authorization granted {{(pid=53543) enforce_call /opt/stack/keystone/keystone/common/rbac_enforcer/enforcer.py:457}}
Apr 20 14:10:31 user devstack@keystone.service[53541]: DEBUG keystone.common.rbac_enforcer.enforcer [None req-e60b7c2d-24f9-4480-aee9-0d4e62d2e064 admin admin] RBAC: Authorizing `identity:get_group(group_id=6717d1cdd79141bc9aa106932508ccea)` {{(pid=53541) enforce_call /opt/stack/keystone/keystone/common/rbac_enforcer/enforcer.py:449}}
Apr 20 14:10:31 user devstack@keystone.service[53541]: DEBUG keystone.common.rbac_enforcer.enforcer [None req-e60b7c2d-24f9-4480-aee9-0d4e62d2e064 admin admin] RBAC: Authorization granted {{(pid=53541) enforce_call /opt/stack/keystone/keystone/common/rbac_enforcer/enforcer.py:457}}
Apr 20 14:10:31 user devstack@keystone.service[53541]: [pid: 53541|app: 0|req: 95/292] 10.0.0.210 () {56 vars in 1196 bytes} [Thu Apr 20 14:10:31 2023] GET /identity/v3/groups/6717d1cdd79141bc9aa106932508ccea => generated 228 bytes in 26 msecs (HTTP/1.1 200) 5 headers in 177 bytes (2 switches on core 0)
Apr 20 14:10:31 user devstack@keystone.service[53541]: DEBUG keystone.server.flask.request_processing.middleware.auth_context [None req-e60b7c2d-24f9-4480-aee9-0d4e62d2e064 admin admin] Authenticating user token {{(pid=53541) process_request /usr/local/lib/python3.10/dist-packages/keystonemiddleware/auth_token/__init__.py:406}}
Apr 20 14:10:31 user devstack@keystone.service[53543]: [pid: 53543|app: 0|req: 100/293] 10.0.0.210 () {58 vars in 1458 bytes} [Thu Apr 20 14:10:31 2023] PUT /identity/v3/projects/52a70e5c25744c818059b53905f9dd80/groups/3366a5d4efd84b0bbfd90ca96b6201bf/roles/8c44244d5b8f427f990d2c131897cd87 => generated 0 bytes in 36 msecs (HTTP/1.1 204) 3 headers in 132 bytes (1 switches on core 0)
Apr 20 14:10:31 user devstack@keystone.service[53541]: DEBUG dbcounter [-] [53541] Writing DB stats keystone:SELECT=100 {{(pid=53541) stat_writer /usr/local/lib/python3.10/dist-packages/dbcounter.py:117}}
Apr 20 14:10:31 user devstack@keystone.service[53541]: DEBUG keystone.server.flask.request_processing.middleware.auth_context [None req-e60b7c2d-24f9-4480-aee9-0d4e62d2e064 admin admin] Validating token access rules against request {{(pid=53541) validate_allowed_request /usr/local/lib/python3.10/dist-packages/keystonemiddleware/auth_token/__init__.py:544}}
Apr 20 14:10:31 user devstack@keystone.service[53541]: DEBUG keystone.server.flask.request_processing.middleware.auth_context [None req-e1ad64e3-eb95-43e3-8c39-b721ea9443b2 admin admin] RBAC: auth_context: {'token': , 'domain_id': None, 'trust_id': None, 'trustor_id': None, 'trustee_id': None, 'domain_name': None, 'group_ids': [], 'user_id': '42ef1d16fb41466681a322fe4ce3b604', 'user_domain_id': 'default', 'system_scope': None, 'project_id': 'ac423661a2a6492b8351aaa438c87245', 'project_domain_id': 'default', 'roles': ['member', 'admin', 'reader'], 'is_admin_project': True, 'service_user_id': None, 'service_user_domain_id': None, 'service_project_id': None, 'service_project_domain_id': None, 'service_roles': []} {{(pid=53541) fill_context /opt/stack/keystone/keystone/server/flask/request_processing/middleware/auth_context.py:478}}
Apr 20 14:10:31 user devstack@keystone.service[53541]: DEBUG keystone.server.flask.request_processing.req_logging [None req-e1ad64e3-eb95-43e3-8c39-b721ea9443b2 admin admin] REQUEST_METHOD: `GET` {{(pid=53541) log_request_info /opt/stack/keystone/keystone/server/flask/request_processing/req_logging.py:27}}
Apr 20 14:10:31 user devstack@keystone.service[53541]: DEBUG keystone.server.flask.request_processing.req_logging [None req-e1ad64e3-eb95-43e3-8c39-b721ea9443b2 admin admin] SCRIPT_NAME: `/identity` {{(pid=53541) log_request_info /opt/stack/keystone/keystone/server/flask/request_processing/req_logging.py:28}}
Apr 20 14:10:31 user devstack@keystone.service[53541]: DEBUG keystone.server.flask.request_processing.req_logging [None req-e1ad64e3-eb95-43e3-8c39-b721ea9443b2 admin admin] PATH_INFO: `/v3/projects/ac423661a2a6492b8351aaa438c87245` {{(pid=53541) log_request_info /opt/stack/keystone/keystone/server/flask/request_processing/req_logging.py:29}}
Apr 20 14:10:31 user devstack@keystone.service[53541]: DEBUG keystone.common.rbac_enforcer.enforcer [None req-e1ad64e3-eb95-43e3-8c39-b721ea9443b2 admin admin] RBAC: Authorizing `identity:get_project(project_id=ac423661a2a6492b8351aaa438c87245)` {{(pid=53541) enforce_call /opt/stack/keystone/keystone/common/rbac_enforcer/enforcer.py:449}}
Apr 20 14:10:31 user devstack@keystone.service[53541]: DEBUG keystone.common.rbac_enforcer.enforcer [None req-e1ad64e3-eb95-43e3-8c39-b721ea9443b2 admin admin] RBAC: Authorization granted {{(pid=53541) enforce_call /opt/stack/keystone/keystone/common/rbac_enforcer/enforcer.py:457}}
Apr 20 14:10:31 user devstack@keystone.service[53541]: [pid: 53541|app: 0|req: 96/294] 10.0.0.210 () {56 vars in 1202 bytes} [Thu Apr 20 14:10:31 2023] GET /identity/v3/projects/ac423661a2a6492b8351aaa438c87245 => generated 343 bytes in 72 msecs (HTTP/1.1 200) 5 headers in 177 bytes (2 switches on core 0)
Apr 20 14:10:31 user devstack@keystone.service[53543]: DEBUG keystone.server.flask.request_processing.middleware.auth_context [None req-3bdfed52-dd3f-457a-baa6-90e7040977b9 admin admin] Authenticating user token {{(pid=53543) process_request /usr/local/lib/python3.10/dist-packages/keystonemiddleware/auth_token/__init__.py:406}}
Apr 20 14:10:31 user devstack@keystone.service[53543]: DEBUG keystone.server.flask.request_processing.middleware.auth_context [None req-3bdfed52-dd3f-457a-baa6-90e7040977b9 admin admin] Validating token access rules against request {{(pid=53543) validate_allowed_request /usr/local/lib/python3.10/dist-packages/keystonemiddleware/auth_token/__init__.py:544}}
Apr 20 14:10:31 user devstack@keystone.service[53543]: DEBUG keystone.server.flask.request_processing.middleware.auth_context [None req-3d8b45f7-4da2-484f-9c14-9cd235a308e7 admin admin] RBAC: auth_context: {'token': , 'domain_id': None, 'trust_id': None, 'trustor_id': None, 'trustee_id': None, 'domain_name': None, 'group_ids': [], 'user_id': '42ef1d16fb41466681a322fe4ce3b604', 'user_domain_id': 'default', 'system_scope': None, 'project_id': 'ac423661a2a6492b8351aaa438c87245', 'project_domain_id': 'default', 'roles': ['member', 'admin', 'reader'], 'is_admin_project': True, 'service_user_id': None, 'service_user_domain_id': None, 'service_project_id': None, 'service_project_domain_id': None, 'service_roles': []} {{(pid=53543) fill_context /opt/stack/keystone/keystone/server/flask/request_processing/middleware/auth_context.py:478}}
Apr 20 14:10:31 user devstack@keystone.service[53543]: DEBUG keystone.server.flask.request_processing.req_logging [None req-3d8b45f7-4da2-484f-9c14-9cd235a308e7 admin admin] REQUEST_METHOD: `PUT` {{(pid=53543) log_request_info /opt/stack/keystone/keystone/server/flask/request_processing/req_logging.py:27}}
Apr 20 14:10:31 user devstack@keystone.service[53543]: DEBUG keystone.server.flask.request_processing.req_logging [None req-3d8b45f7-4da2-484f-9c14-9cd235a308e7 admin admin] SCRIPT_NAME: `/identity` {{(pid=53543) log_request_info /opt/stack/keystone/keystone/server/flask/request_processing/req_logging.py:28}}
Apr 20 14:10:31 user devstack@keystone.service[53543]: DEBUG keystone.server.flask.request_processing.req_logging [None req-3d8b45f7-4da2-484f-9c14-9cd235a308e7 admin admin] PATH_INFO: `/v3/projects/ac423661a2a6492b8351aaa438c87245/groups/6717d1cdd79141bc9aa106932508ccea/roles/3f8ae730ba2647d2beec408229c71a63` {{(pid=53543) log_request_info /opt/stack/keystone/keystone/server/flask/request_processing/req_logging.py:29}}
Apr 20 14:10:31 user devstack@keystone.service[53543]: DEBUG keystone.common.rbac_enforcer.enforcer [None req-3d8b45f7-4da2-484f-9c14-9cd235a308e7 admin admin] RBAC: Authorizing `identity:create_grant(project_id=ac423661a2a6492b8351aaa438c87245, group_id=6717d1cdd79141bc9aa106932508ccea, role_id=3f8ae730ba2647d2beec408229c71a63)` {{(pid=53543) enforce_call /opt/stack/keystone/keystone/common/rbac_enforcer/enforcer.py:449}}
Apr 20 14:10:31 user devstack@keystone.service[53543]: DEBUG keystone.common.rbac_enforcer.enforcer [None req-3d8b45f7-4da2-484f-9c14-9cd235a308e7 admin admin] RBAC: Authorization granted {{(pid=53543) enforce_call /opt/stack/keystone/keystone/common/rbac_enforcer/enforcer.py:457}}
Apr 20 14:10:31 user devstack@keystone.service[53542]: DEBUG keystone.server.flask.request_processing.middleware.auth_context [None req-2a6decc6-d292-4192-b645-93c330a2d70d None admin] Validating token access rules against request {{(pid=53542) validate_allowed_request /usr/local/lib/python3.10/dist-packages/keystonemiddleware/auth_token/__init__.py:544}}
Apr 20 14:10:31 user devstack@keystone.service[53543]: [pid: 53543|app: 0|req: 101/295] 10.0.0.210 () {58 vars in 1458 bytes} [Thu Apr 20 14:10:31 2023] PUT /identity/v3/projects/ac423661a2a6492b8351aaa438c87245/groups/6717d1cdd79141bc9aa106932508ccea/roles/3f8ae730ba2647d2beec408229c71a63 => generated 0 bytes in 33 msecs (HTTP/1.1 204) 3 headers in 132 bytes (0 switches on core 0)
Apr 20 14:10:31 user devstack@keystone.service[53542]: DEBUG keystone.server.flask.request_processing.middleware.auth_context [None req-b0acb1c3-43c2-49b8-ac51-b8f5e788a800 None admin] RBAC: auth_context: {'token': , 'domain_id': None, 'trust_id': None, 'trustor_id': None, 'trustee_id': None, 'domain_name': None, 'group_ids': [], 'user_id': '42ef1d16fb41466681a322fe4ce3b604', 'user_domain_id': 'default', 'system_scope': 'all', 'project_id': None, 'project_domain_id': None, 'roles': ['admin', 'member', 'reader'], 'is_admin_project': True, 'service_user_id': None, 'service_user_domain_id': None, 'service_project_id': None, 'service_project_domain_id': None, 'service_roles': []} {{(pid=53542) fill_context /opt/stack/keystone/keystone/server/flask/request_processing/middleware/auth_context.py:478}}
Apr 20 14:10:31 user devstack@keystone.service[53542]: DEBUG keystone.server.flask.request_processing.req_logging [None req-b0acb1c3-43c2-49b8-ac51-b8f5e788a800 None admin] REQUEST_METHOD: `GET` {{(pid=53542) log_request_info /opt/stack/keystone/keystone/server/flask/request_processing/req_logging.py:27}}
Apr 20 14:10:31 user devstack@keystone.service[53542]: DEBUG keystone.server.flask.request_processing.req_logging [None req-b0acb1c3-43c2-49b8-ac51-b8f5e788a800 None admin] SCRIPT_NAME: `/identity` {{(pid=53542) log_request_info /opt/stack/keystone/keystone/server/flask/request_processing/req_logging.py:28}}
Apr 20 14:10:31 user devstack@keystone.service[53542]: DEBUG keystone.server.flask.request_processing.req_logging [None req-b0acb1c3-43c2-49b8-ac51-b8f5e788a800 None admin] PATH_INFO: `/v3/role_assignments` {{(pid=53542) log_request_info /opt/stack/keystone/keystone/server/flask/request_processing/req_logging.py:29}}
Apr 20 14:10:31 user devstack@keystone.service[53542]: DEBUG keystone.common.rbac_enforcer.enforcer [None req-b0acb1c3-43c2-49b8-ac51-b8f5e788a800 None admin] RBAC: Adding query filter params (role.id=691e6f2c9c2c462bb7b2a06dfe530196, user.id=d143300ca305456a97f52b2504178f49, scope.system=all) {{(pid=53542) _extract_filter_values /opt/stack/keystone/keystone/common/rbac_enforcer/enforcer.py:167}}
Apr 20 14:10:31 user devstack@keystone.service[53542]: DEBUG keystone.common.rbac_enforcer.enforcer [None req-b0acb1c3-43c2-49b8-ac51-b8f5e788a800 None admin] RBAC: Authorizing `identity:list_role_assignments()` {{(pid=53542) enforce_call /opt/stack/keystone/keystone/common/rbac_enforcer/enforcer.py:449}}
Apr 20 14:10:31 user devstack@keystone.service[53542]: DEBUG keystone.common.rbac_enforcer.enforcer [None req-b0acb1c3-43c2-49b8-ac51-b8f5e788a800 None admin] RBAC: Authorization granted {{(pid=53542) enforce_call /opt/stack/keystone/keystone/common/rbac_enforcer/enforcer.py:457}}
Apr 20 14:10:32 user devstack@keystone.service[53542]: [pid: 53542|app: 0|req: 99/296] 10.0.0.210 () {56 vars in 1303 bytes} [Thu Apr 20 14:10:31 2023] GET /identity/v3/role_assignments?user.id=d143300ca305456a97f52b2504178f49&scope.system=all&role.id=691e6f2c9c2c462bb7b2a06dfe530196 => generated 508 bytes in 227 msecs (HTTP/1.1 200) 5 headers in 177 bytes (1 switches on core 0)
Apr 20 14:10:32 user devstack@keystone.service[53541]: DEBUG keystone.server.flask.request_processing.req_logging [None req-3ed83ec1-4be0-4587-b57f-bf8723fa53b9 None None] REQUEST_METHOD: `GET` {{(pid=53541) log_request_info /opt/stack/keystone/keystone/server/flask/request_processing/req_logging.py:27}}
Apr 20 14:10:32 user devstack@keystone.service[53541]: DEBUG keystone.server.flask.request_processing.req_logging [None req-3ed83ec1-4be0-4587-b57f-bf8723fa53b9 None None] SCRIPT_NAME: `/identity` {{(pid=53541) log_request_info /opt/stack/keystone/keystone/server/flask/request_processing/req_logging.py:28}}
Apr 20 14:10:32 user devstack@keystone.service[53541]: DEBUG keystone.server.flask.request_processing.req_logging [None req-3ed83ec1-4be0-4587-b57f-bf8723fa53b9 None None] PATH_INFO: `/` {{(pid=53541) log_request_info /opt/stack/keystone/keystone/server/flask/request_processing/req_logging.py:29}}
Apr 20 14:10:32 user devstack@keystone.service[53541]: [pid: 53541|app: 0|req: 97/297] 10.0.0.210 () {54 vars in 920 bytes} [Thu Apr 20 14:10:32 2023] GET /identity => generated 269 bytes in 3 msecs (HTTP/1.1 300) 6 headers in 233 bytes (1 switches on core 0)
Apr 20 14:10:32 user devstack@keystone.service[53543]: DEBUG keystone.server.flask.request_processing.req_logging [None req-7adf28c6-ff80-41d7-9e35-b2c59245ed4e None None] REQUEST_METHOD: `POST` {{(pid=53543) log_request_info /opt/stack/keystone/keystone/server/flask/request_processing/req_logging.py:27}}
Apr 20 14:10:32 user devstack@keystone.service[53543]: DEBUG keystone.server.flask.request_processing.req_logging [None req-7adf28c6-ff80-41d7-9e35-b2c59245ed4e None None] SCRIPT_NAME: `/identity` {{(pid=53543) log_request_info /opt/stack/keystone/keystone/server/flask/request_processing/req_logging.py:28}}
Apr 20 14:10:32 user devstack@keystone.service[53543]: DEBUG keystone.server.flask.request_processing.req_logging [None req-7adf28c6-ff80-41d7-9e35-b2c59245ed4e None None] PATH_INFO: `/v3/auth/tokens` {{(pid=53543) log_request_info /opt/stack/keystone/keystone/server/flask/request_processing/req_logging.py:29}}
Apr 20 14:10:32 user devstack@keystone.service[53543]: WARNING keystone.common.password_hashing [None req-7adf28c6-ff80-41d7-9e35-b2c59245ed4e None None] Truncating password to algorithm specific maximum length 54 characters.
Apr 20 14:10:32 user devstack@keystone.service[53543]: DEBUG keystone.auth.core [None req-7adf28c6-ff80-41d7-9e35-b2c59245ed4e None None] MFA Rules not processed for user `42ef1d16fb41466681a322fe4ce3b604`. Rule list: `[]` (Enabled: `True`). {{(pid=53543) check_auth_methods_against_rules /opt/stack/keystone/keystone/auth/core.py:438}}
Apr 20 14:10:32 user devstack@keystone.service[53543]: DEBUG keystone.common.fernet_utils [None req-7adf28c6-ff80-41d7-9e35-b2c59245ed4e None None] Loaded 2 Fernet keys from /etc/keystone/fernet-keys/, but `[fernet_tokens] max_active_keys = 3`; perhaps there have not been enough key rotations to reach `max_active_keys` yet? {{(pid=53543) load_keys /opt/stack/keystone/keystone/common/fernet_utils.py:286}}
Apr 20 14:10:33 user devstack@keystone.service[53543]: DEBUG dbcounter [-] [53543] Writing DB stats keystone:SELECT=97,keystone:INSERT=3 {{(pid=53543) stat_writer /usr/local/lib/python3.10/dist-packages/dbcounter.py:117}}
Apr 20 14:10:33 user devstack@keystone.service[53543]: [pid: 53543|app: 0|req: 102/298] 10.0.0.210 () {58 vars in 1017 bytes} [Thu Apr 20 14:10:32 2023] POST /identity/v3/auth/tokens => generated 798 bytes in 89 msecs (HTTP/1.1 201) 6 headers in 363 bytes (1 switches on core 0)
Apr 20 14:10:33 user devstack@keystone.service[53542]: DEBUG keystone.server.flask.request_processing.req_logging [None req-59283b3d-0a2a-4a62-a27b-09ff6adb6cd5 None None] REQUEST_METHOD: `GET` {{(pid=53542) log_request_info /opt/stack/keystone/keystone/server/flask/request_processing/req_logging.py:27}}
Apr 20 14:10:33 user devstack@keystone.service[53542]: DEBUG keystone.server.flask.request_processing.req_logging [None req-59283b3d-0a2a-4a62-a27b-09ff6adb6cd5 None None] SCRIPT_NAME: `/identity` {{(pid=53542) log_request_info /opt/stack/keystone/keystone/server/flask/request_processing/req_logging.py:28}}
Apr 20 14:10:33 user devstack@keystone.service[53542]: DEBUG keystone.server.flask.request_processing.req_logging [None req-59283b3d-0a2a-4a62-a27b-09ff6adb6cd5 None None] PATH_INFO: `/` {{(pid=53542) log_request_info /opt/stack/keystone/keystone/server/flask/request_processing/req_logging.py:29}}
Apr 20 14:10:33 user devstack@keystone.service[53542]: [pid: 53542|app: 0|req: 100/299] 10.0.0.210 () {54 vars in 920 bytes} [Thu Apr 20 14:10:33 2023] GET /identity => generated 269 bytes in 5 msecs (HTTP/1.1 300) 6 headers in 233 bytes (1 switches on core 0)
Apr 20 14:10:33 user devstack@keystone.service[53541]: DEBUG keystone.server.flask.request_processing.req_logging [None req-5982279c-63e5-403a-a870-f49506714ca8 None None] REQUEST_METHOD: `POST` {{(pid=53541) log_request_info /opt/stack/keystone/keystone/server/flask/request_processing/req_logging.py:27}}
Apr 20 14:10:33 user devstack@keystone.service[53541]: DEBUG keystone.server.flask.request_processing.req_logging [None req-5982279c-63e5-403a-a870-f49506714ca8 None None] SCRIPT_NAME: `/identity` {{(pid=53541) log_request_info /opt/stack/keystone/keystone/server/flask/request_processing/req_logging.py:28}}
Apr 20 14:10:33 user devstack@keystone.service[53541]: DEBUG keystone.server.flask.request_processing.req_logging [None req-5982279c-63e5-403a-a870-f49506714ca8 None None] PATH_INFO: `/v3/auth/tokens` {{(pid=53541) log_request_info /opt/stack/keystone/keystone/server/flask/request_processing/req_logging.py:29}}
Apr 20 14:10:33 user devstack@keystone.service[53541]: WARNING keystone.common.password_hashing [None req-5982279c-63e5-403a-a870-f49506714ca8 None None] Truncating password to algorithm specific maximum length 54 characters.
Apr 20 14:10:33 user devstack@keystone.service[53541]: DEBUG keystone.auth.core [None req-5982279c-63e5-403a-a870-f49506714ca8 None None] MFA Rules not processed for user `42ef1d16fb41466681a322fe4ce3b604`. Rule list: `[]` (Enabled: `True`). {{(pid=53541) check_auth_methods_against_rules /opt/stack/keystone/keystone/auth/core.py:438}}
Apr 20 14:10:33 user devstack@keystone.service[53541]: DEBUG keystone.common.fernet_utils [None req-5982279c-63e5-403a-a870-f49506714ca8 None None] Loaded 2 Fernet keys from /etc/keystone/fernet-keys/, but `[fernet_tokens] max_active_keys = 3`; perhaps there have not been enough key rotations to reach `max_active_keys` yet? {{(pid=53541) load_keys /opt/stack/keystone/keystone/common/fernet_utils.py:286}}
Apr 20 14:10:33 user devstack@keystone.service[53543]: DEBUG keystone.server.flask.request_processing.middleware.auth_context [None req-7adf28c6-ff80-41d7-9e35-b2c59245ed4e None None] Authenticating user token {{(pid=53543) process_request /usr/local/lib/python3.10/dist-packages/keystonemiddleware/auth_token/__init__.py:406}}
Apr 20 14:10:33 user devstack@keystone.service[53541]: [pid: 53541|app: 0|req: 98/300] 10.0.0.210 () {58 vars in 1017 bytes} [Thu Apr 20 14:10:33 2023] POST /identity/v3/auth/tokens => generated 798 bytes in 83 msecs (HTTP/1.1 201) 6 headers in 363 bytes (1 switches on core 0)
Apr 20 14:10:33 user devstack@keystone.service[53542]: DEBUG keystone.server.flask.request_processing.req_logging [None req-94aefe57-73ef-4b7e-adfb-d518769006a3 None None] REQUEST_METHOD: `GET` {{(pid=53542) log_request_info /opt/stack/keystone/keystone/server/flask/request_processing/req_logging.py:27}}
Apr 20 14:10:33 user devstack@keystone.service[53542]: DEBUG keystone.server.flask.request_processing.req_logging [None req-94aefe57-73ef-4b7e-adfb-d518769006a3 None None] SCRIPT_NAME: `/identity` {{(pid=53542) log_request_info /opt/stack/keystone/keystone/server/flask/request_processing/req_logging.py:28}}
Apr 20 14:10:33 user devstack@keystone.service[53542]: DEBUG keystone.server.flask.request_processing.req_logging [None req-94aefe57-73ef-4b7e-adfb-d518769006a3 None None] PATH_INFO: `/` {{(pid=53542) log_request_info /opt/stack/keystone/keystone/server/flask/request_processing/req_logging.py:29}}
Apr 20 14:10:33 user devstack@keystone.service[53542]: [pid: 53542|app: 0|req: 101/301] 10.0.0.210 () {54 vars in 920 bytes} [Thu Apr 20 14:10:33 2023] GET /identity => generated 269 bytes in 3 msecs (HTTP/1.1 300) 6 headers in 233 bytes (1 switches on core 0)
Apr 20 14:10:33 user devstack@keystone.service[53541]: DEBUG keystone.server.flask.request_processing.req_logging [None req-d3a663ef-5072-4e89-9246-cabf10cdf403 None None] REQUEST_METHOD: `POST` {{(pid=53541) log_request_info /opt/stack/keystone/keystone/server/flask/request_processing/req_logging.py:27}}
Apr 20 14:10:33 user devstack@keystone.service[53541]: DEBUG keystone.server.flask.request_processing.req_logging [None req-d3a663ef-5072-4e89-9246-cabf10cdf403 None None] SCRIPT_NAME: `/identity` {{(pid=53541) log_request_info /opt/stack/keystone/keystone/server/flask/request_processing/req_logging.py:28}}
Apr 20 14:10:33 user devstack@keystone.service[53541]: DEBUG keystone.server.flask.request_processing.req_logging [None req-d3a663ef-5072-4e89-9246-cabf10cdf403 None None] PATH_INFO: `/v3/auth/tokens` {{(pid=53541) log_request_info /opt/stack/keystone/keystone/server/flask/request_processing/req_logging.py:29}}
Apr 20 14:10:33 user devstack@keystone.service[53543]: DEBUG keystone.server.flask.request_processing.middleware.auth_context [None req-7adf28c6-ff80-41d7-9e35-b2c59245ed4e None None] Validating token access rules against request {{(pid=53543) validate_allowed_request /usr/local/lib/python3.10/dist-packages/keystonemiddleware/auth_token/__init__.py:544}}
Apr 20 14:10:33 user devstack@keystone.service[53541]: WARNING keystone.common.password_hashing [None req-d3a663ef-5072-4e89-9246-cabf10cdf403 None None] Truncating password to algorithm specific maximum length 54 characters.
Apr 20 14:10:33 user devstack@keystone.service[53541]: DEBUG keystone.auth.core [None req-d3a663ef-5072-4e89-9246-cabf10cdf403 None None] MFA Rules not processed for user `42ef1d16fb41466681a322fe4ce3b604`. Rule list: `[]` (Enabled: `True`). {{(pid=53541) check_auth_methods_against_rules /opt/stack/keystone/keystone/auth/core.py:438}}
Apr 20 14:10:33 user devstack@keystone.service[53541]: DEBUG keystone.common.fernet_utils [None req-d3a663ef-5072-4e89-9246-cabf10cdf403 None None] Loaded 2 Fernet keys from /etc/keystone/fernet-keys/, but `[fernet_tokens] max_active_keys = 3`; perhaps there have not been enough key rotations to reach `max_active_keys` yet? {{(pid=53541) load_keys /opt/stack/keystone/keystone/common/fernet_utils.py:286}}
Apr 20 14:10:33 user devstack@keystone.service[53543]: DEBUG keystone.server.flask.request_processing.middleware.auth_context [None req-c7751041-d163-430c-94d0-e4160c5a328c None admin] RBAC: auth_context: {'token': , 'domain_id': None, 'trust_id': None, 'trustor_id': None, 'trustee_id': None, 'domain_name': None, 'group_ids': [], 'user_id': '42ef1d16fb41466681a322fe4ce3b604', 'user_domain_id': 'default', 'system_scope': 'all', 'project_id': None, 'project_domain_id': None, 'roles': ['admin', 'member', 'reader'], 'is_admin_project': True, 'service_user_id': None, 'service_user_domain_id': None, 'service_project_id': None, 'service_project_domain_id': None, 'service_roles': []} {{(pid=53543) fill_context /opt/stack/keystone/keystone/server/flask/request_processing/middleware/auth_context.py:478}}
Apr 20 14:10:33 user devstack@keystone.service[53543]: DEBUG keystone.server.flask.request_processing.req_logging [None req-c7751041-d163-430c-94d0-e4160c5a328c None admin] REQUEST_METHOD: `GET` {{(pid=53543) log_request_info /opt/stack/keystone/keystone/server/flask/request_processing/req_logging.py:27}}
Apr 20 14:10:33 user devstack@keystone.service[53543]: DEBUG keystone.server.flask.request_processing.req_logging [None req-c7751041-d163-430c-94d0-e4160c5a328c None admin] SCRIPT_NAME: `/identity` {{(pid=53543) log_request_info /opt/stack/keystone/keystone/server/flask/request_processing/req_logging.py:28}}
Apr 20 14:10:33 user devstack@keystone.service[53543]: DEBUG keystone.server.flask.request_processing.req_logging [None req-c7751041-d163-430c-94d0-e4160c5a328c None admin] PATH_INFO: `/v3/roles/member` {{(pid=53543) log_request_info /opt/stack/keystone/keystone/server/flask/request_processing/req_logging.py:29}}
Apr 20 14:10:33 user devstack@keystone.service[53543]: DEBUG keystone.common.rbac_enforcer.enforcer [None req-c7751041-d163-430c-94d0-e4160c5a328c None admin] Extracting inferred target data resulted in "NOT FOUND (404)". {{(pid=53543) enforce_call /opt/stack/keystone/keystone/common/rbac_enforcer/enforcer.py:409}}
Apr 20 14:10:33 user devstack@keystone.service[53543]: ERROR keystone.server.flask.application [None req-c7751041-d163-430c-94d0-e4160c5a328c None admin] Could not find role: member.: keystone.exception.RoleNotFound: Could not find role: member.
Apr 20 14:10:33 user devstack@keystone.service[53543]: ERROR keystone.server.flask.application
Traceback (most recent call last):
Apr 20 14:10:33 user devstack@keystone.service[53543]: ERROR keystone.server.flask.application
File "/usr/local/lib/python3.10/dist-packages/flask/app.py", line 1823, in full_dispatch_request
Apr 20 14:10:33 user devstack@keystone.service[53543]: ERROR keystone.server.flask.application rv = self.dispatch_request()
Apr 20 14:10:33 user devstack@keystone.service[53543]: ERROR keystone.server.flask.application
File "/usr/local/lib/python3.10/dist-packages/flask/app.py", line 1799, in dispatch_request
Apr 20 14:10:33 user devstack@keystone.service[53543]: ERROR keystone.server.flask.application return self.ensure_sync(self.view_functions[rule.endpoint])(**view_args)
Apr 20 14:10:33 user devstack@keystone.service[53543]: ERROR keystone.server.flask.application
File "/usr/local/lib/python3.10/dist-packages/flask_restful/__init__.py", line 467, in wrapper
Apr 20 14:10:33 user devstack@keystone.service[53543]: ERROR keystone.server.flask.application resp = resource(*args, **kwargs)
Apr 20 14:10:33 user devstack@keystone.service[53543]: ERROR keystone.server.flask.application
File "/usr/local/lib/python3.10/dist-packages/flask/views.py", line 107, in view
Apr 20 14:10:33 user devstack@keystone.service[53543]: ERROR keystone.server.flask.application return current_app.ensure_sync(self.dispatch_request)(**kwargs)
Apr 20 14:10:33 user devstack@keystone.service[53543]: ERROR keystone.server.flask.application
File "/usr/local/lib/python3.10/dist-packages/flask_restful/__init__.py", line 582, in dispatch_request
Apr 20 14:10:33 user devstack@keystone.service[53543]: ERROR keystone.server.flask.application resp = meth(*args, **kwargs)
Apr 20 14:10:33 user devstack@keystone.service[53543]: ERROR keystone.server.flask.application
File "/opt/stack/keystone/keystone/api/roles.py", line 50, in get
Apr 20 14:10:33 user devstack@keystone.service[53543]: ERROR keystone.server.flask.application return self._get_role(role_id)
Apr 20 14:10:33 user devstack@keystone.service[53543]: ERROR keystone.server.flask.application
File "/opt/stack/keystone/keystone/api/roles.py", line 70, in _get_role
Apr 20 14:10:33 user devstack@keystone.service[53543]: ERROR keystone.server.flask.application ENFORCER.enforce_call(action='identity:get_role')
Apr 20 14:10:33 user devstack@keystone.service[53543]: ERROR keystone.server.flask.application
File "/opt/stack/keystone/keystone/common/rbac_enforcer/enforcer.py", line 402, in enforce_call
Apr 20 14:10:33 user devstack@keystone.service[53543]: ERROR keystone.server.flask.application policy_dict.update(cls._extract_member_target_data(
Apr 20 14:10:33 user devstack@keystone.service[53543]: ERROR keystone.server.flask.application
File "/opt/stack/keystone/keystone/common/rbac_enforcer/enforcer.py", line 234, in _extract_member_target_data
Apr 20 14:10:33 user devstack@keystone.service[53543]: ERROR keystone.server.flask.application member_name: func(flask.request.view_args[key])
Apr 20 14:10:33 user devstack@keystone.service[53543]: ERROR keystone.server.flask.application
File "/opt/stack/keystone/keystone/common/manager.py", line 115, in wrapped
Apr 20 14:10:33 user devstack@keystone.service[53543]: ERROR keystone.server.flask.application __ret_val = __f(*args, **kwargs)
Apr 20 14:10:33 user devstack@keystone.service[53543]: ERROR keystone.server.flask.application
File "/usr/local/lib/python3.10/dist-packages/decorator.py", line 232, in fun
Apr 20 14:10:33 user devstack@keystone.service[53543]: ERROR keystone.server.flask.application return caller(func, *(extras + args), **kw)
Apr 20 14:10:33 user devstack@keystone.service[53543]: ERROR keystone.server.flask.application
File "/usr/local/lib/python3.10/dist-packages/dogpile/cache/region.py", line 1577, in get_or_create_for_user_func
Apr 20 14:10:33 user devstack@keystone.service[53543]: ERROR keystone.server.flask.application return self.get_or_create(
Apr 20 14:10:33 user devstack@keystone.service[53543]: ERROR keystone.server.flask.application
File "/usr/local/lib/python3.10/dist-packages/dogpile/cache/region.py", line 1042, in get_or_create
Apr 20 14:10:33 user devstack@keystone.service[53543]: ERROR keystone.server.flask.application with Lock(
Apr 20 14:10:33 user devstack@keystone.service[53543]: ERROR keystone.server.flask.application
File "/usr/local/lib/python3.10/dist-packages/dogpile/lock.py", line 185, in __enter__
Apr 20 14:10:33 user devstack@keystone.service[53543]: ERROR keystone.server.flask.application return self._enter()
Apr 20 14:10:33 user devstack@keystone.service[53543]: ERROR keystone.server.flask.application
File "/usr/local/lib/python3.10/dist-packages/dogpile/lock.py", line 94, in _enter
Apr 20 14:10:33 user devstack@keystone.service[53543]: ERROR keystone.server.flask.application generated = self._enter_create(value, createdtime)
Apr 20 14:10:33 user devstack@keystone.service[53543]: ERROR keystone.server.flask.application
File "/usr/local/lib/python3.10/dist-packages/dogpile/lock.py", line 178, in _enter_create
Apr 20 14:10:33 user devstack@keystone.service[53543]: ERROR keystone.server.flask.application return self.creator()
Apr 20 14:10:33 user devstack@keystone.service[53543]: ERROR keystone.server.flask.application
File "/usr/local/lib/python3.10/dist-packages/dogpile/cache/region.py", line 995, in gen_value
Apr 20 14:10:33 user devstack@keystone.service[53543]: ERROR keystone.server.flask.application created_value = creator(
Apr 20 14:10:33 user devstack@keystone.service[53543]: ERROR keystone.server.flask.application
File "/opt/stack/keystone/keystone/assignment/core.py", line 1276, in get_role
Apr 20 14:10:33 user devstack@keystone.service[53543]: ERROR keystone.server.flask.application return self.driver.get_role(role_id)
Apr 20 14:10:33 user devstack@keystone.service[53543]: ERROR keystone.server.flask.application
File "/opt/stack/keystone/keystone/assignment/role_backends/sql.py", line 70, in get_role
Apr 20 14:10:33 user devstack@keystone.service[53543]: ERROR keystone.server.flask.application return self._get_role(session, role_id).to_dict()
Apr 20 14:10:33 user devstack@keystone.service[53543]: ERROR keystone.server.flask.application
File "/opt/stack/keystone/keystone/assignment/role_backends/sql.py", line 65, in _get_role
Apr 20 14:10:33 user devstack@keystone.service[53543]: ERROR keystone.server.flask.application raise exception.RoleNotFound(role_id=role_id)
Apr 20 14:10:33 user devstack@keystone.service[53543]: ERROR keystone.server.flask.application keystone.exception.RoleNotFound: Could not find role: member.
Apr 20 14:10:33 user devstack@keystone.service[53543]: ERROR keystone.server.flask.application
Apr 20 14:10:33 user devstack@keystone.service[53543]: [pid: 53543|app: 0|req: 103/302] 10.0.0.210 () {56 vars in 1094 bytes} [Thu Apr 20 14:10:33 2023] GET /identity/v3/roles/member => generated 84 bytes in 146 msecs (HTTP/1.1 404) 5 headers in 183 bytes (1 switches on core 0)
Apr 20 14:10:33 user devstack@keystone.service[53542]: DEBUG keystone.server.flask.request_processing.middleware.auth_context [None req-94aefe57-73ef-4b7e-adfb-d518769006a3 None None] Authenticating user token {{(pid=53542) process_request /usr/local/lib/python3.10/dist-packages/keystonemiddleware/auth_token/__init__.py:406}}
Apr 20 14:10:33 user devstack@keystone.service[53542]: DEBUG dbcounter [-] [53542] Writing DB stats keystone:SELECT=100 {{(pid=53542) stat_writer /usr/local/lib/python3.10/dist-packages/dbcounter.py:117}}
Apr 20 14:10:33 user devstack@keystone.service[53541]: [pid: 53541|app: 0|req: 99/303] 10.0.0.210 () {58 vars in 1017 bytes} [Thu Apr 20 14:10:33 2023] POST /identity/v3/auth/tokens => generated 798 bytes in 78 msecs (HTTP/1.1 201) 6 headers in 363 bytes (1 switches on core 0)
Apr 20 14:10:33 user devstack@keystone.service[53543]: DEBUG keystone.server.flask.request_processing.middleware.auth_context [None req-c7751041-d163-430c-94d0-e4160c5a328c None admin] Authenticating user token {{(pid=53543) process_request /usr/local/lib/python3.10/dist-packages/keystonemiddleware/auth_token/__init__.py:406}}
Apr 20 14:10:33 user devstack@keystone.service[53542]: DEBUG keystone.server.flask.request_processing.middleware.auth_context [None req-94aefe57-73ef-4b7e-adfb-d518769006a3 None None] Validating token access rules against request {{(pid=53542) validate_allowed_request /usr/local/lib/python3.10/dist-packages/keystonemiddleware/auth_token/__init__.py:544}}
Apr 20 14:10:33 user devstack@keystone.service[53542]: DEBUG keystone.server.flask.request_processing.middleware.auth_context [None req-7b10a875-a814-4767-a120-7a489c6c6868 None admin] RBAC: auth_context: {'token': , 'domain_id': None, 'trust_id': None, 'trustor_id': None, 'trustee_id': None, 'domain_name': None, 'group_ids': [], 'user_id': '42ef1d16fb41466681a322fe4ce3b604', 'user_domain_id': 'default', 'system_scope': 'all', 'project_id': None, 'project_domain_id': None, 'roles': ['admin', 'member', 'reader'], 'is_admin_project': True, 'service_user_id': None, 'service_user_domain_id': None, 'service_project_id': None, 'service_project_domain_id': None, 'service_roles': []} {{(pid=53542) fill_context /opt/stack/keystone/keystone/server/flask/request_processing/middleware/auth_context.py:478}}
Apr 20 14:10:33 user devstack@keystone.service[53542]: DEBUG keystone.server.flask.request_processing.req_logging [None req-7b10a875-a814-4767-a120-7a489c6c6868 None admin] REQUEST_METHOD: `GET` {{(pid=53542) log_request_info /opt/stack/keystone/keystone/server/flask/request_processing/req_logging.py:27}}
Apr 20 14:10:33 user devstack@keystone.service[53542]: DEBUG keystone.server.flask.request_processing.req_logging [None req-7b10a875-a814-4767-a120-7a489c6c6868 None admin] SCRIPT_NAME: `/identity` {{(pid=53542) log_request_info /opt/stack/keystone/keystone/server/flask/request_processing/req_logging.py:28}}
Apr 20 14:10:33 user devstack@keystone.service[53542]: DEBUG keystone.server.flask.request_processing.req_logging [None req-7b10a875-a814-4767-a120-7a489c6c6868 None admin] PATH_INFO: `/v3/roles` {{(pid=53542) log_request_info /opt/stack/keystone/keystone/server/flask/request_processing/req_logging.py:29}}
Apr 20 14:10:33 user devstack@keystone.service[53542]: DEBUG keystone.common.rbac_enforcer.enforcer [None req-7b10a875-a814-4767-a120-7a489c6c6868 None admin] RBAC: Adding query filter params (name=member) {{(pid=53542) _extract_filter_values /opt/stack/keystone/keystone/common/rbac_enforcer/enforcer.py:167}}
Apr 20 14:10:33 user devstack@keystone.service[53542]: DEBUG keystone.common.rbac_enforcer.enforcer [None req-7b10a875-a814-4767-a120-7a489c6c6868 None admin] RBAC: Authorizing `identity:list_roles()` {{(pid=53542) enforce_call /opt/stack/keystone/keystone/common/rbac_enforcer/enforcer.py:449}}
Apr 20 14:10:33 user devstack@keystone.service[53542]: DEBUG keystone.common.rbac_enforcer.enforcer [None req-7b10a875-a814-4767-a120-7a489c6c6868 None admin] RBAC: Authorization granted {{(pid=53542) enforce_call /opt/stack/keystone/keystone/common/rbac_enforcer/enforcer.py:457}}
Apr 20 14:10:33 user devstack@keystone.service[53543]: DEBUG dbcounter [-] [53543] Writing DB stats keystone:SELECT=100 {{(pid=53543) stat_writer /usr/local/lib/python3.10/dist-packages/dbcounter.py:117}}
Apr 20 14:10:33 user devstack@keystone.service[53542]: [pid: 53542|app: 0|req: 102/304] 10.0.0.210 () {56 vars in 1096 bytes} [Thu Apr 20 14:10:33 2023] GET /identity/v3/roles?name=member => generated 339 bytes in 165 msecs (HTTP/1.1 200) 5 headers in 177 bytes (1 switches on core 0)
Apr 20 14:10:33 user devstack@keystone.service[53541]: DEBUG keystone.server.flask.request_processing.middleware.auth_context [None req-d3a663ef-5072-4e89-9246-cabf10cdf403 None None] Authenticating user token {{(pid=53541) process_request /usr/local/lib/python3.10/dist-packages/keystonemiddleware/auth_token/__init__.py:406}}
Apr 20 14:10:33 user devstack@keystone.service[53541]: DEBUG dbcounter [-] [53541] Writing DB stats keystone:SELECT=100 {{(pid=53541) stat_writer /usr/local/lib/python3.10/dist-packages/dbcounter.py:117}}
Apr 20 14:10:33 user devstack@keystone.service[53543]: DEBUG keystone.server.flask.request_processing.middleware.auth_context [None req-c7751041-d163-430c-94d0-e4160c5a328c None admin] Validating token access rules against request {{(pid=53543) validate_allowed_request /usr/local/lib/python3.10/dist-packages/keystonemiddleware/auth_token/__init__.py:544}}
Apr 20 14:10:33 user devstack@keystone.service[53542]: DEBUG keystone.server.flask.request_processing.middleware.auth_context [None req-7b10a875-a814-4767-a120-7a489c6c6868 None admin] Authenticating user token {{(pid=53542) process_request /usr/local/lib/python3.10/dist-packages/keystonemiddleware/auth_token/__init__.py:406}}
Apr 20 14:10:33 user devstack@keystone.service[53543]: DEBUG keystone.server.flask.request_processing.middleware.auth_context [None req-3691b8a9-676e-472f-bd3a-444b790b8b72 None admin] RBAC: auth_context: {'token': , 'domain_id': None, 'trust_id': None, 'trustor_id': None, 'trustee_id': None, 'domain_name': None, 'group_ids': [], 'user_id': '42ef1d16fb41466681a322fe4ce3b604', 'user_domain_id': 'default', 'system_scope': 'all', 'project_id': None, 'project_domain_id': None, 'roles': ['admin', 'member', 'reader'], 'is_admin_project': True, 'service_user_id': None, 'service_user_domain_id': None, 'service_project_id': None, 'service_project_domain_id': None, 'service_roles': []} {{(pid=53543) fill_context /opt/stack/keystone/keystone/server/flask/request_processing/middleware/auth_context.py:478}}
Apr 20 14:10:33 user devstack@keystone.service[53543]: DEBUG keystone.server.flask.request_processing.req_logging [None req-3691b8a9-676e-472f-bd3a-444b790b8b72 None admin] REQUEST_METHOD: `GET` {{(pid=53543) log_request_info /opt/stack/keystone/keystone/server/flask/request_processing/req_logging.py:27}}
Apr 20 14:10:33 user devstack@keystone.service[53543]: DEBUG keystone.server.flask.request_processing.req_logging [None req-3691b8a9-676e-472f-bd3a-444b790b8b72 None admin] SCRIPT_NAME: `/identity` {{(pid=53543) log_request_info /opt/stack/keystone/keystone/server/flask/request_processing/req_logging.py:28}}
Apr 20 14:10:33 user devstack@keystone.service[53543]: DEBUG keystone.server.flask.request_processing.req_logging [None req-3691b8a9-676e-472f-bd3a-444b790b8b72 None admin] PATH_INFO: `/v3/roles/anotherrole` {{(pid=53543) log_request_info /opt/stack/keystone/keystone/server/flask/request_processing/req_logging.py:29}}
Apr 20 14:10:33 user devstack@keystone.service[53543]: DEBUG keystone.common.rbac_enforcer.enforcer [None req-3691b8a9-676e-472f-bd3a-444b790b8b72 None admin] Extracting inferred target data resulted in "NOT FOUND (404)". {{(pid=53543) enforce_call /opt/stack/keystone/keystone/common/rbac_enforcer/enforcer.py:409}}
Apr 20 14:10:33 user devstack@keystone.service[53543]: ERROR keystone.server.flask.application [None req-3691b8a9-676e-472f-bd3a-444b790b8b72 None admin] Could not find role: anotherrole.: keystone.exception.RoleNotFound: Could not find role: anotherrole.
Apr 20 14:10:33 user devstack@keystone.service[53543]: ERROR keystone.server.flask.application
Traceback (most recent call last):
Apr 20 14:10:33 user devstack@keystone.service[53543]: ERROR keystone.server.flask.application
File "/usr/local/lib/python3.10/dist-packages/flask/app.py", line 1823, in full_dispatch_request
Apr 20 14:10:33 user devstack@keystone.service[53543]: ERROR keystone.server.flask.application rv = self.dispatch_request()
Apr 20 14:10:33 user devstack@keystone.service[53543]: ERROR keystone.server.flask.application
File "/usr/local/lib/python3.10/dist-packages/flask/app.py", line 1799, in dispatch_request
Apr 20 14:10:33 user devstack@keystone.service[53543]: ERROR keystone.server.flask.application return self.ensure_sync(self.view_functions[rule.endpoint])(**view_args)
Apr 20 14:10:33 user devstack@keystone.service[53543]: ERROR keystone.server.flask.application
File "/usr/local/lib/python3.10/dist-packages/flask_restful/__init__.py", line 467, in wrapper
Apr 20 14:10:33 user devstack@keystone.service[53543]: ERROR keystone.server.flask.application resp = resource(*args, **kwargs)
Apr 20 14:10:33 user devstack@keystone.service[53543]: ERROR keystone.server.flask.application
File "/usr/local/lib/python3.10/dist-packages/flask/views.py", line 107, in view
Apr 20 14:10:33 user devstack@keystone.service[53543]: ERROR keystone.server.flask.application return current_app.ensure_sync(self.dispatch_request)(**kwargs)
Apr 20 14:10:33 user devstack@keystone.service[53543]: ERROR keystone.server.flask.application
File "/usr/local/lib/python3.10/dist-packages/flask_restful/__init__.py", line 582, in dispatch_request
Apr 20 14:10:33 user devstack@keystone.service[53543]: ERROR keystone.server.flask.application resp = meth(*args, **kwargs)
Apr 20 14:10:33 user devstack@keystone.service[53543]: ERROR keystone.server.flask.application
File "/opt/stack/keystone/keystone/api/roles.py", line 50, in get
Apr 20 14:10:33 user devstack@keystone.service[53543]: ERROR keystone.server.flask.application return self._get_role(role_id)
Apr 20 14:10:33 user devstack@keystone.service[53543]: ERROR keystone.server.flask.application
File "/opt/stack/keystone/keystone/api/roles.py", line 70, in _get_role
Apr 20 14:10:33 user devstack@keystone.service[53543]: ERROR keystone.server.flask.application ENFORCER.enforce_call(action='identity:get_role')
Apr 20 14:10:33 user devstack@keystone.service[53543]: ERROR keystone.server.flask.application
File "/opt/stack/keystone/keystone/common/rbac_enforcer/enforcer.py", line 402, in enforce_call
Apr 20 14:10:33 user devstack@keystone.service[53543]: ERROR keystone.server.flask.application policy_dict.update(cls._extract_member_target_data(
Apr 20 14:10:33 user devstack@keystone.service[53543]: ERROR keystone.server.flask.application
File "/opt/stack/keystone/keystone/common/rbac_enforcer/enforcer.py", line 234, in _extract_member_target_data
Apr 20 14:10:33 user devstack@keystone.service[53543]: ERROR keystone.server.flask.application member_name: func(flask.request.view_args[key])
