Apr 11 22:55:02 user devstack@keystone.service[42983]: DEBUG keystone.server.flask.request_processing.middleware.auth_context [None req-1bcb297e-0e24-4751-8d1b-3b613cbeb5e6 None None] Authenticating user token {{(pid=42983) process_request /usr/local/lib/python3.10/dist-packages/keystonemiddleware/auth_token/__init__.py:406}}
Apr 11 22:55:02 user devstack@keystone.service[42985]: DEBUG keystone.common.rbac_enforcer.enforcer [None req-6dff3584-c71f-491a-893f-398a6651211f admin admin] Extracting inferred target data resulted in "NOT FOUND (404)". {{(pid=42985) enforce_call /opt/stack/keystone/keystone/common/rbac_enforcer/enforcer.py:409}}
Apr 11 22:55:02 user devstack@keystone.service[42983]: DEBUG keystone.server.flask.request_processing.middleware.auth_context [None req-1bcb297e-0e24-4751-8d1b-3b613cbeb5e6 None None] Validating token access rules against request {{(pid=42983) validate_allowed_request /usr/local/lib/python3.10/dist-packages/keystonemiddleware/auth_token/__init__.py:544}}
Apr 11 22:55:02 user devstack@keystone.service[42985]: ERROR keystone.server.flask.application [None req-6dff3584-c71f-491a-893f-398a6651211f admin admin] Could not find role: anotherrole.: keystone.exception.RoleNotFound: Could not find role: anotherrole.
Apr 11 22:55:02 user devstack@keystone.service[42985]: ERROR keystone.server.flask.application
Traceback (most recent call last):
Apr 11 22:55:02 user devstack@keystone.service[42985]: ERROR keystone.server.flask.application
File "/usr/local/lib/python3.10/dist-packages/flask/app.py", line 1823, in full_dispatch_request
Apr 11 22:55:02 user devstack@keystone.service[42985]: ERROR keystone.server.flask.application rv = self.dispatch_request()
Apr 11 22:55:02 user devstack@keystone.service[42985]: ERROR keystone.server.flask.application
File "/usr/local/lib/python3.10/dist-packages/flask/app.py", line 1799, in dispatch_request
Apr 11 22:55:02 user devstack@keystone.service[42985]: ERROR keystone.server.flask.application return self.ensure_sync(self.view_functions[rule.endpoint])(**view_args)
Apr 11 22:55:02 user devstack@keystone.service[42985]: ERROR keystone.server.flask.application
File "/usr/local/lib/python3.10/dist-packages/flask_restful/__init__.py", line 467, in wrapper
Apr 11 22:55:02 user devstack@keystone.service[42985]: ERROR keystone.server.flask.application resp = resource(*args, **kwargs)
Apr 11 22:55:02 user devstack@keystone.service[42985]: ERROR keystone.server.flask.application
File "/usr/local/lib/python3.10/dist-packages/flask/views.py", line 107, in view
Apr 11 22:55:02 user devstack@keystone.service[42985]: ERROR keystone.server.flask.application return current_app.ensure_sync(self.dispatch_request)(**kwargs)
Apr 11 22:55:02 user devstack@keystone.service[42985]: ERROR keystone.server.flask.application
File "/usr/local/lib/python3.10/dist-packages/flask_restful/__init__.py", line 582, in dispatch_request
Apr 11 22:55:02 user devstack@keystone.service[42985]: ERROR keystone.server.flask.application resp = meth(*args, **kwargs)
Apr 11 22:55:02 user devstack@keystone.service[42985]: ERROR keystone.server.flask.application
File "/opt/stack/keystone/keystone/api/roles.py", line 50, in get
Apr 11 22:55:02 user devstack@keystone.service[42985]: ERROR keystone.server.flask.application return self._get_role(role_id)
Apr 11 22:55:02 user devstack@keystone.service[42985]: ERROR keystone.server.flask.application
File "/opt/stack/keystone/keystone/api/roles.py", line 70, in _get_role
Apr 11 22:55:02 user devstack@keystone.service[42985]: ERROR keystone.server.flask.application ENFORCER.enforce_call(action='identity:get_role')
Apr 11 22:55:02 user devstack@keystone.service[42985]: ERROR keystone.server.flask.application
File "/opt/stack/keystone/keystone/common/rbac_enforcer/enforcer.py", line 402, in enforce_call
Apr 11 22:55:02 user devstack@keystone.service[42985]: ERROR keystone.server.flask.application policy_dict.update(cls._extract_member_target_data(
Apr 11 22:55:02 user devstack@keystone.service[42985]: ERROR keystone.server.flask.application
File "/opt/stack/keystone/keystone/common/rbac_enforcer/enforcer.py", line 234, in _extract_member_target_data
Apr 11 22:55:02 user devstack@keystone.service[42985]: ERROR keystone.server.flask.application member_name: func(flask.request.view_args[key])
Apr 11 22:55:02 user devstack@keystone.service[42985]: ERROR keystone.server.flask.application
File "/opt/stack/keystone/keystone/common/manager.py", line 115, in wrapped
Apr 11 22:55:02 user devstack@keystone.service[42985]: ERROR keystone.server.flask.application __ret_val = __f(*args, **kwargs)
Apr 11 22:55:02 user devstack@keystone.service[42985]: ERROR keystone.server.flask.application
File "/usr/local/lib/python3.10/dist-packages/decorator.py", line 232, in fun
Apr 11 22:55:02 user devstack@keystone.service[42985]: ERROR keystone.server.flask.application return caller(func, *(extras + args), **kw)
Apr 11 22:55:02 user devstack@keystone.service[42985]: ERROR keystone.server.flask.application
File "/usr/local/lib/python3.10/dist-packages/dogpile/cache/region.py", line 1577, in get_or_create_for_user_func
Apr 11 22:55:02 user devstack@keystone.service[42985]: ERROR keystone.server.flask.application return self.get_or_create(
Apr 11 22:55:02 user devstack@keystone.service[42985]: ERROR keystone.server.flask.application
File "/usr/local/lib/python3.10/dist-packages/dogpile/cache/region.py", line 1042, in get_or_create
Apr 11 22:55:02 user devstack@keystone.service[42985]: ERROR keystone.server.flask.application with Lock(
Apr 11 22:55:02 user devstack@keystone.service[42985]: ERROR keystone.server.flask.application
File "/usr/local/lib/python3.10/dist-packages/dogpile/lock.py", line 185, in __enter__
Apr 11 22:55:02 user devstack@keystone.service[42985]: ERROR keystone.server.flask.application return self._enter()
Apr 11 22:55:02 user devstack@keystone.service[42985]: ERROR keystone.server.flask.application
File "/usr/local/lib/python3.10/dist-packages/dogpile/lock.py", line 94, in _enter
Apr 11 22:55:02 user devstack@keystone.service[42985]: ERROR keystone.server.flask.application generated = self._enter_create(value, createdtime)
Apr 11 22:55:02 user devstack@keystone.service[42985]: ERROR keystone.server.flask.application
File "/usr/local/lib/python3.10/dist-packages/dogpile/lock.py", line 178, in _enter_create
Apr 11 22:55:02 user devstack@keystone.service[42985]: ERROR keystone.server.flask.application return self.creator()
Apr 11 22:55:02 user devstack@keystone.service[42985]: ERROR keystone.server.flask.application
File "/usr/local/lib/python3.10/dist-packages/dogpile/cache/region.py", line 995, in gen_value
Apr 11 22:55:02 user devstack@keystone.service[42985]: ERROR keystone.server.flask.application created_value = creator(
Apr 11 22:55:02 user devstack@keystone.service[42985]: ERROR keystone.server.flask.application
File "/opt/stack/keystone/keystone/assignment/core.py", line 1276, in get_role
Apr 11 22:55:02 user devstack@keystone.service[42985]: ERROR keystone.server.flask.application return self.driver.get_role(role_id)
Apr 11 22:55:02 user devstack@keystone.service[42985]: ERROR keystone.server.flask.application
File "/opt/stack/keystone/keystone/assignment/role_backends/sql.py", line 70, in get_role
Apr 11 22:55:02 user devstack@keystone.service[42985]: ERROR keystone.server.flask.application return self._get_role(session, role_id).to_dict()
Apr 11 22:55:02 user devstack@keystone.service[42985]: ERROR keystone.server.flask.application
File "/opt/stack/keystone/keystone/assignment/role_backends/sql.py", line 65, in _get_role
Apr 11 22:55:02 user devstack@keystone.service[42985]: ERROR keystone.server.flask.application raise exception.RoleNotFound(role_id=role_id)
Apr 11 22:55:02 user devstack@keystone.service[42985]: ERROR keystone.server.flask.application keystone.exception.RoleNotFound: Could not find role: anotherrole.
Apr 11 22:55:02 user devstack@keystone.service[42985]: ERROR keystone.server.flask.application
Apr 11 22:55:02 user devstack@keystone.service[42985]: [pid: 42985|app: 0|req: 90/281] 10.0.0.210 () {56 vars in 1130 bytes} [Tue Apr 11 22:55:02 2023] GET /identity/v3/roles/anotherrole => generated 89 bytes in 113 msecs (HTTP/1.1 404) 5 headers in 183 bytes (1 switches on core 0)
Apr 11 22:55:02 user devstack@keystone.service[42983]: DEBUG keystone.server.flask.request_processing.middleware.auth_context [None req-470f8ec0-9b5e-4baf-a09c-6bb0583e0453 admin admin] RBAC: auth_context: {'token': , 'domain_id': None, 'trust_id': None, 'trustor_id': None, 'trustee_id': None, 'domain_name': None, 'group_ids': [], 'user_id': 'f713d096199b4c258081ab1c668895fc', 'user_domain_id': 'default', 'system_scope': None, 'project_id': 'dc4c5175ee99459396db72418ed47d73', 'project_domain_id': 'default', 'roles': ['member', 'reader', 'admin'], 'is_admin_project': True, 'service_user_id': None, 'service_user_domain_id': None, 'service_project_id': None, 'service_project_domain_id': None, 'service_roles': []} {{(pid=42983) fill_context /opt/stack/keystone/keystone/server/flask/request_processing/middleware/auth_context.py:478}}
Apr 11 22:55:02 user devstack@keystone.service[42983]: DEBUG keystone.server.flask.request_processing.req_logging [None req-470f8ec0-9b5e-4baf-a09c-6bb0583e0453 admin admin] REQUEST_METHOD: `GET` {{(pid=42983) log_request_info /opt/stack/keystone/keystone/server/flask/request_processing/req_logging.py:27}}
Apr 11 22:55:02 user devstack@keystone.service[42983]: DEBUG keystone.server.flask.request_processing.req_logging [None req-470f8ec0-9b5e-4baf-a09c-6bb0583e0453 admin admin] SCRIPT_NAME: `/identity` {{(pid=42983) log_request_info /opt/stack/keystone/keystone/server/flask/request_processing/req_logging.py:28}}
Apr 11 22:55:02 user devstack@keystone.service[42983]: DEBUG keystone.server.flask.request_processing.req_logging [None req-470f8ec0-9b5e-4baf-a09c-6bb0583e0453 admin admin] PATH_INFO: `/v3/groups/b39a7bfdeac0462f9f3ee957229889b5` {{(pid=42983) log_request_info /opt/stack/keystone/keystone/server/flask/request_processing/req_logging.py:29}}
Apr 11 22:55:02 user devstack@keystone.service[42983]: DEBUG keystone.common.rbac_enforcer.enforcer [None req-470f8ec0-9b5e-4baf-a09c-6bb0583e0453 admin admin] RBAC: Authorizing `identity:get_group(group_id=b39a7bfdeac0462f9f3ee957229889b5)` {{(pid=42983) enforce_call /opt/stack/keystone/keystone/common/rbac_enforcer/enforcer.py:449}}
Apr 11 22:55:02 user devstack@keystone.service[42983]: DEBUG keystone.common.rbac_enforcer.enforcer [None req-470f8ec0-9b5e-4baf-a09c-6bb0583e0453 admin admin] RBAC: Authorization granted {{(pid=42983) enforce_call /opt/stack/keystone/keystone/common/rbac_enforcer/enforcer.py:457}}
Apr 11 22:55:02 user devstack@keystone.service[42985]: DEBUG keystone.server.flask.request_processing.middleware.auth_context [None req-6dff3584-c71f-491a-893f-398a6651211f admin admin] Authenticating user token {{(pid=42985) process_request /usr/local/lib/python3.10/dist-packages/keystonemiddleware/auth_token/__init__.py:406}}
Apr 11 22:55:02 user devstack@keystone.service[42983]: [pid: 42983|app: 0|req: 98/282] 10.0.0.210 () {56 vars in 1196 bytes} [Tue Apr 11 22:55:02 2023] GET /identity/v3/groups/b39a7bfdeac0462f9f3ee957229889b5 => generated 225 bytes in 23 msecs (HTTP/1.1 200) 5 headers in 177 bytes (1 switches on core 0)
Apr 11 22:55:02 user devstack@keystone.service[42984]: DEBUG keystone.server.flask.request_processing.middleware.auth_context [None req-e17bfed1-c72b-4028-aa7c-8205bc3e53a9 None admin] Validating token access rules against request {{(pid=42984) validate_allowed_request /usr/local/lib/python3.10/dist-packages/keystonemiddleware/auth_token/__init__.py:544}}
Apr 11 22:55:02 user devstack@keystone.service[42983]: DEBUG keystone.server.flask.request_processing.middleware.auth_context [None req-470f8ec0-9b5e-4baf-a09c-6bb0583e0453 admin admin] Authenticating user token {{(pid=42983) process_request /usr/local/lib/python3.10/dist-packages/keystonemiddleware/auth_token/__init__.py:406}}
Apr 11 22:55:02 user devstack@keystone.service[42985]: DEBUG keystone.server.flask.request_processing.middleware.auth_context [None req-6dff3584-c71f-491a-893f-398a6651211f admin admin] Validating token access rules against request {{(pid=42985) validate_allowed_request /usr/local/lib/python3.10/dist-packages/keystonemiddleware/auth_token/__init__.py:544}}
Apr 11 22:55:02 user devstack@keystone.service[42985]: DEBUG keystone.server.flask.request_processing.middleware.auth_context [None req-5ba50a2c-085d-4284-af17-7e342108f71c admin admin] RBAC: auth_context: {'token': , 'domain_id': None, 'trust_id': None, 'trustor_id': None, 'trustee_id': None, 'domain_name': None, 'group_ids': [], 'user_id': 'f713d096199b4c258081ab1c668895fc', 'user_domain_id': 'default', 'system_scope': None, 'project_id': 'dc4c5175ee99459396db72418ed47d73', 'project_domain_id': 'default', 'roles': ['member', 'reader', 'admin'], 'is_admin_project': True, 'service_user_id': None, 'service_user_domain_id': None, 'service_project_id': None, 'service_project_domain_id': None, 'service_roles': []} {{(pid=42985) fill_context /opt/stack/keystone/keystone/server/flask/request_processing/middleware/auth_context.py:478}}
Apr 11 22:55:02 user devstack@keystone.service[42985]: DEBUG keystone.server.flask.request_processing.req_logging [None req-5ba50a2c-085d-4284-af17-7e342108f71c admin admin] REQUEST_METHOD: `GET` {{(pid=42985) log_request_info /opt/stack/keystone/keystone/server/flask/request_processing/req_logging.py:27}}
Apr 11 22:55:02 user devstack@keystone.service[42985]: DEBUG keystone.server.flask.request_processing.req_logging [None req-5ba50a2c-085d-4284-af17-7e342108f71c admin admin] SCRIPT_NAME: `/identity` {{(pid=42985) log_request_info /opt/stack/keystone/keystone/server/flask/request_processing/req_logging.py:28}}
Apr 11 22:55:02 user devstack@keystone.service[42985]: DEBUG keystone.server.flask.request_processing.req_logging [None req-5ba50a2c-085d-4284-af17-7e342108f71c admin admin] PATH_INFO: `/v3/roles` {{(pid=42985) log_request_info /opt/stack/keystone/keystone/server/flask/request_processing/req_logging.py:29}}
Apr 11 22:55:02 user devstack@keystone.service[42985]: DEBUG keystone.common.rbac_enforcer.enforcer [None req-5ba50a2c-085d-4284-af17-7e342108f71c admin admin] RBAC: Adding query filter params (name=anotherrole) {{(pid=42985) _extract_filter_values /opt/stack/keystone/keystone/common/rbac_enforcer/enforcer.py:167}}
Apr 11 22:55:02 user devstack@keystone.service[42983]: DEBUG keystone.server.flask.request_processing.middleware.auth_context [None req-470f8ec0-9b5e-4baf-a09c-6bb0583e0453 admin admin] Validating token access rules against request {{(pid=42983) validate_allowed_request /usr/local/lib/python3.10/dist-packages/keystonemiddleware/auth_token/__init__.py:544}}
Apr 11 22:55:02 user devstack@keystone.service[42985]: DEBUG keystone.common.rbac_enforcer.enforcer [None req-5ba50a2c-085d-4284-af17-7e342108f71c admin admin] RBAC: Authorizing `identity:list_roles()` {{(pid=42985) enforce_call /opt/stack/keystone/keystone/common/rbac_enforcer/enforcer.py:449}}
Apr 11 22:55:02 user devstack@keystone.service[42985]: DEBUG keystone.common.rbac_enforcer.enforcer [None req-5ba50a2c-085d-4284-af17-7e342108f71c admin admin] RBAC: Authorization granted {{(pid=42985) enforce_call /opt/stack/keystone/keystone/common/rbac_enforcer/enforcer.py:457}}
Apr 11 22:55:02 user devstack@keystone.service[42984]: DEBUG dbcounter [-] [42984] Writing DB stats keystone:SELECT=100 {{(pid=42984) stat_writer /usr/local/lib/python3.10/dist-packages/dbcounter.py:117}}
Apr 11 22:55:02 user devstack@keystone.service[42983]: DEBUG keystone.server.flask.request_processing.middleware.auth_context [None req-903573c1-8332-473a-b4fb-d8bac8eaccba admin admin] RBAC: auth_context: {'token': , 'domain_id': None, 'trust_id': None, 'trustor_id': None, 'trustee_id': None, 'domain_name': None, 'group_ids': [], 'user_id': 'f713d096199b4c258081ab1c668895fc', 'user_domain_id': 'default', 'system_scope': None, 'project_id': 'dc4c5175ee99459396db72418ed47d73', 'project_domain_id': 'default', 'roles': ['member', 'reader', 'admin'], 'is_admin_project': True, 'service_user_id': None, 'service_user_domain_id': None, 'service_project_id': None, 'service_project_domain_id': None, 'service_roles': []} {{(pid=42983) fill_context /opt/stack/keystone/keystone/server/flask/request_processing/middleware/auth_context.py:478}}
Apr 11 22:55:02 user devstack@keystone.service[42983]: DEBUG keystone.server.flask.request_processing.req_logging [None req-903573c1-8332-473a-b4fb-d8bac8eaccba admin admin] REQUEST_METHOD: `GET` {{(pid=42983) log_request_info /opt/stack/keystone/keystone/server/flask/request_processing/req_logging.py:27}}
Apr 11 22:55:02 user devstack@keystone.service[42983]: DEBUG keystone.server.flask.request_processing.req_logging [None req-903573c1-8332-473a-b4fb-d8bac8eaccba admin admin] SCRIPT_NAME: `/identity` {{(pid=42983) log_request_info /opt/stack/keystone/keystone/server/flask/request_processing/req_logging.py:28}}
Apr 11 22:55:02 user devstack@keystone.service[42983]: DEBUG keystone.server.flask.request_processing.req_logging [None req-903573c1-8332-473a-b4fb-d8bac8eaccba admin admin] PATH_INFO: `/v3/projects/66deeb772f95424e83085813a8588af7` {{(pid=42983) log_request_info /opt/stack/keystone/keystone/server/flask/request_processing/req_logging.py:29}}
Apr 11 22:55:02 user devstack@keystone.service[42983]: DEBUG keystone.common.rbac_enforcer.enforcer [None req-903573c1-8332-473a-b4fb-d8bac8eaccba admin admin] RBAC: Authorizing `identity:get_project(project_id=66deeb772f95424e83085813a8588af7)` {{(pid=42983) enforce_call /opt/stack/keystone/keystone/common/rbac_enforcer/enforcer.py:449}}
Apr 11 22:55:02 user devstack@keystone.service[42983]: DEBUG keystone.common.rbac_enforcer.enforcer [None req-903573c1-8332-473a-b4fb-d8bac8eaccba admin admin] RBAC: Authorization granted {{(pid=42983) enforce_call /opt/stack/keystone/keystone/common/rbac_enforcer/enforcer.py:457}}
Apr 11 22:55:02 user devstack@keystone.service[42983]: [pid: 42983|app: 0|req: 99/283] 10.0.0.210 () {56 vars in 1202 bytes} [Tue Apr 11 22:55:02 2023] GET /identity/v3/projects/66deeb772f95424e83085813a8588af7 => generated 301 bytes in 20 msecs (HTTP/1.1 200) 5 headers in 177 bytes (2 switches on core 0)
Apr 11 22:55:02 user devstack@keystone.service[42985]: [pid: 42985|app: 0|req: 91/284] 10.0.0.210 () {56 vars in 1127 bytes} [Tue Apr 11 22:55:02 2023] GET /identity/v3/roles?name=anotherrole => generated 332 bytes in 27 msecs (HTTP/1.1 200) 5 headers in 177 bytes (1 switches on core 0)
Apr 11 22:55:02 user devstack@keystone.service[42983]: DEBUG keystone.server.flask.request_processing.middleware.auth_context [None req-903573c1-8332-473a-b4fb-d8bac8eaccba admin admin] Authenticating user token {{(pid=42983) process_request /usr/local/lib/python3.10/dist-packages/keystonemiddleware/auth_token/__init__.py:406}}
Apr 11 22:55:02 user devstack@keystone.service[42985]: DEBUG keystone.server.flask.request_processing.middleware.auth_context [None req-5ba50a2c-085d-4284-af17-7e342108f71c admin admin] Authenticating user token {{(pid=42985) process_request /usr/local/lib/python3.10/dist-packages/keystonemiddleware/auth_token/__init__.py:406}}
Apr 11 22:55:02 user devstack@keystone.service[42983]: DEBUG keystone.server.flask.request_processing.middleware.auth_context [None req-903573c1-8332-473a-b4fb-d8bac8eaccba admin admin] Validating token access rules against request {{(pid=42983) validate_allowed_request /usr/local/lib/python3.10/dist-packages/keystonemiddleware/auth_token/__init__.py:544}}
Apr 11 22:55:02 user devstack@keystone.service[42985]: DEBUG keystone.server.flask.request_processing.middleware.auth_context [None req-5ba50a2c-085d-4284-af17-7e342108f71c admin admin] Validating token access rules against request {{(pid=42985) validate_allowed_request /usr/local/lib/python3.10/dist-packages/keystonemiddleware/auth_token/__init__.py:544}}
Apr 11 22:55:02 user devstack@keystone.service[42984]: DEBUG keystone.server.flask.request_processing.middleware.auth_context [None req-2c88075c-11c4-439a-88a3-ee7767011772 None admin] RBAC: auth_context: {'token': , 'domain_id': None, 'trust_id': None, 'trustor_id': None, 'trustee_id': None, 'domain_name': None, 'group_ids': [], 'user_id': 'f713d096199b4c258081ab1c668895fc', 'user_domain_id': 'default', 'system_scope': 'all', 'project_id': None, 'project_domain_id': None, 'roles': ['admin', 'member', 'reader'], 'is_admin_project': True, 'service_user_id': None, 'service_user_domain_id': None, 'service_project_id': None, 'service_project_domain_id': None, 'service_roles': []} {{(pid=42984) fill_context /opt/stack/keystone/keystone/server/flask/request_processing/middleware/auth_context.py:478}}
Apr 11 22:55:02 user devstack@keystone.service[42983]: DEBUG keystone.server.flask.request_processing.middleware.auth_context [None req-3847b7ee-215e-490b-b6f9-a915cb12a2ff admin admin] RBAC: auth_context: {'token': , 'domain_id': None, 'trust_id': None, 'trustor_id': None, 'trustee_id': None, 'domain_name': None, 'group_ids': [], 'user_id': 'f713d096199b4c258081ab1c668895fc', 'user_domain_id': 'default', 'system_scope': None, 'project_id': 'dc4c5175ee99459396db72418ed47d73', 'project_domain_id': 'default', 'roles': ['member', 'reader', 'admin'], 'is_admin_project': True, 'service_user_id': None, 'service_user_domain_id': None, 'service_project_id': None, 'service_project_domain_id': None, 'service_roles': []} {{(pid=42983) fill_context /opt/stack/keystone/keystone/server/flask/request_processing/middleware/auth_context.py:478}}
Apr 11 22:55:02 user devstack@keystone.service[42984]: DEBUG keystone.server.flask.request_processing.req_logging [None req-2c88075c-11c4-439a-88a3-ee7767011772 None admin] REQUEST_METHOD: `GET` {{(pid=42984) log_request_info /opt/stack/keystone/keystone/server/flask/request_processing/req_logging.py:27}}
Apr 11 22:55:02 user devstack@keystone.service[42984]: DEBUG keystone.server.flask.request_processing.req_logging [None req-2c88075c-11c4-439a-88a3-ee7767011772 None admin] SCRIPT_NAME: `/identity` {{(pid=42984) log_request_info /opt/stack/keystone/keystone/server/flask/request_processing/req_logging.py:28}}
Apr 11 22:55:02 user devstack@keystone.service[42983]: DEBUG keystone.server.flask.request_processing.req_logging [None req-3847b7ee-215e-490b-b6f9-a915cb12a2ff admin admin] REQUEST_METHOD: `PUT` {{(pid=42983) log_request_info /opt/stack/keystone/keystone/server/flask/request_processing/req_logging.py:27}}
Apr 11 22:55:02 user devstack@keystone.service[42984]: DEBUG keystone.server.flask.request_processing.req_logging [None req-2c88075c-11c4-439a-88a3-ee7767011772 None admin] PATH_INFO: `/v3/roles` {{(pid=42984) log_request_info /opt/stack/keystone/keystone/server/flask/request_processing/req_logging.py:29}}
Apr 11 22:55:02 user devstack@keystone.service[42983]: DEBUG keystone.server.flask.request_processing.req_logging [None req-3847b7ee-215e-490b-b6f9-a915cb12a2ff admin admin] SCRIPT_NAME: `/identity` {{(pid=42983) log_request_info /opt/stack/keystone/keystone/server/flask/request_processing/req_logging.py:28}}
Apr 11 22:55:02 user devstack@keystone.service[42983]: DEBUG keystone.server.flask.request_processing.req_logging [None req-3847b7ee-215e-490b-b6f9-a915cb12a2ff admin admin] PATH_INFO: `/v3/projects/66deeb772f95424e83085813a8588af7/groups/b39a7bfdeac0462f9f3ee957229889b5/roles/22716b7293cc48dfa6f69615cb9d897d` {{(pid=42983) log_request_info /opt/stack/keystone/keystone/server/flask/request_processing/req_logging.py:29}}
Apr 11 22:55:02 user devstack@keystone.service[42984]: DEBUG keystone.common.rbac_enforcer.enforcer [None req-2c88075c-11c4-439a-88a3-ee7767011772 None admin] RBAC: Adding query filter params (name=reader) {{(pid=42984) _extract_filter_values /opt/stack/keystone/keystone/common/rbac_enforcer/enforcer.py:167}}
Apr 11 22:55:02 user devstack@keystone.service[42984]: DEBUG keystone.common.rbac_enforcer.enforcer [None req-2c88075c-11c4-439a-88a3-ee7767011772 None admin] RBAC: Authorizing `identity:list_roles()` {{(pid=42984) enforce_call /opt/stack/keystone/keystone/common/rbac_enforcer/enforcer.py:449}}
Apr 11 22:55:02 user devstack@keystone.service[42983]: DEBUG keystone.common.rbac_enforcer.enforcer [None req-3847b7ee-215e-490b-b6f9-a915cb12a2ff admin admin] RBAC: Authorizing `identity:create_grant(project_id=66deeb772f95424e83085813a8588af7, group_id=b39a7bfdeac0462f9f3ee957229889b5, role_id=22716b7293cc48dfa6f69615cb9d897d)` {{(pid=42983) enforce_call /opt/stack/keystone/keystone/common/rbac_enforcer/enforcer.py:449}}
Apr 11 22:55:02 user devstack@keystone.service[42984]: DEBUG keystone.common.rbac_enforcer.enforcer [None req-2c88075c-11c4-439a-88a3-ee7767011772 None admin] RBAC: Authorization granted {{(pid=42984) enforce_call /opt/stack/keystone/keystone/common/rbac_enforcer/enforcer.py:457}}
Apr 11 22:55:02 user devstack@keystone.service[42985]: DEBUG keystone.server.flask.request_processing.middleware.auth_context [None req-48b42e8e-28bc-4e5e-bce8-5afb6d515d7c admin admin] RBAC: auth_context: {'token': , 'domain_id': None, 'trust_id': None, 'trustor_id': None, 'trustee_id': None, 'domain_name': None, 'group_ids': [], 'user_id': 'f713d096199b4c258081ab1c668895fc', 'user_domain_id': 'default', 'system_scope': None, 'project_id': 'dc4c5175ee99459396db72418ed47d73', 'project_domain_id': 'default', 'roles': ['member', 'reader', 'admin'], 'is_admin_project': True, 'service_user_id': None, 'service_user_domain_id': None, 'service_project_id': None, 'service_project_domain_id': None, 'service_roles': []} {{(pid=42985) fill_context /opt/stack/keystone/keystone/server/flask/request_processing/middleware/auth_context.py:478}}
Apr 11 22:55:02 user devstack@keystone.service[42983]: DEBUG keystone.common.rbac_enforcer.enforcer [None req-3847b7ee-215e-490b-b6f9-a915cb12a2ff admin admin] RBAC: Authorization granted {{(pid=42983) enforce_call /opt/stack/keystone/keystone/common/rbac_enforcer/enforcer.py:457}}
Apr 11 22:55:02 user devstack@keystone.service[42985]: DEBUG keystone.server.flask.request_processing.req_logging [None req-48b42e8e-28bc-4e5e-bce8-5afb6d515d7c admin admin] REQUEST_METHOD: `GET` {{(pid=42985) log_request_info /opt/stack/keystone/keystone/server/flask/request_processing/req_logging.py:27}}
Apr 11 22:55:02 user devstack@keystone.service[42985]: DEBUG keystone.server.flask.request_processing.req_logging [None req-48b42e8e-28bc-4e5e-bce8-5afb6d515d7c admin admin] SCRIPT_NAME: `/identity` {{(pid=42985) log_request_info /opt/stack/keystone/keystone/server/flask/request_processing/req_logging.py:28}}
Apr 11 22:55:02 user devstack@keystone.service[42985]: DEBUG keystone.server.flask.request_processing.req_logging [None req-48b42e8e-28bc-4e5e-bce8-5afb6d515d7c admin admin] PATH_INFO: `/v3/groups/b39a7bfdeac0462f9f3ee957229889b5` {{(pid=42985) log_request_info /opt/stack/keystone/keystone/server/flask/request_processing/req_logging.py:29}}
Apr 11 22:55:02 user devstack@keystone.service[42985]: DEBUG keystone.common.rbac_enforcer.enforcer [None req-48b42e8e-28bc-4e5e-bce8-5afb6d515d7c admin admin] RBAC: Authorizing `identity:get_group(group_id=b39a7bfdeac0462f9f3ee957229889b5)` {{(pid=42985) enforce_call /opt/stack/keystone/keystone/common/rbac_enforcer/enforcer.py:449}}
Apr 11 22:55:02 user devstack@keystone.service[42985]: WARNING py.warnings [None req-48b42e8e-28bc-4e5e-bce8-5afb6d515d7c admin admin] /usr/local/lib/python3.10/dist-packages/oslo_policy/policy.py:1129: UserWarning: Policy "identity:get_group": "(role:reader and system_scope:all) or (role:reader and domain_id:%(target.group.domain_id)s)" failed scope check. The token used to make the request was project scoped but the policy requires ['system', 'domain'] scope. This behavior may change in the future where using the intended scope is required
Apr 11 22:55:02 user devstack@keystone.service[42985]: warnings.warn(msg)
Apr 11 22:55:02 user devstack@keystone.service[42985]:
Apr 11 22:55:02 user devstack@keystone.service[42984]: [pid: 42984|app: 0|req: 95/285] 10.0.0.210 () {56 vars in 1096 bytes} [Tue Apr 11 22:55:02 2023] GET /identity/v3/roles?name=reader => generated 339 bytes in 176 msecs (HTTP/1.1 200) 5 headers in 177 bytes (1 switches on core 0)
Apr 11 22:55:02 user devstack@keystone.service[42985]: DEBUG keystone.common.rbac_enforcer.enforcer [None req-48b42e8e-28bc-4e5e-bce8-5afb6d515d7c admin admin] RBAC: Authorization granted {{(pid=42985) enforce_call /opt/stack/keystone/keystone/common/rbac_enforcer/enforcer.py:457}}
Apr 11 22:55:02 user devstack@keystone.service[42985]: [pid: 42985|app: 0|req: 92/286] 10.0.0.210 () {56 vars in 1196 bytes} [Tue Apr 11 22:55:02 2023] GET /identity/v3/groups/b39a7bfdeac0462f9f3ee957229889b5 => generated 225 bytes in 27 msecs (HTTP/1.1 200) 5 headers in 177 bytes (1 switches on core 0)
Apr 11 22:55:02 user devstack@keystone.service[42984]: DEBUG keystone.server.flask.request_processing.middleware.auth_context [None req-2c88075c-11c4-439a-88a3-ee7767011772 None admin] Authenticating user token {{(pid=42984) process_request /usr/local/lib/python3.10/dist-packages/keystonemiddleware/auth_token/__init__.py:406}}
Apr 11 22:55:02 user devstack@keystone.service[42983]: [pid: 42983|app: 0|req: 100/287] 10.0.0.210 () {58 vars in 1458 bytes} [Tue Apr 11 22:55:02 2023] PUT /identity/v3/projects/66deeb772f95424e83085813a8588af7/groups/b39a7bfdeac0462f9f3ee957229889b5/roles/22716b7293cc48dfa6f69615cb9d897d => generated 0 bytes in 31 msecs (HTTP/1.1 204) 3 headers in 132 bytes (0 switches on core 0)
Apr 11 22:55:02 user devstack@keystone.service[42985]: DEBUG keystone.server.flask.request_processing.middleware.auth_context [None req-48b42e8e-28bc-4e5e-bce8-5afb6d515d7c admin admin] Authenticating user token {{(pid=42985) process_request /usr/local/lib/python3.10/dist-packages/keystonemiddleware/auth_token/__init__.py:406}}
Apr 11 22:55:02 user devstack@keystone.service[42985]: DEBUG keystone.server.flask.request_processing.middleware.auth_context [None req-48b42e8e-28bc-4e5e-bce8-5afb6d515d7c admin admin] Validating token access rules against request {{(pid=42985) validate_allowed_request /usr/local/lib/python3.10/dist-packages/keystonemiddleware/auth_token/__init__.py:544}}
Apr 11 22:55:02 user devstack@keystone.service[42985]: DEBUG dbcounter [-] [42985] Writing DB stats keystone:SELECT=98,keystone:INSERT=2 {{(pid=42985) stat_writer /usr/local/lib/python3.10/dist-packages/dbcounter.py:117}}
Apr 11 22:55:02 user devstack@keystone.service[42985]: DEBUG keystone.server.flask.request_processing.middleware.auth_context [None req-69636037-8cf1-45ac-8a4b-24044d3937a3 admin admin] RBAC: auth_context: {'token': , 'domain_id': None, 'trust_id': None, 'trustor_id': None, 'trustee_id': None, 'domain_name': None, 'group_ids': [], 'user_id': 'f713d096199b4c258081ab1c668895fc', 'user_domain_id': 'default', 'system_scope': None, 'project_id': 'dc4c5175ee99459396db72418ed47d73', 'project_domain_id': 'default', 'roles': ['member', 'reader', 'admin'], 'is_admin_project': True, 'service_user_id': None, 'service_user_domain_id': None, 'service_project_id': None, 'service_project_domain_id': None, 'service_roles': []} {{(pid=42985) fill_context /opt/stack/keystone/keystone/server/flask/request_processing/middleware/auth_context.py:478}}
Apr 11 22:55:02 user devstack@keystone.service[42985]: DEBUG keystone.server.flask.request_processing.req_logging [None req-69636037-8cf1-45ac-8a4b-24044d3937a3 admin admin] REQUEST_METHOD: `GET` {{(pid=42985) log_request_info /opt/stack/keystone/keystone/server/flask/request_processing/req_logging.py:27}}
Apr 11 22:55:02 user devstack@keystone.service[42985]: DEBUG keystone.server.flask.request_processing.req_logging [None req-69636037-8cf1-45ac-8a4b-24044d3937a3 admin admin] SCRIPT_NAME: `/identity` {{(pid=42985) log_request_info /opt/stack/keystone/keystone/server/flask/request_processing/req_logging.py:28}}
Apr 11 22:55:02 user devstack@keystone.service[42985]: DEBUG keystone.server.flask.request_processing.req_logging [None req-69636037-8cf1-45ac-8a4b-24044d3937a3 admin admin] PATH_INFO: `/v3/projects/66deeb772f95424e83085813a8588af7` {{(pid=42985) log_request_info /opt/stack/keystone/keystone/server/flask/request_processing/req_logging.py:29}}
Apr 11 22:55:02 user devstack@keystone.service[42985]: DEBUG keystone.common.rbac_enforcer.enforcer [None req-69636037-8cf1-45ac-8a4b-24044d3937a3 admin admin] RBAC: Authorizing `identity:get_project(project_id=66deeb772f95424e83085813a8588af7)` {{(pid=42985) enforce_call /opt/stack/keystone/keystone/common/rbac_enforcer/enforcer.py:449}}
Apr 11 22:55:02 user devstack@keystone.service[42985]: DEBUG keystone.common.rbac_enforcer.enforcer [None req-69636037-8cf1-45ac-8a4b-24044d3937a3 admin admin] RBAC: Authorization granted {{(pid=42985) enforce_call /opt/stack/keystone/keystone/common/rbac_enforcer/enforcer.py:457}}
Apr 11 22:55:02 user devstack@keystone.service[42985]: [pid: 42985|app: 0|req: 93/288] 10.0.0.210 () {56 vars in 1202 bytes} [Tue Apr 11 22:55:02 2023] GET /identity/v3/projects/66deeb772f95424e83085813a8588af7 => generated 301 bytes in 88 msecs (HTTP/1.1 200) 5 headers in 177 bytes (1 switches on core 0)
Apr 11 22:55:02 user devstack@keystone.service[42984]: DEBUG keystone.server.flask.request_processing.middleware.auth_context [None req-2c88075c-11c4-439a-88a3-ee7767011772 None admin] Validating token access rules against request {{(pid=42984) validate_allowed_request /usr/local/lib/python3.10/dist-packages/keystonemiddleware/auth_token/__init__.py:544}}
Apr 11 22:55:02 user devstack@keystone.service[42983]: DEBUG keystone.server.flask.request_processing.middleware.auth_context [None req-3847b7ee-215e-490b-b6f9-a915cb12a2ff admin admin] Authenticating user token {{(pid=42983) process_request /usr/local/lib/python3.10/dist-packages/keystonemiddleware/auth_token/__init__.py:406}}
Apr 11 22:55:02 user devstack@keystone.service[42983]: DEBUG keystone.server.flask.request_processing.middleware.auth_context [None req-3847b7ee-215e-490b-b6f9-a915cb12a2ff admin admin] Validating token access rules against request {{(pid=42983) validate_allowed_request /usr/local/lib/python3.10/dist-packages/keystonemiddleware/auth_token/__init__.py:544}}
Apr 11 22:55:02 user devstack@keystone.service[42983]: DEBUG keystone.server.flask.request_processing.middleware.auth_context [None req-6bdc8036-97d6-4e5c-bdab-94762ba0bae8 admin admin] RBAC: auth_context: {'token': , 'domain_id': None, 'trust_id': None, 'trustor_id': None, 'trustee_id': None, 'domain_name': None, 'group_ids': [], 'user_id': 'f713d096199b4c258081ab1c668895fc', 'user_domain_id': 'default', 'system_scope': None, 'project_id': 'dc4c5175ee99459396db72418ed47d73', 'project_domain_id': 'default', 'roles': ['member', 'reader', 'admin'], 'is_admin_project': True, 'service_user_id': None, 'service_user_domain_id': None, 'service_project_id': None, 'service_project_domain_id': None, 'service_roles': []} {{(pid=42983) fill_context /opt/stack/keystone/keystone/server/flask/request_processing/middleware/auth_context.py:478}}
Apr 11 22:55:02 user devstack@keystone.service[42983]: DEBUG keystone.server.flask.request_processing.req_logging [None req-6bdc8036-97d6-4e5c-bdab-94762ba0bae8 admin admin] REQUEST_METHOD: `PUT` {{(pid=42983) log_request_info /opt/stack/keystone/keystone/server/flask/request_processing/req_logging.py:27}}
Apr 11 22:55:02 user devstack@keystone.service[42983]: DEBUG keystone.server.flask.request_processing.req_logging [None req-6bdc8036-97d6-4e5c-bdab-94762ba0bae8 admin admin] SCRIPT_NAME: `/identity` {{(pid=42983) log_request_info /opt/stack/keystone/keystone/server/flask/request_processing/req_logging.py:28}}
Apr 11 22:55:02 user devstack@keystone.service[42983]: DEBUG keystone.server.flask.request_processing.req_logging [None req-6bdc8036-97d6-4e5c-bdab-94762ba0bae8 admin admin] PATH_INFO: `/v3/projects/66deeb772f95424e83085813a8588af7/groups/b39a7bfdeac0462f9f3ee957229889b5/roles/7281a780f09644ebae5dd44ed8b9243b` {{(pid=42983) log_request_info /opt/stack/keystone/keystone/server/flask/request_processing/req_logging.py:29}}
Apr 11 22:55:02 user devstack@keystone.service[42983]: DEBUG keystone.common.rbac_enforcer.enforcer [None req-6bdc8036-97d6-4e5c-bdab-94762ba0bae8 admin admin] RBAC: Authorizing `identity:create_grant(project_id=66deeb772f95424e83085813a8588af7, group_id=b39a7bfdeac0462f9f3ee957229889b5, role_id=7281a780f09644ebae5dd44ed8b9243b)` {{(pid=42983) enforce_call /opt/stack/keystone/keystone/common/rbac_enforcer/enforcer.py:449}}
Apr 11 22:55:02 user devstack@keystone.service[42983]: DEBUG keystone.common.rbac_enforcer.enforcer [None req-6bdc8036-97d6-4e5c-bdab-94762ba0bae8 admin admin] RBAC: Authorization granted {{(pid=42983) enforce_call /opt/stack/keystone/keystone/common/rbac_enforcer/enforcer.py:457}}
Apr 11 22:55:02 user devstack@keystone.service[42985]: DEBUG keystone.server.flask.request_processing.middleware.auth_context [None req-69636037-8cf1-45ac-8a4b-24044d3937a3 admin admin] Authenticating user token {{(pid=42985) process_request /usr/local/lib/python3.10/dist-packages/keystonemiddleware/auth_token/__init__.py:406}}
Apr 11 22:55:02 user devstack@keystone.service[42984]: DEBUG keystone.server.flask.request_processing.middleware.auth_context [None req-0028e869-e23f-4714-9b11-af17864e93fc None admin] RBAC: auth_context: {'token': , 'domain_id': None, 'trust_id': None, 'trustor_id': None, 'trustee_id': None, 'domain_name': None, 'group_ids': [], 'user_id': 'f713d096199b4c258081ab1c668895fc', 'user_domain_id': 'default', 'system_scope': 'all', 'project_id': None, 'project_domain_id': None, 'roles': ['admin', 'member', 'reader'], 'is_admin_project': True, 'service_user_id': None, 'service_user_domain_id': None, 'service_project_id': None, 'service_project_domain_id': None, 'service_roles': []} {{(pid=42984) fill_context /opt/stack/keystone/keystone/server/flask/request_processing/middleware/auth_context.py:478}}
Apr 11 22:55:02 user devstack@keystone.service[42984]: DEBUG keystone.server.flask.request_processing.req_logging [None req-0028e869-e23f-4714-9b11-af17864e93fc None admin] REQUEST_METHOD: `GET` {{(pid=42984) log_request_info /opt/stack/keystone/keystone/server/flask/request_processing/req_logging.py:27}}
Apr 11 22:55:02 user devstack@keystone.service[42984]: DEBUG keystone.server.flask.request_processing.req_logging [None req-0028e869-e23f-4714-9b11-af17864e93fc None admin] SCRIPT_NAME: `/identity` {{(pid=42984) log_request_info /opt/stack/keystone/keystone/server/flask/request_processing/req_logging.py:28}}
Apr 11 22:55:02 user devstack@keystone.service[42984]: DEBUG keystone.server.flask.request_processing.req_logging [None req-0028e869-e23f-4714-9b11-af17864e93fc None admin] PATH_INFO: `/v3/users/da26619c7eb4463da32c52bb33cbcf18` {{(pid=42984) log_request_info /opt/stack/keystone/keystone/server/flask/request_processing/req_logging.py:29}}
Apr 11 22:55:02 user devstack@keystone.service[42984]: DEBUG keystone.common.rbac_enforcer.enforcer [None req-0028e869-e23f-4714-9b11-af17864e93fc None admin] RBAC: Authorizing `identity:get_user(user_id=da26619c7eb4463da32c52bb33cbcf18)` {{(pid=42984) enforce_call /opt/stack/keystone/keystone/common/rbac_enforcer/enforcer.py:449}}
Apr 11 22:55:02 user devstack@keystone.service[42985]: DEBUG keystone.server.flask.request_processing.middleware.auth_context [None req-69636037-8cf1-45ac-8a4b-24044d3937a3 admin admin] Validating token access rules against request {{(pid=42985) validate_allowed_request /usr/local/lib/python3.10/dist-packages/keystonemiddleware/auth_token/__init__.py:544}}
Apr 11 22:55:02 user devstack@keystone.service[42983]: [pid: 42983|app: 0|req: 101/289] 10.0.0.210 () {58 vars in 1458 bytes} [Tue Apr 11 22:55:02 2023] PUT /identity/v3/projects/66deeb772f95424e83085813a8588af7/groups/b39a7bfdeac0462f9f3ee957229889b5/roles/7281a780f09644ebae5dd44ed8b9243b => generated 0 bytes in 33 msecs (HTTP/1.1 204) 3 headers in 132 bytes (0 switches on core 0)
Apr 11 22:55:02 user devstack@keystone.service[42984]: DEBUG keystone.common.rbac_enforcer.enforcer [None req-0028e869-e23f-4714-9b11-af17864e93fc None admin] RBAC: Authorization granted {{(pid=42984) enforce_call /opt/stack/keystone/keystone/common/rbac_enforcer/enforcer.py:457}}
Apr 11 22:55:02 user devstack@keystone.service[42984]: [pid: 42984|app: 0|req: 96/290] 10.0.0.210 () {56 vars in 1172 bytes} [Tue Apr 11 22:55:02 2023] GET /identity/v3/users/da26619c7eb4463da32c52bb33cbcf18 => generated 292 bytes in 132 msecs (HTTP/1.1 200) 5 headers in 177 bytes (1 switches on core 0)
Apr 11 22:55:02 user devstack@keystone.service[42983]: DEBUG keystone.server.flask.request_processing.middleware.auth_context [None req-6bdc8036-97d6-4e5c-bdab-94762ba0bae8 admin admin] Authenticating user token {{(pid=42983) process_request /usr/local/lib/python3.10/dist-packages/keystonemiddleware/auth_token/__init__.py:406}}
Apr 11 22:55:02 user devstack@keystone.service[42985]: DEBUG keystone.server.flask.request_processing.middleware.auth_context [None req-6562454e-84b3-471d-b37d-f144460b174f admin admin] RBAC: auth_context: {'token': , 'domain_id': None, 'trust_id': None, 'trustor_id': None, 'trustee_id': None, 'domain_name': None, 'group_ids': [], 'user_id': 'f713d096199b4c258081ab1c668895fc', 'user_domain_id': 'default', 'system_scope': None, 'project_id': 'dc4c5175ee99459396db72418ed47d73', 'project_domain_id': 'default', 'roles': ['member', 'reader', 'admin'], 'is_admin_project': True, 'service_user_id': None, 'service_user_domain_id': None, 'service_project_id': None, 'service_project_domain_id': None, 'service_roles': []} {{(pid=42985) fill_context /opt/stack/keystone/keystone/server/flask/request_processing/middleware/auth_context.py:478}}
Apr 11 22:55:02 user devstack@keystone.service[42985]: DEBUG keystone.server.flask.request_processing.req_logging [None req-6562454e-84b3-471d-b37d-f144460b174f admin admin] REQUEST_METHOD: `GET` {{(pid=42985) log_request_info /opt/stack/keystone/keystone/server/flask/request_processing/req_logging.py:27}}
Apr 11 22:55:02 user devstack@keystone.service[42985]: DEBUG keystone.server.flask.request_processing.req_logging [None req-6562454e-84b3-471d-b37d-f144460b174f admin admin] SCRIPT_NAME: `/identity` {{(pid=42985) log_request_info /opt/stack/keystone/keystone/server/flask/request_processing/req_logging.py:28}}
Apr 11 22:55:02 user devstack@keystone.service[42985]: DEBUG keystone.server.flask.request_processing.req_logging [None req-6562454e-84b3-471d-b37d-f144460b174f admin admin] PATH_INFO: `/v3/roles/admin` {{(pid=42985) log_request_info /opt/stack/keystone/keystone/server/flask/request_processing/req_logging.py:29}}
Apr 11 22:55:02 user devstack@keystone.service[42985]: DEBUG keystone.common.rbac_enforcer.enforcer [None req-6562454e-84b3-471d-b37d-f144460b174f admin admin] Extracting inferred target data resulted in "NOT FOUND (404)". {{(pid=42985) enforce_call /opt/stack/keystone/keystone/common/rbac_enforcer/enforcer.py:409}}
Apr 11 22:55:02 user devstack@keystone.service[42985]: ERROR keystone.server.flask.application [None req-6562454e-84b3-471d-b37d-f144460b174f admin admin] Could not find role: admin.: keystone.exception.RoleNotFound: Could not find role: admin.
Apr 11 22:55:02 user devstack@keystone.service[42985]: ERROR keystone.server.flask.application
Traceback (most recent call last):
Apr 11 22:55:02 user devstack@keystone.service[42985]: ERROR keystone.server.flask.application
File "/usr/local/lib/python3.10/dist-packages/flask/app.py", line 1823, in full_dispatch_request
Apr 11 22:55:02 user devstack@keystone.service[42985]: ERROR keystone.server.flask.application rv = self.dispatch_request()
Apr 11 22:55:02 user devstack@keystone.service[42985]: ERROR keystone.server.flask.application
File "/usr/local/lib/python3.10/dist-packages/flask/app.py", line 1799, in dispatch_request
Apr 11 22:55:02 user devstack@keystone.service[42985]: ERROR keystone.server.flask.application return self.ensure_sync(self.view_functions[rule.endpoint])(**view_args)
Apr 11 22:55:02 user devstack@keystone.service[42985]: ERROR keystone.server.flask.application
File "/usr/local/lib/python3.10/dist-packages/flask_restful/__init__.py", line 467, in wrapper
Apr 11 22:55:02 user devstack@keystone.service[42985]: ERROR keystone.server.flask.application resp = resource(*args, **kwargs)
Apr 11 22:55:02 user devstack@keystone.service[42985]: ERROR keystone.server.flask.application
File "/usr/local/lib/python3.10/dist-packages/flask/views.py", line 107, in view
Apr 11 22:55:02 user devstack@keystone.service[42985]: ERROR keystone.server.flask.application return current_app.ensure_sync(self.dispatch_request)(**kwargs)
Apr 11 22:55:02 user devstack@keystone.service[42985]: ERROR keystone.server.flask.application
File "/usr/local/lib/python3.10/dist-packages/flask_restful/__init__.py", line 582, in dispatch_request
Apr 11 22:55:02 user devstack@keystone.service[42985]: ERROR keystone.server.flask.application resp = meth(*args, **kwargs)
Apr 11 22:55:02 user devstack@keystone.service[42985]: ERROR keystone.server.flask.application
File "/opt/stack/keystone/keystone/api/roles.py", line 50, in get
Apr 11 22:55:02 user devstack@keystone.service[42985]: ERROR keystone.server.flask.application return self._get_role(role_id)
Apr 11 22:55:02 user devstack@keystone.service[42985]: ERROR keystone.server.flask.application
File "/opt/stack/keystone/keystone/api/roles.py", line 70, in _get_role
Apr 11 22:55:02 user devstack@keystone.service[42985]: ERROR keystone.server.flask.application ENFORCER.enforce_call(action='identity:get_role')
Apr 11 22:55:02 user devstack@keystone.service[42985]: ERROR keystone.server.flask.application
File "/opt/stack/keystone/keystone/common/rbac_enforcer/enforcer.py", line 402, in enforce_call
Apr 11 22:55:02 user devstack@keystone.service[42985]: ERROR keystone.server.flask.application policy_dict.update(cls._extract_member_target_data(
Apr 11 22:55:02 user devstack@keystone.service[42985]: ERROR keystone.server.flask.application
File "/opt/stack/keystone/keystone/common/rbac_enforcer/enforcer.py", line 234, in _extract_member_target_data
Apr 11 22:55:02 user devstack@keystone.service[42985]: ERROR keystone.server.flask.application member_name: func(flask.request.view_args[key])
Apr 11 22:55:02 user devstack@keystone.service[42985]: ERROR keystone.server.flask.application
File "/opt/stack/keystone/keystone/common/manager.py", line 115, in wrapped
Apr 11 22:55:02 user devstack@keystone.service[42985]: ERROR keystone.server.flask.application __ret_val = __f(*args, **kwargs)
Apr 11 22:55:02 user devstack@keystone.service[42985]: ERROR keystone.server.flask.application
File "/usr/local/lib/python3.10/dist-packages/decorator.py", line 232, in fun
Apr 11 22:55:02 user devstack@keystone.service[42985]: ERROR keystone.server.flask.application return caller(func, *(extras + args), **kw)
Apr 11 22:55:02 user devstack@keystone.service[42985]: ERROR keystone.server.flask.application
File "/usr/local/lib/python3.10/dist-packages/dogpile/cache/region.py", line 1577, in get_or_create_for_user_func
Apr 11 22:55:02 user devstack@keystone.service[42985]: ERROR keystone.server.flask.application return self.get_or_create(
Apr 11 22:55:02 user devstack@keystone.service[42985]: ERROR keystone.server.flask.application
File "/usr/local/lib/python3.10/dist-packages/dogpile/cache/region.py", line 1042, in get_or_create
Apr 11 22:55:02 user devstack@keystone.service[42985]: ERROR keystone.server.flask.application with Lock(
Apr 11 22:55:02 user devstack@keystone.service[42985]: ERROR keystone.server.flask.application
File "/usr/local/lib/python3.10/dist-packages/dogpile/lock.py", line 185, in __enter__
Apr 11 22:55:02 user devstack@keystone.service[42985]: ERROR keystone.server.flask.application return self._enter()
Apr 11 22:55:02 user devstack@keystone.service[42985]: ERROR keystone.server.flask.application
File "/usr/local/lib/python3.10/dist-packages/dogpile/lock.py", line 94, in _enter
Apr 11 22:55:02 user devstack@keystone.service[42985]: ERROR keystone.server.flask.application generated = self._enter_create(value, createdtime)
Apr 11 22:55:02 user devstack@keystone.service[42985]: ERROR keystone.server.flask.application
File "/usr/local/lib/python3.10/dist-packages/dogpile/lock.py", line 178, in _enter_create
Apr 11 22:55:02 user devstack@keystone.service[42985]: ERROR keystone.server.flask.application return self.creator()
Apr 11 22:55:02 user devstack@keystone.service[42985]: ERROR keystone.server.flask.application
File "/usr/local/lib/python3.10/dist-packages/dogpile/cache/region.py", line 995, in gen_value
Apr 11 22:55:02 user devstack@keystone.service[42985]: ERROR keystone.server.flask.application created_value = creator(
Apr 11 22:55:02 user devstack@keystone.service[42985]: ERROR keystone.server.flask.application
File "/opt/stack/keystone/keystone/assignment/core.py", line 1276, in get_role
Apr 11 22:55:02 user devstack@keystone.service[42985]: ERROR keystone.server.flask.application return self.driver.get_role(role_id)
Apr 11 22:55:02 user devstack@keystone.service[42985]: ERROR keystone.server.flask.application
File "/opt/stack/keystone/keystone/assignment/role_backends/sql.py", line 70, in get_role
Apr 11 22:55:02 user devstack@keystone.service[42985]: ERROR keystone.server.flask.application return self._get_role(session, role_id).to_dict()
Apr 11 22:55:02 user devstack@keystone.service[42985]: ERROR keystone.server.flask.application
File "/opt/stack/keystone/keystone/assignment/role_backends/sql.py", line 65, in _get_role
Apr 11 22:55:02 user devstack@keystone.service[42985]: ERROR keystone.server.flask.application raise exception.RoleNotFound(role_id=role_id)
