Aug 09 02:07:11 user devstack@keystone.service[44032]: DEBUG keystone.server.flask.request_processing.req_logging [None req-cad04f53-3914-4ad7-afb7-96c96cd73e3b None admin] PATH_INFO: `/v3/projects/27ac19b1e63c4a1daaaf3af802e9cafa` {{(pid=44032) log_request_info /opt/stack/keystone/keystone/server/flask/request_processing/req_logging.py:29}}
Aug 09 02:07:11 user devstack@keystone.service[44032]: DEBUG keystone.common.rbac_enforcer.enforcer [None req-cad04f53-3914-4ad7-afb7-96c96cd73e3b None admin] RBAC: Authorizing `identity:get_project(project_id=27ac19b1e63c4a1daaaf3af802e9cafa)` {{(pid=44032) enforce_call /opt/stack/keystone/keystone/common/rbac_enforcer/enforcer.py:449}}
Aug 09 02:07:11 user devstack@keystone.service[44032]: DEBUG keystone.common.rbac_enforcer.enforcer [None req-cad04f53-3914-4ad7-afb7-96c96cd73e3b None admin] RBAC: Authorization granted {{(pid=44032) enforce_call /opt/stack/keystone/keystone/common/rbac_enforcer/enforcer.py:457}}
Aug 09 02:07:11 user devstack@keystone.service[44032]: [pid: 44032|app: 0|req: 41/118] 10.0.0.210 () {56 vars in 1181 bytes} [Wed Aug 9 02:07:11 2023] GET /identity/v3/projects/27ac19b1e63c4a1daaaf3af802e9cafa => generated 297 bytes in 119 msecs (HTTP/1.1 200) 5 headers in 177 bytes (1 switches on core 0)
Aug 09 02:07:11 user devstack@keystone.service[44031]: DEBUG keystone.server.flask.request_processing.middleware.auth_context [None req-983b7f05-2f62-453d-9126-43913d057c3a None admin] Validating token access rules against request {{(pid=44031) validate_allowed_request /usr/local/lib/python3.10/dist-packages/keystonemiddleware/auth_token/__init__.py:544}}
Aug 09 02:07:11 user devstack@keystone.service[44032]: DEBUG keystone.server.flask.request_processing.middleware.auth_context [None req-cad04f53-3914-4ad7-afb7-96c96cd73e3b None admin] Authenticating user token {{(pid=44032) process_request /usr/local/lib/python3.10/dist-packages/keystonemiddleware/auth_token/__init__.py:406}}
Aug 09 02:07:11 user devstack@keystone.service[44030]: DEBUG keystone.server.flask.request_processing.middleware.auth_context [None req-def65cfb-ee28-44c4-9c98-566d35f3f2f2 None admin] RBAC: auth_context: {'token': , 'domain_id': None, 'trust_id': None, 'trustor_id': None, 'trustee_id': None, 'domain_name': None, 'group_ids': [], 'user_id': '4c0f14a8d8354f85a311691529946587', 'user_domain_id': 'default', 'system_scope': 'all', 'project_id': None, 'project_domain_id': None, 'roles': ['admin', 'member', 'reader'], 'is_admin_project': True, 'service_user_id': None, 'service_user_domain_id': None, 'service_project_id': None, 'service_project_domain_id': None, 'service_roles': []} {{(pid=44030) fill_context /opt/stack/keystone/keystone/server/flask/request_processing/middleware/auth_context.py:480}}
Aug 09 02:07:11 user devstack@keystone.service[44030]: DEBUG keystone.server.flask.request_processing.req_logging [None req-def65cfb-ee28-44c4-9c98-566d35f3f2f2 None admin] REQUEST_METHOD: `GET` {{(pid=44030) log_request_info /opt/stack/keystone/keystone/server/flask/request_processing/req_logging.py:27}}
Aug 09 02:07:11 user devstack@keystone.service[44030]: DEBUG keystone.server.flask.request_processing.req_logging [None req-def65cfb-ee28-44c4-9c98-566d35f3f2f2 None admin] SCRIPT_NAME: `/identity` {{(pid=44030) log_request_info /opt/stack/keystone/keystone/server/flask/request_processing/req_logging.py:28}}
Aug 09 02:07:11 user devstack@keystone.service[44030]: DEBUG keystone.server.flask.request_processing.req_logging [None req-def65cfb-ee28-44c4-9c98-566d35f3f2f2 None admin] PATH_INFO: `/v3/roles/member` {{(pid=44030) log_request_info /opt/stack/keystone/keystone/server/flask/request_processing/req_logging.py:29}}
Aug 09 02:07:11 user devstack@keystone.service[44031]: DEBUG keystone.server.flask.request_processing.middleware.auth_context [None req-252e6a2e-8fee-4841-b7df-01ee922d5d4d None admin] RBAC: auth_context: {'token': , 'domain_id': None, 'trust_id': None, 'trustor_id': None, 'trustee_id': None, 'domain_name': None, 'group_ids': [], 'user_id': '4c0f14a8d8354f85a311691529946587', 'user_domain_id': 'default', 'system_scope': 'all', 'project_id': None, 'project_domain_id': None, 'roles': ['admin', 'member', 'reader'], 'is_admin_project': True, 'service_user_id': None, 'service_user_domain_id': None, 'service_project_id': None, 'service_project_domain_id': None, 'service_roles': []} {{(pid=44031) fill_context /opt/stack/keystone/keystone/server/flask/request_processing/middleware/auth_context.py:480}}
Aug 09 02:07:11 user devstack@keystone.service[44031]: DEBUG keystone.server.flask.request_processing.req_logging [None req-252e6a2e-8fee-4841-b7df-01ee922d5d4d None admin] REQUEST_METHOD: `GET` {{(pid=44031) log_request_info /opt/stack/keystone/keystone/server/flask/request_processing/req_logging.py:27}}
Aug 09 02:07:11 user devstack@keystone.service[44031]: DEBUG keystone.server.flask.request_processing.req_logging [None req-252e6a2e-8fee-4841-b7df-01ee922d5d4d None admin] SCRIPT_NAME: `/identity` {{(pid=44031) log_request_info /opt/stack/keystone/keystone/server/flask/request_processing/req_logging.py:28}}
Aug 09 02:07:11 user devstack@keystone.service[44031]: DEBUG keystone.server.flask.request_processing.req_logging [None req-252e6a2e-8fee-4841-b7df-01ee922d5d4d None admin] PATH_INFO: `/v3/auth/tokens` {{(pid=44031) log_request_info /opt/stack/keystone/keystone/server/flask/request_processing/req_logging.py:29}}
Aug 09 02:07:11 user devstack@keystone.service[44030]: DEBUG keystone.common.rbac_enforcer.enforcer [None req-def65cfb-ee28-44c4-9c98-566d35f3f2f2 None admin] Extracting inferred target data resulted in "NOT FOUND (404)". {{(pid=44030) enforce_call /opt/stack/keystone/keystone/common/rbac_enforcer/enforcer.py:409}}
Aug 09 02:07:11 user devstack@keystone.service[44030]: ERROR keystone.server.flask.application [None req-def65cfb-ee28-44c4-9c98-566d35f3f2f2 None admin] Could not find role: member.: keystone.exception.RoleNotFound: Could not find role: member.
Aug 09 02:07:11 user devstack@keystone.service[44030]: ERROR keystone.server.flask.application
Traceback (most recent call last):
Aug 09 02:07:11 user devstack@keystone.service[44030]: ERROR keystone.server.flask.application
File "/usr/local/lib/python3.10/dist-packages/flask/app.py", line 1823, in full_dispatch_request
Aug 09 02:07:11 user devstack@keystone.service[44030]: ERROR keystone.server.flask.application rv = self.dispatch_request()
Aug 09 02:07:11 user devstack@keystone.service[44030]: ERROR keystone.server.flask.application
File "/usr/local/lib/python3.10/dist-packages/flask/app.py", line 1799, in dispatch_request
Aug 09 02:07:11 user devstack@keystone.service[44030]: ERROR keystone.server.flask.application return self.ensure_sync(self.view_functions[rule.endpoint])(**view_args)
Aug 09 02:07:11 user devstack@keystone.service[44030]: ERROR keystone.server.flask.application
File "/usr/local/lib/python3.10/dist-packages/flask_restful/__init__.py", line 467, in wrapper
Aug 09 02:07:11 user devstack@keystone.service[44030]: ERROR keystone.server.flask.application resp = resource(*args, **kwargs)
Aug 09 02:07:11 user devstack@keystone.service[44030]: ERROR keystone.server.flask.application
File "/usr/local/lib/python3.10/dist-packages/flask/views.py", line 107, in view
Aug 09 02:07:11 user devstack@keystone.service[44030]: ERROR keystone.server.flask.application return current_app.ensure_sync(self.dispatch_request)(**kwargs)
Aug 09 02:07:11 user devstack@keystone.service[44030]: ERROR keystone.server.flask.application
File "/usr/local/lib/python3.10/dist-packages/flask_restful/__init__.py", line 582, in dispatch_request
Aug 09 02:07:11 user devstack@keystone.service[44030]: ERROR keystone.server.flask.application resp = meth(*args, **kwargs)
Aug 09 02:07:11 user devstack@keystone.service[44030]: ERROR keystone.server.flask.application
File "/opt/stack/keystone/keystone/api/roles.py", line 50, in get
Aug 09 02:07:11 user devstack@keystone.service[44030]: ERROR keystone.server.flask.application return self._get_role(role_id)
Aug 09 02:07:11 user devstack@keystone.service[44030]: ERROR keystone.server.flask.application
File "/opt/stack/keystone/keystone/api/roles.py", line 70, in _get_role
Aug 09 02:07:11 user devstack@keystone.service[44030]: ERROR keystone.server.flask.application ENFORCER.enforce_call(action='identity:get_role')
Aug 09 02:07:11 user devstack@keystone.service[44030]: ERROR keystone.server.flask.application
File "/opt/stack/keystone/keystone/common/rbac_enforcer/enforcer.py", line 402, in enforce_call
Aug 09 02:07:11 user devstack@keystone.service[44030]: ERROR keystone.server.flask.application policy_dict.update(cls._extract_member_target_data(
Aug 09 02:07:11 user devstack@keystone.service[44030]: ERROR keystone.server.flask.application
File "/opt/stack/keystone/keystone/common/rbac_enforcer/enforcer.py", line 234, in _extract_member_target_data
Aug 09 02:07:11 user devstack@keystone.service[44030]: ERROR keystone.server.flask.application member_name: func(flask.request.view_args[key])
Aug 09 02:07:11 user devstack@keystone.service[44030]: ERROR keystone.server.flask.application
File "/opt/stack/keystone/keystone/common/manager.py", line 115, in wrapped
Aug 09 02:07:11 user devstack@keystone.service[44030]: ERROR keystone.server.flask.application __ret_val = __f(*args, **kwargs)
Aug 09 02:07:11 user devstack@keystone.service[44030]: ERROR keystone.server.flask.application
File "/usr/local/lib/python3.10/dist-packages/decorator.py", line 232, in fun
Aug 09 02:07:11 user devstack@keystone.service[44030]: ERROR keystone.server.flask.application return caller(func, *(extras + args), **kw)
Aug 09 02:07:11 user devstack@keystone.service[44030]: ERROR keystone.server.flask.application
File "/usr/local/lib/python3.10/dist-packages/dogpile/cache/region.py", line 1577, in get_or_create_for_user_func
Aug 09 02:07:11 user devstack@keystone.service[44030]: ERROR keystone.server.flask.application return self.get_or_create(
Aug 09 02:07:11 user devstack@keystone.service[44030]: ERROR keystone.server.flask.application
File "/usr/local/lib/python3.10/dist-packages/dogpile/cache/region.py", line 1042, in get_or_create
Aug 09 02:07:11 user devstack@keystone.service[44030]: ERROR keystone.server.flask.application with Lock(
Aug 09 02:07:11 user devstack@keystone.service[44030]: ERROR keystone.server.flask.application
File "/usr/local/lib/python3.10/dist-packages/dogpile/lock.py", line 185, in __enter__
Aug 09 02:07:11 user devstack@keystone.service[44030]: ERROR keystone.server.flask.application return self._enter()
Aug 09 02:07:11 user devstack@keystone.service[44030]: ERROR keystone.server.flask.application
File "/usr/local/lib/python3.10/dist-packages/dogpile/lock.py", line 94, in _enter
Aug 09 02:07:11 user devstack@keystone.service[44030]: ERROR keystone.server.flask.application generated = self._enter_create(value, createdtime)
Aug 09 02:07:11 user devstack@keystone.service[44030]: ERROR keystone.server.flask.application
File "/usr/local/lib/python3.10/dist-packages/dogpile/lock.py", line 178, in _enter_create
Aug 09 02:07:11 user devstack@keystone.service[44030]: ERROR keystone.server.flask.application return self.creator()
Aug 09 02:07:11 user devstack@keystone.service[44030]: ERROR keystone.server.flask.application
File "/usr/local/lib/python3.10/dist-packages/dogpile/cache/region.py", line 995, in gen_value
Aug 09 02:07:11 user devstack@keystone.service[44030]: ERROR keystone.server.flask.application created_value = creator(
Aug 09 02:07:11 user devstack@keystone.service[44030]: ERROR keystone.server.flask.application
File "/opt/stack/keystone/keystone/assignment/core.py", line 1276, in get_role
Aug 09 02:07:11 user devstack@keystone.service[44030]: ERROR keystone.server.flask.application return self.driver.get_role(role_id)
Aug 09 02:07:11 user devstack@keystone.service[44030]: ERROR keystone.server.flask.application
File "/opt/stack/keystone/keystone/assignment/role_backends/sql.py", line 70, in get_role
Aug 09 02:07:11 user devstack@keystone.service[44030]: ERROR keystone.server.flask.application return self._get_role(session, role_id).to_dict()
Aug 09 02:07:11 user devstack@keystone.service[44030]: ERROR keystone.server.flask.application
File "/opt/stack/keystone/keystone/assignment/role_backends/sql.py", line 65, in _get_role
Aug 09 02:07:11 user devstack@keystone.service[44030]: ERROR keystone.server.flask.application raise exception.RoleNotFound(role_id=role_id)
Aug 09 02:07:11 user devstack@keystone.service[44030]: ERROR keystone.server.flask.application keystone.exception.RoleNotFound: Could not find role: member.
Aug 09 02:07:11 user devstack@keystone.service[44030]: ERROR keystone.server.flask.application
Aug 09 02:07:11 user devstack@keystone.service[44030]: [pid: 44030|app: 0|req: 42/119] 10.0.0.210 () {56 vars in 1094 bytes} [Wed Aug 9 02:07:11 2023] GET /identity/v3/roles/member => generated 84 bytes in 147 msecs (HTTP/1.1 404) 5 headers in 183 bytes (1 switches on core 0)
Aug 09 02:07:11 user devstack@keystone.service[44030]: DEBUG keystone.server.flask.request_processing.middleware.auth_context [None req-def65cfb-ee28-44c4-9c98-566d35f3f2f2 None admin] Authenticating user token {{(pid=44030) process_request /usr/local/lib/python3.10/dist-packages/keystonemiddleware/auth_token/__init__.py:406}}
Aug 09 02:07:11 user devstack@keystone.service[44032]: DEBUG keystone.server.flask.request_processing.middleware.auth_context [None req-cad04f53-3914-4ad7-afb7-96c96cd73e3b None admin] Validating token access rules against request {{(pid=44032) validate_allowed_request /usr/local/lib/python3.10/dist-packages/keystonemiddleware/auth_token/__init__.py:544}}
Aug 09 02:07:11 user devstack@keystone.service[44031]: DEBUG keystone.common.rbac_enforcer.enforcer [None req-252e6a2e-8fee-4841-b7df-01ee922d5d4d None admin] RBAC: Authorizing `identity:validate_token()` {{(pid=44031) enforce_call /opt/stack/keystone/keystone/common/rbac_enforcer/enforcer.py:449}}
Aug 09 02:07:11 user devstack@keystone.service[44031]: DEBUG keystone.common.rbac_enforcer.enforcer [None req-252e6a2e-8fee-4841-b7df-01ee922d5d4d None admin] RBAC: Authorization granted {{(pid=44031) enforce_call /opt/stack/keystone/keystone/common/rbac_enforcer/enforcer.py:457}}
Aug 09 02:07:11 user devstack@keystone.service[44032]: DEBUG keystone.server.flask.request_processing.middleware.auth_context [None req-2b73e7da-01d7-43ac-b443-f4faf5ca955d None admin] RBAC: auth_context: {'token': , 'domain_id': None, 'trust_id': None, 'trustor_id': None, 'trustee_id': None, 'domain_name': None, 'group_ids': [], 'user_id': '4c0f14a8d8354f85a311691529946587', 'user_domain_id': 'default', 'system_scope': 'all', 'project_id': None, 'project_domain_id': None, 'roles': ['admin', 'member', 'reader'], 'is_admin_project': True, 'service_user_id': None, 'service_user_domain_id': None, 'service_project_id': None, 'service_project_domain_id': None, 'service_roles': []} {{(pid=44032) fill_context /opt/stack/keystone/keystone/server/flask/request_processing/middleware/auth_context.py:480}}
Aug 09 02:07:11 user devstack@keystone.service[44032]: DEBUG keystone.server.flask.request_processing.req_logging [None req-2b73e7da-01d7-43ac-b443-f4faf5ca955d None admin] REQUEST_METHOD: `GET` {{(pid=44032) log_request_info /opt/stack/keystone/keystone/server/flask/request_processing/req_logging.py:27}}
Aug 09 02:07:11 user devstack@keystone.service[44032]: DEBUG keystone.server.flask.request_processing.req_logging [None req-2b73e7da-01d7-43ac-b443-f4faf5ca955d None admin] SCRIPT_NAME: `/identity` {{(pid=44032) log_request_info /opt/stack/keystone/keystone/server/flask/request_processing/req_logging.py:28}}
Aug 09 02:07:11 user devstack@keystone.service[44032]: DEBUG keystone.server.flask.request_processing.req_logging [None req-2b73e7da-01d7-43ac-b443-f4faf5ca955d None admin] PATH_INFO: `/v3/role_assignments` {{(pid=44032) log_request_info /opt/stack/keystone/keystone/server/flask/request_processing/req_logging.py:29}}
Aug 09 02:07:11 user devstack@keystone.service[44032]: DEBUG keystone.common.rbac_enforcer.enforcer [None req-2b73e7da-01d7-43ac-b443-f4faf5ca955d None admin] RBAC: Adding query filter params (role.id=eab4fa640926488995842999164e911d, scope.project.id=27ac19b1e63c4a1daaaf3af802e9cafa, user.id=e4c58b01ff0c41d2a34d2db2311a0356) {{(pid=44032) _extract_filter_values /opt/stack/keystone/keystone/common/rbac_enforcer/enforcer.py:167}}
Aug 09 02:07:11 user devstack@keystone.service[44032]: DEBUG keystone.common.rbac_enforcer.enforcer [None req-2b73e7da-01d7-43ac-b443-f4faf5ca955d None admin] RBAC: Authorizing `identity:list_role_assignments()` {{(pid=44032) enforce_call /opt/stack/keystone/keystone/common/rbac_enforcer/enforcer.py:449}}
Aug 09 02:07:11 user devstack@keystone.service[44032]: DEBUG keystone.common.rbac_enforcer.enforcer [None req-2b73e7da-01d7-43ac-b443-f4faf5ca955d None admin] RBAC: Authorization granted {{(pid=44032) enforce_call /opt/stack/keystone/keystone/common/rbac_enforcer/enforcer.py:457}}
Aug 09 02:07:11 user devstack@keystone.service[44030]: DEBUG keystone.server.flask.request_processing.middleware.auth_context [None req-def65cfb-ee28-44c4-9c98-566d35f3f2f2 None admin] Validating token access rules against request {{(pid=44030) validate_allowed_request /usr/local/lib/python3.10/dist-packages/keystonemiddleware/auth_token/__init__.py:544}}
Aug 09 02:07:11 user devstack@keystone.service[44032]: [pid: 44032|app: 0|req: 42/120] 10.0.0.210 () {56 vars in 1369 bytes} [Wed Aug 9 02:07:11 2023] GET /identity/v3/role_assignments?user.id=e4c58b01ff0c41d2a34d2db2311a0356&scope.project.id=27ac19b1e63c4a1daaaf3af802e9cafa&role.id=eab4fa640926488995842999164e911d => generated 606 bytes in 122 msecs (HTTP/1.1 200) 5 headers in 177 bytes (1 switches on core 0)
Aug 09 02:07:11 user devstack@keystone.service[44032]: DEBUG keystone.server.flask.request_processing.middleware.auth_context [None req-2b73e7da-01d7-43ac-b443-f4faf5ca955d None admin] Authenticating user token {{(pid=44032) process_request /usr/local/lib/python3.10/dist-packages/keystonemiddleware/auth_token/__init__.py:406}}
Aug 09 02:07:11 user devstack@keystone.service[44030]: DEBUG keystone.server.flask.request_processing.middleware.auth_context [None req-79f0afaa-5b83-42ff-a322-3e7f5438c330 None admin] RBAC: auth_context: {'token': , 'domain_id': None, 'trust_id': None, 'trustor_id': None, 'trustee_id': None, 'domain_name': None, 'group_ids': [], 'user_id': '4c0f14a8d8354f85a311691529946587', 'user_domain_id': 'default', 'system_scope': 'all', 'project_id': None, 'project_domain_id': None, 'roles': ['admin', 'member', 'reader'], 'is_admin_project': True, 'service_user_id': None, 'service_user_domain_id': None, 'service_project_id': None, 'service_project_domain_id': None, 'service_roles': []} {{(pid=44030) fill_context /opt/stack/keystone/keystone/server/flask/request_processing/middleware/auth_context.py:480}}
Aug 09 02:07:11 user devstack@keystone.service[44030]: DEBUG keystone.server.flask.request_processing.req_logging [None req-79f0afaa-5b83-42ff-a322-3e7f5438c330 None admin] REQUEST_METHOD: `GET` {{(pid=44030) log_request_info /opt/stack/keystone/keystone/server/flask/request_processing/req_logging.py:27}}
Aug 09 02:07:11 user devstack@keystone.service[44030]: DEBUG keystone.server.flask.request_processing.req_logging [None req-79f0afaa-5b83-42ff-a322-3e7f5438c330 None admin] SCRIPT_NAME: `/identity` {{(pid=44030) log_request_info /opt/stack/keystone/keystone/server/flask/request_processing/req_logging.py:28}}
Aug 09 02:07:11 user devstack@keystone.service[44030]: DEBUG keystone.server.flask.request_processing.req_logging [None req-79f0afaa-5b83-42ff-a322-3e7f5438c330 None admin] PATH_INFO: `/v3/projects/27ac19b1e63c4a1daaaf3af802e9cafa` {{(pid=44030) log_request_info /opt/stack/keystone/keystone/server/flask/request_processing/req_logging.py:29}}
Aug 09 02:07:11 user devstack@keystone.service[44030]: DEBUG keystone.common.rbac_enforcer.enforcer [None req-79f0afaa-5b83-42ff-a322-3e7f5438c330 None admin] RBAC: Authorizing `identity:get_project(project_id=27ac19b1e63c4a1daaaf3af802e9cafa)` {{(pid=44030) enforce_call /opt/stack/keystone/keystone/common/rbac_enforcer/enforcer.py:449}}
Aug 09 02:07:11 user devstack@keystone.service[44030]: DEBUG keystone.common.rbac_enforcer.enforcer [None req-79f0afaa-5b83-42ff-a322-3e7f5438c330 None admin] RBAC: Authorization granted {{(pid=44030) enforce_call /opt/stack/keystone/keystone/common/rbac_enforcer/enforcer.py:457}}
Aug 09 02:07:11 user devstack@keystone.service[44030]: [pid: 44030|app: 0|req: 43/121] 10.0.0.210 () {56 vars in 1181 bytes} [Wed Aug 9 02:07:11 2023] GET /identity/v3/projects/27ac19b1e63c4a1daaaf3af802e9cafa => generated 297 bytes in 118 msecs (HTTP/1.1 200) 5 headers in 177 bytes (1 switches on core 0)
Aug 09 02:07:11 user devstack@keystone.service[44030]: DEBUG keystone.server.flask.request_processing.middleware.auth_context [None req-79f0afaa-5b83-42ff-a322-3e7f5438c330 None admin] Authenticating user token {{(pid=44030) process_request /usr/local/lib/python3.10/dist-packages/keystonemiddleware/auth_token/__init__.py:406}}
Aug 09 02:07:11 user devstack@keystone.service[44031]: [pid: 44031|app: 0|req: 37/122] 10.0.0.210 () {58 vars in 1277 bytes} [Wed Aug 9 02:07:11 2023] GET /identity/v3/auth/tokens => generated 798 bytes in 261 msecs (HTTP/1.1 200) 6 headers in 358 bytes (1 switches on core 0)
Aug 09 02:07:11 user devstack@keystone.service[44031]: DEBUG keystone.server.flask.request_processing.middleware.auth_context [None req-252e6a2e-8fee-4841-b7df-01ee922d5d4d None admin] Authenticating user token {{(pid=44031) process_request /usr/local/lib/python3.10/dist-packages/keystonemiddleware/auth_token/__init__.py:406}}
Aug 09 02:07:11 user devstack@keystone.service[44032]: DEBUG keystone.server.flask.request_processing.middleware.auth_context [None req-2b73e7da-01d7-43ac-b443-f4faf5ca955d None admin] Validating token access rules against request {{(pid=44032) validate_allowed_request /usr/local/lib/python3.10/dist-packages/keystonemiddleware/auth_token/__init__.py:544}}
Aug 09 02:07:11 user devstack@keystone.service[44032]: DEBUG keystone.server.flask.request_processing.middleware.auth_context [None req-c07b65d8-4c32-47ce-b260-751cba592c58 None admin] RBAC: auth_context: {'token': , 'domain_id': None, 'trust_id': None, 'trustor_id': None, 'trustee_id': None, 'domain_name': None, 'group_ids': [], 'user_id': '4c0f14a8d8354f85a311691529946587', 'user_domain_id': 'default', 'system_scope': 'all', 'project_id': None, 'project_domain_id': None, 'roles': ['admin', 'member', 'reader'], 'is_admin_project': True, 'service_user_id': None, 'service_user_domain_id': None, 'service_project_id': None, 'service_project_domain_id': None, 'service_roles': []} {{(pid=44032) fill_context /opt/stack/keystone/keystone/server/flask/request_processing/middleware/auth_context.py:480}}
Aug 09 02:07:11 user devstack@keystone.service[44032]: DEBUG keystone.server.flask.request_processing.req_logging [None req-c07b65d8-4c32-47ce-b260-751cba592c58 None admin] REQUEST_METHOD: `PUT` {{(pid=44032) log_request_info /opt/stack/keystone/keystone/server/flask/request_processing/req_logging.py:27}}
Aug 09 02:07:11 user devstack@keystone.service[44032]: DEBUG keystone.server.flask.request_processing.req_logging [None req-c07b65d8-4c32-47ce-b260-751cba592c58 None admin] SCRIPT_NAME: `/identity` {{(pid=44032) log_request_info /opt/stack/keystone/keystone/server/flask/request_processing/req_logging.py:28}}
Aug 09 02:07:11 user devstack@keystone.service[44032]: DEBUG keystone.server.flask.request_processing.req_logging [None req-c07b65d8-4c32-47ce-b260-751cba592c58 None admin] PATH_INFO: `/v3/projects/27ac19b1e63c4a1daaaf3af802e9cafa/users/28b623bdd9a0470ca86a6925a1e99587/roles/4dd7aa0a8ee44ca5a3224a3936909a44` {{(pid=44032) log_request_info /opt/stack/keystone/keystone/server/flask/request_processing/req_logging.py:29}}
Aug 09 02:07:11 user devstack@keystone.service[44032]: DEBUG keystone.common.rbac_enforcer.enforcer [None req-c07b65d8-4c32-47ce-b260-751cba592c58 None admin] RBAC: Authorizing `identity:create_grant(project_id=27ac19b1e63c4a1daaaf3af802e9cafa, user_id=28b623bdd9a0470ca86a6925a1e99587, role_id=4dd7aa0a8ee44ca5a3224a3936909a44)` {{(pid=44032) enforce_call /opt/stack/keystone/keystone/common/rbac_enforcer/enforcer.py:449}}
Aug 09 02:07:11 user devstack@keystone.service[44030]: DEBUG keystone.server.flask.request_processing.middleware.auth_context [None req-79f0afaa-5b83-42ff-a322-3e7f5438c330 None admin] Validating token access rules against request {{(pid=44030) validate_allowed_request /usr/local/lib/python3.10/dist-packages/keystonemiddleware/auth_token/__init__.py:544}}
Aug 09 02:07:11 user devstack@keystone.service[44032]: DEBUG keystone.common.rbac_enforcer.enforcer [None req-c07b65d8-4c32-47ce-b260-751cba592c58 None admin] RBAC: Authorization granted {{(pid=44032) enforce_call /opt/stack/keystone/keystone/common/rbac_enforcer/enforcer.py:457}}
Aug 09 02:07:11 user devstack@keystone.service[44032]: [pid: 44032|app: 0|req: 43/123] 10.0.0.210 () {58 vars in 1434 bytes} [Wed Aug 9 02:07:11 2023] PUT /identity/v3/projects/27ac19b1e63c4a1daaaf3af802e9cafa/users/28b623bdd9a0470ca86a6925a1e99587/roles/4dd7aa0a8ee44ca5a3224a3936909a44 => generated 0 bytes in 132 msecs (HTTP/1.1 204) 3 headers in 132 bytes (0 switches on core 0)
Aug 09 02:07:11 user devstack@keystone.service[44032]: DEBUG keystone.server.flask.request_processing.middleware.auth_context [None req-c07b65d8-4c32-47ce-b260-751cba592c58 None admin] Authenticating user token {{(pid=44032) process_request /usr/local/lib/python3.10/dist-packages/keystonemiddleware/auth_token/__init__.py:406}}
Aug 09 02:07:11 user devstack@keystone.service[44031]: DEBUG keystone.server.flask.request_processing.middleware.auth_context [None req-252e6a2e-8fee-4841-b7df-01ee922d5d4d None admin] Validating token access rules against request {{(pid=44031) validate_allowed_request /usr/local/lib/python3.10/dist-packages/keystonemiddleware/auth_token/__init__.py:544}}
Aug 09 02:07:11 user devstack@keystone.service[44030]: DEBUG keystone.server.flask.request_processing.middleware.auth_context [None req-d723e997-ed60-47e1-a06e-63d88fde300c None admin] RBAC: auth_context: {'token': , 'domain_id': None, 'trust_id': None, 'trustor_id': None, 'trustee_id': None, 'domain_name': None, 'group_ids': [], 'user_id': '4c0f14a8d8354f85a311691529946587', 'user_domain_id': 'default', 'system_scope': 'all', 'project_id': None, 'project_domain_id': None, 'roles': ['admin', 'member', 'reader'], 'is_admin_project': True, 'service_user_id': None, 'service_user_domain_id': None, 'service_project_id': None, 'service_project_domain_id': None, 'service_roles': []} {{(pid=44030) fill_context /opt/stack/keystone/keystone/server/flask/request_processing/middleware/auth_context.py:480}}
Aug 09 02:07:11 user devstack@keystone.service[44030]: DEBUG keystone.server.flask.request_processing.req_logging [None req-d723e997-ed60-47e1-a06e-63d88fde300c None admin] REQUEST_METHOD: `GET` {{(pid=44030) log_request_info /opt/stack/keystone/keystone/server/flask/request_processing/req_logging.py:27}}
Aug 09 02:07:11 user devstack@keystone.service[44030]: DEBUG keystone.server.flask.request_processing.req_logging [None req-d723e997-ed60-47e1-a06e-63d88fde300c None admin] SCRIPT_NAME: `/identity` {{(pid=44030) log_request_info /opt/stack/keystone/keystone/server/flask/request_processing/req_logging.py:28}}
Aug 09 02:07:11 user devstack@keystone.service[44030]: DEBUG keystone.server.flask.request_processing.req_logging [None req-d723e997-ed60-47e1-a06e-63d88fde300c None admin] PATH_INFO: `/v3/roles` {{(pid=44030) log_request_info /opt/stack/keystone/keystone/server/flask/request_processing/req_logging.py:29}}
Aug 09 02:07:11 user devstack@keystone.service[44030]: DEBUG keystone.common.rbac_enforcer.enforcer [None req-d723e997-ed60-47e1-a06e-63d88fde300c None admin] RBAC: Adding query filter params (name=member) {{(pid=44030) _extract_filter_values /opt/stack/keystone/keystone/common/rbac_enforcer/enforcer.py:167}}
Aug 09 02:07:11 user devstack@keystone.service[44030]: DEBUG keystone.common.rbac_enforcer.enforcer [None req-d723e997-ed60-47e1-a06e-63d88fde300c None admin] RBAC: Authorizing `identity:list_roles()` {{(pid=44030) enforce_call /opt/stack/keystone/keystone/common/rbac_enforcer/enforcer.py:449}}
Aug 09 02:07:11 user devstack@keystone.service[44030]: DEBUG keystone.common.rbac_enforcer.enforcer [None req-d723e997-ed60-47e1-a06e-63d88fde300c None admin] RBAC: Authorization granted {{(pid=44030) enforce_call /opt/stack/keystone/keystone/common/rbac_enforcer/enforcer.py:457}}
Aug 09 02:07:11 user devstack@keystone.service[44030]: [pid: 44030|app: 0|req: 44/124] 10.0.0.210 () {56 vars in 1096 bytes} [Wed Aug 9 02:07:11 2023] GET /identity/v3/roles?name=member => generated 339 bytes in 127 msecs (HTTP/1.1 200) 5 headers in 177 bytes (1 switches on core 0)
Aug 09 02:07:11 user devstack@keystone.service[44030]: DEBUG keystone.server.flask.request_processing.middleware.auth_context [None req-d723e997-ed60-47e1-a06e-63d88fde300c None admin] Authenticating user token {{(pid=44030) process_request /usr/local/lib/python3.10/dist-packages/keystonemiddleware/auth_token/__init__.py:406}}
Aug 09 02:07:11 user devstack@keystone.service[44031]: DEBUG keystone.server.flask.request_processing.middleware.auth_context [None req-fa9ef659-0689-4732-8638-ecba9d2ba11c None admin] RBAC: auth_context: {'token': , 'domain_id': None, 'trust_id': None, 'trustor_id': None, 'trustee_id': None, 'domain_name': None, 'group_ids': [], 'user_id': '4c0f14a8d8354f85a311691529946587', 'user_domain_id': 'default', 'system_scope': 'all', 'project_id': None, 'project_domain_id': None, 'roles': ['admin', 'member', 'reader'], 'is_admin_project': True, 'service_user_id': None, 'service_user_domain_id': None, 'service_project_id': None, 'service_project_domain_id': None, 'service_roles': []} {{(pid=44031) fill_context /opt/stack/keystone/keystone/server/flask/request_processing/middleware/auth_context.py:480}}
Aug 09 02:07:11 user devstack@keystone.service[44031]: DEBUG keystone.server.flask.request_processing.req_logging [None req-fa9ef659-0689-4732-8638-ecba9d2ba11c None admin] REQUEST_METHOD: `GET` {{(pid=44031) log_request_info /opt/stack/keystone/keystone/server/flask/request_processing/req_logging.py:27}}
Aug 09 02:07:11 user devstack@keystone.service[44031]: DEBUG keystone.server.flask.request_processing.req_logging [None req-fa9ef659-0689-4732-8638-ecba9d2ba11c None admin] SCRIPT_NAME: `/identity` {{(pid=44031) log_request_info /opt/stack/keystone/keystone/server/flask/request_processing/req_logging.py:28}}
Aug 09 02:07:11 user devstack@keystone.service[44031]: DEBUG keystone.server.flask.request_processing.req_logging [None req-fa9ef659-0689-4732-8638-ecba9d2ba11c None admin] PATH_INFO: `/v3/role_assignments` {{(pid=44031) log_request_info /opt/stack/keystone/keystone/server/flask/request_processing/req_logging.py:29}}
Aug 09 02:07:11 user devstack@keystone.service[44031]: DEBUG keystone.common.rbac_enforcer.enforcer [None req-fa9ef659-0689-4732-8638-ecba9d2ba11c None admin] RBAC: Adding query filter params (role.id=8668a565e7074f7a9a55fa462e9da4b7, scope.project.id=27ac19b1e63c4a1daaaf3af802e9cafa, user.id=4c0f14a8d8354f85a311691529946587) {{(pid=44031) _extract_filter_values /opt/stack/keystone/keystone/common/rbac_enforcer/enforcer.py:167}}
Aug 09 02:07:11 user devstack@keystone.service[44031]: DEBUG keystone.common.rbac_enforcer.enforcer [None req-fa9ef659-0689-4732-8638-ecba9d2ba11c None admin] RBAC: Authorizing `identity:list_role_assignments()` {{(pid=44031) enforce_call /opt/stack/keystone/keystone/common/rbac_enforcer/enforcer.py:449}}
Aug 09 02:07:11 user devstack@keystone.service[44031]: DEBUG keystone.common.rbac_enforcer.enforcer [None req-fa9ef659-0689-4732-8638-ecba9d2ba11c None admin] RBAC: Authorization granted {{(pid=44031) enforce_call /opt/stack/keystone/keystone/common/rbac_enforcer/enforcer.py:457}}
Aug 09 02:07:11 user devstack@keystone.service[44031]: [pid: 44031|app: 0|req: 38/125] 10.0.0.210 () {56 vars in 1369 bytes} [Wed Aug 9 02:07:11 2023] GET /identity/v3/role_assignments?user.id=4c0f14a8d8354f85a311691529946587&scope.project.id=27ac19b1e63c4a1daaaf3af802e9cafa&role.id=8668a565e7074f7a9a55fa462e9da4b7 => generated 606 bytes in 136 msecs (HTTP/1.1 200) 5 headers in 177 bytes (1 switches on core 0)
Aug 09 02:07:11 user devstack@keystone.service[44032]: DEBUG keystone.server.flask.request_processing.middleware.auth_context [None req-c07b65d8-4c32-47ce-b260-751cba592c58 None admin] Validating token access rules against request {{(pid=44032) validate_allowed_request /usr/local/lib/python3.10/dist-packages/keystonemiddleware/auth_token/__init__.py:544}}
Aug 09 02:07:11 user devstack@keystone.service[44032]: DEBUG keystone.server.flask.request_processing.middleware.auth_context [None req-1ab9c11f-7b8b-4937-ba05-900b21bf5a61 None admin] RBAC: auth_context: {'token': , 'domain_id': None, 'trust_id': None, 'trustor_id': None, 'trustee_id': None, 'domain_name': None, 'group_ids': [], 'user_id': '4c0f14a8d8354f85a311691529946587', 'user_domain_id': 'default', 'system_scope': 'all', 'project_id': None, 'project_domain_id': None, 'roles': ['admin', 'member', 'reader'], 'is_admin_project': True, 'service_user_id': None, 'service_user_domain_id': None, 'service_project_id': None, 'service_project_domain_id': None, 'service_roles': []} {{(pid=44032) fill_context /opt/stack/keystone/keystone/server/flask/request_processing/middleware/auth_context.py:480}}
Aug 09 02:07:11 user devstack@keystone.service[44032]: DEBUG keystone.server.flask.request_processing.req_logging [None req-1ab9c11f-7b8b-4937-ba05-900b21bf5a61 None admin] REQUEST_METHOD: `GET` {{(pid=44032) log_request_info /opt/stack/keystone/keystone/server/flask/request_processing/req_logging.py:27}}
Aug 09 02:07:11 user devstack@keystone.service[44032]: DEBUG keystone.server.flask.request_processing.req_logging [None req-1ab9c11f-7b8b-4937-ba05-900b21bf5a61 None admin] SCRIPT_NAME: `/identity` {{(pid=44032) log_request_info /opt/stack/keystone/keystone/server/flask/request_processing/req_logging.py:28}}
Aug 09 02:07:11 user devstack@keystone.service[44032]: DEBUG keystone.server.flask.request_processing.req_logging [None req-1ab9c11f-7b8b-4937-ba05-900b21bf5a61 None admin] PATH_INFO: `/v3/projects/27ac19b1e63c4a1daaaf3af802e9cafa` {{(pid=44032) log_request_info /opt/stack/keystone/keystone/server/flask/request_processing/req_logging.py:29}}
Aug 09 02:07:11 user devstack@keystone.service[44032]: DEBUG keystone.common.rbac_enforcer.enforcer [None req-1ab9c11f-7b8b-4937-ba05-900b21bf5a61 None admin] RBAC: Authorizing `identity:get_project(project_id=27ac19b1e63c4a1daaaf3af802e9cafa)` {{(pid=44032) enforce_call /opt/stack/keystone/keystone/common/rbac_enforcer/enforcer.py:449}}
Aug 09 02:07:11 user devstack@keystone.service[44032]: DEBUG keystone.common.rbac_enforcer.enforcer [None req-1ab9c11f-7b8b-4937-ba05-900b21bf5a61 None admin] RBAC: Authorization granted {{(pid=44032) enforce_call /opt/stack/keystone/keystone/common/rbac_enforcer/enforcer.py:457}}
Aug 09 02:07:11 user devstack@keystone.service[44030]: DEBUG keystone.server.flask.request_processing.middleware.auth_context [None req-d723e997-ed60-47e1-a06e-63d88fde300c None admin] Validating token access rules against request {{(pid=44030) validate_allowed_request /usr/local/lib/python3.10/dist-packages/keystonemiddleware/auth_token/__init__.py:544}}
Aug 09 02:07:11 user devstack@keystone.service[44032]: [pid: 44032|app: 0|req: 44/126] 10.0.0.210 () {56 vars in 1181 bytes} [Wed Aug 9 02:07:11 2023] GET /identity/v3/projects/27ac19b1e63c4a1daaaf3af802e9cafa => generated 297 bytes in 124 msecs (HTTP/1.1 200) 5 headers in 177 bytes (1 switches on core 0)
Aug 09 02:07:11 user devstack@keystone.service[44031]: DEBUG keystone.server.flask.request_processing.middleware.auth_context [None req-fa9ef659-0689-4732-8638-ecba9d2ba11c None admin] Authenticating user token {{(pid=44031) process_request /usr/local/lib/python3.10/dist-packages/keystonemiddleware/auth_token/__init__.py:406}}
Aug 09 02:07:11 user devstack@keystone.service[44030]: DEBUG keystone.server.flask.request_processing.middleware.auth_context [None req-94fa177d-b207-49ce-8f9e-3ebaeb3ae87e None admin] RBAC: auth_context: {'token': , 'domain_id': None, 'trust_id': None, 'trustor_id': None, 'trustee_id': None, 'domain_name': None, 'group_ids': [], 'user_id': '4c0f14a8d8354f85a311691529946587', 'user_domain_id': 'default', 'system_scope': 'all', 'project_id': None, 'project_domain_id': None, 'roles': ['admin', 'member', 'reader'], 'is_admin_project': True, 'service_user_id': None, 'service_user_domain_id': None, 'service_project_id': None, 'service_project_domain_id': None, 'service_roles': []} {{(pid=44030) fill_context /opt/stack/keystone/keystone/server/flask/request_processing/middleware/auth_context.py:480}}
Aug 09 02:07:11 user devstack@keystone.service[44030]: DEBUG keystone.server.flask.request_processing.req_logging [None req-94fa177d-b207-49ce-8f9e-3ebaeb3ae87e None admin] REQUEST_METHOD: `GET` {{(pid=44030) log_request_info /opt/stack/keystone/keystone/server/flask/request_processing/req_logging.py:27}}
Aug 09 02:07:11 user devstack@keystone.service[44030]: DEBUG keystone.server.flask.request_processing.req_logging [None req-94fa177d-b207-49ce-8f9e-3ebaeb3ae87e None admin] SCRIPT_NAME: `/identity` {{(pid=44030) log_request_info /opt/stack/keystone/keystone/server/flask/request_processing/req_logging.py:28}}
Aug 09 02:07:11 user devstack@keystone.service[44030]: DEBUG keystone.server.flask.request_processing.req_logging [None req-94fa177d-b207-49ce-8f9e-3ebaeb3ae87e None admin] PATH_INFO: `/v3/users/e4c58b01ff0c41d2a34d2db2311a0356` {{(pid=44030) log_request_info /opt/stack/keystone/keystone/server/flask/request_processing/req_logging.py:29}}
Aug 09 02:07:11 user devstack@keystone.service[44030]: DEBUG keystone.common.rbac_enforcer.enforcer [None req-94fa177d-b207-49ce-8f9e-3ebaeb3ae87e None admin] RBAC: Authorizing `identity:get_user(user_id=e4c58b01ff0c41d2a34d2db2311a0356)` {{(pid=44030) enforce_call /opt/stack/keystone/keystone/common/rbac_enforcer/enforcer.py:449}}
Aug 09 02:07:11 user devstack@keystone.service[44030]: DEBUG keystone.common.rbac_enforcer.enforcer [None req-94fa177d-b207-49ce-8f9e-3ebaeb3ae87e None admin] RBAC: Authorization granted {{(pid=44030) enforce_call /opt/stack/keystone/keystone/common/rbac_enforcer/enforcer.py:457}}
Aug 09 02:07:11 user devstack@keystone.service[44030]: [pid: 44030|app: 0|req: 45/127] 10.0.0.210 () {56 vars in 1172 bytes} [Wed Aug 9 02:07:11 2023] GET /identity/v3/users/e4c58b01ff0c41d2a34d2db2311a0356 => generated 274 bytes in 136 msecs (HTTP/1.1 200) 5 headers in 177 bytes (2 switches on core 0)
Aug 09 02:07:11 user devstack@keystone.service[44032]: DEBUG keystone.server.flask.request_processing.middleware.auth_context [None req-1ab9c11f-7b8b-4937-ba05-900b21bf5a61 None admin] Authenticating user token {{(pid=44032) process_request /usr/local/lib/python3.10/dist-packages/keystonemiddleware/auth_token/__init__.py:406}}
Aug 09 02:07:11 user devstack@keystone.service[44031]: DEBUG keystone.server.flask.request_processing.middleware.auth_context [None req-fa9ef659-0689-4732-8638-ecba9d2ba11c None admin] Validating token access rules against request {{(pid=44031) validate_allowed_request /usr/local/lib/python3.10/dist-packages/keystonemiddleware/auth_token/__init__.py:544}}
Aug 09 02:07:11 user devstack@keystone.service[44031]: DEBUG keystone.server.flask.request_processing.middleware.auth_context [None req-1a8a4274-4f6b-4f1d-bfed-21c85ffc1ebf None admin] RBAC: auth_context: {'token': , 'domain_id': None, 'trust_id': None, 'trustor_id': None, 'trustee_id': None, 'domain_name': None, 'group_ids': [], 'user_id': '4c0f14a8d8354f85a311691529946587', 'user_domain_id': 'default', 'system_scope': 'all', 'project_id': None, 'project_domain_id': None, 'roles': ['admin', 'member', 'reader'], 'is_admin_project': True, 'service_user_id': None, 'service_user_domain_id': None, 'service_project_id': None, 'service_project_domain_id': None, 'service_roles': []} {{(pid=44031) fill_context /opt/stack/keystone/keystone/server/flask/request_processing/middleware/auth_context.py:480}}
Aug 09 02:07:11 user devstack@keystone.service[44031]: DEBUG keystone.server.flask.request_processing.req_logging [None req-1a8a4274-4f6b-4f1d-bfed-21c85ffc1ebf None admin] REQUEST_METHOD: `GET` {{(pid=44031) log_request_info /opt/stack/keystone/keystone/server/flask/request_processing/req_logging.py:27}}
Aug 09 02:07:11 user devstack@keystone.service[44031]: DEBUG keystone.server.flask.request_processing.req_logging [None req-1a8a4274-4f6b-4f1d-bfed-21c85ffc1ebf None admin] SCRIPT_NAME: `/identity` {{(pid=44031) log_request_info /opt/stack/keystone/keystone/server/flask/request_processing/req_logging.py:28}}
Aug 09 02:07:11 user devstack@keystone.service[44031]: DEBUG keystone.server.flask.request_processing.req_logging [None req-1a8a4274-4f6b-4f1d-bfed-21c85ffc1ebf None admin] PATH_INFO: `/v3/role_assignments` {{(pid=44031) log_request_info /opt/stack/keystone/keystone/server/flask/request_processing/req_logging.py:29}}
Aug 09 02:07:11 user devstack@keystone.service[44031]: DEBUG keystone.common.rbac_enforcer.enforcer [None req-1a8a4274-4f6b-4f1d-bfed-21c85ffc1ebf None admin] RBAC: Adding query filter params (role.id=13309a1731bb4dfb80b9301e86e8b1ff, scope.project.id=27ac19b1e63c4a1daaaf3af802e9cafa, user.id=e4c58b01ff0c41d2a34d2db2311a0356) {{(pid=44031) _extract_filter_values /opt/stack/keystone/keystone/common/rbac_enforcer/enforcer.py:167}}
Aug 09 02:07:11 user devstack@keystone.service[44031]: DEBUG keystone.common.rbac_enforcer.enforcer [None req-1a8a4274-4f6b-4f1d-bfed-21c85ffc1ebf None admin] RBAC: Authorizing `identity:list_role_assignments()` {{(pid=44031) enforce_call /opt/stack/keystone/keystone/common/rbac_enforcer/enforcer.py:449}}
Aug 09 02:07:11 user devstack@keystone.service[44031]: DEBUG keystone.common.rbac_enforcer.enforcer [None req-1a8a4274-4f6b-4f1d-bfed-21c85ffc1ebf None admin] RBAC: Authorization granted {{(pid=44031) enforce_call /opt/stack/keystone/keystone/common/rbac_enforcer/enforcer.py:457}}
Aug 09 02:07:11 user devstack@keystone.service[44031]: [pid: 44031|app: 0|req: 39/128] 10.0.0.210 () {56 vars in 1369 bytes} [Wed Aug 9 02:07:11 2023] GET /identity/v3/role_assignments?user.id=e4c58b01ff0c41d2a34d2db2311a0356&scope.project.id=27ac19b1e63c4a1daaaf3af802e9cafa&role.id=13309a1731bb4dfb80b9301e86e8b1ff => generated 606 bytes in 135 msecs (HTTP/1.1 200) 5 headers in 177 bytes (1 switches on core 0)
Aug 09 02:07:11 user devstack@keystone.service[44032]: DEBUG keystone.server.flask.request_processing.middleware.auth_context [None req-1ab9c11f-7b8b-4937-ba05-900b21bf5a61 None admin] Validating token access rules against request {{(pid=44032) validate_allowed_request /usr/local/lib/python3.10/dist-packages/keystonemiddleware/auth_token/__init__.py:544}}
Aug 09 02:07:11 user devstack@keystone.service[44032]: DEBUG keystone.server.flask.request_processing.middleware.auth_context [None req-263b9e85-d781-41f4-a599-1b348484c5f9 None admin] RBAC: auth_context: {'token': , 'domain_id': None, 'trust_id': None, 'trustor_id': None, 'trustee_id': None, 'domain_name': None, 'group_ids': [], 'user_id': '4c0f14a8d8354f85a311691529946587', 'user_domain_id': 'default', 'system_scope': 'all', 'project_id': None, 'project_domain_id': None, 'roles': ['admin', 'member', 'reader'], 'is_admin_project': True, 'service_user_id': None, 'service_user_domain_id': None, 'service_project_id': None, 'service_project_domain_id': None, 'service_roles': []} {{(pid=44032) fill_context /opt/stack/keystone/keystone/server/flask/request_processing/middleware/auth_context.py:480}}
Aug 09 02:07:11 user devstack@keystone.service[44032]: DEBUG keystone.server.flask.request_processing.req_logging [None req-263b9e85-d781-41f4-a599-1b348484c5f9 None admin] REQUEST_METHOD: `GET` {{(pid=44032) log_request_info /opt/stack/keystone/keystone/server/flask/request_processing/req_logging.py:27}}
Aug 09 02:07:11 user devstack@keystone.service[44032]: DEBUG keystone.server.flask.request_processing.req_logging [None req-263b9e85-d781-41f4-a599-1b348484c5f9 None admin] SCRIPT_NAME: `/identity` {{(pid=44032) log_request_info /opt/stack/keystone/keystone/server/flask/request_processing/req_logging.py:28}}
Aug 09 02:07:11 user devstack@keystone.service[44032]: DEBUG keystone.server.flask.request_processing.req_logging [None req-263b9e85-d781-41f4-a599-1b348484c5f9 None admin] PATH_INFO: `/v3/auth/tokens` {{(pid=44032) log_request_info /opt/stack/keystone/keystone/server/flask/request_processing/req_logging.py:29}}
Aug 09 02:07:11 user devstack@keystone.service[44032]: DEBUG keystone.common.rbac_enforcer.enforcer [None req-263b9e85-d781-41f4-a599-1b348484c5f9 None admin] RBAC: Authorizing `identity:validate_token()` {{(pid=44032) enforce_call /opt/stack/keystone/keystone/common/rbac_enforcer/enforcer.py:449}}
Aug 09 02:07:11 user devstack@keystone.service[44032]: DEBUG keystone.common.rbac_enforcer.enforcer [None req-263b9e85-d781-41f4-a599-1b348484c5f9 None admin] RBAC: Authorization granted {{(pid=44032) enforce_call /opt/stack/keystone/keystone/common/rbac_enforcer/enforcer.py:457}}
Aug 09 02:07:11 user devstack@keystone.service[44032]: [pid: 44032|app: 0|req: 45/129] 10.0.0.210 () {58 vars in 1277 bytes} [Wed Aug 9 02:07:11 2023] GET /identity/v3/auth/tokens => generated 798 bytes in 287 msecs (HTTP/1.1 200) 6 headers in 358 bytes (1 switches on core 0)
Aug 09 02:07:11 user devstack@keystone.service[44030]: DEBUG keystone.server.flask.request_processing.middleware.auth_context [None req-94fa177d-b207-49ce-8f9e-3ebaeb3ae87e None admin] Authenticating user token {{(pid=44030) process_request /usr/local/lib/python3.10/dist-packages/keystonemiddleware/auth_token/__init__.py:406}}
Aug 09 02:07:11 user devstack@keystone.service[44030]: DEBUG keystone.server.flask.request_processing.middleware.auth_context [None req-94fa177d-b207-49ce-8f9e-3ebaeb3ae87e None admin] Validating token access rules against request {{(pid=44030) validate_allowed_request /usr/local/lib/python3.10/dist-packages/keystonemiddleware/auth_token/__init__.py:544}}
Aug 09 02:07:12 user devstack@keystone.service[44030]: DEBUG keystone.server.flask.request_processing.middleware.auth_context [None req-9d3e3f0a-1941-4af3-ad58-f790764fc0bd None admin] RBAC: auth_context: {'token': , 'domain_id': None, 'trust_id': None, 'trustor_id': None, 'trustee_id': None, 'domain_name': None, 'group_ids': [], 'user_id': '4c0f14a8d8354f85a311691529946587', 'user_domain_id': 'default', 'system_scope': 'all', 'project_id': None, 'project_domain_id': None, 'roles': ['admin', 'member', 'reader'], 'is_admin_project': True, 'service_user_id': None, 'service_user_domain_id': None, 'service_project_id': None, 'service_project_domain_id': None, 'service_roles': []} {{(pid=44030) fill_context /opt/stack/keystone/keystone/server/flask/request_processing/middleware/auth_context.py:480}}
Aug 09 02:07:12 user devstack@keystone.service[44030]: DEBUG keystone.server.flask.request_processing.req_logging [None req-9d3e3f0a-1941-4af3-ad58-f790764fc0bd None admin] REQUEST_METHOD: `GET` {{(pid=44030) log_request_info /opt/stack/keystone/keystone/server/flask/request_processing/req_logging.py:27}}
Aug 09 02:07:12 user devstack@keystone.service[44030]: DEBUG keystone.server.flask.request_processing.req_logging [None req-9d3e3f0a-1941-4af3-ad58-f790764fc0bd None admin] SCRIPT_NAME: `/identity` {{(pid=44030) log_request_info /opt/stack/keystone/keystone/server/flask/request_processing/req_logging.py:28}}
Aug 09 02:07:12 user devstack@keystone.service[44030]: DEBUG keystone.server.flask.request_processing.req_logging [None req-9d3e3f0a-1941-4af3-ad58-f790764fc0bd None admin] PATH_INFO: `/v3/projects/32c081ec901d4a51bd283dd40584df13` {{(pid=44030) log_request_info /opt/stack/keystone/keystone/server/flask/request_processing/req_logging.py:29}}
Aug 09 02:07:12 user devstack@keystone.service[44030]: DEBUG keystone.common.rbac_enforcer.enforcer [None req-9d3e3f0a-1941-4af3-ad58-f790764fc0bd None admin] RBAC: Authorizing `identity:get_project(project_id=32c081ec901d4a51bd283dd40584df13)` {{(pid=44030) enforce_call /opt/stack/keystone/keystone/common/rbac_enforcer/enforcer.py:449}}
Aug 09 02:07:12 user devstack@keystone.service[44030]: DEBUG keystone.common.rbac_enforcer.enforcer [None req-9d3e3f0a-1941-4af3-ad58-f790764fc0bd None admin] RBAC: Authorization granted {{(pid=44030) enforce_call /opt/stack/keystone/keystone/common/rbac_enforcer/enforcer.py:457}}
Aug 09 02:07:12 user devstack@keystone.service[44030]: [pid: 44030|app: 0|req: 46/130] 10.0.0.210 () {56 vars in 1181 bytes} [Wed Aug 9 02:07:11 2023] GET /identity/v3/projects/32c081ec901d4a51bd283dd40584df13 => generated 311 bytes in 141 msecs (HTTP/1.1 200) 5 headers in 177 bytes (1 switches on core 0)
Aug 09 02:07:12 user devstack@keystone.service[44031]: DEBUG keystone.server.flask.request_processing.middleware.auth_context [None req-1a8a4274-4f6b-4f1d-bfed-21c85ffc1ebf None admin] Authenticating user token {{(pid=44031) process_request /usr/local/lib/python3.10/dist-packages/keystonemiddleware/auth_token/__init__.py:406}}
Aug 09 02:07:12 user devstack@keystone.service[44031]: DEBUG keystone.server.flask.request_processing.middleware.auth_context [None req-1a8a4274-4f6b-4f1d-bfed-21c85ffc1ebf None admin] Validating token access rules against request {{(pid=44031) validate_allowed_request /usr/local/lib/python3.10/dist-packages/keystonemiddleware/auth_token/__init__.py:544}}
