Aug 09 20:31:19 user devstack@keystone.service[44282]: [pid: 44282|app: 0|req: 68/199] 10.0.0.210 () {60 vars in 1127 bytes} [Wed Aug 9 20:31:19 2023] POST /identity/v3/users => generated 292 bytes in 140 msecs (HTTP/1.1 201) 5 headers in 182 bytes (2 switches on core 0)
Aug 09 20:31:19 user devstack@keystone.service[44281]: DEBUG keystone.server.flask.request_processing.middleware.auth_context [None req-7762b1f1-f2b1-41d5-b5bd-31ae95764d2b None admin] Validating token access rules against request {{(pid=44281) validate_allowed_request /usr/local/lib/python3.10/dist-packages/keystonemiddleware/auth_token/__init__.py:544}}
Aug 09 20:31:19 user devstack@keystone.service[44283]: DEBUG keystone.server.flask.request_processing.middleware.auth_context [None req-a44f7326-3948-4ed8-b541-7f9117874768 None admin] Validating token access rules against request {{(pid=44283) validate_allowed_request /usr/local/lib/python3.10/dist-packages/keystonemiddleware/auth_token/__init__.py:544}}
Aug 09 20:31:19 user devstack@keystone.service[44283]: DEBUG keystone.server.flask.request_processing.middleware.auth_context [None req-e3b2c6c7-8b95-4941-af78-7c8549ff57b0 None admin] RBAC: auth_context: {'token': , 'domain_id': None, 'trust_id': None, 'trustor_id': None, 'trustee_id': None, 'domain_name': None, 'group_ids': [], 'user_id': '0005e92970ee4942a40231a4684a88e0', 'user_domain_id': 'default', 'system_scope': 'all', 'project_id': None, 'project_domain_id': None, 'roles': ['admin', 'member', 'reader'], 'is_admin_project': True, 'service_user_id': None, 'service_user_domain_id': None, 'service_project_id': None, 'service_project_domain_id': None, 'service_roles': []} {{(pid=44283) fill_context /opt/stack/keystone/keystone/server/flask/request_processing/middleware/auth_context.py:480}}
Aug 09 20:31:19 user devstack@keystone.service[44283]: DEBUG keystone.server.flask.request_processing.req_logging [None req-e3b2c6c7-8b95-4941-af78-7c8549ff57b0 None admin] REQUEST_METHOD: `GET` {{(pid=44283) log_request_info /opt/stack/keystone/keystone/server/flask/request_processing/req_logging.py:27}}
Aug 09 20:31:19 user devstack@keystone.service[44283]: DEBUG keystone.server.flask.request_processing.req_logging [None req-e3b2c6c7-8b95-4941-af78-7c8549ff57b0 None admin] SCRIPT_NAME: `/identity` {{(pid=44283) log_request_info /opt/stack/keystone/keystone/server/flask/request_processing/req_logging.py:28}}
Aug 09 20:31:19 user devstack@keystone.service[44283]: DEBUG keystone.server.flask.request_processing.req_logging [None req-e3b2c6c7-8b95-4941-af78-7c8549ff57b0 None admin] PATH_INFO: `/v3/users/12aec49fea954c539458c95660da57bb` {{(pid=44283) log_request_info /opt/stack/keystone/keystone/server/flask/request_processing/req_logging.py:29}}
Aug 09 20:31:19 user devstack@keystone.service[44281]: DEBUG keystone.server.flask.request_processing.middleware.auth_context [None req-ea9f9d0a-a513-4440-b9ff-ebcbca79fb4f None admin] RBAC: auth_context: {'token': , 'domain_id': None, 'trust_id': None, 'trustor_id': None, 'trustee_id': None, 'domain_name': None, 'group_ids': [], 'user_id': '0005e92970ee4942a40231a4684a88e0', 'user_domain_id': 'default', 'system_scope': 'all', 'project_id': None, 'project_domain_id': None, 'roles': ['admin', 'member', 'reader'], 'is_admin_project': True, 'service_user_id': None, 'service_user_domain_id': None, 'service_project_id': None, 'service_project_domain_id': None, 'service_roles': []} {{(pid=44281) fill_context /opt/stack/keystone/keystone/server/flask/request_processing/middleware/auth_context.py:480}}
Aug 09 20:31:19 user devstack@keystone.service[44281]: DEBUG keystone.server.flask.request_processing.req_logging [None req-ea9f9d0a-a513-4440-b9ff-ebcbca79fb4f None admin] REQUEST_METHOD: `GET` {{(pid=44281) log_request_info /opt/stack/keystone/keystone/server/flask/request_processing/req_logging.py:27}}
Aug 09 20:31:19 user devstack@keystone.service[44281]: DEBUG keystone.server.flask.request_processing.req_logging [None req-ea9f9d0a-a513-4440-b9ff-ebcbca79fb4f None admin] SCRIPT_NAME: `/identity` {{(pid=44281) log_request_info /opt/stack/keystone/keystone/server/flask/request_processing/req_logging.py:28}}
Aug 09 20:31:19 user devstack@keystone.service[44281]: DEBUG keystone.server.flask.request_processing.req_logging [None req-ea9f9d0a-a513-4440-b9ff-ebcbca79fb4f None admin] PATH_INFO: `/v3/roles` {{(pid=44281) log_request_info /opt/stack/keystone/keystone/server/flask/request_processing/req_logging.py:29}}
Aug 09 20:31:19 user devstack@keystone.service[44281]: DEBUG keystone.common.rbac_enforcer.enforcer [None req-ea9f9d0a-a513-4440-b9ff-ebcbca79fb4f None admin] RBAC: Adding query filter params (name=member) {{(pid=44281) _extract_filter_values /opt/stack/keystone/keystone/common/rbac_enforcer/enforcer.py:167}}
Aug 09 20:31:19 user devstack@keystone.service[44281]: DEBUG keystone.common.rbac_enforcer.enforcer [None req-ea9f9d0a-a513-4440-b9ff-ebcbca79fb4f None admin] RBAC: Authorizing `identity:list_roles()` {{(pid=44281) enforce_call /opt/stack/keystone/keystone/common/rbac_enforcer/enforcer.py:449}}
Aug 09 20:31:19 user devstack@keystone.service[44281]: DEBUG keystone.common.rbac_enforcer.enforcer [None req-ea9f9d0a-a513-4440-b9ff-ebcbca79fb4f None admin] RBAC: Authorization granted {{(pid=44281) enforce_call /opt/stack/keystone/keystone/common/rbac_enforcer/enforcer.py:457}}
Aug 09 20:31:19 user devstack@keystone.service[44283]: DEBUG keystone.common.rbac_enforcer.enforcer [None req-e3b2c6c7-8b95-4941-af78-7c8549ff57b0 None admin] RBAC: Authorizing `identity:get_user(user_id=12aec49fea954c539458c95660da57bb)` {{(pid=44283) enforce_call /opt/stack/keystone/keystone/common/rbac_enforcer/enforcer.py:449}}
Aug 09 20:31:19 user devstack@keystone.service[44283]: DEBUG keystone.common.rbac_enforcer.enforcer [None req-e3b2c6c7-8b95-4941-af78-7c8549ff57b0 None admin] RBAC: Authorization granted {{(pid=44283) enforce_call /opt/stack/keystone/keystone/common/rbac_enforcer/enforcer.py:457}}
Aug 09 20:31:19 user devstack@keystone.service[44283]: [pid: 44283|app: 0|req: 67/200] 10.0.0.210 () {56 vars in 1172 bytes} [Wed Aug 9 20:31:19 2023] GET /identity/v3/users/12aec49fea954c539458c95660da57bb => generated 296 bytes in 129 msecs (HTTP/1.1 200) 5 headers in 177 bytes (2 switches on core 0)
Aug 09 20:31:19 user devstack@keystone.service[44281]: [pid: 44281|app: 0|req: 66/201] 10.0.0.210 () {56 vars in 1096 bytes} [Wed Aug 9 20:31:19 2023] GET /identity/v3/roles?name=member => generated 339 bytes in 136 msecs (HTTP/1.1 200) 5 headers in 177 bytes (2 switches on core 0)
Aug 09 20:31:19 user devstack@keystone.service[44283]: DEBUG keystone.server.flask.request_processing.middleware.auth_context [None req-e3b2c6c7-8b95-4941-af78-7c8549ff57b0 None admin] Authenticating user token {{(pid=44283) process_request /usr/local/lib/python3.10/dist-packages/keystonemiddleware/auth_token/__init__.py:406}}
Aug 09 20:31:19 user devstack@keystone.service[44282]: DEBUG keystone.server.flask.request_processing.middleware.auth_context [None req-64eeefae-635c-4046-b5d0-80e37690599b None admin] Authenticating user token {{(pid=44282) process_request /usr/local/lib/python3.10/dist-packages/keystonemiddleware/auth_token/__init__.py:406}}
Aug 09 20:31:19 user devstack@keystone.service[44283]: DEBUG keystone.server.flask.request_processing.middleware.auth_context [None req-e3b2c6c7-8b95-4941-af78-7c8549ff57b0 None admin] Validating token access rules against request {{(pid=44283) validate_allowed_request /usr/local/lib/python3.10/dist-packages/keystonemiddleware/auth_token/__init__.py:544}}
Aug 09 20:31:19 user devstack@keystone.service[44282]: DEBUG keystone.server.flask.request_processing.middleware.auth_context [None req-64eeefae-635c-4046-b5d0-80e37690599b None admin] Validating token access rules against request {{(pid=44282) validate_allowed_request /usr/local/lib/python3.10/dist-packages/keystonemiddleware/auth_token/__init__.py:544}}
Aug 09 20:31:19 user devstack@keystone.service[44283]: DEBUG keystone.server.flask.request_processing.middleware.auth_context [None req-e57dde1f-caef-4ebf-a81c-a0cae0550a88 None admin] RBAC: auth_context: {'token': , 'domain_id': None, 'trust_id': None, 'trustor_id': None, 'trustee_id': None, 'domain_name': None, 'group_ids': [], 'user_id': '0005e92970ee4942a40231a4684a88e0', 'user_domain_id': 'default', 'system_scope': 'all', 'project_id': None, 'project_domain_id': None, 'roles': ['admin', 'member', 'reader'], 'is_admin_project': True, 'service_user_id': None, 'service_user_domain_id': None, 'service_project_id': None, 'service_project_domain_id': None, 'service_roles': []} {{(pid=44283) fill_context /opt/stack/keystone/keystone/server/flask/request_processing/middleware/auth_context.py:480}}
Aug 09 20:31:19 user devstack@keystone.service[44283]: DEBUG keystone.server.flask.request_processing.req_logging [None req-e57dde1f-caef-4ebf-a81c-a0cae0550a88 None admin] REQUEST_METHOD: `GET` {{(pid=44283) log_request_info /opt/stack/keystone/keystone/server/flask/request_processing/req_logging.py:27}}
Aug 09 20:31:19 user devstack@keystone.service[44283]: DEBUG keystone.server.flask.request_processing.req_logging [None req-e57dde1f-caef-4ebf-a81c-a0cae0550a88 None admin] SCRIPT_NAME: `/identity` {{(pid=44283) log_request_info /opt/stack/keystone/keystone/server/flask/request_processing/req_logging.py:28}}
Aug 09 20:31:19 user devstack@keystone.service[44283]: DEBUG keystone.server.flask.request_processing.req_logging [None req-e57dde1f-caef-4ebf-a81c-a0cae0550a88 None admin] PATH_INFO: `/v3/users/03e8a29756734ad78f4e26af3418686a` {{(pid=44283) log_request_info /opt/stack/keystone/keystone/server/flask/request_processing/req_logging.py:29}}
Aug 09 20:31:19 user devstack@keystone.service[44283]: DEBUG keystone.common.rbac_enforcer.enforcer [None req-e57dde1f-caef-4ebf-a81c-a0cae0550a88 None admin] RBAC: Authorizing `identity:get_user(user_id=03e8a29756734ad78f4e26af3418686a)` {{(pid=44283) enforce_call /opt/stack/keystone/keystone/common/rbac_enforcer/enforcer.py:449}}
Aug 09 20:31:19 user devstack@keystone.service[44282]: DEBUG keystone.server.flask.request_processing.middleware.auth_context [None req-fd37527a-2dbc-4c38-97a6-d7844b56a002 None admin] RBAC: auth_context: {'token': , 'domain_id': None, 'trust_id': None, 'trustor_id': None, 'trustee_id': None, 'domain_name': None, 'group_ids': [], 'user_id': '0005e92970ee4942a40231a4684a88e0', 'user_domain_id': 'default', 'system_scope': 'all', 'project_id': None, 'project_domain_id': None, 'roles': ['admin', 'member', 'reader'], 'is_admin_project': True, 'service_user_id': None, 'service_user_domain_id': None, 'service_project_id': None, 'service_project_domain_id': None, 'service_roles': []} {{(pid=44282) fill_context /opt/stack/keystone/keystone/server/flask/request_processing/middleware/auth_context.py:480}}
Aug 09 20:31:19 user devstack@keystone.service[44283]: DEBUG keystone.common.rbac_enforcer.enforcer [None req-e57dde1f-caef-4ebf-a81c-a0cae0550a88 None admin] RBAC: Authorization granted {{(pid=44283) enforce_call /opt/stack/keystone/keystone/common/rbac_enforcer/enforcer.py:457}}
Aug 09 20:31:19 user devstack@keystone.service[44282]: DEBUG keystone.server.flask.request_processing.req_logging [None req-fd37527a-2dbc-4c38-97a6-d7844b56a002 None admin] REQUEST_METHOD: `GET` {{(pid=44282) log_request_info /opt/stack/keystone/keystone/server/flask/request_processing/req_logging.py:27}}
Aug 09 20:31:19 user devstack@keystone.service[44282]: DEBUG keystone.server.flask.request_processing.req_logging [None req-fd37527a-2dbc-4c38-97a6-d7844b56a002 None admin] SCRIPT_NAME: `/identity` {{(pid=44282) log_request_info /opt/stack/keystone/keystone/server/flask/request_processing/req_logging.py:28}}
Aug 09 20:31:19 user devstack@keystone.service[44282]: DEBUG keystone.server.flask.request_processing.req_logging [None req-fd37527a-2dbc-4c38-97a6-d7844b56a002 None admin] PATH_INFO: `/v3/projects/23ae71f8369d469db9fa6c2529092af9` {{(pid=44282) log_request_info /opt/stack/keystone/keystone/server/flask/request_processing/req_logging.py:29}}
Aug 09 20:31:19 user devstack@keystone.service[44282]: DEBUG keystone.common.rbac_enforcer.enforcer [None req-fd37527a-2dbc-4c38-97a6-d7844b56a002 None admin] RBAC: Authorizing `identity:get_project(project_id=23ae71f8369d469db9fa6c2529092af9)` {{(pid=44282) enforce_call /opt/stack/keystone/keystone/common/rbac_enforcer/enforcer.py:449}}
Aug 09 20:31:19 user devstack@keystone.service[44283]: [pid: 44283|app: 0|req: 68/202] 10.0.0.210 () {56 vars in 1172 bytes} [Wed Aug 9 20:31:19 2023] GET /identity/v3/users/03e8a29756734ad78f4e26af3418686a => generated 296 bytes in 126 msecs (HTTP/1.1 200) 5 headers in 177 bytes (1 switches on core 0)
Aug 09 20:31:19 user devstack@keystone.service[44282]: DEBUG keystone.common.rbac_enforcer.enforcer [None req-fd37527a-2dbc-4c38-97a6-d7844b56a002 None admin] RBAC: Authorization granted {{(pid=44282) enforce_call /opt/stack/keystone/keystone/common/rbac_enforcer/enforcer.py:457}}
Aug 09 20:31:19 user devstack@keystone.service[44282]: [pid: 44282|app: 0|req: 69/203] 10.0.0.210 () {56 vars in 1181 bytes} [Wed Aug 9 20:31:19 2023] GET /identity/v3/projects/23ae71f8369d469db9fa6c2529092af9 => generated 301 bytes in 127 msecs (HTTP/1.1 200) 5 headers in 177 bytes (1 switches on core 0)
Aug 09 20:31:19 user devstack@keystone.service[44281]: DEBUG keystone.server.flask.request_processing.middleware.auth_context [None req-ea9f9d0a-a513-4440-b9ff-ebcbca79fb4f None admin] Authenticating user token {{(pid=44281) process_request /usr/local/lib/python3.10/dist-packages/keystonemiddleware/auth_token/__init__.py:406}}
Aug 09 20:31:19 user devstack@keystone.service[44283]: DEBUG keystone.server.flask.request_processing.middleware.auth_context [None req-e57dde1f-caef-4ebf-a81c-a0cae0550a88 None admin] Authenticating user token {{(pid=44283) process_request /usr/local/lib/python3.10/dist-packages/keystonemiddleware/auth_token/__init__.py:406}}
Aug 09 20:31:19 user devstack@keystone.service[44283]: DEBUG keystone.server.flask.request_processing.middleware.auth_context [None req-e57dde1f-caef-4ebf-a81c-a0cae0550a88 None admin] Validating token access rules against request {{(pid=44283) validate_allowed_request /usr/local/lib/python3.10/dist-packages/keystonemiddleware/auth_token/__init__.py:544}}
Aug 09 20:31:19 user devstack@keystone.service[44281]: DEBUG keystone.server.flask.request_processing.middleware.auth_context [None req-ea9f9d0a-a513-4440-b9ff-ebcbca79fb4f None admin] Validating token access rules against request {{(pid=44281) validate_allowed_request /usr/local/lib/python3.10/dist-packages/keystonemiddleware/auth_token/__init__.py:544}}
Aug 09 20:31:19 user devstack@keystone.service[44283]: DEBUG keystone.server.flask.request_processing.middleware.auth_context [None req-e99ca75f-b251-45c1-8e93-166148793757 None admin] RBAC: auth_context: {'token': , 'domain_id': None, 'trust_id': None, 'trustor_id': None, 'trustee_id': None, 'domain_name': None, 'group_ids': [], 'user_id': '0005e92970ee4942a40231a4684a88e0', 'user_domain_id': 'default', 'system_scope': 'all', 'project_id': None, 'project_domain_id': None, 'roles': ['admin', 'member', 'reader'], 'is_admin_project': True, 'service_user_id': None, 'service_user_domain_id': None, 'service_project_id': None, 'service_project_domain_id': None, 'service_roles': []} {{(pid=44283) fill_context /opt/stack/keystone/keystone/server/flask/request_processing/middleware/auth_context.py:480}}
Aug 09 20:31:19 user devstack@keystone.service[44283]: DEBUG keystone.server.flask.request_processing.req_logging [None req-e99ca75f-b251-45c1-8e93-166148793757 None admin] REQUEST_METHOD: `PUT` {{(pid=44283) log_request_info /opt/stack/keystone/keystone/server/flask/request_processing/req_logging.py:27}}
Aug 09 20:31:19 user devstack@keystone.service[44283]: DEBUG keystone.server.flask.request_processing.req_logging [None req-e99ca75f-b251-45c1-8e93-166148793757 None admin] SCRIPT_NAME: `/identity` {{(pid=44283) log_request_info /opt/stack/keystone/keystone/server/flask/request_processing/req_logging.py:28}}
Aug 09 20:31:19 user devstack@keystone.service[44283]: DEBUG keystone.server.flask.request_processing.req_logging [None req-e99ca75f-b251-45c1-8e93-166148793757 None admin] PATH_INFO: `/v3/projects/23ae71f8369d469db9fa6c2529092af9/users/12aec49fea954c539458c95660da57bb/roles/9a13ff196bb24d108d557dcfa90d0f5d` {{(pid=44283) log_request_info /opt/stack/keystone/keystone/server/flask/request_processing/req_logging.py:29}}
Aug 09 20:31:19 user devstack@keystone.service[44283]: DEBUG keystone.common.rbac_enforcer.enforcer [None req-e99ca75f-b251-45c1-8e93-166148793757 None admin] RBAC: Authorizing `identity:create_grant(project_id=23ae71f8369d469db9fa6c2529092af9, user_id=12aec49fea954c539458c95660da57bb, role_id=9a13ff196bb24d108d557dcfa90d0f5d)` {{(pid=44283) enforce_call /opt/stack/keystone/keystone/common/rbac_enforcer/enforcer.py:449}}
Aug 09 20:31:19 user devstack@keystone.service[44283]: DEBUG keystone.common.rbac_enforcer.enforcer [None req-e99ca75f-b251-45c1-8e93-166148793757 None admin] RBAC: Authorization granted {{(pid=44283) enforce_call /opt/stack/keystone/keystone/common/rbac_enforcer/enforcer.py:457}}
Aug 09 20:31:19 user devstack@keystone.service[44281]: DEBUG keystone.server.flask.request_processing.middleware.auth_context [None req-68d3bae1-563f-49e1-815b-3de8d5c50722 None admin] RBAC: auth_context: {'token': , 'domain_id': None, 'trust_id': None, 'trustor_id': None, 'trustee_id': None, 'domain_name': None, 'group_ids': [], 'user_id': '0005e92970ee4942a40231a4684a88e0', 'user_domain_id': 'default', 'system_scope': 'all', 'project_id': None, 'project_domain_id': None, 'roles': ['admin', 'member', 'reader'], 'is_admin_project': True, 'service_user_id': None, 'service_user_domain_id': None, 'service_project_id': None, 'service_project_domain_id': None, 'service_roles': []} {{(pid=44281) fill_context /opt/stack/keystone/keystone/server/flask/request_processing/middleware/auth_context.py:480}}
Aug 09 20:31:19 user devstack@keystone.service[44281]: DEBUG keystone.server.flask.request_processing.req_logging [None req-68d3bae1-563f-49e1-815b-3de8d5c50722 None admin] REQUEST_METHOD: `GET` {{(pid=44281) log_request_info /opt/stack/keystone/keystone/server/flask/request_processing/req_logging.py:27}}
Aug 09 20:31:19 user devstack@keystone.service[44281]: DEBUG keystone.server.flask.request_processing.req_logging [None req-68d3bae1-563f-49e1-815b-3de8d5c50722 None admin] SCRIPT_NAME: `/identity` {{(pid=44281) log_request_info /opt/stack/keystone/keystone/server/flask/request_processing/req_logging.py:28}}
Aug 09 20:31:19 user devstack@keystone.service[44281]: DEBUG keystone.server.flask.request_processing.req_logging [None req-68d3bae1-563f-49e1-815b-3de8d5c50722 None admin] PATH_INFO: `/v3/auth/tokens` {{(pid=44281) log_request_info /opt/stack/keystone/keystone/server/flask/request_processing/req_logging.py:29}}
Aug 09 20:31:19 user devstack@keystone.service[44283]: [pid: 44283|app: 0|req: 69/204] 10.0.0.210 () {58 vars in 1434 bytes} [Wed Aug 9 20:31:19 2023] PUT /identity/v3/projects/23ae71f8369d469db9fa6c2529092af9/users/12aec49fea954c539458c95660da57bb/roles/9a13ff196bb24d108d557dcfa90d0f5d => generated 0 bytes in 143 msecs (HTTP/1.1 204) 3 headers in 132 bytes (0 switches on core 0)
Aug 09 20:31:19 user devstack@keystone.service[44281]: DEBUG keystone.common.rbac_enforcer.enforcer [None req-68d3bae1-563f-49e1-815b-3de8d5c50722 None admin] RBAC: Authorizing `identity:validate_token()` {{(pid=44281) enforce_call /opt/stack/keystone/keystone/common/rbac_enforcer/enforcer.py:449}}
Aug 09 20:31:19 user devstack@keystone.service[44281]: DEBUG keystone.common.rbac_enforcer.enforcer [None req-68d3bae1-563f-49e1-815b-3de8d5c50722 None admin] RBAC: Authorization granted {{(pid=44281) enforce_call /opt/stack/keystone/keystone/common/rbac_enforcer/enforcer.py:457}}
Aug 09 20:31:19 user devstack@keystone.service[44281]: [pid: 44281|app: 0|req: 67/205] 10.0.0.210 () {58 vars in 1277 bytes} [Wed Aug 9 20:31:19 2023] GET /identity/v3/auth/tokens => generated 798 bytes in 297 msecs (HTTP/1.1 200) 6 headers in 358 bytes (1 switches on core 0)
Aug 09 20:31:19 user devstack@keystone.service[44282]: DEBUG keystone.server.flask.request_processing.middleware.auth_context [None req-fd37527a-2dbc-4c38-97a6-d7844b56a002 None admin] Authenticating user token {{(pid=44282) process_request /usr/local/lib/python3.10/dist-packages/keystonemiddleware/auth_token/__init__.py:406}}
Aug 09 20:31:19 user devstack@keystone.service[44282]: DEBUG keystone.server.flask.request_processing.middleware.auth_context [None req-fd37527a-2dbc-4c38-97a6-d7844b56a002 None admin] Validating token access rules against request {{(pid=44282) validate_allowed_request /usr/local/lib/python3.10/dist-packages/keystonemiddleware/auth_token/__init__.py:544}}
Aug 09 20:31:19 user devstack@keystone.service[44282]: DEBUG keystone.server.flask.request_processing.middleware.auth_context [None req-bb8c6191-02bd-42e6-a813-569465d1cb98 None admin] RBAC: auth_context: {'token': , 'domain_id': None, 'trust_id': None, 'trustor_id': None, 'trustee_id': None, 'domain_name': None, 'group_ids': [], 'user_id': '0005e92970ee4942a40231a4684a88e0', 'user_domain_id': 'default', 'system_scope': 'all', 'project_id': None, 'project_domain_id': None, 'roles': ['admin', 'member', 'reader'], 'is_admin_project': True, 'service_user_id': None, 'service_user_domain_id': None, 'service_project_id': None, 'service_project_domain_id': None, 'service_roles': []} {{(pid=44282) fill_context /opt/stack/keystone/keystone/server/flask/request_processing/middleware/auth_context.py:480}}
Aug 09 20:31:19 user devstack@keystone.service[44282]: DEBUG keystone.server.flask.request_processing.req_logging [None req-bb8c6191-02bd-42e6-a813-569465d1cb98 None admin] REQUEST_METHOD: `GET` {{(pid=44282) log_request_info /opt/stack/keystone/keystone/server/flask/request_processing/req_logging.py:27}}
Aug 09 20:31:19 user devstack@keystone.service[44282]: DEBUG keystone.server.flask.request_processing.req_logging [None req-bb8c6191-02bd-42e6-a813-569465d1cb98 None admin] SCRIPT_NAME: `/identity` {{(pid=44282) log_request_info /opt/stack/keystone/keystone/server/flask/request_processing/req_logging.py:28}}
Aug 09 20:31:19 user devstack@keystone.service[44282]: DEBUG keystone.server.flask.request_processing.req_logging [None req-bb8c6191-02bd-42e6-a813-569465d1cb98 None admin] PATH_INFO: `/v3/projects/23ae71f8369d469db9fa6c2529092af9` {{(pid=44282) log_request_info /opt/stack/keystone/keystone/server/flask/request_processing/req_logging.py:29}}
Aug 09 20:31:19 user devstack@keystone.service[44282]: DEBUG keystone.common.rbac_enforcer.enforcer [None req-bb8c6191-02bd-42e6-a813-569465d1cb98 None admin] RBAC: Authorizing `identity:get_project(project_id=23ae71f8369d469db9fa6c2529092af9)` {{(pid=44282) enforce_call /opt/stack/keystone/keystone/common/rbac_enforcer/enforcer.py:449}}
Aug 09 20:31:19 user devstack@keystone.service[44282]: DEBUG keystone.common.rbac_enforcer.enforcer [None req-bb8c6191-02bd-42e6-a813-569465d1cb98 None admin] RBAC: Authorization granted {{(pid=44282) enforce_call /opt/stack/keystone/keystone/common/rbac_enforcer/enforcer.py:457}}
Aug 09 20:31:19 user devstack@keystone.service[44282]: [pid: 44282|app: 0|req: 70/206] 10.0.0.210 () {56 vars in 1181 bytes} [Wed Aug 9 20:31:19 2023] GET /identity/v3/projects/23ae71f8369d469db9fa6c2529092af9 => generated 301 bytes in 124 msecs (HTTP/1.1 200) 5 headers in 177 bytes (1 switches on core 0)
Aug 09 20:31:19 user devstack@keystone.service[44283]: DEBUG keystone.server.flask.request_processing.middleware.auth_context [None req-e99ca75f-b251-45c1-8e93-166148793757 None admin] Authenticating user token {{(pid=44283) process_request /usr/local/lib/python3.10/dist-packages/keystonemiddleware/auth_token/__init__.py:406}}
Aug 09 20:31:20 user devstack@keystone.service[44283]: DEBUG keystone.server.flask.request_processing.middleware.auth_context [None req-e99ca75f-b251-45c1-8e93-166148793757 None admin] Validating token access rules against request {{(pid=44283) validate_allowed_request /usr/local/lib/python3.10/dist-packages/keystonemiddleware/auth_token/__init__.py:544}}
Aug 09 20:31:20 user devstack@keystone.service[44283]: DEBUG keystone.server.flask.request_processing.middleware.auth_context [None req-c24e1c41-3cb4-44c4-97c2-6a8d81590543 None admin] RBAC: auth_context: {'token': , 'domain_id': None, 'trust_id': None, 'trustor_id': None, 'trustee_id': None, 'domain_name': None, 'group_ids': [], 'user_id': '0005e92970ee4942a40231a4684a88e0', 'user_domain_id': 'default', 'system_scope': 'all', 'project_id': None, 'project_domain_id': None, 'roles': ['admin', 'member', 'reader'], 'is_admin_project': True, 'service_user_id': None, 'service_user_domain_id': None, 'service_project_id': None, 'service_project_domain_id': None, 'service_roles': []} {{(pid=44283) fill_context /opt/stack/keystone/keystone/server/flask/request_processing/middleware/auth_context.py:480}}
Aug 09 20:31:20 user devstack@keystone.service[44283]: DEBUG keystone.server.flask.request_processing.req_logging [None req-c24e1c41-3cb4-44c4-97c2-6a8d81590543 None admin] REQUEST_METHOD: `GET` {{(pid=44283) log_request_info /opt/stack/keystone/keystone/server/flask/request_processing/req_logging.py:27}}
Aug 09 20:31:20 user devstack@keystone.service[44283]: DEBUG keystone.server.flask.request_processing.req_logging [None req-c24e1c41-3cb4-44c4-97c2-6a8d81590543 None admin] SCRIPT_NAME: `/identity` {{(pid=44283) log_request_info /opt/stack/keystone/keystone/server/flask/request_processing/req_logging.py:28}}
Aug 09 20:31:20 user devstack@keystone.service[44283]: DEBUG keystone.server.flask.request_processing.req_logging [None req-c24e1c41-3cb4-44c4-97c2-6a8d81590543 None admin] PATH_INFO: `/v3/role_assignments` {{(pid=44283) log_request_info /opt/stack/keystone/keystone/server/flask/request_processing/req_logging.py:29}}
Aug 09 20:31:20 user devstack@keystone.service[44283]: DEBUG keystone.common.rbac_enforcer.enforcer [None req-c24e1c41-3cb4-44c4-97c2-6a8d81590543 None admin] RBAC: Adding query filter params (role.id=43c2933bc71e47998adeae3062bbfdf2, scope.project.id=23ae71f8369d469db9fa6c2529092af9, user.id=03e8a29756734ad78f4e26af3418686a) {{(pid=44283) _extract_filter_values /opt/stack/keystone/keystone/common/rbac_enforcer/enforcer.py:167}}
Aug 09 20:31:20 user devstack@keystone.service[44283]: DEBUG keystone.common.rbac_enforcer.enforcer [None req-c24e1c41-3cb4-44c4-97c2-6a8d81590543 None admin] RBAC: Authorizing `identity:list_role_assignments()` {{(pid=44283) enforce_call /opt/stack/keystone/keystone/common/rbac_enforcer/enforcer.py:449}}
Aug 09 20:31:20 user devstack@keystone.service[44283]: DEBUG keystone.common.rbac_enforcer.enforcer [None req-c24e1c41-3cb4-44c4-97c2-6a8d81590543 None admin] RBAC: Authorization granted {{(pid=44283) enforce_call /opt/stack/keystone/keystone/common/rbac_enforcer/enforcer.py:457}}
Aug 09 20:31:20 user devstack@keystone.service[44283]: [pid: 44283|app: 0|req: 70/207] 10.0.0.210 () {56 vars in 1369 bytes} [Wed Aug 9 20:31:19 2023] GET /identity/v3/role_assignments?user.id=03e8a29756734ad78f4e26af3418686a&scope.project.id=23ae71f8369d469db9fa6c2529092af9&role.id=43c2933bc71e47998adeae3062bbfdf2 => generated 606 bytes in 158 msecs (HTTP/1.1 200) 5 headers in 177 bytes (1 switches on core 0)
Aug 09 20:31:21 user devstack@keystone.service[44281]: DEBUG keystone.server.flask.request_processing.req_logging [None req-6558512e-b5cc-4f66-9002-8f902dda7d40 None None] REQUEST_METHOD: `GET` {{(pid=44281) log_request_info /opt/stack/keystone/keystone/server/flask/request_processing/req_logging.py:27}}
Aug 09 20:31:21 user devstack@keystone.service[44281]: DEBUG keystone.server.flask.request_processing.req_logging [None req-6558512e-b5cc-4f66-9002-8f902dda7d40 None None] SCRIPT_NAME: `/identity` {{(pid=44281) log_request_info /opt/stack/keystone/keystone/server/flask/request_processing/req_logging.py:28}}
Aug 09 20:31:21 user devstack@keystone.service[44281]: DEBUG keystone.server.flask.request_processing.req_logging [None req-6558512e-b5cc-4f66-9002-8f902dda7d40 None None] PATH_INFO: `/` {{(pid=44281) log_request_info /opt/stack/keystone/keystone/server/flask/request_processing/req_logging.py:29}}
Aug 09 20:31:21 user devstack@keystone.service[44281]: [pid: 44281|app: 0|req: 68/208] 10.0.0.210 () {54 vars in 921 bytes} [Wed Aug 9 20:31:21 2023] GET /identity => generated 269 bytes in 4 msecs (HTTP/1.1 300) 6 headers in 233 bytes (1 switches on core 0)
Aug 09 20:31:21 user devstack@keystone.service[44282]: DEBUG keystone.server.flask.request_processing.req_logging [None req-9ce5e179-9490-45f7-8c2e-d0027a7f8aff None None] REQUEST_METHOD: `POST` {{(pid=44282) log_request_info /opt/stack/keystone/keystone/server/flask/request_processing/req_logging.py:27}}
Aug 09 20:31:21 user devstack@keystone.service[44282]: DEBUG keystone.server.flask.request_processing.req_logging [None req-9ce5e179-9490-45f7-8c2e-d0027a7f8aff None None] SCRIPT_NAME: `/identity` {{(pid=44282) log_request_info /opt/stack/keystone/keystone/server/flask/request_processing/req_logging.py:28}}
Aug 09 20:31:21 user devstack@keystone.service[44282]: DEBUG keystone.server.flask.request_processing.req_logging [None req-9ce5e179-9490-45f7-8c2e-d0027a7f8aff None None] PATH_INFO: `/v3/auth/tokens` {{(pid=44282) log_request_info /opt/stack/keystone/keystone/server/flask/request_processing/req_logging.py:29}}
Aug 09 20:31:21 user devstack@keystone.service[44282]: WARNING keystone.common.password_hashing [None req-9ce5e179-9490-45f7-8c2e-d0027a7f8aff None None] Truncating password to algorithm specific maximum length 54 characters.
Aug 09 20:31:21 user devstack@keystone.service[44282]: DEBUG keystone.auth.core [None req-9ce5e179-9490-45f7-8c2e-d0027a7f8aff None None] MFA Rules not processed for user `0005e92970ee4942a40231a4684a88e0`. Rule list: `[]` (Enabled: `True`). {{(pid=44282) check_auth_methods_against_rules /opt/stack/keystone/keystone/auth/core.py:438}}
Aug 09 20:31:21 user devstack@keystone.service[44282]: DEBUG keystone.common.fernet_utils [None req-9ce5e179-9490-45f7-8c2e-d0027a7f8aff None None] Loaded 2 Fernet keys from /etc/keystone/fernet-keys/, but `[fernet_tokens] max_active_keys = 3`; perhaps there have not been enough key rotations to reach `max_active_keys` yet? {{(pid=44282) load_keys /opt/stack/keystone/keystone/common/fernet_utils.py:286}}
Aug 09 20:31:21 user devstack@keystone.service[44282]: [pid: 44282|app: 0|req: 71/209] 10.0.0.210 () {58 vars in 1018 bytes} [Wed Aug 9 20:31:21 2023] POST /identity/v3/auth/tokens => generated 798 bytes in 76 msecs (HTTP/1.1 201) 6 headers in 363 bytes (1 switches on core 0)
Aug 09 20:31:21 user devstack@keystone.service[44283]: DEBUG keystone.server.flask.request_processing.req_logging [None req-afbf19db-2648-4a96-ade2-99854248b6af None None] REQUEST_METHOD: `GET` {{(pid=44283) log_request_info /opt/stack/keystone/keystone/server/flask/request_processing/req_logging.py:27}}
Aug 09 20:31:21 user devstack@keystone.service[44283]: DEBUG keystone.server.flask.request_processing.req_logging [None req-afbf19db-2648-4a96-ade2-99854248b6af None None] SCRIPT_NAME: `/identity` {{(pid=44283) log_request_info /opt/stack/keystone/keystone/server/flask/request_processing/req_logging.py:28}}
Aug 09 20:31:21 user devstack@keystone.service[44283]: DEBUG keystone.server.flask.request_processing.req_logging [None req-afbf19db-2648-4a96-ade2-99854248b6af None None] PATH_INFO: `/` {{(pid=44283) log_request_info /opt/stack/keystone/keystone/server/flask/request_processing/req_logging.py:29}}
Aug 09 20:31:21 user devstack@keystone.service[44283]: [pid: 44283|app: 0|req: 71/210] 10.0.0.210 () {54 vars in 921 bytes} [Wed Aug 9 20:31:21 2023] GET /identity => generated 269 bytes in 3 msecs (HTTP/1.1 300) 6 headers in 233 bytes (1 switches on core 0)
Aug 09 20:31:21 user devstack@keystone.service[44281]: DEBUG keystone.server.flask.request_processing.req_logging [None req-d6333f3b-510f-4311-9adc-bc2acc51bcee None None] REQUEST_METHOD: `POST` {{(pid=44281) log_request_info /opt/stack/keystone/keystone/server/flask/request_processing/req_logging.py:27}}
Aug 09 20:31:21 user devstack@keystone.service[44281]: DEBUG keystone.server.flask.request_processing.req_logging [None req-d6333f3b-510f-4311-9adc-bc2acc51bcee None None] SCRIPT_NAME: `/identity` {{(pid=44281) log_request_info /opt/stack/keystone/keystone/server/flask/request_processing/req_logging.py:28}}
Aug 09 20:31:21 user devstack@keystone.service[44281]: DEBUG keystone.server.flask.request_processing.req_logging [None req-d6333f3b-510f-4311-9adc-bc2acc51bcee None None] PATH_INFO: `/v3/auth/tokens` {{(pid=44281) log_request_info /opt/stack/keystone/keystone/server/flask/request_processing/req_logging.py:29}}
Aug 09 20:31:21 user devstack@keystone.service[44281]: WARNING keystone.common.password_hashing [None req-d6333f3b-510f-4311-9adc-bc2acc51bcee None None] Truncating password to algorithm specific maximum length 54 characters.
Aug 09 20:31:21 user devstack@keystone.service[44281]: DEBUG keystone.auth.core [None req-d6333f3b-510f-4311-9adc-bc2acc51bcee None None] MFA Rules not processed for user `0005e92970ee4942a40231a4684a88e0`. Rule list: `[]` (Enabled: `True`). {{(pid=44281) check_auth_methods_against_rules /opt/stack/keystone/keystone/auth/core.py:438}}
Aug 09 20:31:21 user devstack@keystone.service[44281]: DEBUG keystone.common.fernet_utils [None req-d6333f3b-510f-4311-9adc-bc2acc51bcee None None] Loaded 2 Fernet keys from /etc/keystone/fernet-keys/, but `[fernet_tokens] max_active_keys = 3`; perhaps there have not been enough key rotations to reach `max_active_keys` yet? {{(pid=44281) load_keys /opt/stack/keystone/keystone/common/fernet_utils.py:286}}
Aug 09 20:31:21 user devstack@keystone.service[44282]: DEBUG keystone.server.flask.request_processing.req_logging [None req-e96d163c-5d56-49c8-9300-b05646e75fdc None None] REQUEST_METHOD: `GET` {{(pid=44282) log_request_info /opt/stack/keystone/keystone/server/flask/request_processing/req_logging.py:27}}
Aug 09 20:31:21 user devstack@keystone.service[44282]: DEBUG keystone.server.flask.request_processing.req_logging [None req-e96d163c-5d56-49c8-9300-b05646e75fdc None None] SCRIPT_NAME: `/identity` {{(pid=44282) log_request_info /opt/stack/keystone/keystone/server/flask/request_processing/req_logging.py:28}}
Aug 09 20:31:21 user devstack@keystone.service[44282]: DEBUG keystone.server.flask.request_processing.req_logging [None req-e96d163c-5d56-49c8-9300-b05646e75fdc None None] PATH_INFO: `/` {{(pid=44282) log_request_info /opt/stack/keystone/keystone/server/flask/request_processing/req_logging.py:29}}
Aug 09 20:31:21 user devstack@keystone.service[44282]: [pid: 44282|app: 0|req: 72/211] 10.0.0.210 () {54 vars in 921 bytes} [Wed Aug 9 20:31:21 2023] GET /identity => generated 269 bytes in 3 msecs (HTTP/1.1 300) 6 headers in 233 bytes (1 switches on core 0)
Aug 09 20:31:21 user devstack@keystone.service[44283]: DEBUG keystone.server.flask.request_processing.req_logging [None req-3b363141-54d5-4259-b575-4024777ed97a None None] REQUEST_METHOD: `POST` {{(pid=44283) log_request_info /opt/stack/keystone/keystone/server/flask/request_processing/req_logging.py:27}}
Aug 09 20:31:21 user devstack@keystone.service[44283]: DEBUG keystone.server.flask.request_processing.req_logging [None req-3b363141-54d5-4259-b575-4024777ed97a None None] SCRIPT_NAME: `/identity` {{(pid=44283) log_request_info /opt/stack/keystone/keystone/server/flask/request_processing/req_logging.py:28}}
Aug 09 20:31:21 user devstack@keystone.service[44283]: DEBUG keystone.server.flask.request_processing.req_logging [None req-3b363141-54d5-4259-b575-4024777ed97a None None] PATH_INFO: `/v3/auth/tokens` {{(pid=44283) log_request_info /opt/stack/keystone/keystone/server/flask/request_processing/req_logging.py:29}}
Aug 09 20:31:21 user devstack@keystone.service[44283]: WARNING keystone.common.password_hashing [None req-3b363141-54d5-4259-b575-4024777ed97a None None] Truncating password to algorithm specific maximum length 54 characters.
Aug 09 20:31:21 user devstack@keystone.service[44283]: DEBUG keystone.auth.core [None req-3b363141-54d5-4259-b575-4024777ed97a None None] MFA Rules not processed for user `0005e92970ee4942a40231a4684a88e0`. Rule list: `[]` (Enabled: `True`). {{(pid=44283) check_auth_methods_against_rules /opt/stack/keystone/keystone/auth/core.py:438}}
Aug 09 20:31:21 user devstack@keystone.service[44283]: DEBUG keystone.common.fernet_utils [None req-3b363141-54d5-4259-b575-4024777ed97a None None] Loaded 2 Fernet keys from /etc/keystone/fernet-keys/, but `[fernet_tokens] max_active_keys = 3`; perhaps there have not been enough key rotations to reach `max_active_keys` yet? {{(pid=44283) load_keys /opt/stack/keystone/keystone/common/fernet_utils.py:286}}
Aug 09 20:31:21 user devstack@keystone.service[44281]: [pid: 44281|app: 0|req: 69/212] 10.0.0.210 () {58 vars in 1018 bytes} [Wed Aug 9 20:31:21 2023] POST /identity/v3/auth/tokens => generated 798 bytes in 80 msecs (HTTP/1.1 201) 6 headers in 363 bytes (1 switches on core 0)
Aug 09 20:31:21 user devstack@keystone.service[44283]: [pid: 44283|app: 0|req: 72/213] 10.0.0.210 () {58 vars in 1018 bytes} [Wed Aug 9 20:31:21 2023] POST /identity/v3/auth/tokens => generated 798 bytes in 81 msecs (HTTP/1.1 201) 6 headers in 363 bytes (1 switches on core 0)
Aug 09 20:31:21 user devstack@keystone.service[44282]: DEBUG keystone.server.flask.request_processing.middleware.auth_context [None req-e96d163c-5d56-49c8-9300-b05646e75fdc None None] Authenticating user token {{(pid=44282) process_request /usr/local/lib/python3.10/dist-packages/keystonemiddleware/auth_token/__init__.py:406}}
Aug 09 20:31:21 user devstack@keystone.service[44282]: DEBUG keystone.server.flask.request_processing.middleware.auth_context [None req-e96d163c-5d56-49c8-9300-b05646e75fdc None None] Validating token access rules against request {{(pid=44282) validate_allowed_request /usr/local/lib/python3.10/dist-packages/keystonemiddleware/auth_token/__init__.py:544}}
Aug 09 20:31:21 user devstack@keystone.service[44282]: DEBUG keystone.server.flask.request_processing.middleware.auth_context [None req-149239b6-940f-4007-8067-190f3eb6b7d0 None admin] RBAC: auth_context: {'token': , 'domain_id': None, 'trust_id': None, 'trustor_id': None, 'trustee_id': None, 'domain_name': None, 'group_ids': [], 'user_id': '0005e92970ee4942a40231a4684a88e0', 'user_domain_id': 'default', 'system_scope': 'all', 'project_id': None, 'project_domain_id': None, 'roles': ['admin', 'member', 'reader'], 'is_admin_project': True, 'service_user_id': None, 'service_user_domain_id': None, 'service_project_id': None, 'service_project_domain_id': None, 'service_roles': []} {{(pid=44282) fill_context /opt/stack/keystone/keystone/server/flask/request_processing/middleware/auth_context.py:480}}
Aug 09 20:31:21 user devstack@keystone.service[44282]: DEBUG keystone.server.flask.request_processing.req_logging [None req-149239b6-940f-4007-8067-190f3eb6b7d0 None admin] REQUEST_METHOD: `GET` {{(pid=44282) log_request_info /opt/stack/keystone/keystone/server/flask/request_processing/req_logging.py:27}}
Aug 09 20:31:21 user devstack@keystone.service[44282]: DEBUG keystone.server.flask.request_processing.req_logging [None req-149239b6-940f-4007-8067-190f3eb6b7d0 None admin] SCRIPT_NAME: `/identity` {{(pid=44282) log_request_info /opt/stack/keystone/keystone/server/flask/request_processing/req_logging.py:28}}
Aug 09 20:31:21 user devstack@keystone.service[44282]: DEBUG keystone.server.flask.request_processing.req_logging [None req-149239b6-940f-4007-8067-190f3eb6b7d0 None admin] PATH_INFO: `/v3/roles/member` {{(pid=44282) log_request_info /opt/stack/keystone/keystone/server/flask/request_processing/req_logging.py:29}}
Aug 09 20:31:21 user devstack@keystone.service[44282]: DEBUG keystone.common.rbac_enforcer.enforcer [None req-149239b6-940f-4007-8067-190f3eb6b7d0 None admin] Extracting inferred target data resulted in "NOT FOUND (404)". {{(pid=44282) enforce_call /opt/stack/keystone/keystone/common/rbac_enforcer/enforcer.py:409}}
Aug 09 20:31:21 user devstack@keystone.service[44282]: ERROR keystone.server.flask.application [None req-149239b6-940f-4007-8067-190f3eb6b7d0 None admin] Could not find role: member.: keystone.exception.RoleNotFound: Could not find role: member.
Aug 09 20:31:21 user devstack@keystone.service[44282]: ERROR keystone.server.flask.application
Traceback (most recent call last):
Aug 09 20:31:21 user devstack@keystone.service[44282]: ERROR keystone.server.flask.application
File "/usr/local/lib/python3.10/dist-packages/flask/app.py", line 1823, in full_dispatch_request
Aug 09 20:31:21 user devstack@keystone.service[44282]: ERROR keystone.server.flask.application rv = self.dispatch_request()
Aug 09 20:31:21 user devstack@keystone.service[44282]: ERROR keystone.server.flask.application
File "/usr/local/lib/python3.10/dist-packages/flask/app.py", line 1799, in dispatch_request
Aug 09 20:31:21 user devstack@keystone.service[44282]: ERROR keystone.server.flask.application return self.ensure_sync(self.view_functions[rule.endpoint])(**view_args)
Aug 09 20:31:21 user devstack@keystone.service[44282]: ERROR keystone.server.flask.application
File "/usr/local/lib/python3.10/dist-packages/flask_restful/__init__.py", line 467, in wrapper
Aug 09 20:31:21 user devstack@keystone.service[44282]: ERROR keystone.server.flask.application resp = resource(*args, **kwargs)
Aug 09 20:31:21 user devstack@keystone.service[44282]: ERROR keystone.server.flask.application
File "/usr/local/lib/python3.10/dist-packages/flask/views.py", line 107, in view
Aug 09 20:31:21 user devstack@keystone.service[44282]: ERROR keystone.server.flask.application return current_app.ensure_sync(self.dispatch_request)(**kwargs)
Aug 09 20:31:21 user devstack@keystone.service[44282]: ERROR keystone.server.flask.application
File "/usr/local/lib/python3.10/dist-packages/flask_restful/__init__.py", line 582, in dispatch_request
Aug 09 20:31:21 user devstack@keystone.service[44282]: ERROR keystone.server.flask.application resp = meth(*args, **kwargs)
Aug 09 20:31:21 user devstack@keystone.service[44282]: ERROR keystone.server.flask.application
File "/opt/stack/keystone/keystone/api/roles.py", line 50, in get
Aug 09 20:31:21 user devstack@keystone.service[44282]: ERROR keystone.server.flask.application return self._get_role(role_id)
Aug 09 20:31:21 user devstack@keystone.service[44282]: ERROR keystone.server.flask.application
File "/opt/stack/keystone/keystone/api/roles.py", line 70, in _get_role
Aug 09 20:31:21 user devstack@keystone.service[44282]: ERROR keystone.server.flask.application ENFORCER.enforce_call(action='identity:get_role')
Aug 09 20:31:21 user devstack@keystone.service[44282]: ERROR keystone.server.flask.application
File "/opt/stack/keystone/keystone/common/rbac_enforcer/enforcer.py", line 402, in enforce_call
Aug 09 20:31:21 user devstack@keystone.service[44282]: ERROR keystone.server.flask.application policy_dict.update(cls._extract_member_target_data(
Aug 09 20:31:21 user devstack@keystone.service[44282]: ERROR keystone.server.flask.application
File "/opt/stack/keystone/keystone/common/rbac_enforcer/enforcer.py", line 234, in _extract_member_target_data
Aug 09 20:31:21 user devstack@keystone.service[44282]: ERROR keystone.server.flask.application member_name: func(flask.request.view_args[key])
Aug 09 20:31:21 user devstack@keystone.service[44282]: ERROR keystone.server.flask.application
File "/opt/stack/keystone/keystone/common/manager.py", line 115, in wrapped
Aug 09 20:31:21 user devstack@keystone.service[44282]: ERROR keystone.server.flask.application __ret_val = __f(*args, **kwargs)
Aug 09 20:31:21 user devstack@keystone.service[44282]: ERROR keystone.server.flask.application
File "/usr/local/lib/python3.10/dist-packages/decorator.py", line 232, in fun
Aug 09 20:31:21 user devstack@keystone.service[44282]: ERROR keystone.server.flask.application return caller(func, *(extras + args), **kw)
Aug 09 20:31:21 user devstack@keystone.service[44282]: ERROR keystone.server.flask.application
File "/usr/local/lib/python3.10/dist-packages/dogpile/cache/region.py", line 1577, in get_or_create_for_user_func
Aug 09 20:31:21 user devstack@keystone.service[44282]: ERROR keystone.server.flask.application return self.get_or_create(
Aug 09 20:31:21 user devstack@keystone.service[44282]: ERROR keystone.server.flask.application
File "/usr/local/lib/python3.10/dist-packages/dogpile/cache/region.py", line 1042, in get_or_create
Aug 09 20:31:21 user devstack@keystone.service[44282]: ERROR keystone.server.flask.application with Lock(
Aug 09 20:31:21 user devstack@keystone.service[44282]: ERROR keystone.server.flask.application
File "/usr/local/lib/python3.10/dist-packages/dogpile/lock.py", line 185, in __enter__
Aug 09 20:31:21 user devstack@keystone.service[44282]: ERROR keystone.server.flask.application return self._enter()
Aug 09 20:31:21 user devstack@keystone.service[44282]: ERROR keystone.server.flask.application
File "/usr/local/lib/python3.10/dist-packages/dogpile/lock.py", line 94, in _enter
Aug 09 20:31:21 user devstack@keystone.service[44282]: ERROR keystone.server.flask.application generated = self._enter_create(value, createdtime)
Aug 09 20:31:21 user devstack@keystone.service[44282]: ERROR keystone.server.flask.application
File "/usr/local/lib/python3.10/dist-packages/dogpile/lock.py", line 178, in _enter_create
Aug 09 20:31:21 user devstack@keystone.service[44282]: ERROR keystone.server.flask.application return self.creator()
Aug 09 20:31:21 user devstack@keystone.service[44282]: ERROR keystone.server.flask.application
File "/usr/local/lib/python3.10/dist-packages/dogpile/cache/region.py", line 995, in gen_value
Aug 09 20:31:21 user devstack@keystone.service[44282]: ERROR keystone.server.flask.application created_value = creator(
Aug 09 20:31:21 user devstack@keystone.service[44282]: ERROR keystone.server.flask.application
File "/opt/stack/keystone/keystone/assignment/core.py", line 1276, in get_role
Aug 09 20:31:21 user devstack@keystone.service[44282]: ERROR keystone.server.flask.application return self.driver.get_role(role_id)
Aug 09 20:31:21 user devstack@keystone.service[44282]: ERROR keystone.server.flask.application
File "/opt/stack/keystone/keystone/assignment/role_backends/sql.py", line 70, in get_role
Aug 09 20:31:21 user devstack@keystone.service[44282]: ERROR keystone.server.flask.application return self._get_role(session, role_id).to_dict()
Aug 09 20:31:21 user devstack@keystone.service[44282]: ERROR keystone.server.flask.application
File "/opt/stack/keystone/keystone/assignment/role_backends/sql.py", line 65, in _get_role
Aug 09 20:31:21 user devstack@keystone.service[44282]: ERROR keystone.server.flask.application raise exception.RoleNotFound(role_id=role_id)
Aug 09 20:31:21 user devstack@keystone.service[44282]: ERROR keystone.server.flask.application keystone.exception.RoleNotFound: Could not find role: member.
Aug 09 20:31:21 user devstack@keystone.service[44282]: ERROR keystone.server.flask.application
Aug 09 20:31:21 user devstack@keystone.service[44282]: [pid: 44282|app: 0|req: 73/214] 10.0.0.210 () {56 vars in 1094 bytes} [Wed Aug 9 20:31:21 2023] GET /identity/v3/roles/member => generated 84 bytes in 135 msecs (HTTP/1.1 404) 5 headers in 183 bytes (1 switches on core 0)
Aug 09 20:31:21 user devstack@keystone.service[44281]: DEBUG keystone.server.flask.request_processing.middleware.auth_context [None req-d6333f3b-510f-4311-9adc-bc2acc51bcee None None] Authenticating user token {{(pid=44281) process_request /usr/local/lib/python3.10/dist-packages/keystonemiddleware/auth_token/__init__.py:406}}
Aug 09 20:31:21 user devstack@keystone.service[44283]: DEBUG keystone.server.flask.request_processing.middleware.auth_context [None req-3b363141-54d5-4259-b575-4024777ed97a None None] Authenticating user token {{(pid=44283) process_request /usr/local/lib/python3.10/dist-packages/keystonemiddleware/auth_token/__init__.py:406}}
Aug 09 20:31:21 user devstack@keystone.service[44282]: DEBUG keystone.server.flask.request_processing.middleware.auth_context [None req-149239b6-940f-4007-8067-190f3eb6b7d0 None admin] Authenticating user token {{(pid=44282) process_request /usr/local/lib/python3.10/dist-packages/keystonemiddleware/auth_token/__init__.py:406}}
Aug 09 20:31:21 user devstack@keystone.service[44281]: DEBUG keystone.server.flask.request_processing.middleware.auth_context [None req-d6333f3b-510f-4311-9adc-bc2acc51bcee None None] Validating token access rules against request {{(pid=44281) validate_allowed_request /usr/local/lib/python3.10/dist-packages/keystonemiddleware/auth_token/__init__.py:544}}
Aug 09 20:31:21 user devstack@keystone.service[44283]: DEBUG keystone.server.flask.request_processing.middleware.auth_context [None req-3b363141-54d5-4259-b575-4024777ed97a None None] Validating token access rules against request {{(pid=44283) validate_allowed_request /usr/local/lib/python3.10/dist-packages/keystonemiddleware/auth_token/__init__.py:544}}
