Aug 17 18:06:47 user devstack@keystone.service[44267]: ERROR keystone.server.flask.application
File "/opt/stack/keystone/keystone/common/rbac_enforcer/enforcer.py", line 234, in _extract_member_target_data
Aug 17 18:06:47 user devstack@keystone.service[44267]: ERROR keystone.server.flask.application member_name: func(flask.request.view_args[key])
Aug 17 18:06:47 user devstack@keystone.service[44267]: ERROR keystone.server.flask.application
File "/opt/stack/keystone/keystone/common/manager.py", line 115, in wrapped
Aug 17 18:06:47 user devstack@keystone.service[44267]: ERROR keystone.server.flask.application __ret_val = __f(*args, **kwargs)
Aug 17 18:06:47 user devstack@keystone.service[44267]: ERROR keystone.server.flask.application
File "/opt/stack/data/venv/lib/python3.10/site-packages/decorator.py", line 232, in fun
Aug 17 18:06:47 user devstack@keystone.service[44267]: ERROR keystone.server.flask.application return caller(func, *(extras + args), **kw)
Aug 17 18:06:47 user devstack@keystone.service[44267]: ERROR keystone.server.flask.application
File "/opt/stack/data/venv/lib/python3.10/site-packages/dogpile/cache/region.py", line 1577, in get_or_create_for_user_func
Aug 17 18:06:47 user devstack@keystone.service[44267]: ERROR keystone.server.flask.application return self.get_or_create(
Aug 17 18:06:47 user devstack@keystone.service[44267]: ERROR keystone.server.flask.application
File "/opt/stack/data/venv/lib/python3.10/site-packages/dogpile/cache/region.py", line 1042, in get_or_create
Aug 17 18:06:47 user devstack@keystone.service[44267]: ERROR keystone.server.flask.application with Lock(
Aug 17 18:06:47 user devstack@keystone.service[44267]: ERROR keystone.server.flask.application
File "/opt/stack/data/venv/lib/python3.10/site-packages/dogpile/lock.py", line 185, in __enter__
Aug 17 18:06:47 user devstack@keystone.service[44267]: ERROR keystone.server.flask.application return self._enter()
Aug 17 18:06:47 user devstack@keystone.service[44267]: ERROR keystone.server.flask.application
File "/opt/stack/data/venv/lib/python3.10/site-packages/dogpile/lock.py", line 94, in _enter
Aug 17 18:06:47 user devstack@keystone.service[44267]: ERROR keystone.server.flask.application generated = self._enter_create(value, createdtime)
Aug 17 18:06:47 user devstack@keystone.service[44267]: ERROR keystone.server.flask.application
File "/opt/stack/data/venv/lib/python3.10/site-packages/dogpile/lock.py", line 178, in _enter_create
Aug 17 18:06:47 user devstack@keystone.service[44267]: ERROR keystone.server.flask.application return self.creator()
Aug 17 18:06:47 user devstack@keystone.service[44267]: ERROR keystone.server.flask.application
File "/opt/stack/data/venv/lib/python3.10/site-packages/dogpile/cache/region.py", line 995, in gen_value
Aug 17 18:06:47 user devstack@keystone.service[44267]: ERROR keystone.server.flask.application created_value = creator(
Aug 17 18:06:47 user devstack@keystone.service[44267]: ERROR keystone.server.flask.application
File "/opt/stack/keystone/keystone/assignment/core.py", line 1276, in get_role
Aug 17 18:06:47 user devstack@keystone.service[44267]: ERROR keystone.server.flask.application return self.driver.get_role(role_id)
Aug 17 18:06:47 user devstack@keystone.service[44267]: ERROR keystone.server.flask.application
File "/opt/stack/keystone/keystone/assignment/role_backends/sql.py", line 70, in get_role
Aug 17 18:06:47 user devstack@keystone.service[44267]: ERROR keystone.server.flask.application return self._get_role(session, role_id).to_dict()
Aug 17 18:06:47 user devstack@keystone.service[44267]: ERROR keystone.server.flask.application
File "/opt/stack/keystone/keystone/assignment/role_backends/sql.py", line 65, in _get_role
Aug 17 18:06:47 user devstack@keystone.service[44267]: ERROR keystone.server.flask.application raise exception.RoleNotFound(role_id=role_id)
Aug 17 18:06:47 user devstack@keystone.service[44267]: ERROR keystone.server.flask.application keystone.exception.RoleNotFound: Could not find role: anotherrole.
Aug 17 18:06:47 user devstack@keystone.service[44267]: ERROR keystone.server.flask.application
Aug 17 18:06:47 user devstack@keystone.service[44267]: [pid: 44267|app: 0|req: 97/288] 10.0.0.210 () {56 vars in 1130 bytes} [Thu Aug 17 18:06:47 2023] GET /identity/v3/roles/anotherrole => generated 89 bytes in 81 msecs (HTTP/1.1 404) 5 headers in 183 bytes (1 switches on core 0)
Aug 17 18:06:47 user devstack@keystone.service[44268]: DEBUG keystone.server.flask.request_processing.middleware.auth_context [None req-0e498fad-83c5-4cd4-bc57-2719ab263d41 None admin] Authenticating user token {{(pid=44268) process_request /opt/stack/data/venv/lib/python3.10/site-packages/keystonemiddleware/auth_token/__init__.py:406}}
Aug 17 18:06:47 user devstack@keystone.service[44268]: DEBUG keystone.server.flask.request_processing.middleware.auth_context [None req-0e498fad-83c5-4cd4-bc57-2719ab263d41 None admin] Validating token access rules against request {{(pid=44268) validate_allowed_request /opt/stack/data/venv/lib/python3.10/site-packages/keystonemiddleware/auth_token/__init__.py:544}}
Aug 17 18:06:47 user devstack@keystone.service[44268]: DEBUG keystone.server.flask.request_processing.middleware.auth_context [None req-9ca09e7f-eb7e-447b-882d-a24ed3610c91 admin admin] RBAC: auth_context: {'token': , 'domain_id': None, 'trust_id': None, 'trustor_id': None, 'trustee_id': None, 'domain_name': None, 'group_ids': [], 'user_id': '360e3514326b425aa48ef2c5f49c0ef9', 'user_domain_id': 'default', 'system_scope': None, 'project_id': 'f12da590ccfd4c61b5cb087b3fc22de1', 'project_domain_id': 'default', 'roles': ['reader', 'admin', 'member'], 'is_admin_project': True, 'service_user_id': None, 'service_user_domain_id': None, 'service_project_id': None, 'service_project_domain_id': None, 'service_roles': []} {{(pid=44268) fill_context /opt/stack/keystone/keystone/server/flask/request_processing/middleware/auth_context.py:480}}
Aug 17 18:06:47 user devstack@keystone.service[44268]: DEBUG keystone.server.flask.request_processing.req_logging [None req-9ca09e7f-eb7e-447b-882d-a24ed3610c91 admin admin] REQUEST_METHOD: `GET` {{(pid=44268) log_request_info /opt/stack/keystone/keystone/server/flask/request_processing/req_logging.py:27}}
Aug 17 18:06:47 user devstack@keystone.service[44268]: DEBUG keystone.server.flask.request_processing.req_logging [None req-9ca09e7f-eb7e-447b-882d-a24ed3610c91 admin admin] SCRIPT_NAME: `/identity` {{(pid=44268) log_request_info /opt/stack/keystone/keystone/server/flask/request_processing/req_logging.py:28}}
Aug 17 18:06:47 user devstack@keystone.service[44268]: DEBUG keystone.server.flask.request_processing.req_logging [None req-9ca09e7f-eb7e-447b-882d-a24ed3610c91 admin admin] PATH_INFO: `/v3/roles` {{(pid=44268) log_request_info /opt/stack/keystone/keystone/server/flask/request_processing/req_logging.py:29}}
Aug 17 18:06:47 user devstack@keystone.service[44268]: DEBUG keystone.common.rbac_enforcer.enforcer [None req-9ca09e7f-eb7e-447b-882d-a24ed3610c91 admin admin] RBAC: Adding query filter params (name=anotherrole) {{(pid=44268) _extract_filter_values /opt/stack/keystone/keystone/common/rbac_enforcer/enforcer.py:167}}
Aug 17 18:06:47 user devstack@keystone.service[44268]: DEBUG keystone.common.rbac_enforcer.enforcer [None req-9ca09e7f-eb7e-447b-882d-a24ed3610c91 admin admin] RBAC: Authorizing `identity:list_roles()` {{(pid=44268) enforce_call /opt/stack/keystone/keystone/common/rbac_enforcer/enforcer.py:449}}
Aug 17 18:06:47 user devstack@keystone.service[44268]: WARNING py.warnings [None req-9ca09e7f-eb7e-447b-882d-a24ed3610c91 admin admin] /opt/stack/data/venv/lib/python3.10/site-packages/oslo_policy/policy.py:1130: UserWarning: Policy "identity:list_roles": "role:reader and system_scope:all" failed scope check. The token used to make the request was project scoped but the policy requires ['system'] scope. This behavior may change in the future where using the intended scope is required
Aug 17 18:06:47 user devstack@keystone.service[44268]: warnings.warn(msg)
Aug 17 18:06:47 user devstack@keystone.service[44268]:
Aug 17 18:06:47 user devstack@keystone.service[44268]: DEBUG keystone.common.rbac_enforcer.enforcer [None req-9ca09e7f-eb7e-447b-882d-a24ed3610c91 admin admin] RBAC: Authorization granted {{(pid=44268) enforce_call /opt/stack/keystone/keystone/common/rbac_enforcer/enforcer.py:457}}
Aug 17 18:06:47 user devstack@keystone.service[44268]: [pid: 44268|app: 0|req: 97/289] 10.0.0.210 () {56 vars in 1127 bytes} [Thu Aug 17 18:06:47 2023] GET /identity/v3/roles?name=anotherrole => generated 332 bytes in 33 msecs (HTTP/1.1 200) 5 headers in 177 bytes (1 switches on core 0)
Aug 17 18:06:47 user devstack@keystone.service[44267]: DEBUG keystone.server.flask.request_processing.middleware.auth_context [None req-547bacac-2b60-4b0f-9a89-e758e3618ad4 admin admin] Authenticating user token {{(pid=44267) process_request /opt/stack/data/venv/lib/python3.10/site-packages/keystonemiddleware/auth_token/__init__.py:406}}
Aug 17 18:06:47 user devstack@keystone.service[44268]: DEBUG keystone.server.flask.request_processing.middleware.auth_context [None req-9ca09e7f-eb7e-447b-882d-a24ed3610c91 admin admin] Authenticating user token {{(pid=44268) process_request /opt/stack/data/venv/lib/python3.10/site-packages/keystonemiddleware/auth_token/__init__.py:406}}
Aug 17 18:06:47 user devstack@keystone.service[44268]: DEBUG keystone.server.flask.request_processing.middleware.auth_context [None req-9ca09e7f-eb7e-447b-882d-a24ed3610c91 admin admin] Validating token access rules against request {{(pid=44268) validate_allowed_request /opt/stack/data/venv/lib/python3.10/site-packages/keystonemiddleware/auth_token/__init__.py:544}}
Aug 17 18:06:47 user devstack@keystone.service[44267]: DEBUG keystone.server.flask.request_processing.middleware.auth_context [None req-547bacac-2b60-4b0f-9a89-e758e3618ad4 admin admin] Validating token access rules against request {{(pid=44267) validate_allowed_request /opt/stack/data/venv/lib/python3.10/site-packages/keystonemiddleware/auth_token/__init__.py:544}}
Aug 17 18:06:47 user devstack@keystone.service[44267]: DEBUG keystone.server.flask.request_processing.middleware.auth_context [None req-1874125b-3dd6-4938-a4d4-18c30b9bc4c6 admin admin] RBAC: auth_context: {'token': , 'domain_id': None, 'trust_id': None, 'trustor_id': None, 'trustee_id': None, 'domain_name': None, 'group_ids': [], 'user_id': '360e3514326b425aa48ef2c5f49c0ef9', 'user_domain_id': 'default', 'system_scope': None, 'project_id': 'f12da590ccfd4c61b5cb087b3fc22de1', 'project_domain_id': 'default', 'roles': ['reader', 'admin', 'member'], 'is_admin_project': True, 'service_user_id': None, 'service_user_domain_id': None, 'service_project_id': None, 'service_project_domain_id': None, 'service_roles': []} {{(pid=44267) fill_context /opt/stack/keystone/keystone/server/flask/request_processing/middleware/auth_context.py:480}}
Aug 17 18:06:47 user devstack@keystone.service[44268]: DEBUG keystone.server.flask.request_processing.middleware.auth_context [None req-d1edeb3b-fdca-412d-a665-eaf3ea977bc3 admin admin] RBAC: auth_context: {'token': , 'domain_id': None, 'trust_id': None, 'trustor_id': None, 'trustee_id': None, 'domain_name': None, 'group_ids': [], 'user_id': '360e3514326b425aa48ef2c5f49c0ef9', 'user_domain_id': 'default', 'system_scope': None, 'project_id': 'f12da590ccfd4c61b5cb087b3fc22de1', 'project_domain_id': 'default', 'roles': ['reader', 'admin', 'member'], 'is_admin_project': True, 'service_user_id': None, 'service_user_domain_id': None, 'service_project_id': None, 'service_project_domain_id': None, 'service_roles': []} {{(pid=44268) fill_context /opt/stack/keystone/keystone/server/flask/request_processing/middleware/auth_context.py:480}}
Aug 17 18:06:47 user devstack@keystone.service[44267]: DEBUG keystone.server.flask.request_processing.req_logging [None req-1874125b-3dd6-4938-a4d4-18c30b9bc4c6 admin admin] REQUEST_METHOD: `GET` {{(pid=44267) log_request_info /opt/stack/keystone/keystone/server/flask/request_processing/req_logging.py:27}}
Aug 17 18:06:47 user devstack@keystone.service[44268]: DEBUG keystone.server.flask.request_processing.req_logging [None req-d1edeb3b-fdca-412d-a665-eaf3ea977bc3 admin admin] REQUEST_METHOD: `GET` {{(pid=44268) log_request_info /opt/stack/keystone/keystone/server/flask/request_processing/req_logging.py:27}}
Aug 17 18:06:47 user devstack@keystone.service[44267]: DEBUG keystone.server.flask.request_processing.req_logging [None req-1874125b-3dd6-4938-a4d4-18c30b9bc4c6 admin admin] SCRIPT_NAME: `/identity` {{(pid=44267) log_request_info /opt/stack/keystone/keystone/server/flask/request_processing/req_logging.py:28}}
Aug 17 18:06:47 user devstack@keystone.service[44268]: DEBUG keystone.server.flask.request_processing.req_logging [None req-d1edeb3b-fdca-412d-a665-eaf3ea977bc3 admin admin] SCRIPT_NAME: `/identity` {{(pid=44268) log_request_info /opt/stack/keystone/keystone/server/flask/request_processing/req_logging.py:28}}
Aug 17 18:06:47 user devstack@keystone.service[44267]: DEBUG keystone.server.flask.request_processing.req_logging [None req-1874125b-3dd6-4938-a4d4-18c30b9bc4c6 admin admin] PATH_INFO: `/v3/roles/admin` {{(pid=44267) log_request_info /opt/stack/keystone/keystone/server/flask/request_processing/req_logging.py:29}}
Aug 17 18:06:47 user devstack@keystone.service[44268]: DEBUG keystone.server.flask.request_processing.req_logging [None req-d1edeb3b-fdca-412d-a665-eaf3ea977bc3 admin admin] PATH_INFO: `/v3/groups/b6fbfdba8238470ebe36a70727a2db1b` {{(pid=44268) log_request_info /opt/stack/keystone/keystone/server/flask/request_processing/req_logging.py:29}}
Aug 17 18:06:47 user devstack@keystone.service[44268]: DEBUG keystone.common.rbac_enforcer.enforcer [None req-d1edeb3b-fdca-412d-a665-eaf3ea977bc3 admin admin] RBAC: Authorizing `identity:get_group(group_id=b6fbfdba8238470ebe36a70727a2db1b)` {{(pid=44268) enforce_call /opt/stack/keystone/keystone/common/rbac_enforcer/enforcer.py:449}}
Aug 17 18:06:47 user devstack@keystone.service[44268]: WARNING py.warnings [None req-d1edeb3b-fdca-412d-a665-eaf3ea977bc3 admin admin] /opt/stack/data/venv/lib/python3.10/site-packages/oslo_policy/policy.py:1130: UserWarning: Policy "identity:get_group": "(role:reader and system_scope:all) or (role:reader and domain_id:%(target.group.domain_id)s)" failed scope check. The token used to make the request was project scoped but the policy requires ['system', 'domain'] scope. This behavior may change in the future where using the intended scope is required
Aug 17 18:06:47 user devstack@keystone.service[44268]: warnings.warn(msg)
Aug 17 18:06:47 user devstack@keystone.service[44268]:
Aug 17 18:06:47 user devstack@keystone.service[44268]: DEBUG keystone.common.rbac_enforcer.enforcer [None req-d1edeb3b-fdca-412d-a665-eaf3ea977bc3 admin admin] RBAC: Authorization granted {{(pid=44268) enforce_call /opt/stack/keystone/keystone/common/rbac_enforcer/enforcer.py:457}}
Aug 17 18:06:47 user devstack@keystone.service[44268]: [pid: 44268|app: 0|req: 98/290] 10.0.0.210 () {56 vars in 1196 bytes} [Thu Aug 17 18:06:47 2023] GET /identity/v3/groups/b6fbfdba8238470ebe36a70727a2db1b => generated 225 bytes in 23 msecs (HTTP/1.1 200) 5 headers in 177 bytes (2 switches on core 0)
Aug 17 18:06:47 user devstack@keystone.service[44267]: DEBUG keystone.common.rbac_enforcer.enforcer [None req-1874125b-3dd6-4938-a4d4-18c30b9bc4c6 admin admin] Extracting inferred target data resulted in "NOT FOUND (404)". {{(pid=44267) enforce_call /opt/stack/keystone/keystone/common/rbac_enforcer/enforcer.py:409}}
Aug 17 18:06:47 user devstack@keystone.service[44268]: DEBUG keystone.server.flask.request_processing.middleware.auth_context [None req-d1edeb3b-fdca-412d-a665-eaf3ea977bc3 admin admin] Authenticating user token {{(pid=44268) process_request /opt/stack/data/venv/lib/python3.10/site-packages/keystonemiddleware/auth_token/__init__.py:406}}
Aug 17 18:06:47 user devstack@keystone.service[44267]: ERROR keystone.server.flask.application [None req-1874125b-3dd6-4938-a4d4-18c30b9bc4c6 admin admin] Could not find role: admin.: keystone.exception.RoleNotFound: Could not find role: admin.
Aug 17 18:06:47 user devstack@keystone.service[44267]: ERROR keystone.server.flask.application
Traceback (most recent call last):
Aug 17 18:06:47 user devstack@keystone.service[44267]: ERROR keystone.server.flask.application
File "/opt/stack/data/venv/lib/python3.10/site-packages/flask/app.py", line 1823, in full_dispatch_request
Aug 17 18:06:47 user devstack@keystone.service[44267]: ERROR keystone.server.flask.application rv = self.dispatch_request()
Aug 17 18:06:47 user devstack@keystone.service[44267]: ERROR keystone.server.flask.application
File "/opt/stack/data/venv/lib/python3.10/site-packages/flask/app.py", line 1799, in dispatch_request
Aug 17 18:06:47 user devstack@keystone.service[44267]: ERROR keystone.server.flask.application return self.ensure_sync(self.view_functions[rule.endpoint])(**view_args)
Aug 17 18:06:47 user devstack@keystone.service[44267]: ERROR keystone.server.flask.application
File "/opt/stack/data/venv/lib/python3.10/site-packages/flask_restful/__init__.py", line 467, in wrapper
Aug 17 18:06:47 user devstack@keystone.service[44267]: ERROR keystone.server.flask.application resp = resource(*args, **kwargs)
Aug 17 18:06:47 user devstack@keystone.service[44267]: ERROR keystone.server.flask.application
File "/opt/stack/data/venv/lib/python3.10/site-packages/flask/views.py", line 107, in view
Aug 17 18:06:47 user devstack@keystone.service[44267]: ERROR keystone.server.flask.application return current_app.ensure_sync(self.dispatch_request)(**kwargs)
Aug 17 18:06:47 user devstack@keystone.service[44267]: ERROR keystone.server.flask.application
File "/opt/stack/data/venv/lib/python3.10/site-packages/flask_restful/__init__.py", line 582, in dispatch_request
Aug 17 18:06:47 user devstack@keystone.service[44267]: ERROR keystone.server.flask.application resp = meth(*args, **kwargs)
Aug 17 18:06:47 user devstack@keystone.service[44267]: ERROR keystone.server.flask.application
File "/opt/stack/keystone/keystone/api/roles.py", line 50, in get
Aug 17 18:06:47 user devstack@keystone.service[44267]: ERROR keystone.server.flask.application return self._get_role(role_id)
Aug 17 18:06:47 user devstack@keystone.service[44267]: ERROR keystone.server.flask.application
File "/opt/stack/keystone/keystone/api/roles.py", line 70, in _get_role
Aug 17 18:06:47 user devstack@keystone.service[44267]: ERROR keystone.server.flask.application ENFORCER.enforce_call(action='identity:get_role')
Aug 17 18:06:47 user devstack@keystone.service[44267]: ERROR keystone.server.flask.application
File "/opt/stack/keystone/keystone/common/rbac_enforcer/enforcer.py", line 402, in enforce_call
Aug 17 18:06:47 user devstack@keystone.service[44267]: ERROR keystone.server.flask.application policy_dict.update(cls._extract_member_target_data(
Aug 17 18:06:47 user devstack@keystone.service[44267]: ERROR keystone.server.flask.application
File "/opt/stack/keystone/keystone/common/rbac_enforcer/enforcer.py", line 234, in _extract_member_target_data
Aug 17 18:06:47 user devstack@keystone.service[44267]: ERROR keystone.server.flask.application member_name: func(flask.request.view_args[key])
Aug 17 18:06:47 user devstack@keystone.service[44267]: ERROR keystone.server.flask.application
File "/opt/stack/keystone/keystone/common/manager.py", line 115, in wrapped
Aug 17 18:06:47 user devstack@keystone.service[44267]: ERROR keystone.server.flask.application __ret_val = __f(*args, **kwargs)
Aug 17 18:06:47 user devstack@keystone.service[44267]: ERROR keystone.server.flask.application
File "/opt/stack/data/venv/lib/python3.10/site-packages/decorator.py", line 232, in fun
Aug 17 18:06:47 user devstack@keystone.service[44267]: ERROR keystone.server.flask.application return caller(func, *(extras + args), **kw)
Aug 17 18:06:47 user devstack@keystone.service[44267]: ERROR keystone.server.flask.application
File "/opt/stack/data/venv/lib/python3.10/site-packages/dogpile/cache/region.py", line 1577, in get_or_create_for_user_func
Aug 17 18:06:47 user devstack@keystone.service[44267]: ERROR keystone.server.flask.application return self.get_or_create(
Aug 17 18:06:47 user devstack@keystone.service[44267]: ERROR keystone.server.flask.application
File "/opt/stack/data/venv/lib/python3.10/site-packages/dogpile/cache/region.py", line 1042, in get_or_create
Aug 17 18:06:47 user devstack@keystone.service[44267]: ERROR keystone.server.flask.application with Lock(
Aug 17 18:06:47 user devstack@keystone.service[44267]: ERROR keystone.server.flask.application
File "/opt/stack/data/venv/lib/python3.10/site-packages/dogpile/lock.py", line 185, in __enter__
Aug 17 18:06:47 user devstack@keystone.service[44267]: ERROR keystone.server.flask.application return self._enter()
Aug 17 18:06:47 user devstack@keystone.service[44267]: ERROR keystone.server.flask.application
File "/opt/stack/data/venv/lib/python3.10/site-packages/dogpile/lock.py", line 94, in _enter
Aug 17 18:06:47 user devstack@keystone.service[44267]: ERROR keystone.server.flask.application generated = self._enter_create(value, createdtime)
Aug 17 18:06:47 user devstack@keystone.service[44267]: ERROR keystone.server.flask.application
File "/opt/stack/data/venv/lib/python3.10/site-packages/dogpile/lock.py", line 178, in _enter_create
Aug 17 18:06:47 user devstack@keystone.service[44267]: ERROR keystone.server.flask.application return self.creator()
Aug 17 18:06:47 user devstack@keystone.service[44267]: ERROR keystone.server.flask.application
File "/opt/stack/data/venv/lib/python3.10/site-packages/dogpile/cache/region.py", line 995, in gen_value
Aug 17 18:06:47 user devstack@keystone.service[44267]: ERROR keystone.server.flask.application created_value = creator(
Aug 17 18:06:47 user devstack@keystone.service[44267]: ERROR keystone.server.flask.application
File "/opt/stack/keystone/keystone/assignment/core.py", line 1276, in get_role
Aug 17 18:06:47 user devstack@keystone.service[44267]: ERROR keystone.server.flask.application return self.driver.get_role(role_id)
Aug 17 18:06:47 user devstack@keystone.service[44267]: ERROR keystone.server.flask.application
File "/opt/stack/keystone/keystone/assignment/role_backends/sql.py", line 70, in get_role
Aug 17 18:06:47 user devstack@keystone.service[44267]: ERROR keystone.server.flask.application return self._get_role(session, role_id).to_dict()
Aug 17 18:06:47 user devstack@keystone.service[44267]: ERROR keystone.server.flask.application
File "/opt/stack/keystone/keystone/assignment/role_backends/sql.py", line 65, in _get_role
Aug 17 18:06:47 user devstack@keystone.service[44267]: ERROR keystone.server.flask.application raise exception.RoleNotFound(role_id=role_id)
Aug 17 18:06:47 user devstack@keystone.service[44267]: ERROR keystone.server.flask.application keystone.exception.RoleNotFound: Could not find role: admin.
Aug 17 18:06:47 user devstack@keystone.service[44267]: ERROR keystone.server.flask.application
Aug 17 18:06:47 user devstack@keystone.service[44267]: [pid: 44267|app: 0|req: 98/291] 10.0.0.210 () {56 vars in 1112 bytes} [Thu Aug 17 18:06:47 2023] GET /identity/v3/roles/admin => generated 83 bytes in 33 msecs (HTTP/1.1 404) 5 headers in 183 bytes (1 switches on core 0)
Aug 17 18:06:47 user devstack@keystone.service[44267]: DEBUG keystone.server.flask.request_processing.middleware.auth_context [None req-1874125b-3dd6-4938-a4d4-18c30b9bc4c6 admin admin] Authenticating user token {{(pid=44267) process_request /opt/stack/data/venv/lib/python3.10/site-packages/keystonemiddleware/auth_token/__init__.py:406}}
Aug 17 18:06:47 user devstack@keystone.service[44268]: DEBUG keystone.server.flask.request_processing.middleware.auth_context [None req-d1edeb3b-fdca-412d-a665-eaf3ea977bc3 admin admin] Validating token access rules against request {{(pid=44268) validate_allowed_request /opt/stack/data/venv/lib/python3.10/site-packages/keystonemiddleware/auth_token/__init__.py:544}}
Aug 17 18:06:47 user devstack@keystone.service[44268]: DEBUG keystone.server.flask.request_processing.middleware.auth_context [None req-de13eb58-01c4-43bb-a04b-321821b50939 admin admin] RBAC: auth_context: {'token': , 'domain_id': None, 'trust_id': None, 'trustor_id': None, 'trustee_id': None, 'domain_name': None, 'group_ids': [], 'user_id': '360e3514326b425aa48ef2c5f49c0ef9', 'user_domain_id': 'default', 'system_scope': None, 'project_id': 'f12da590ccfd4c61b5cb087b3fc22de1', 'project_domain_id': 'default', 'roles': ['reader', 'admin', 'member'], 'is_admin_project': True, 'service_user_id': None, 'service_user_domain_id': None, 'service_project_id': None, 'service_project_domain_id': None, 'service_roles': []} {{(pid=44268) fill_context /opt/stack/keystone/keystone/server/flask/request_processing/middleware/auth_context.py:480}}
Aug 17 18:06:47 user devstack@keystone.service[44268]: DEBUG keystone.server.flask.request_processing.req_logging [None req-de13eb58-01c4-43bb-a04b-321821b50939 admin admin] REQUEST_METHOD: `GET` {{(pid=44268) log_request_info /opt/stack/keystone/keystone/server/flask/request_processing/req_logging.py:27}}
Aug 17 18:06:47 user devstack@keystone.service[44269]: DEBUG keystone.server.flask.request_processing.middleware.auth_context [None req-6781e2e5-3a12-4458-ad51-e4b46015a91c admin admin] Validating token access rules against request {{(pid=44269) validate_allowed_request /opt/stack/data/venv/lib/python3.10/site-packages/keystonemiddleware/auth_token/__init__.py:544}}
Aug 17 18:06:47 user devstack@keystone.service[44268]: DEBUG keystone.server.flask.request_processing.req_logging [None req-de13eb58-01c4-43bb-a04b-321821b50939 admin admin] SCRIPT_NAME: `/identity` {{(pid=44268) log_request_info /opt/stack/keystone/keystone/server/flask/request_processing/req_logging.py:28}}
Aug 17 18:06:47 user devstack@keystone.service[44268]: DEBUG keystone.server.flask.request_processing.req_logging [None req-de13eb58-01c4-43bb-a04b-321821b50939 admin admin] PATH_INFO: `/v3/projects/74fddeac22c841489cabf18a0d64aafd` {{(pid=44268) log_request_info /opt/stack/keystone/keystone/server/flask/request_processing/req_logging.py:29}}
Aug 17 18:06:47 user devstack@keystone.service[44267]: DEBUG keystone.server.flask.request_processing.middleware.auth_context [None req-1874125b-3dd6-4938-a4d4-18c30b9bc4c6 admin admin] Validating token access rules against request {{(pid=44267) validate_allowed_request /opt/stack/data/venv/lib/python3.10/site-packages/keystonemiddleware/auth_token/__init__.py:544}}
Aug 17 18:06:47 user devstack@keystone.service[44268]: DEBUG keystone.common.rbac_enforcer.enforcer [None req-de13eb58-01c4-43bb-a04b-321821b50939 admin admin] RBAC: Authorizing `identity:get_project(project_id=74fddeac22c841489cabf18a0d64aafd)` {{(pid=44268) enforce_call /opt/stack/keystone/keystone/common/rbac_enforcer/enforcer.py:449}}
Aug 17 18:06:47 user devstack@keystone.service[44268]: DEBUG keystone.common.rbac_enforcer.enforcer [None req-de13eb58-01c4-43bb-a04b-321821b50939 admin admin] RBAC: Authorization granted {{(pid=44268) enforce_call /opt/stack/keystone/keystone/common/rbac_enforcer/enforcer.py:457}}
Aug 17 18:06:47 user devstack@keystone.service[44267]: DEBUG keystone.server.flask.request_processing.middleware.auth_context [None req-523e8b0d-8365-4fec-b447-67c518bb5ddd admin admin] RBAC: auth_context: {'token': , 'domain_id': None, 'trust_id': None, 'trustor_id': None, 'trustee_id': None, 'domain_name': None, 'group_ids': [], 'user_id': '360e3514326b425aa48ef2c5f49c0ef9', 'user_domain_id': 'default', 'system_scope': None, 'project_id': 'f12da590ccfd4c61b5cb087b3fc22de1', 'project_domain_id': 'default', 'roles': ['reader', 'admin', 'member'], 'is_admin_project': True, 'service_user_id': None, 'service_user_domain_id': None, 'service_project_id': None, 'service_project_domain_id': None, 'service_roles': []} {{(pid=44267) fill_context /opt/stack/keystone/keystone/server/flask/request_processing/middleware/auth_context.py:480}}
Aug 17 18:06:47 user devstack@keystone.service[44267]: DEBUG keystone.server.flask.request_processing.req_logging [None req-523e8b0d-8365-4fec-b447-67c518bb5ddd admin admin] REQUEST_METHOD: `GET` {{(pid=44267) log_request_info /opt/stack/keystone/keystone/server/flask/request_processing/req_logging.py:27}}
Aug 17 18:06:47 user devstack@keystone.service[44268]: [pid: 44268|app: 0|req: 99/292] 10.0.0.210 () {56 vars in 1202 bytes} [Thu Aug 17 18:06:47 2023] GET /identity/v3/projects/74fddeac22c841489cabf18a0d64aafd => generated 301 bytes in 22 msecs (HTTP/1.1 200) 5 headers in 177 bytes (2 switches on core 0)
Aug 17 18:06:47 user devstack@keystone.service[44267]: DEBUG keystone.server.flask.request_processing.req_logging [None req-523e8b0d-8365-4fec-b447-67c518bb5ddd admin admin] SCRIPT_NAME: `/identity` {{(pid=44267) log_request_info /opt/stack/keystone/keystone/server/flask/request_processing/req_logging.py:28}}
Aug 17 18:06:47 user devstack@keystone.service[44267]: DEBUG keystone.server.flask.request_processing.req_logging [None req-523e8b0d-8365-4fec-b447-67c518bb5ddd admin admin] PATH_INFO: `/v3/roles` {{(pid=44267) log_request_info /opt/stack/keystone/keystone/server/flask/request_processing/req_logging.py:29}}
Aug 17 18:06:47 user devstack@keystone.service[44267]: DEBUG keystone.common.rbac_enforcer.enforcer [None req-523e8b0d-8365-4fec-b447-67c518bb5ddd admin admin] RBAC: Adding query filter params (name=admin) {{(pid=44267) _extract_filter_values /opt/stack/keystone/keystone/common/rbac_enforcer/enforcer.py:167}}
Aug 17 18:06:47 user devstack@keystone.service[44267]: DEBUG keystone.common.rbac_enforcer.enforcer [None req-523e8b0d-8365-4fec-b447-67c518bb5ddd admin admin] RBAC: Authorizing `identity:list_roles()` {{(pid=44267) enforce_call /opt/stack/keystone/keystone/common/rbac_enforcer/enforcer.py:449}}
Aug 17 18:06:47 user devstack@keystone.service[44267]: DEBUG keystone.common.rbac_enforcer.enforcer [None req-523e8b0d-8365-4fec-b447-67c518bb5ddd admin admin] RBAC: Authorization granted {{(pid=44267) enforce_call /opt/stack/keystone/keystone/common/rbac_enforcer/enforcer.py:457}}
Aug 17 18:06:47 user devstack@keystone.service[44268]: DEBUG keystone.server.flask.request_processing.middleware.auth_context [None req-de13eb58-01c4-43bb-a04b-321821b50939 admin admin] Authenticating user token {{(pid=44268) process_request /opt/stack/data/venv/lib/python3.10/site-packages/keystonemiddleware/auth_token/__init__.py:406}}
Aug 17 18:06:47 user devstack@keystone.service[44267]: [pid: 44267|app: 0|req: 99/293] 10.0.0.210 () {56 vars in 1115 bytes} [Thu Aug 17 18:06:47 2023] GET /identity/v3/roles?name=admin => generated 337 bytes in 25 msecs (HTTP/1.1 200) 5 headers in 177 bytes (2 switches on core 0)
Aug 17 18:06:47 user devstack@keystone.service[44267]: DEBUG keystone.server.flask.request_processing.middleware.auth_context [None req-523e8b0d-8365-4fec-b447-67c518bb5ddd admin admin] Authenticating user token {{(pid=44267) process_request /opt/stack/data/venv/lib/python3.10/site-packages/keystonemiddleware/auth_token/__init__.py:406}}
Aug 17 18:06:47 user devstack@keystone.service[44268]: DEBUG keystone.server.flask.request_processing.middleware.auth_context [None req-de13eb58-01c4-43bb-a04b-321821b50939 admin admin] Validating token access rules against request {{(pid=44268) validate_allowed_request /opt/stack/data/venv/lib/python3.10/site-packages/keystonemiddleware/auth_token/__init__.py:544}}
Aug 17 18:06:47 user devstack@keystone.service[44268]: DEBUG keystone.server.flask.request_processing.middleware.auth_context [None req-5744cbfb-1b5e-456b-befa-c4dcf67e9072 admin admin] RBAC: auth_context: {'token': , 'domain_id': None, 'trust_id': None, 'trustor_id': None, 'trustee_id': None, 'domain_name': None, 'group_ids': [], 'user_id': '360e3514326b425aa48ef2c5f49c0ef9', 'user_domain_id': 'default', 'system_scope': None, 'project_id': 'f12da590ccfd4c61b5cb087b3fc22de1', 'project_domain_id': 'default', 'roles': ['reader', 'admin', 'member'], 'is_admin_project': True, 'service_user_id': None, 'service_user_domain_id': None, 'service_project_id': None, 'service_project_domain_id': None, 'service_roles': []} {{(pid=44268) fill_context /opt/stack/keystone/keystone/server/flask/request_processing/middleware/auth_context.py:480}}
Aug 17 18:06:47 user devstack@keystone.service[44268]: DEBUG keystone.server.flask.request_processing.req_logging [None req-5744cbfb-1b5e-456b-befa-c4dcf67e9072 admin admin] REQUEST_METHOD: `PUT` {{(pid=44268) log_request_info /opt/stack/keystone/keystone/server/flask/request_processing/req_logging.py:27}}
Aug 17 18:06:47 user devstack@keystone.service[44268]: DEBUG keystone.server.flask.request_processing.req_logging [None req-5744cbfb-1b5e-456b-befa-c4dcf67e9072 admin admin] SCRIPT_NAME: `/identity` {{(pid=44268) log_request_info /opt/stack/keystone/keystone/server/flask/request_processing/req_logging.py:28}}
Aug 17 18:06:47 user devstack@keystone.service[44268]: DEBUG keystone.server.flask.request_processing.req_logging [None req-5744cbfb-1b5e-456b-befa-c4dcf67e9072 admin admin] PATH_INFO: `/v3/projects/74fddeac22c841489cabf18a0d64aafd/groups/b6fbfdba8238470ebe36a70727a2db1b/roles/0f0a8128cea2448e80aa3bd592e13391` {{(pid=44268) log_request_info /opt/stack/keystone/keystone/server/flask/request_processing/req_logging.py:29}}
Aug 17 18:06:47 user devstack@keystone.service[44268]: DEBUG keystone.common.rbac_enforcer.enforcer [None req-5744cbfb-1b5e-456b-befa-c4dcf67e9072 admin admin] RBAC: Authorizing `identity:create_grant(project_id=74fddeac22c841489cabf18a0d64aafd, group_id=b6fbfdba8238470ebe36a70727a2db1b, role_id=0f0a8128cea2448e80aa3bd592e13391)` {{(pid=44268) enforce_call /opt/stack/keystone/keystone/common/rbac_enforcer/enforcer.py:449}}
Aug 17 18:06:47 user devstack@keystone.service[44267]: DEBUG keystone.server.flask.request_processing.middleware.auth_context [None req-523e8b0d-8365-4fec-b447-67c518bb5ddd admin admin] Validating token access rules against request {{(pid=44267) validate_allowed_request /opt/stack/data/venv/lib/python3.10/site-packages/keystonemiddleware/auth_token/__init__.py:544}}
Aug 17 18:06:47 user devstack@keystone.service[44268]: WARNING py.warnings [None req-5744cbfb-1b5e-456b-befa-c4dcf67e9072 admin admin] /opt/stack/data/venv/lib/python3.10/site-packages/oslo_policy/policy.py:1130: UserWarning: Policy "identity:create_grant": "(role:admin and system_scope:all) or ((role:admin and domain_id:%(target.user.domain_id)s and domain_id:%(target.project.domain_id)s) or (role:admin and domain_id:%(target.user.domain_id)s and domain_id:%(target.domain.id)s) or (role:admin and domain_id:%(target.group.domain_id)s and domain_id:%(target.project.domain_id)s) or (role:admin and domain_id:%(target.group.domain_id)s and domain_id:%(target.domain.id)s)) and (domain_id:%(target.role.domain_id)s or None:%(target.role.domain_id)s)" failed scope check. The token used to make the request was project scoped but the policy requires ['system', 'domain'] scope. This behavior may change in the future where using the intended scope is required
Aug 17 18:06:47 user devstack@keystone.service[44268]: warnings.warn(msg)
Aug 17 18:06:47 user devstack@keystone.service[44268]:
Aug 17 18:06:47 user devstack@keystone.service[44268]: DEBUG keystone.common.rbac_enforcer.enforcer [None req-5744cbfb-1b5e-456b-befa-c4dcf67e9072 admin admin] RBAC: Authorization granted {{(pid=44268) enforce_call /opt/stack/keystone/keystone/common/rbac_enforcer/enforcer.py:457}}
Aug 17 18:06:47 user devstack@keystone.service[44267]: DEBUG keystone.server.flask.request_processing.middleware.auth_context [None req-be4b7b7e-e32a-4f81-848a-94d371ff1861 admin admin] RBAC: auth_context: {'token': , 'domain_id': None, 'trust_id': None, 'trustor_id': None, 'trustee_id': None, 'domain_name': None, 'group_ids': [], 'user_id': '360e3514326b425aa48ef2c5f49c0ef9', 'user_domain_id': 'default', 'system_scope': None, 'project_id': 'f12da590ccfd4c61b5cb087b3fc22de1', 'project_domain_id': 'default', 'roles': ['reader', 'admin', 'member'], 'is_admin_project': True, 'service_user_id': None, 'service_user_domain_id': None, 'service_project_id': None, 'service_project_domain_id': None, 'service_roles': []} {{(pid=44267) fill_context /opt/stack/keystone/keystone/server/flask/request_processing/middleware/auth_context.py:480}}
Aug 17 18:06:47 user devstack@keystone.service[44267]: DEBUG keystone.server.flask.request_processing.req_logging [None req-be4b7b7e-e32a-4f81-848a-94d371ff1861 admin admin] REQUEST_METHOD: `GET` {{(pid=44267) log_request_info /opt/stack/keystone/keystone/server/flask/request_processing/req_logging.py:27}}
Aug 17 18:06:47 user devstack@keystone.service[44267]: DEBUG keystone.server.flask.request_processing.req_logging [None req-be4b7b7e-e32a-4f81-848a-94d371ff1861 admin admin] SCRIPT_NAME: `/identity` {{(pid=44267) log_request_info /opt/stack/keystone/keystone/server/flask/request_processing/req_logging.py:28}}
Aug 17 18:06:47 user devstack@keystone.service[44267]: DEBUG keystone.server.flask.request_processing.req_logging [None req-be4b7b7e-e32a-4f81-848a-94d371ff1861 admin admin] PATH_INFO: `/v3/groups/0ca2172266354a49be246281047dede2` {{(pid=44267) log_request_info /opt/stack/keystone/keystone/server/flask/request_processing/req_logging.py:29}}
Aug 17 18:06:47 user devstack@keystone.service[44269]: DEBUG keystone.server.flask.request_processing.middleware.auth_context [None req-c0e15923-ce6c-4df0-99c5-f5f47aab8c67 None admin] RBAC: auth_context: {'token': , 'domain_id': None, 'trust_id': None, 'trustor_id': None, 'trustee_id': None, 'domain_name': None, 'group_ids': [], 'user_id': '360e3514326b425aa48ef2c5f49c0ef9', 'user_domain_id': 'default', 'system_scope': 'all', 'project_id': None, 'project_domain_id': None, 'roles': ['admin', 'member', 'reader'], 'is_admin_project': True, 'service_user_id': None, 'service_user_domain_id': None, 'service_project_id': None, 'service_project_domain_id': None, 'service_roles': []} {{(pid=44269) fill_context /opt/stack/keystone/keystone/server/flask/request_processing/middleware/auth_context.py:480}}
Aug 17 18:06:47 user devstack@keystone.service[44269]: DEBUG keystone.server.flask.request_processing.req_logging [None req-c0e15923-ce6c-4df0-99c5-f5f47aab8c67 None admin] REQUEST_METHOD: `GET` {{(pid=44269) log_request_info /opt/stack/keystone/keystone/server/flask/request_processing/req_logging.py:27}}
Aug 17 18:06:47 user devstack@keystone.service[44269]: DEBUG keystone.server.flask.request_processing.req_logging [None req-c0e15923-ce6c-4df0-99c5-f5f47aab8c67 None admin] SCRIPT_NAME: `/identity` {{(pid=44269) log_request_info /opt/stack/keystone/keystone/server/flask/request_processing/req_logging.py:28}}
Aug 17 18:06:47 user devstack@keystone.service[44269]: DEBUG keystone.server.flask.request_processing.req_logging [None req-c0e15923-ce6c-4df0-99c5-f5f47aab8c67 None admin] PATH_INFO: `/v3/role_assignments` {{(pid=44269) log_request_info /opt/stack/keystone/keystone/server/flask/request_processing/req_logging.py:29}}
Aug 17 18:06:47 user devstack@keystone.service[44269]: DEBUG keystone.common.rbac_enforcer.enforcer [None req-c0e15923-ce6c-4df0-99c5-f5f47aab8c67 None admin] RBAC: Adding query filter params (role.id=fc3471631d6941d2bde6d1b39c0f35bf, user.id=1b2d98c642534b75948432841f37defd, scope.system=all) {{(pid=44269) _extract_filter_values /opt/stack/keystone/keystone/common/rbac_enforcer/enforcer.py:167}}
Aug 17 18:06:47 user devstack@keystone.service[44269]: DEBUG keystone.common.rbac_enforcer.enforcer [None req-c0e15923-ce6c-4df0-99c5-f5f47aab8c67 None admin] RBAC: Authorizing `identity:list_role_assignments()` {{(pid=44269) enforce_call /opt/stack/keystone/keystone/common/rbac_enforcer/enforcer.py:449}}
Aug 17 18:06:47 user devstack@keystone.service[44269]: DEBUG keystone.common.rbac_enforcer.enforcer [None req-c0e15923-ce6c-4df0-99c5-f5f47aab8c67 None admin] RBAC: Authorization granted {{(pid=44269) enforce_call /opt/stack/keystone/keystone/common/rbac_enforcer/enforcer.py:457}}
Aug 17 18:06:47 user devstack@keystone.service[44267]: DEBUG keystone.common.rbac_enforcer.enforcer [None req-be4b7b7e-e32a-4f81-848a-94d371ff1861 admin admin] RBAC: Authorizing `identity:get_group(group_id=0ca2172266354a49be246281047dede2)` {{(pid=44267) enforce_call /opt/stack/keystone/keystone/common/rbac_enforcer/enforcer.py:449}}
Aug 17 18:06:47 user devstack@keystone.service[44268]: [pid: 44268|app: 0|req: 100/294] 10.0.0.210 () {58 vars in 1458 bytes} [Thu Aug 17 18:06:47 2023] PUT /identity/v3/projects/74fddeac22c841489cabf18a0d64aafd/groups/b6fbfdba8238470ebe36a70727a2db1b/roles/0f0a8128cea2448e80aa3bd592e13391 => generated 0 bytes in 38 msecs (HTTP/1.1 204) 3 headers in 132 bytes (1 switches on core 0)
Aug 17 18:06:47 user devstack@keystone.service[44267]: DEBUG keystone.common.rbac_enforcer.enforcer [None req-be4b7b7e-e32a-4f81-848a-94d371ff1861 admin admin] RBAC: Authorization granted {{(pid=44267) enforce_call /opt/stack/keystone/keystone/common/rbac_enforcer/enforcer.py:457}}
Aug 17 18:06:47 user devstack@keystone.service[44267]: [pid: 44267|app: 0|req: 100/295] 10.0.0.210 () {56 vars in 1196 bytes} [Thu Aug 17 18:06:47 2023] GET /identity/v3/groups/0ca2172266354a49be246281047dede2 => generated 228 bytes in 32 msecs (HTTP/1.1 200) 5 headers in 177 bytes (1 switches on core 0)
Aug 17 18:06:47 user devstack@keystone.service[44269]: [pid: 44269|app: 0|req: 96/296] 10.0.0.210 () {56 vars in 1303 bytes} [Thu Aug 17 18:06:47 2023] GET /identity/v3/role_assignments?user.id=1b2d98c642534b75948432841f37defd&scope.system=all&role.id=fc3471631d6941d2bde6d1b39c0f35bf => generated 508 bytes in 160 msecs (HTTP/1.1 200) 5 headers in 177 bytes (1 switches on core 0)
Aug 17 18:06:47 user devstack@keystone.service[44268]: DEBUG keystone.server.flask.request_processing.middleware.auth_context [None req-5744cbfb-1b5e-456b-befa-c4dcf67e9072 admin admin] Authenticating user token {{(pid=44268) process_request /opt/stack/data/venv/lib/python3.10/site-packages/keystonemiddleware/auth_token/__init__.py:406}}
Aug 17 18:06:47 user devstack@keystone.service[44268]: DEBUG keystone.server.flask.request_processing.middleware.auth_context [None req-5744cbfb-1b5e-456b-befa-c4dcf67e9072 admin admin] Validating token access rules against request {{(pid=44268) validate_allowed_request /opt/stack/data/venv/lib/python3.10/site-packages/keystonemiddleware/auth_token/__init__.py:544}}
Aug 17 18:06:47 user devstack@keystone.service[44268]: DEBUG keystone.server.flask.request_processing.middleware.auth_context [None req-d3c9ea0a-b39f-4358-8207-f33f45d846eb admin admin] RBAC: auth_context: {'token': , 'domain_id': None, 'trust_id': None, 'trustor_id': None, 'trustee_id': None, 'domain_name': None, 'group_ids': [], 'user_id': '360e3514326b425aa48ef2c5f49c0ef9', 'user_domain_id': 'default', 'system_scope': None, 'project_id': 'f12da590ccfd4c61b5cb087b3fc22de1', 'project_domain_id': 'default', 'roles': ['reader', 'admin', 'member'], 'is_admin_project': True, 'service_user_id': None, 'service_user_domain_id': None, 'service_project_id': None, 'service_project_domain_id': None, 'service_roles': []} {{(pid=44268) fill_context /opt/stack/keystone/keystone/server/flask/request_processing/middleware/auth_context.py:480}}
Aug 17 18:06:47 user devstack@keystone.service[44268]: DEBUG keystone.server.flask.request_processing.req_logging [None req-d3c9ea0a-b39f-4358-8207-f33f45d846eb admin admin] REQUEST_METHOD: `GET` {{(pid=44268) log_request_info /opt/stack/keystone/keystone/server/flask/request_processing/req_logging.py:27}}
Aug 17 18:06:47 user devstack@keystone.service[44268]: DEBUG keystone.server.flask.request_processing.req_logging [None req-d3c9ea0a-b39f-4358-8207-f33f45d846eb admin admin] SCRIPT_NAME: `/identity` {{(pid=44268) log_request_info /opt/stack/keystone/keystone/server/flask/request_processing/req_logging.py:28}}
Aug 17 18:06:47 user devstack@keystone.service[44268]: DEBUG keystone.server.flask.request_processing.req_logging [None req-d3c9ea0a-b39f-4358-8207-f33f45d846eb admin admin] PATH_INFO: `/v3/projects/f12da590ccfd4c61b5cb087b3fc22de1` {{(pid=44268) log_request_info /opt/stack/keystone/keystone/server/flask/request_processing/req_logging.py:29}}
Aug 17 18:06:47 user devstack@keystone.service[44268]: DEBUG keystone.common.rbac_enforcer.enforcer [None req-d3c9ea0a-b39f-4358-8207-f33f45d846eb admin admin] RBAC: Authorizing `identity:get_project(project_id=f12da590ccfd4c61b5cb087b3fc22de1)` {{(pid=44268) enforce_call /opt/stack/keystone/keystone/common/rbac_enforcer/enforcer.py:449}}
Aug 17 18:06:47 user devstack@keystone.service[44268]: DEBUG keystone.common.rbac_enforcer.enforcer [None req-d3c9ea0a-b39f-4358-8207-f33f45d846eb admin admin] RBAC: Authorization granted {{(pid=44268) enforce_call /opt/stack/keystone/keystone/common/rbac_enforcer/enforcer.py:457}}
Aug 17 18:06:47 user devstack@keystone.service[44268]: [pid: 44268|app: 0|req: 101/297] 10.0.0.210 () {56 vars in 1202 bytes} [Thu Aug 17 18:06:47 2023] GET /identity/v3/projects/f12da590ccfd4c61b5cb087b3fc22de1 => generated 343 bytes in 74 msecs (HTTP/1.1 200) 5 headers in 177 bytes (1 switches on core 0)
Aug 17 18:06:47 user devstack@keystone.service[44267]: DEBUG keystone.server.flask.request_processing.middleware.auth_context [None req-be4b7b7e-e32a-4f81-848a-94d371ff1861 admin admin] Authenticating user token {{(pid=44267) process_request /opt/stack/data/venv/lib/python3.10/site-packages/keystonemiddleware/auth_token/__init__.py:406}}
Aug 17 18:06:47 user devstack@keystone.service[44267]: DEBUG keystone.server.flask.request_processing.middleware.auth_context [None req-be4b7b7e-e32a-4f81-848a-94d371ff1861 admin admin] Validating token access rules against request {{(pid=44267) validate_allowed_request /opt/stack/data/venv/lib/python3.10/site-packages/keystonemiddleware/auth_token/__init__.py:544}}
Aug 17 18:06:47 user devstack@keystone.service[44267]: DEBUG keystone.server.flask.request_processing.middleware.auth_context [None req-e6b6d06d-8fc4-4969-9f05-a2f3830680fa admin admin] RBAC: auth_context: {'token': , 'domain_id': None, 'trust_id': None, 'trustor_id': None, 'trustee_id': None, 'domain_name': None, 'group_ids': [], 'user_id': '360e3514326b425aa48ef2c5f49c0ef9', 'user_domain_id': 'default', 'system_scope': None, 'project_id': 'f12da590ccfd4c61b5cb087b3fc22de1', 'project_domain_id': 'default', 'roles': ['reader', 'admin', 'member'], 'is_admin_project': True, 'service_user_id': None, 'service_user_domain_id': None, 'service_project_id': None, 'service_project_domain_id': None, 'service_roles': []} {{(pid=44267) fill_context /opt/stack/keystone/keystone/server/flask/request_processing/middleware/auth_context.py:480}}
Aug 17 18:06:47 user devstack@keystone.service[44267]: DEBUG keystone.server.flask.request_processing.req_logging [None req-e6b6d06d-8fc4-4969-9f05-a2f3830680fa admin admin] REQUEST_METHOD: `PUT` {{(pid=44267) log_request_info /opt/stack/keystone/keystone/server/flask/request_processing/req_logging.py:27}}
Aug 17 18:06:47 user devstack@keystone.service[44267]: DEBUG keystone.server.flask.request_processing.req_logging [None req-e6b6d06d-8fc4-4969-9f05-a2f3830680fa admin admin] SCRIPT_NAME: `/identity` {{(pid=44267) log_request_info /opt/stack/keystone/keystone/server/flask/request_processing/req_logging.py:28}}
Aug 17 18:06:47 user devstack@keystone.service[44267]: DEBUG keystone.server.flask.request_processing.req_logging [None req-e6b6d06d-8fc4-4969-9f05-a2f3830680fa admin admin] PATH_INFO: `/v3/projects/f12da590ccfd4c61b5cb087b3fc22de1/groups/0ca2172266354a49be246281047dede2/roles/b15832b987054d6a9708a9d9d329b68c` {{(pid=44267) log_request_info /opt/stack/keystone/keystone/server/flask/request_processing/req_logging.py:29}}
Aug 17 18:06:47 user devstack@keystone.service[44267]: DEBUG keystone.common.rbac_enforcer.enforcer [None req-e6b6d06d-8fc4-4969-9f05-a2f3830680fa admin admin] RBAC: Authorizing `identity:create_grant(project_id=f12da590ccfd4c61b5cb087b3fc22de1, group_id=0ca2172266354a49be246281047dede2, role_id=b15832b987054d6a9708a9d9d329b68c)` {{(pid=44267) enforce_call /opt/stack/keystone/keystone/common/rbac_enforcer/enforcer.py:449}}
Aug 17 18:06:47 user devstack@keystone.service[44267]: DEBUG keystone.common.rbac_enforcer.enforcer [None req-e6b6d06d-8fc4-4969-9f05-a2f3830680fa admin admin] RBAC: Authorization granted {{(pid=44267) enforce_call /opt/stack/keystone/keystone/common/rbac_enforcer/enforcer.py:457}}
Aug 17 18:06:47 user devstack@keystone.service[44267]: [pid: 44267|app: 0|req: 101/298] 10.0.0.210 () {58 vars in 1458 bytes} [Thu Aug 17 18:06:47 2023] PUT /identity/v3/projects/f12da590ccfd4c61b5cb087b3fc22de1/groups/0ca2172266354a49be246281047dede2/roles/b15832b987054d6a9708a9d9d329b68c => generated 0 bytes in 55 msecs (HTTP/1.1 204) 3 headers in 132 bytes (0 switches on core 0)
Aug 17 18:06:48 user devstack@keystone.service[44269]: DEBUG keystone.server.flask.request_processing.req_logging [None req-5d6efe0d-aa3d-4a10-bba4-52f8d57cc8aa None None] REQUEST_METHOD: `GET` {{(pid=44269) log_request_info /opt/stack/keystone/keystone/server/flask/request_processing/req_logging.py:27}}
Aug 17 18:06:48 user devstack@keystone.service[44269]: DEBUG keystone.server.flask.request_processing.req_logging [None req-5d6efe0d-aa3d-4a10-bba4-52f8d57cc8aa None None] SCRIPT_NAME: `/identity` {{(pid=44269) log_request_info /opt/stack/keystone/keystone/server/flask/request_processing/req_logging.py:28}}
Aug 17 18:06:48 user devstack@keystone.service[44269]: DEBUG keystone.server.flask.request_processing.req_logging [None req-5d6efe0d-aa3d-4a10-bba4-52f8d57cc8aa None None] PATH_INFO: `/` {{(pid=44269) log_request_info /opt/stack/keystone/keystone/server/flask/request_processing/req_logging.py:29}}
