Aug 26 17:30:12 user devstack@keystone.service[44543]: DEBUG keystone.server.flask.request_processing.middleware.auth_context [None req-1d0f26c4-09f1-463f-97ea-7a44ac35a584 None admin] RBAC: auth_context: {'token': , 'domain_id': None, 'trust_id': None, 'trustor_id': None, 'trustee_id': None, 'domain_name': None, 'group_ids': [], 'user_id': '4802384527f14c19857c857592179182', 'user_domain_id': 'default', 'system_scope': 'all', 'project_id': None, 'project_domain_id': None, 'roles': ['admin', 'member', 'reader'], 'is_admin_project': True, 'service_user_id': None, 'service_user_domain_id': None, 'service_project_id': None, 'service_project_domain_id': None, 'service_roles': []} {{(pid=44543) fill_context /opt/stack/keystone/keystone/server/flask/request_processing/middleware/auth_context.py:480}}
Aug 26 17:30:12 user devstack@keystone.service[44543]: DEBUG keystone.server.flask.request_processing.req_logging [None req-1d0f26c4-09f1-463f-97ea-7a44ac35a584 None admin] REQUEST_METHOD: `GET` {{(pid=44543) log_request_info /opt/stack/keystone/keystone/server/flask/request_processing/req_logging.py:27}}
Aug 26 17:30:12 user devstack@keystone.service[44543]: DEBUG keystone.server.flask.request_processing.req_logging [None req-1d0f26c4-09f1-463f-97ea-7a44ac35a584 None admin] SCRIPT_NAME: `/identity` {{(pid=44543) log_request_info /opt/stack/keystone/keystone/server/flask/request_processing/req_logging.py:28}}
Aug 26 17:30:12 user devstack@keystone.service[44543]: DEBUG keystone.server.flask.request_processing.req_logging [None req-1d0f26c4-09f1-463f-97ea-7a44ac35a584 None admin] PATH_INFO: `/v3/roles` {{(pid=44543) log_request_info /opt/stack/keystone/keystone/server/flask/request_processing/req_logging.py:29}}
Aug 26 17:30:12 user devstack@keystone.service[44543]: DEBUG keystone.common.rbac_enforcer.enforcer [None req-1d0f26c4-09f1-463f-97ea-7a44ac35a584 None admin] RBAC: Adding query filter params (name=reader) {{(pid=44543) _extract_filter_values /opt/stack/keystone/keystone/common/rbac_enforcer/enforcer.py:167}}
Aug 26 17:30:12 user devstack@keystone.service[44543]: DEBUG keystone.common.rbac_enforcer.enforcer [None req-1d0f26c4-09f1-463f-97ea-7a44ac35a584 None admin] RBAC: Authorizing `identity:list_roles()` {{(pid=44543) enforce_call /opt/stack/keystone/keystone/common/rbac_enforcer/enforcer.py:449}}
Aug 26 17:30:12 user devstack@keystone.service[44543]: DEBUG keystone.common.rbac_enforcer.enforcer [None req-1d0f26c4-09f1-463f-97ea-7a44ac35a584 None admin] RBAC: Authorization granted {{(pid=44543) enforce_call /opt/stack/keystone/keystone/common/rbac_enforcer/enforcer.py:457}}
Aug 26 17:30:12 user devstack@keystone.service[44543]: [pid: 44543|app: 0|req: 62/196] 10.0.0.210 () {56 vars in 1096 bytes} [Sat Aug 26 17:30:12 2023] GET /identity/v3/roles?name=reader => generated 339 bytes in 128 msecs (HTTP/1.1 200) 5 headers in 177 bytes (1 switches on core 0)
Aug 26 17:30:12 user devstack@keystone.service[44542]: DEBUG keystone.server.flask.request_processing.middleware.auth_context [None req-99573c20-35f0-4eeb-bac0-3414057c8edf None admin] Authenticating user token {{(pid=44542) process_request /opt/stack/data/venv/lib/python3.10/site-packages/keystonemiddleware/auth_token/__init__.py:406}}
Aug 26 17:30:12 user devstack@keystone.service[44543]: DEBUG keystone.server.flask.request_processing.middleware.auth_context [None req-1d0f26c4-09f1-463f-97ea-7a44ac35a584 None admin] Authenticating user token {{(pid=44543) process_request /opt/stack/data/venv/lib/python3.10/site-packages/keystonemiddleware/auth_token/__init__.py:406}}
Aug 26 17:30:12 user devstack@keystone.service[44541]: DEBUG keystone.server.flask.request_processing.middleware.auth_context [None req-308cb762-c5cc-4f12-8545-022d0d924963 None None] Validating token access rules against request {{(pid=44541) validate_allowed_request /opt/stack/data/venv/lib/python3.10/site-packages/keystonemiddleware/auth_token/__init__.py:544}}
Aug 26 17:30:12 user devstack@keystone.service[44541]: DEBUG keystone.server.flask.request_processing.middleware.auth_context [None req-5cf823c7-e0b6-4d1d-83dd-ed84a60aead0 None admin] RBAC: auth_context: {'token': , 'domain_id': None, 'trust_id': None, 'trustor_id': None, 'trustee_id': None, 'domain_name': None, 'group_ids': [], 'user_id': '4802384527f14c19857c857592179182', 'user_domain_id': 'default', 'system_scope': 'all', 'project_id': None, 'project_domain_id': None, 'roles': ['admin', 'member', 'reader'], 'is_admin_project': True, 'service_user_id': None, 'service_user_domain_id': None, 'service_project_id': None, 'service_project_domain_id': None, 'service_roles': []} {{(pid=44541) fill_context /opt/stack/keystone/keystone/server/flask/request_processing/middleware/auth_context.py:480}}
Aug 26 17:30:12 user devstack@keystone.service[44541]: DEBUG keystone.server.flask.request_processing.req_logging [None req-5cf823c7-e0b6-4d1d-83dd-ed84a60aead0 None admin] REQUEST_METHOD: `GET` {{(pid=44541) log_request_info /opt/stack/keystone/keystone/server/flask/request_processing/req_logging.py:27}}
Aug 26 17:30:12 user devstack@keystone.service[44541]: DEBUG keystone.server.flask.request_processing.req_logging [None req-5cf823c7-e0b6-4d1d-83dd-ed84a60aead0 None admin] SCRIPT_NAME: `/identity` {{(pid=44541) log_request_info /opt/stack/keystone/keystone/server/flask/request_processing/req_logging.py:28}}
Aug 26 17:30:12 user devstack@keystone.service[44541]: DEBUG keystone.server.flask.request_processing.req_logging [None req-5cf823c7-e0b6-4d1d-83dd-ed84a60aead0 None admin] PATH_INFO: `/v3/domains/default` {{(pid=44541) log_request_info /opt/stack/keystone/keystone/server/flask/request_processing/req_logging.py:29}}
Aug 26 17:30:12 user devstack@keystone.service[44541]: DEBUG keystone.common.rbac_enforcer.enforcer [None req-5cf823c7-e0b6-4d1d-83dd-ed84a60aead0 None admin] RBAC: Authorizing `identity:get_domain(domain_id=default)` {{(pid=44541) enforce_call /opt/stack/keystone/keystone/common/rbac_enforcer/enforcer.py:449}}
Aug 26 17:30:12 user devstack@keystone.service[44541]: DEBUG keystone.common.rbac_enforcer.enforcer [None req-5cf823c7-e0b6-4d1d-83dd-ed84a60aead0 None admin] RBAC: Authorization granted {{(pid=44541) enforce_call /opt/stack/keystone/keystone/common/rbac_enforcer/enforcer.py:457}}
Aug 26 17:30:12 user devstack@keystone.service[44541]: [pid: 44541|app: 0|req: 70/197] 10.0.0.210 () {56 vars in 1103 bytes} [Sat Aug 26 17:30:12 2023] GET /identity/v3/domains/default => generated 198 bytes in 125 msecs (HTTP/1.1 200) 5 headers in 177 bytes (1 switches on core 0)
Aug 26 17:30:12 user devstack@keystone.service[44541]: DEBUG keystone.server.flask.request_processing.middleware.auth_context [None req-5cf823c7-e0b6-4d1d-83dd-ed84a60aead0 None admin] Authenticating user token {{(pid=44541) process_request /opt/stack/data/venv/lib/python3.10/site-packages/keystonemiddleware/auth_token/__init__.py:406}}
Aug 26 17:30:12 user devstack@keystone.service[44542]: DEBUG keystone.server.flask.request_processing.middleware.auth_context [None req-99573c20-35f0-4eeb-bac0-3414057c8edf None admin] Validating token access rules against request {{(pid=44542) validate_allowed_request /opt/stack/data/venv/lib/python3.10/site-packages/keystonemiddleware/auth_token/__init__.py:544}}
Aug 26 17:30:12 user devstack@keystone.service[44543]: DEBUG keystone.server.flask.request_processing.middleware.auth_context [None req-1d0f26c4-09f1-463f-97ea-7a44ac35a584 None admin] Validating token access rules against request {{(pid=44543) validate_allowed_request /opt/stack/data/venv/lib/python3.10/site-packages/keystonemiddleware/auth_token/__init__.py:544}}
Aug 26 17:30:12 user devstack@keystone.service[44543]: DEBUG keystone.server.flask.request_processing.middleware.auth_context [None req-cdce80e4-fce1-4224-bd3d-b2d54c3f82ea None admin] RBAC: auth_context: {'token': , 'domain_id': None, 'trust_id': None, 'trustor_id': None, 'trustee_id': None, 'domain_name': None, 'group_ids': [], 'user_id': '4802384527f14c19857c857592179182', 'user_domain_id': 'default', 'system_scope': 'all', 'project_id': None, 'project_domain_id': None, 'roles': ['admin', 'member', 'reader'], 'is_admin_project': True, 'service_user_id': None, 'service_user_domain_id': None, 'service_project_id': None, 'service_project_domain_id': None, 'service_roles': []} {{(pid=44543) fill_context /opt/stack/keystone/keystone/server/flask/request_processing/middleware/auth_context.py:480}}
Aug 26 17:30:12 user devstack@keystone.service[44543]: DEBUG keystone.server.flask.request_processing.req_logging [None req-cdce80e4-fce1-4224-bd3d-b2d54c3f82ea None admin] REQUEST_METHOD: `GET` {{(pid=44543) log_request_info /opt/stack/keystone/keystone/server/flask/request_processing/req_logging.py:27}}
Aug 26 17:30:12 user devstack@keystone.service[44543]: DEBUG keystone.server.flask.request_processing.req_logging [None req-cdce80e4-fce1-4224-bd3d-b2d54c3f82ea None admin] SCRIPT_NAME: `/identity` {{(pid=44543) log_request_info /opt/stack/keystone/keystone/server/flask/request_processing/req_logging.py:28}}
Aug 26 17:30:12 user devstack@keystone.service[44542]: DEBUG keystone.server.flask.request_processing.middleware.auth_context [None req-f6855c32-2869-44b5-a643-1a48b3137e3e None admin] RBAC: auth_context: {'token': , 'domain_id': None, 'trust_id': None, 'trustor_id': None, 'trustee_id': None, 'domain_name': None, 'group_ids': [], 'user_id': '4802384527f14c19857c857592179182', 'user_domain_id': 'default', 'system_scope': 'all', 'project_id': None, 'project_domain_id': None, 'roles': ['admin', 'member', 'reader'], 'is_admin_project': True, 'service_user_id': None, 'service_user_domain_id': None, 'service_project_id': None, 'service_project_domain_id': None, 'service_roles': []} {{(pid=44542) fill_context /opt/stack/keystone/keystone/server/flask/request_processing/middleware/auth_context.py:480}}
Aug 26 17:30:12 user devstack@keystone.service[44543]: DEBUG keystone.server.flask.request_processing.req_logging [None req-cdce80e4-fce1-4224-bd3d-b2d54c3f82ea None admin] PATH_INFO: `/v3/users/814cdf7c4d4f4f03b6ada28d151c33ff` {{(pid=44543) log_request_info /opt/stack/keystone/keystone/server/flask/request_processing/req_logging.py:29}}
Aug 26 17:30:12 user devstack@keystone.service[44542]: DEBUG keystone.server.flask.request_processing.req_logging [None req-f6855c32-2869-44b5-a643-1a48b3137e3e None admin] REQUEST_METHOD: `GET` {{(pid=44542) log_request_info /opt/stack/keystone/keystone/server/flask/request_processing/req_logging.py:27}}
Aug 26 17:30:12 user devstack@keystone.service[44542]: DEBUG keystone.server.flask.request_processing.req_logging [None req-f6855c32-2869-44b5-a643-1a48b3137e3e None admin] SCRIPT_NAME: `/identity` {{(pid=44542) log_request_info /opt/stack/keystone/keystone/server/flask/request_processing/req_logging.py:28}}
Aug 26 17:30:12 user devstack@keystone.service[44542]: DEBUG keystone.server.flask.request_processing.req_logging [None req-f6855c32-2869-44b5-a643-1a48b3137e3e None admin] PATH_INFO: `/v3/roles/member` {{(pid=44542) log_request_info /opt/stack/keystone/keystone/server/flask/request_processing/req_logging.py:29}}
Aug 26 17:30:12 user devstack@keystone.service[44542]: DEBUG keystone.common.rbac_enforcer.enforcer [None req-f6855c32-2869-44b5-a643-1a48b3137e3e None admin] Extracting inferred target data resulted in "NOT FOUND (404)". {{(pid=44542) enforce_call /opt/stack/keystone/keystone/common/rbac_enforcer/enforcer.py:409}}
Aug 26 17:30:12 user devstack@keystone.service[44543]: DEBUG keystone.common.rbac_enforcer.enforcer [None req-cdce80e4-fce1-4224-bd3d-b2d54c3f82ea None admin] RBAC: Authorizing `identity:get_user(user_id=814cdf7c4d4f4f03b6ada28d151c33ff)` {{(pid=44543) enforce_call /opt/stack/keystone/keystone/common/rbac_enforcer/enforcer.py:449}}
Aug 26 17:30:12 user devstack@keystone.service[44543]: DEBUG keystone.common.rbac_enforcer.enforcer [None req-cdce80e4-fce1-4224-bd3d-b2d54c3f82ea None admin] RBAC: Authorization granted {{(pid=44543) enforce_call /opt/stack/keystone/keystone/common/rbac_enforcer/enforcer.py:457}}
Aug 26 17:30:12 user devstack@keystone.service[44542]: ERROR keystone.server.flask.application [None req-f6855c32-2869-44b5-a643-1a48b3137e3e None admin] Could not find role: member.: keystone.exception.RoleNotFound: Could not find role: member.
Aug 26 17:30:12 user devstack@keystone.service[44542]: ERROR keystone.server.flask.application
Traceback (most recent call last):
Aug 26 17:30:12 user devstack@keystone.service[44542]: ERROR keystone.server.flask.application
File "/opt/stack/data/venv/lib/python3.10/site-packages/flask/app.py", line 1823, in full_dispatch_request
Aug 26 17:30:12 user devstack@keystone.service[44542]: ERROR keystone.server.flask.application rv = self.dispatch_request()
Aug 26 17:30:12 user devstack@keystone.service[44542]: ERROR keystone.server.flask.application
File "/opt/stack/data/venv/lib/python3.10/site-packages/flask/app.py", line 1799, in dispatch_request
Aug 26 17:30:12 user devstack@keystone.service[44542]: ERROR keystone.server.flask.application return self.ensure_sync(self.view_functions[rule.endpoint])(**view_args)
Aug 26 17:30:12 user devstack@keystone.service[44542]: ERROR keystone.server.flask.application
File "/opt/stack/data/venv/lib/python3.10/site-packages/flask_restful/__init__.py", line 467, in wrapper
Aug 26 17:30:12 user devstack@keystone.service[44542]: ERROR keystone.server.flask.application resp = resource(*args, **kwargs)
Aug 26 17:30:12 user devstack@keystone.service[44542]: ERROR keystone.server.flask.application
File "/opt/stack/data/venv/lib/python3.10/site-packages/flask/views.py", line 107, in view
Aug 26 17:30:12 user devstack@keystone.service[44542]: ERROR keystone.server.flask.application return current_app.ensure_sync(self.dispatch_request)(**kwargs)
Aug 26 17:30:12 user devstack@keystone.service[44542]: ERROR keystone.server.flask.application
File "/opt/stack/data/venv/lib/python3.10/site-packages/flask_restful/__init__.py", line 582, in dispatch_request
Aug 26 17:30:12 user devstack@keystone.service[44542]: ERROR keystone.server.flask.application resp = meth(*args, **kwargs)
Aug 26 17:30:12 user devstack@keystone.service[44542]: ERROR keystone.server.flask.application
File "/opt/stack/keystone/keystone/api/roles.py", line 50, in get
Aug 26 17:30:12 user devstack@keystone.service[44542]: ERROR keystone.server.flask.application return self._get_role(role_id)
Aug 26 17:30:12 user devstack@keystone.service[44542]: ERROR keystone.server.flask.application
File "/opt/stack/keystone/keystone/api/roles.py", line 70, in _get_role
Aug 26 17:30:12 user devstack@keystone.service[44542]: ERROR keystone.server.flask.application ENFORCER.enforce_call(action='identity:get_role')
Aug 26 17:30:12 user devstack@keystone.service[44542]: ERROR keystone.server.flask.application
File "/opt/stack/keystone/keystone/common/rbac_enforcer/enforcer.py", line 402, in enforce_call
Aug 26 17:30:12 user devstack@keystone.service[44542]: ERROR keystone.server.flask.application policy_dict.update(cls._extract_member_target_data(
Aug 26 17:30:12 user devstack@keystone.service[44542]: ERROR keystone.server.flask.application
File "/opt/stack/keystone/keystone/common/rbac_enforcer/enforcer.py", line 234, in _extract_member_target_data
Aug 26 17:30:12 user devstack@keystone.service[44542]: ERROR keystone.server.flask.application member_name: func(flask.request.view_args[key])
Aug 26 17:30:12 user devstack@keystone.service[44542]: ERROR keystone.server.flask.application
File "/opt/stack/keystone/keystone/common/manager.py", line 115, in wrapped
Aug 26 17:30:12 user devstack@keystone.service[44542]: ERROR keystone.server.flask.application __ret_val = __f(*args, **kwargs)
Aug 26 17:30:12 user devstack@keystone.service[44542]: ERROR keystone.server.flask.application
File "/opt/stack/data/venv/lib/python3.10/site-packages/decorator.py", line 232, in fun
Aug 26 17:30:12 user devstack@keystone.service[44542]: ERROR keystone.server.flask.application return caller(func, *(extras + args), **kw)
Aug 26 17:30:12 user devstack@keystone.service[44542]: ERROR keystone.server.flask.application
File "/opt/stack/data/venv/lib/python3.10/site-packages/dogpile/cache/region.py", line 1577, in get_or_create_for_user_func
Aug 26 17:30:12 user devstack@keystone.service[44542]: ERROR keystone.server.flask.application return self.get_or_create(
Aug 26 17:30:12 user devstack@keystone.service[44542]: ERROR keystone.server.flask.application
File "/opt/stack/data/venv/lib/python3.10/site-packages/dogpile/cache/region.py", line 1042, in get_or_create
Aug 26 17:30:12 user devstack@keystone.service[44542]: ERROR keystone.server.flask.application with Lock(
Aug 26 17:30:12 user devstack@keystone.service[44542]: ERROR keystone.server.flask.application
File "/opt/stack/data/venv/lib/python3.10/site-packages/dogpile/lock.py", line 185, in __enter__
Aug 26 17:30:12 user devstack@keystone.service[44542]: ERROR keystone.server.flask.application return self._enter()
Aug 26 17:30:12 user devstack@keystone.service[44542]: ERROR keystone.server.flask.application
File "/opt/stack/data/venv/lib/python3.10/site-packages/dogpile/lock.py", line 94, in _enter
Aug 26 17:30:12 user devstack@keystone.service[44542]: ERROR keystone.server.flask.application generated = self._enter_create(value, createdtime)
Aug 26 17:30:12 user devstack@keystone.service[44542]: ERROR keystone.server.flask.application
File "/opt/stack/data/venv/lib/python3.10/site-packages/dogpile/lock.py", line 178, in _enter_create
Aug 26 17:30:12 user devstack@keystone.service[44542]: ERROR keystone.server.flask.application return self.creator()
Aug 26 17:30:12 user devstack@keystone.service[44542]: ERROR keystone.server.flask.application
File "/opt/stack/data/venv/lib/python3.10/site-packages/dogpile/cache/region.py", line 995, in gen_value
Aug 26 17:30:12 user devstack@keystone.service[44542]: ERROR keystone.server.flask.application created_value = creator(
Aug 26 17:30:12 user devstack@keystone.service[44542]: ERROR keystone.server.flask.application
File "/opt/stack/keystone/keystone/assignment/core.py", line 1276, in get_role
Aug 26 17:30:12 user devstack@keystone.service[44542]: ERROR keystone.server.flask.application return self.driver.get_role(role_id)
Aug 26 17:30:12 user devstack@keystone.service[44542]: ERROR keystone.server.flask.application
File "/opt/stack/keystone/keystone/assignment/role_backends/sql.py", line 70, in get_role
Aug 26 17:30:12 user devstack@keystone.service[44542]: ERROR keystone.server.flask.application return self._get_role(session, role_id).to_dict()
Aug 26 17:30:12 user devstack@keystone.service[44542]: ERROR keystone.server.flask.application
File "/opt/stack/keystone/keystone/assignment/role_backends/sql.py", line 65, in _get_role
Aug 26 17:30:12 user devstack@keystone.service[44542]: ERROR keystone.server.flask.application raise exception.RoleNotFound(role_id=role_id)
Aug 26 17:30:12 user devstack@keystone.service[44542]: ERROR keystone.server.flask.application keystone.exception.RoleNotFound: Could not find role: member.
Aug 26 17:30:12 user devstack@keystone.service[44542]: ERROR keystone.server.flask.application
Aug 26 17:30:12 user devstack@keystone.service[44543]: [pid: 44543|app: 0|req: 63/198] 10.0.0.210 () {56 vars in 1172 bytes} [Sat Aug 26 17:30:12 2023] GET /identity/v3/users/814cdf7c4d4f4f03b6ada28d151c33ff => generated 296 bytes in 132 msecs (HTTP/1.1 200) 5 headers in 177 bytes (1 switches on core 0)
Aug 26 17:30:12 user devstack@keystone.service[44542]: [pid: 44542|app: 0|req: 66/199] 10.0.0.210 () {56 vars in 1094 bytes} [Sat Aug 26 17:30:12 2023] GET /identity/v3/roles/member => generated 84 bytes in 135 msecs (HTTP/1.1 404) 5 headers in 183 bytes (1 switches on core 0)
Aug 26 17:30:12 user devstack@keystone.service[44543]: DEBUG keystone.server.flask.request_processing.middleware.auth_context [None req-cdce80e4-fce1-4224-bd3d-b2d54c3f82ea None admin] Authenticating user token {{(pid=44543) process_request /opt/stack/data/venv/lib/python3.10/site-packages/keystonemiddleware/auth_token/__init__.py:406}}
Aug 26 17:30:12 user devstack@keystone.service[44542]: DEBUG keystone.server.flask.request_processing.middleware.auth_context [None req-f6855c32-2869-44b5-a643-1a48b3137e3e None admin] Authenticating user token {{(pid=44542) process_request /opt/stack/data/venv/lib/python3.10/site-packages/keystonemiddleware/auth_token/__init__.py:406}}
Aug 26 17:30:12 user devstack@keystone.service[44541]: DEBUG keystone.server.flask.request_processing.middleware.auth_context [None req-5cf823c7-e0b6-4d1d-83dd-ed84a60aead0 None admin] Validating token access rules against request {{(pid=44541) validate_allowed_request /opt/stack/data/venv/lib/python3.10/site-packages/keystonemiddleware/auth_token/__init__.py:544}}
Aug 26 17:30:12 user devstack@keystone.service[44541]: DEBUG keystone.server.flask.request_processing.middleware.auth_context [None req-98691158-dd4e-4059-9de0-44c64037068b None admin] RBAC: auth_context: {'token': , 'domain_id': None, 'trust_id': None, 'trustor_id': None, 'trustee_id': None, 'domain_name': None, 'group_ids': [], 'user_id': '4802384527f14c19857c857592179182', 'user_domain_id': 'default', 'system_scope': 'all', 'project_id': None, 'project_domain_id': None, 'roles': ['admin', 'member', 'reader'], 'is_admin_project': True, 'service_user_id': None, 'service_user_domain_id': None, 'service_project_id': None, 'service_project_domain_id': None, 'service_roles': []} {{(pid=44541) fill_context /opt/stack/keystone/keystone/server/flask/request_processing/middleware/auth_context.py:480}}
Aug 26 17:30:12 user devstack@keystone.service[44541]: DEBUG keystone.server.flask.request_processing.req_logging [None req-98691158-dd4e-4059-9de0-44c64037068b None admin] REQUEST_METHOD: `POST` {{(pid=44541) log_request_info /opt/stack/keystone/keystone/server/flask/request_processing/req_logging.py:27}}
Aug 26 17:30:12 user devstack@keystone.service[44541]: DEBUG keystone.server.flask.request_processing.req_logging [None req-98691158-dd4e-4059-9de0-44c64037068b None admin] SCRIPT_NAME: `/identity` {{(pid=44541) log_request_info /opt/stack/keystone/keystone/server/flask/request_processing/req_logging.py:28}}
Aug 26 17:30:12 user devstack@keystone.service[44541]: DEBUG keystone.server.flask.request_processing.req_logging [None req-98691158-dd4e-4059-9de0-44c64037068b None admin] PATH_INFO: `/v3/users` {{(pid=44541) log_request_info /opt/stack/keystone/keystone/server/flask/request_processing/req_logging.py:29}}
Aug 26 17:30:12 user devstack@keystone.service[44541]: DEBUG keystone.common.rbac_enforcer.enforcer [None req-98691158-dd4e-4059-9de0-44c64037068b None admin] RBAC: Authorizing `identity:create_user()` {{(pid=44541) enforce_call /opt/stack/keystone/keystone/common/rbac_enforcer/enforcer.py:449}}
Aug 26 17:30:12 user devstack@keystone.service[44541]: DEBUG keystone.common.rbac_enforcer.enforcer [None req-98691158-dd4e-4059-9de0-44c64037068b None admin] RBAC: Authorization granted {{(pid=44541) enforce_call /opt/stack/keystone/keystone/common/rbac_enforcer/enforcer.py:457}}
Aug 26 17:30:12 user devstack@keystone.service[44541]: WARNING keystone.common.password_hashing [None req-98691158-dd4e-4059-9de0-44c64037068b None admin] Truncating password to algorithm specific maximum length 72 characters.
Aug 26 17:30:12 user devstack@keystone.service[44542]: DEBUG keystone.server.flask.request_processing.middleware.auth_context [None req-f6855c32-2869-44b5-a643-1a48b3137e3e None admin] Validating token access rules against request {{(pid=44542) validate_allowed_request /opt/stack/data/venv/lib/python3.10/site-packages/keystonemiddleware/auth_token/__init__.py:544}}
Aug 26 17:30:12 user devstack@keystone.service[44543]: DEBUG keystone.server.flask.request_processing.middleware.auth_context [None req-cdce80e4-fce1-4224-bd3d-b2d54c3f82ea None admin] Validating token access rules against request {{(pid=44543) validate_allowed_request /opt/stack/data/venv/lib/python3.10/site-packages/keystonemiddleware/auth_token/__init__.py:544}}
Aug 26 17:30:12 user devstack@keystone.service[44541]: [pid: 44541|app: 0|req: 71/200] 10.0.0.210 () {60 vars in 1127 bytes} [Sat Aug 26 17:30:12 2023] POST /identity/v3/users => generated 292 bytes in 144 msecs (HTTP/1.1 201) 5 headers in 182 bytes (1 switches on core 0)
Aug 26 17:30:12 user devstack@keystone.service[44542]: DEBUG keystone.server.flask.request_processing.middleware.auth_context [None req-c649ce25-5233-4392-a187-3b275ed95f6f None admin] RBAC: auth_context: {'token': , 'domain_id': None, 'trust_id': None, 'trustor_id': None, 'trustee_id': None, 'domain_name': None, 'group_ids': [], 'user_id': '4802384527f14c19857c857592179182', 'user_domain_id': 'default', 'system_scope': 'all', 'project_id': None, 'project_domain_id': None, 'roles': ['admin', 'member', 'reader'], 'is_admin_project': True, 'service_user_id': None, 'service_user_domain_id': None, 'service_project_id': None, 'service_project_domain_id': None, 'service_roles': []} {{(pid=44542) fill_context /opt/stack/keystone/keystone/server/flask/request_processing/middleware/auth_context.py:480}}
Aug 26 17:30:12 user devstack@keystone.service[44542]: DEBUG keystone.server.flask.request_processing.req_logging [None req-c649ce25-5233-4392-a187-3b275ed95f6f None admin] REQUEST_METHOD: `GET` {{(pid=44542) log_request_info /opt/stack/keystone/keystone/server/flask/request_processing/req_logging.py:27}}
Aug 26 17:30:12 user devstack@keystone.service[44542]: DEBUG keystone.server.flask.request_processing.req_logging [None req-c649ce25-5233-4392-a187-3b275ed95f6f None admin] SCRIPT_NAME: `/identity` {{(pid=44542) log_request_info /opt/stack/keystone/keystone/server/flask/request_processing/req_logging.py:28}}
Aug 26 17:30:12 user devstack@keystone.service[44542]: DEBUG keystone.server.flask.request_processing.req_logging [None req-c649ce25-5233-4392-a187-3b275ed95f6f None admin] PATH_INFO: `/v3/roles` {{(pid=44542) log_request_info /opt/stack/keystone/keystone/server/flask/request_processing/req_logging.py:29}}
Aug 26 17:30:12 user devstack@keystone.service[44542]: DEBUG keystone.common.rbac_enforcer.enforcer [None req-c649ce25-5233-4392-a187-3b275ed95f6f None admin] RBAC: Adding query filter params (name=member) {{(pid=44542) _extract_filter_values /opt/stack/keystone/keystone/common/rbac_enforcer/enforcer.py:167}}
Aug 26 17:30:12 user devstack@keystone.service[44542]: DEBUG keystone.common.rbac_enforcer.enforcer [None req-c649ce25-5233-4392-a187-3b275ed95f6f None admin] RBAC: Authorizing `identity:list_roles()` {{(pid=44542) enforce_call /opt/stack/keystone/keystone/common/rbac_enforcer/enforcer.py:449}}
Aug 26 17:30:12 user devstack@keystone.service[44542]: DEBUG keystone.common.rbac_enforcer.enforcer [None req-c649ce25-5233-4392-a187-3b275ed95f6f None admin] RBAC: Authorization granted {{(pid=44542) enforce_call /opt/stack/keystone/keystone/common/rbac_enforcer/enforcer.py:457}}
Aug 26 17:30:12 user devstack@keystone.service[44543]: DEBUG keystone.server.flask.request_processing.middleware.auth_context [None req-9d145dea-3ddd-4012-98c1-b7069092325d None admin] RBAC: auth_context: {'token': , 'domain_id': None, 'trust_id': None, 'trustor_id': None, 'trustee_id': None, 'domain_name': None, 'group_ids': [], 'user_id': '4802384527f14c19857c857592179182', 'user_domain_id': 'default', 'system_scope': 'all', 'project_id': None, 'project_domain_id': None, 'roles': ['admin', 'member', 'reader'], 'is_admin_project': True, 'service_user_id': None, 'service_user_domain_id': None, 'service_project_id': None, 'service_project_domain_id': None, 'service_roles': []} {{(pid=44543) fill_context /opt/stack/keystone/keystone/server/flask/request_processing/middleware/auth_context.py:480}}
Aug 26 17:30:12 user devstack@keystone.service[44543]: DEBUG keystone.server.flask.request_processing.req_logging [None req-9d145dea-3ddd-4012-98c1-b7069092325d None admin] REQUEST_METHOD: `GET` {{(pid=44543) log_request_info /opt/stack/keystone/keystone/server/flask/request_processing/req_logging.py:27}}
Aug 26 17:30:12 user devstack@keystone.service[44543]: DEBUG keystone.server.flask.request_processing.req_logging [None req-9d145dea-3ddd-4012-98c1-b7069092325d None admin] SCRIPT_NAME: `/identity` {{(pid=44543) log_request_info /opt/stack/keystone/keystone/server/flask/request_processing/req_logging.py:28}}
Aug 26 17:30:12 user devstack@keystone.service[44543]: DEBUG keystone.server.flask.request_processing.req_logging [None req-9d145dea-3ddd-4012-98c1-b7069092325d None admin] PATH_INFO: `/v3/projects/3cde0b588a5d459f81aa20680f6746ff` {{(pid=44543) log_request_info /opt/stack/keystone/keystone/server/flask/request_processing/req_logging.py:29}}
Aug 26 17:30:12 user devstack@keystone.service[44543]: DEBUG keystone.common.rbac_enforcer.enforcer [None req-9d145dea-3ddd-4012-98c1-b7069092325d None admin] RBAC: Authorizing `identity:get_project(project_id=3cde0b588a5d459f81aa20680f6746ff)` {{(pid=44543) enforce_call /opt/stack/keystone/keystone/common/rbac_enforcer/enforcer.py:449}}
Aug 26 17:30:12 user devstack@keystone.service[44543]: DEBUG keystone.common.rbac_enforcer.enforcer [None req-9d145dea-3ddd-4012-98c1-b7069092325d None admin] RBAC: Authorization granted {{(pid=44543) enforce_call /opt/stack/keystone/keystone/common/rbac_enforcer/enforcer.py:457}}
Aug 26 17:30:12 user devstack@keystone.service[44543]: [pid: 44543|app: 0|req: 64/201] 10.0.0.210 () {56 vars in 1181 bytes} [Sat Aug 26 17:30:12 2023] GET /identity/v3/projects/3cde0b588a5d459f81aa20680f6746ff => generated 301 bytes in 123 msecs (HTTP/1.1 200) 5 headers in 177 bytes (1 switches on core 0)
Aug 26 17:30:12 user devstack@keystone.service[44542]: [pid: 44542|app: 0|req: 67/202] 10.0.0.210 () {56 vars in 1096 bytes} [Sat Aug 26 17:30:12 2023] GET /identity/v3/roles?name=member => generated 339 bytes in 124 msecs (HTTP/1.1 200) 5 headers in 177 bytes (1 switches on core 0)
Aug 26 17:30:12 user devstack@keystone.service[44541]: DEBUG keystone.server.flask.request_processing.middleware.auth_context [None req-98691158-dd4e-4059-9de0-44c64037068b None admin] Authenticating user token {{(pid=44541) process_request /opt/stack/data/venv/lib/python3.10/site-packages/keystonemiddleware/auth_token/__init__.py:406}}
Aug 26 17:30:12 user devstack@keystone.service[44543]: DEBUG keystone.server.flask.request_processing.middleware.auth_context [None req-9d145dea-3ddd-4012-98c1-b7069092325d None admin] Authenticating user token {{(pid=44543) process_request /opt/stack/data/venv/lib/python3.10/site-packages/keystonemiddleware/auth_token/__init__.py:406}}
Aug 26 17:30:12 user devstack@keystone.service[44543]: DEBUG keystone.server.flask.request_processing.middleware.auth_context [None req-9d145dea-3ddd-4012-98c1-b7069092325d None admin] Validating token access rules against request {{(pid=44543) validate_allowed_request /opt/stack/data/venv/lib/python3.10/site-packages/keystonemiddleware/auth_token/__init__.py:544}}
Aug 26 17:30:12 user devstack@keystone.service[44541]: DEBUG keystone.server.flask.request_processing.middleware.auth_context [None req-98691158-dd4e-4059-9de0-44c64037068b None admin] Validating token access rules against request {{(pid=44541) validate_allowed_request /opt/stack/data/venv/lib/python3.10/site-packages/keystonemiddleware/auth_token/__init__.py:544}}
Aug 26 17:30:12 user devstack@keystone.service[44543]: DEBUG keystone.server.flask.request_processing.middleware.auth_context [None req-f0dc1926-4601-4b50-8773-4a49d26350d7 None admin] RBAC: auth_context: {'token': , 'domain_id': None, 'trust_id': None, 'trustor_id': None, 'trustee_id': None, 'domain_name': None, 'group_ids': [], 'user_id': '4802384527f14c19857c857592179182', 'user_domain_id': 'default', 'system_scope': 'all', 'project_id': None, 'project_domain_id': None, 'roles': ['admin', 'member', 'reader'], 'is_admin_project': True, 'service_user_id': None, 'service_user_domain_id': None, 'service_project_id': None, 'service_project_domain_id': None, 'service_roles': []} {{(pid=44543) fill_context /opt/stack/keystone/keystone/server/flask/request_processing/middleware/auth_context.py:480}}
Aug 26 17:30:12 user devstack@keystone.service[44543]: DEBUG keystone.server.flask.request_processing.req_logging [None req-f0dc1926-4601-4b50-8773-4a49d26350d7 None admin] REQUEST_METHOD: `GET` {{(pid=44543) log_request_info /opt/stack/keystone/keystone/server/flask/request_processing/req_logging.py:27}}
Aug 26 17:30:12 user devstack@keystone.service[44541]: DEBUG keystone.server.flask.request_processing.middleware.auth_context [None req-fbd5baec-738b-4dfb-8c29-217af72b31d1 None admin] RBAC: auth_context: {'token': , 'domain_id': None, 'trust_id': None, 'trustor_id': None, 'trustee_id': None, 'domain_name': None, 'group_ids': [], 'user_id': '4802384527f14c19857c857592179182', 'user_domain_id': 'default', 'system_scope': 'all', 'project_id': None, 'project_domain_id': None, 'roles': ['admin', 'member', 'reader'], 'is_admin_project': True, 'service_user_id': None, 'service_user_domain_id': None, 'service_project_id': None, 'service_project_domain_id': None, 'service_roles': []} {{(pid=44541) fill_context /opt/stack/keystone/keystone/server/flask/request_processing/middleware/auth_context.py:480}}
Aug 26 17:30:12 user devstack@keystone.service[44543]: DEBUG keystone.server.flask.request_processing.req_logging [None req-f0dc1926-4601-4b50-8773-4a49d26350d7 None admin] SCRIPT_NAME: `/identity` {{(pid=44543) log_request_info /opt/stack/keystone/keystone/server/flask/request_processing/req_logging.py:28}}
Aug 26 17:30:12 user devstack@keystone.service[44543]: DEBUG keystone.server.flask.request_processing.req_logging [None req-f0dc1926-4601-4b50-8773-4a49d26350d7 None admin] PATH_INFO: `/v3/users/1339d05c890f4b45806103dc0680885b` {{(pid=44543) log_request_info /opt/stack/keystone/keystone/server/flask/request_processing/req_logging.py:29}}
Aug 26 17:30:12 user devstack@keystone.service[44541]: DEBUG keystone.server.flask.request_processing.req_logging [None req-fbd5baec-738b-4dfb-8c29-217af72b31d1 None admin] REQUEST_METHOD: `PUT` {{(pid=44541) log_request_info /opt/stack/keystone/keystone/server/flask/request_processing/req_logging.py:27}}
Aug 26 17:30:12 user devstack@keystone.service[44541]: DEBUG keystone.server.flask.request_processing.req_logging [None req-fbd5baec-738b-4dfb-8c29-217af72b31d1 None admin] SCRIPT_NAME: `/identity` {{(pid=44541) log_request_info /opt/stack/keystone/keystone/server/flask/request_processing/req_logging.py:28}}
Aug 26 17:30:12 user devstack@keystone.service[44541]: DEBUG keystone.server.flask.request_processing.req_logging [None req-fbd5baec-738b-4dfb-8c29-217af72b31d1 None admin] PATH_INFO: `/v3/projects/3cde0b588a5d459f81aa20680f6746ff/users/814cdf7c4d4f4f03b6ada28d151c33ff/roles/d2cf1e573bc74982b90bf537e5d842ab` {{(pid=44541) log_request_info /opt/stack/keystone/keystone/server/flask/request_processing/req_logging.py:29}}
Aug 26 17:30:12 user devstack@keystone.service[44543]: DEBUG keystone.common.rbac_enforcer.enforcer [None req-f0dc1926-4601-4b50-8773-4a49d26350d7 None admin] RBAC: Authorizing `identity:get_user(user_id=1339d05c890f4b45806103dc0680885b)` {{(pid=44543) enforce_call /opt/stack/keystone/keystone/common/rbac_enforcer/enforcer.py:449}}
Aug 26 17:30:12 user devstack@keystone.service[44543]: DEBUG keystone.common.rbac_enforcer.enforcer [None req-f0dc1926-4601-4b50-8773-4a49d26350d7 None admin] RBAC: Authorization granted {{(pid=44543) enforce_call /opt/stack/keystone/keystone/common/rbac_enforcer/enforcer.py:457}}
Aug 26 17:30:12 user devstack@keystone.service[44541]: DEBUG keystone.common.rbac_enforcer.enforcer [None req-fbd5baec-738b-4dfb-8c29-217af72b31d1 None admin] RBAC: Authorizing `identity:create_grant(project_id=3cde0b588a5d459f81aa20680f6746ff, user_id=814cdf7c4d4f4f03b6ada28d151c33ff, role_id=d2cf1e573bc74982b90bf537e5d842ab)` {{(pid=44541) enforce_call /opt/stack/keystone/keystone/common/rbac_enforcer/enforcer.py:449}}
Aug 26 17:30:12 user devstack@keystone.service[44543]: [pid: 44543|app: 0|req: 65/203] 10.0.0.210 () {56 vars in 1172 bytes} [Sat Aug 26 17:30:12 2023] GET /identity/v3/users/1339d05c890f4b45806103dc0680885b => generated 296 bytes in 118 msecs (HTTP/1.1 200) 5 headers in 177 bytes (2 switches on core 0)
Aug 26 17:30:12 user devstack@keystone.service[44541]: DEBUG keystone.common.rbac_enforcer.enforcer [None req-fbd5baec-738b-4dfb-8c29-217af72b31d1 None admin] RBAC: Authorization granted {{(pid=44541) enforce_call /opt/stack/keystone/keystone/common/rbac_enforcer/enforcer.py:457}}
Aug 26 17:30:12 user devstack@keystone.service[44542]: DEBUG keystone.server.flask.request_processing.middleware.auth_context [None req-c649ce25-5233-4392-a187-3b275ed95f6f None admin] Authenticating user token {{(pid=44542) process_request /opt/stack/data/venv/lib/python3.10/site-packages/keystonemiddleware/auth_token/__init__.py:406}}
Aug 26 17:30:12 user devstack@keystone.service[44541]: [pid: 44541|app: 0|req: 72/204] 10.0.0.210 () {58 vars in 1434 bytes} [Sat Aug 26 17:30:12 2023] PUT /identity/v3/projects/3cde0b588a5d459f81aa20680f6746ff/users/814cdf7c4d4f4f03b6ada28d151c33ff/roles/d2cf1e573bc74982b90bf537e5d842ab => generated 0 bytes in 135 msecs (HTTP/1.1 204) 3 headers in 132 bytes (0 switches on core 0)
Aug 26 17:30:12 user devstack@keystone.service[44542]: DEBUG keystone.server.flask.request_processing.middleware.auth_context [None req-c649ce25-5233-4392-a187-3b275ed95f6f None admin] Validating token access rules against request {{(pid=44542) validate_allowed_request /opt/stack/data/venv/lib/python3.10/site-packages/keystonemiddleware/auth_token/__init__.py:544}}
Aug 26 17:30:12 user devstack@keystone.service[44542]: DEBUG keystone.server.flask.request_processing.middleware.auth_context [None req-55df1fd6-213c-4abe-a118-ed57f7c652bf None admin] RBAC: auth_context: {'token': , 'domain_id': None, 'trust_id': None, 'trustor_id': None, 'trustee_id': None, 'domain_name': None, 'group_ids': [], 'user_id': '4802384527f14c19857c857592179182', 'user_domain_id': 'default', 'system_scope': 'all', 'project_id': None, 'project_domain_id': None, 'roles': ['admin', 'member', 'reader'], 'is_admin_project': True, 'service_user_id': None, 'service_user_domain_id': None, 'service_project_id': None, 'service_project_domain_id': None, 'service_roles': []} {{(pid=44542) fill_context /opt/stack/keystone/keystone/server/flask/request_processing/middleware/auth_context.py:480}}
Aug 26 17:30:12 user devstack@keystone.service[44542]: DEBUG keystone.server.flask.request_processing.req_logging [None req-55df1fd6-213c-4abe-a118-ed57f7c652bf None admin] REQUEST_METHOD: `GET` {{(pid=44542) log_request_info /opt/stack/keystone/keystone/server/flask/request_processing/req_logging.py:27}}
Aug 26 17:30:12 user devstack@keystone.service[44542]: DEBUG keystone.server.flask.request_processing.req_logging [None req-55df1fd6-213c-4abe-a118-ed57f7c652bf None admin] SCRIPT_NAME: `/identity` {{(pid=44542) log_request_info /opt/stack/keystone/keystone/server/flask/request_processing/req_logging.py:28}}
Aug 26 17:30:12 user devstack@keystone.service[44542]: DEBUG keystone.server.flask.request_processing.req_logging [None req-55df1fd6-213c-4abe-a118-ed57f7c652bf None admin] PATH_INFO: `/v3/auth/tokens` {{(pid=44542) log_request_info /opt/stack/keystone/keystone/server/flask/request_processing/req_logging.py:29}}
Aug 26 17:30:12 user devstack@keystone.service[44542]: DEBUG keystone.common.rbac_enforcer.enforcer [None req-55df1fd6-213c-4abe-a118-ed57f7c652bf None admin] RBAC: Authorizing `identity:validate_token()` {{(pid=44542) enforce_call /opt/stack/keystone/keystone/common/rbac_enforcer/enforcer.py:449}}
Aug 26 17:30:12 user devstack@keystone.service[44542]: DEBUG keystone.common.rbac_enforcer.enforcer [None req-55df1fd6-213c-4abe-a118-ed57f7c652bf None admin] RBAC: Authorization granted {{(pid=44542) enforce_call /opt/stack/keystone/keystone/common/rbac_enforcer/enforcer.py:457}}
Aug 26 17:30:13 user devstack@keystone.service[44542]: [pid: 44542|app: 0|req: 68/205] 10.0.0.210 () {58 vars in 1277 bytes} [Sat Aug 26 17:30:12 2023] GET /identity/v3/auth/tokens => generated 798 bytes in 337 msecs (HTTP/1.1 200) 6 headers in 358 bytes (1 switches on core 0)
Aug 26 17:30:13 user devstack@keystone.service[44543]: DEBUG keystone.server.flask.request_processing.middleware.auth_context [None req-f0dc1926-4601-4b50-8773-4a49d26350d7 None admin] Authenticating user token {{(pid=44543) process_request /opt/stack/data/venv/lib/python3.10/site-packages/keystonemiddleware/auth_token/__init__.py:406}}
Aug 26 17:30:13 user devstack@keystone.service[44543]: DEBUG keystone.server.flask.request_processing.middleware.auth_context [None req-f0dc1926-4601-4b50-8773-4a49d26350d7 None admin] Validating token access rules against request {{(pid=44543) validate_allowed_request /opt/stack/data/venv/lib/python3.10/site-packages/keystonemiddleware/auth_token/__init__.py:544}}
Aug 26 17:30:13 user devstack@keystone.service[44543]: DEBUG keystone.server.flask.request_processing.middleware.auth_context [None req-a3dcdca0-cb81-4d73-9b0f-6635232fb20f None admin] RBAC: auth_context: {'token': , 'domain_id': None, 'trust_id': None, 'trustor_id': None, 'trustee_id': None, 'domain_name': None, 'group_ids': [], 'user_id': '4802384527f14c19857c857592179182', 'user_domain_id': 'default', 'system_scope': 'all', 'project_id': None, 'project_domain_id': None, 'roles': ['admin', 'member', 'reader'], 'is_admin_project': True, 'service_user_id': None, 'service_user_domain_id': None, 'service_project_id': None, 'service_project_domain_id': None, 'service_roles': []} {{(pid=44543) fill_context /opt/stack/keystone/keystone/server/flask/request_processing/middleware/auth_context.py:480}}
Aug 26 17:30:13 user devstack@keystone.service[44543]: DEBUG keystone.server.flask.request_processing.req_logging [None req-a3dcdca0-cb81-4d73-9b0f-6635232fb20f None admin] REQUEST_METHOD: `GET` {{(pid=44543) log_request_info /opt/stack/keystone/keystone/server/flask/request_processing/req_logging.py:27}}
Aug 26 17:30:13 user devstack@keystone.service[44543]: DEBUG keystone.server.flask.request_processing.req_logging [None req-a3dcdca0-cb81-4d73-9b0f-6635232fb20f None admin] SCRIPT_NAME: `/identity` {{(pid=44543) log_request_info /opt/stack/keystone/keystone/server/flask/request_processing/req_logging.py:28}}
Aug 26 17:30:13 user devstack@keystone.service[44543]: DEBUG keystone.server.flask.request_processing.req_logging [None req-a3dcdca0-cb81-4d73-9b0f-6635232fb20f None admin] PATH_INFO: `/v3/projects/3cde0b588a5d459f81aa20680f6746ff` {{(pid=44543) log_request_info /opt/stack/keystone/keystone/server/flask/request_processing/req_logging.py:29}}
Aug 26 17:30:13 user devstack@keystone.service[44543]: DEBUG keystone.common.rbac_enforcer.enforcer [None req-a3dcdca0-cb81-4d73-9b0f-6635232fb20f None admin] RBAC: Authorizing `identity:get_project(project_id=3cde0b588a5d459f81aa20680f6746ff)` {{(pid=44543) enforce_call /opt/stack/keystone/keystone/common/rbac_enforcer/enforcer.py:449}}
Aug 26 17:30:13 user devstack@keystone.service[44543]: DEBUG keystone.common.rbac_enforcer.enforcer [None req-a3dcdca0-cb81-4d73-9b0f-6635232fb20f None admin] RBAC: Authorization granted {{(pid=44543) enforce_call /opt/stack/keystone/keystone/common/rbac_enforcer/enforcer.py:457}}
Aug 26 17:30:13 user devstack@keystone.service[44543]: [pid: 44543|app: 0|req: 66/206] 10.0.0.210 () {56 vars in 1181 bytes} [Sat Aug 26 17:30:13 2023] GET /identity/v3/projects/3cde0b588a5d459f81aa20680f6746ff => generated 301 bytes in 129 msecs (HTTP/1.1 200) 5 headers in 177 bytes (1 switches on core 0)
Aug 26 17:30:13 user devstack@keystone.service[44541]: DEBUG keystone.server.flask.request_processing.middleware.auth_context [None req-fbd5baec-738b-4dfb-8c29-217af72b31d1 None admin] Authenticating user token {{(pid=44541) process_request /opt/stack/data/venv/lib/python3.10/site-packages/keystonemiddleware/auth_token/__init__.py:406}}
Aug 26 17:30:13 user devstack@keystone.service[44541]: DEBUG keystone.server.flask.request_processing.middleware.auth_context [None req-fbd5baec-738b-4dfb-8c29-217af72b31d1 None admin] Validating token access rules against request {{(pid=44541) validate_allowed_request /opt/stack/data/venv/lib/python3.10/site-packages/keystonemiddleware/auth_token/__init__.py:544}}
Aug 26 17:30:13 user devstack@keystone.service[44541]: DEBUG keystone.server.flask.request_processing.middleware.auth_context [None req-7a17d0d4-739a-41f4-8686-a6af652ed560 None admin] RBAC: auth_context: {'token': , 'domain_id': None, 'trust_id': None, 'trustor_id': None, 'trustee_id': None, 'domain_name': None, 'group_ids': [], 'user_id': '4802384527f14c19857c857592179182', 'user_domain_id': 'default', 'system_scope': 'all', 'project_id': None, 'project_domain_id': None, 'roles': ['admin', 'member', 'reader'], 'is_admin_project': True, 'service_user_id': None, 'service_user_domain_id': None, 'service_project_id': None, 'service_project_domain_id': None, 'service_roles': []} {{(pid=44541) fill_context /opt/stack/keystone/keystone/server/flask/request_processing/middleware/auth_context.py:480}}
Aug 26 17:30:13 user devstack@keystone.service[44541]: DEBUG keystone.server.flask.request_processing.req_logging [None req-7a17d0d4-739a-41f4-8686-a6af652ed560 None admin] REQUEST_METHOD: `GET` {{(pid=44541) log_request_info /opt/stack/keystone/keystone/server/flask/request_processing/req_logging.py:27}}
Aug 26 17:30:13 user devstack@keystone.service[44541]: DEBUG keystone.server.flask.request_processing.req_logging [None req-7a17d0d4-739a-41f4-8686-a6af652ed560 None admin] SCRIPT_NAME: `/identity` {{(pid=44541) log_request_info /opt/stack/keystone/keystone/server/flask/request_processing/req_logging.py:28}}
Aug 26 17:30:13 user devstack@keystone.service[44541]: DEBUG keystone.server.flask.request_processing.req_logging [None req-7a17d0d4-739a-41f4-8686-a6af652ed560 None admin] PATH_INFO: `/v3/role_assignments` {{(pid=44541) log_request_info /opt/stack/keystone/keystone/server/flask/request_processing/req_logging.py:29}}
Aug 26 17:30:13 user devstack@keystone.service[44541]: DEBUG keystone.common.rbac_enforcer.enforcer [None req-7a17d0d4-739a-41f4-8686-a6af652ed560 None admin] RBAC: Adding query filter params (role.id=57ac6e10e04745faaee9a8c7c5d1f429, scope.project.id=3cde0b588a5d459f81aa20680f6746ff, user.id=1339d05c890f4b45806103dc0680885b) {{(pid=44541) _extract_filter_values /opt/stack/keystone/keystone/common/rbac_enforcer/enforcer.py:167}}
Aug 26 17:30:13 user devstack@keystone.service[44541]: DEBUG keystone.common.rbac_enforcer.enforcer [None req-7a17d0d4-739a-41f4-8686-a6af652ed560 None admin] RBAC: Authorizing `identity:list_role_assignments()` {{(pid=44541) enforce_call /opt/stack/keystone/keystone/common/rbac_enforcer/enforcer.py:449}}
Aug 26 17:30:13 user devstack@keystone.service[44541]: DEBUG keystone.common.rbac_enforcer.enforcer [None req-7a17d0d4-739a-41f4-8686-a6af652ed560 None admin] RBAC: Authorization granted {{(pid=44541) enforce_call /opt/stack/keystone/keystone/common/rbac_enforcer/enforcer.py:457}}
Aug 26 17:30:13 user devstack@keystone.service[44541]: [pid: 44541|app: 0|req: 73/207] 10.0.0.210 () {56 vars in 1369 bytes} [Sat Aug 26 17:30:13 2023] GET /identity/v3/role_assignments?user.id=1339d05c890f4b45806103dc0680885b&scope.project.id=3cde0b588a5d459f81aa20680f6746ff&role.id=57ac6e10e04745faaee9a8c7c5d1f429 => generated 606 bytes in 126 msecs (HTTP/1.1 200) 5 headers in 177 bytes (1 switches on core 0)
Aug 26 17:30:14 user devstack@keystone.service[44542]: DEBUG keystone.server.flask.request_processing.req_logging [None req-3d21a9d2-be0a-413b-a532-0691c5000ab9 None None] REQUEST_METHOD: `GET` {{(pid=44542) log_request_info /opt/stack/keystone/keystone/server/flask/request_processing/req_logging.py:27}}
Aug 26 17:30:14 user devstack@keystone.service[44542]: DEBUG keystone.server.flask.request_processing.req_logging [None req-3d21a9d2-be0a-413b-a532-0691c5000ab9 None None] SCRIPT_NAME: `/identity` {{(pid=44542) log_request_info /opt/stack/keystone/keystone/server/flask/request_processing/req_logging.py:28}}
Aug 26 17:30:14 user devstack@keystone.service[44542]: DEBUG keystone.server.flask.request_processing.req_logging [None req-3d21a9d2-be0a-413b-a532-0691c5000ab9 None None] PATH_INFO: `/` {{(pid=44542) log_request_info /opt/stack/keystone/keystone/server/flask/request_processing/req_logging.py:29}}
Aug 26 17:30:14 user devstack@keystone.service[44542]: [pid: 44542|app: 0|req: 69/208] 10.0.0.210 () {54 vars in 921 bytes} [Sat Aug 26 17:30:14 2023] GET /identity => generated 269 bytes in 4 msecs (HTTP/1.1 300) 6 headers in 233 bytes (1 switches on core 0)
Aug 26 17:30:14 user devstack@keystone.service[44543]: DEBUG keystone.server.flask.request_processing.req_logging [None req-546b8c2e-8647-4c01-9fe4-a42aac27fafa None None] REQUEST_METHOD: `GET` {{(pid=44543) log_request_info /opt/stack/keystone/keystone/server/flask/request_processing/req_logging.py:27}}
Aug 26 17:30:14 user devstack@keystone.service[44543]: DEBUG keystone.server.flask.request_processing.req_logging [None req-546b8c2e-8647-4c01-9fe4-a42aac27fafa None None] SCRIPT_NAME: `/identity` {{(pid=44543) log_request_info /opt/stack/keystone/keystone/server/flask/request_processing/req_logging.py:28}}
Aug 26 17:30:14 user devstack@keystone.service[44543]: DEBUG keystone.server.flask.request_processing.req_logging [None req-546b8c2e-8647-4c01-9fe4-a42aac27fafa None None] PATH_INFO: `/` {{(pid=44543) log_request_info /opt/stack/keystone/keystone/server/flask/request_processing/req_logging.py:29}}
Aug 26 17:30:14 user devstack@keystone.service[44543]: [pid: 44543|app: 0|req: 67/209] 10.0.0.210 () {54 vars in 921 bytes} [Sat Aug 26 17:30:14 2023] GET /identity => generated 269 bytes in 3 msecs (HTTP/1.1 300) 6 headers in 233 bytes (1 switches on core 0)
